Файловый менеджер - Редактировать - /usr/local/apache/domlogs/freeclou/optimyar.freecloudservices.ir-ssl_log
Назад
66.249.66.198 - - [21/Nov/2025:15:37:01 +0330] "GET /?p=22791130483000&channel=11ec84&from=form.php%3Fid%3D1304830-25695%26name%3D%E3%82%A6%E3%82%A8%E3%82%B9%E3%83%88%E3%82%A6%E3%82%A9%E3%83%BC%E3%83%9E%E3%83%BC+L+%E7%9D%80%E3%82%8B%E5%B2%A9%E7%9B%A4%E6%B5%B4BS-FINE+%E3%83%8D%E3%82%A4%E3%83%93%E3%83%BC HTTP/1.1" 404 15138 "-" "Mozilla/5.0 (Linux; Android 6.0.1; Nexus 5X Build/MMB29P) AppleWebKit/537.36 (KHTML, like Gecko) Chrome/141.0.7390.122 Mobile Safari/537.36 (compatible; Googlebot/2.1; +http://www.google.com/bot.html)"
66.249.66.35 - - [21/Nov/2025:15:38:50 +0330] "GET /?p=7547630030104&channel=426d1a&from=category-info.php%3Fid%3D300301-13795%26name%3D%E5%B1%8B%E5%A4%96%E3%83%99%E3%83%B3%E3%83%81+%E3%82%AC%E3%83%BC%E3%83%87%E3%83%B3%E3%83%90%E3%83%83%E3%82%AF%E3%83%AC%E3%82%B9%E3%83%88%E3%83%99%E3%83%B3%E3%83%81%E3%80%81%E5%85%AC%E5%9C%92%E7%94%A8%E3%82%A2%E3%82%A4%E3%82%A2%E3%83%B3%E3%83%A1%E3%82%BF%E3%83%AB%E3%83%81%E3%82%A7%E3%82%A2%E3%80%81%E5%B1%8B%E5%A4%96%E3%83%90%E3%83%AB%E3%82%B3%E3%83%8B%E3%83%BC%E3%83%AC%E3%82%B8%E3%83%A3%E3%83%BC%E3%82%B4%E3%83%BC%E3%83%AB%E3%83%89%E3%82%B7%E3%83%BC%E3%83%88%E7%94%A8+%E5%BA%AD%E3%81%AE%E3%83%99%E3%83%B3%E3%83%81 HTTP/1.1" 404 15138 "-" "Mozilla/5.0 (Linux; Android 6.0.1; Nexus 5X Build/MMB29P) AppleWebKit/537.36 (KHTML, like Gecko) Chrome/141.0.7390.122 Mobile Safari/537.36 (compatible; Googlebot/2.1; +http://www.google.com/bot.html)"
66.249.66.15 - - [21/Nov/2025:15:38:50 +0330] "GET /?p=0029133688602&channel=32f23a&from=brands.php%3Fid%3D336886-14508%26name%3D%E3%80%90%E7%BE%8E%E5%93%81%E3%80%91%E3%83%AC%E3%83%AA%E3%82%A2%E3%83%B3+%E6%9C%80%E9%AB%98%E7%B4%9A%E3%83%AD%E3%83%AD%E3%83%94%E3%82%A2%E3%83%BC%E3%83%8A+%E3%82%AB%E3%82%B7%E3%83%9F%E3%83%A4100+%E9%80%81%E3%82%8A%E4%BB%98%E3%81%91+%E3%82%B9%E3%82%BF%E3%83%B3%E3%83%89%E3%82%AB%E3%83%A9%E3%83%BC%E3%82%B3%E3%83%BC%E3%83%88+11 HTTP/1.1" 404 15138 "-" "Mozilla/5.0 (Linux; Android 6.0.1; Nexus 5X Build/MMB29P) AppleWebKit/537.36 (KHTML, like Gecko) Chrome/141.0.7390.122 Mobile Safari/537.36 (compatible; Googlebot/2.1; +http://www.google.com/bot.html)"
66.249.66.197 - - [21/Nov/2025:15:38:50 +0330] "GET /?p=1981046193102&channel=a835b3&from=news.php%3Fid%3D461931-15715%26name%3D%E6%96%B0%E5%93%81+%E5%97%85%E3%81%92+%E3%83%8F%E3%83%B3%E3%82%AC%E3%83%BC%E3%83%A9%E3%83%83%E3%82%AF+%E6%B4%8B%E6%9C%8D+%E3%83%97%E3%83%A9%E3%83%B3%E3%82%BF%E3%83%BC+%E3%82%A4%E3%83%B3%E3%83%80%E3%82%B9%E3%83%88%E3%83%AA%E3%82%A2%E3%83%AB+%E7%94%B7%E5%89%8D+%E3%82%A4%E3%83%B3%E3%83%86%E3%83%AA%E3%82%A2+%E5%B0%8F%E7%89%A9 HTTP/1.1" 404 15138 "-" "Mozilla/5.0 (Linux; Android 6.0.1; Nexus 5X Build/MMB29P) AppleWebKit/537.36 (KHTML, like Gecko) Chrome/141.0.7390.122 Mobile Safari/537.36 (compatible; Googlebot/2.1; +http://www.google.com/bot.html)"
149.88.19.12 - - [21/Nov/2025:15:41:26 +0330] "GET / HTTP/1.0" 200 280230 "https://optimyar.com/" "Mozilla/5.0 (Windows NT 10.0; Win64; x64) AppleWebKit/537.36 (KHTML, like Gecko) Chrome/103.0.5060.114 Safari/537.36"
149.88.19.12 - - [21/Nov/2025:15:41:30 +0330] "POST /wp-admin/admin-ajax.php HTTP/1.0" 200 607 "https://optimyar.com/" "Mozilla/5.0 (Windows NT 10.0; Win64; x64) AppleWebKit/537.36 (KHTML, like Gecko) Chrome/103.0.5060.114 Safari/537.36"
66.249.66.160 - - [21/Nov/2025:15:41:34 +0330] "GET /?p=0951950402701&channel=ddf86f&from=category-info.php%3Fid%3D504027-3532%26name%3D%E3%83%89%E3%82%A2%E3%83%AD%E3%83%83%E3%82%AF%E3%82%A2%E3%82%AF%E3%83%81%E3%83%A5%E3%82%A8%E3%83%BC%E3%82%BF%E3%83%A9%E3%83%83%E3%83%81%E3%83%A2%E3%83%BC%E3%82%BF%E3%83%BC+8131026010+8132026020+2001+2002+2003+2004+2005 HTTP/1.1" 404 15138 "-" "Mozilla/5.0 (Linux; Android 6.0.1; Nexus 5X Build/MMB29P) AppleWebKit/537.36 (KHTML, like Gecko) Chrome/141.0.7390.122 Mobile Safari/537.36 (compatible; Googlebot/2.1; +http://www.google.com/bot.html)"
66.249.66.15 - - [21/Nov/2025:15:37:29 +0330] "GET /?p=63620158987100&channel=0007f2&from=product.php%3Fid%3D1589871-9109%26name%3D%E3%81%8F%E3%81%99%E7%8E%89%E3%80%805%E5%80%8B%E3%82%BB%E3%83%83%E3%83%88%E3%80%80%28%E5%92%8C%E9%A2%A8%E6%9F%84%E6%8A%98%E3%82%8A%E7%B4%99%E4%BD%BF%E7%94%A8%29 HTTP/1.1" 404 15138 "-" "Mozilla/5.0 (Linux; Android 6.0.1; Nexus 5X Build/MMB29P) AppleWebKit/537.36 (KHTML, like Gecko) Chrome/141.0.7390.122 Mobile Safari/537.36 (compatible; Googlebot/2.1; +http://www.google.com/bot.html)"
31.214.174.196 - - [21/Nov/2025:15:37:59 +0330] "POST /wp-cron.php?doing_wp_cron=1763726879.5874459743499755859375 HTTP/1.1" 200 20 "-" "WordPress/6.8.3; https://optimyar.com"
66.249.66.15 - - [21/Nov/2025:15:37:58 +0330] "GET /?p=33780173672006&channel=149286&from=news.php%3Fid%3D1736720-10456%26name%3D%E3%83%89%E3%83%A9%E3%81%88%E3%82%82%E3%82%93%E3%80%80%E3%81%AF%E3%81%98%E3%82%81%E3%81%A6%E3%81%AE%E5%B0%86%E6%A3%8B%E3%83%AD%E3%82%A4%E3%83%A4%E3%83%AB15 HTTP/1.1" 404 15138 "-" "Mozilla/5.0 (Linux; Android 6.0.1; Nexus 5X Build/MMB29P) AppleWebKit/537.36 (KHTML, like Gecko) Chrome/141.0.7390.122 Mobile Safari/537.36 (compatible; Googlebot/2.1; +http://www.google.com/bot.html)"
66.249.66.199 - - [21/Nov/2025:15:39:18 +0330] "GET /?p=0389915006504&channel=c94e10&from=product.php%3Fid%3D150065-9388%26name%3D%E3%82%B7%E3%82%B0%E3%83%8A%E3%82%B94%E5%9E%8B%E3%83%A2%E3%83%93%E3%82%B9%E3%82%BF%E3%83%BC%E3%82%AB%E3%83%A9%E3%83%BC%E5%A4%96%E8%A3%85%E3%81%A0%E3%81%91 HTTP/1.1" 404 15138 "-" "Mozilla/5.0 (Linux; Android 6.0.1; Nexus 5X Build/MMB29P) AppleWebKit/537.36 (KHTML, like Gecko) Chrome/141.0.7390.122 Mobile Safari/537.36 (compatible; Googlebot/2.1; +http://www.google.com/bot.html)"
66.249.66.78 - - [21/Nov/2025:15:40:11 +0330] "GET /?p=96123188273703&channel=49398f&from=jp.php%3Fid%3D1882737-4429%26name%3D%E9%88%B4%E6%9C%A8%E6%B2%B9%E8%84%82%E5%B7%A5%E6%A5%AD+%E8%B6%B3%E8%A3%8F%E6%A8%B9%E6%B6%B2%E3%82%B7%E3%83%BC%E3%83%88+30%E6%9E%9A%E5%85%A5+%E9%80%81%E6%96%99%E7%84%A1%E6%96%99 HTTP/1.1" 404 15138 "-" "Mozilla/5.0 (Linux; Android 6.0.1; Nexus 5X Build/MMB29P) AppleWebKit/537.36 (KHTML, like Gecko) Chrome/141.0.7390.122 Mobile Safari/537.36 (compatible; Googlebot/2.1; +http://www.google.com/bot.html)"
66.249.66.78 - - [21/Nov/2025:15:40:38 +0330] "GET /?p=90813162641801&channel=da2710&from=jp.php%3Fid%3D1626418-16877%26name%3D%E3%83%AD%E3%82%A4%E3%83%A4%E3%83%AB%E3%82%AB%E3%83%8A%E3%83%B3+%E6%B6%88%E5%8C%96%E5%99%A8%E3%82%B5%E3%83%9D%E3%83%BC%E3%83%88+%E4%BD%8E%E8%84%82%E8%82%AA HTTP/1.1" 404 15138 "-" "Mozilla/5.0 (Linux; Android 6.0.1; Nexus 5X Build/MMB29P) AppleWebKit/537.36 (KHTML, like Gecko) Chrome/141.0.7390.122 Mobile Safari/537.36 (compatible; Googlebot/2.1; +http://www.google.com/bot.html)"
66.249.66.65 - - [21/Nov/2025:15:41:06 +0330] "GET /?p=77821196692505&channel=f754d7&from=news.php%3Fid%3D1966925-9513%26name%3DGrandis+%E3%81%86%E3%81%9F%E3%81%84%E3%81%82%E3%81%92+2007+D2R+D2S%E7%94%A8%E3%83%98%E3%83%83%E3%83%89%E3%83%A9%E3%82%A4%E3%83%88%E3%83%90%E3%83%A9%E3%82%B9%E3%83%88%E7%94%A8%E3%83%98%E3%83%83%E3%83%89%E3%83%A9%E3%82%A4%E3%83%88%E3%83%90%E3%83%A9%E3%82%B9%E3%83%88%E3%82%AD%E3%82%BB%E3%83%8E%E3%83%B3%E3%83%90%E3%83%A9%E3%82%B9%E3%83%88X6T02971+X6T0298 HTTP/1.1" 404 15138 "-" "Mozilla/5.0 (Linux; Android 6.0.1; Nexus 5X Build/MMB29P) AppleWebKit/537.36 (KHTML, like Gecko) Chrome/141.0.7390.122 Mobile Safari/537.36 (compatible; Googlebot/2.1; +http://www.google.com/bot.html)"
138.246.253.24 - - [21/Nov/2025:15:42:05 +0330] "GET /robots.txt HTTP/1.1" 200 170 "-" "Mozilla/5.0 (Windows NT 10.0; Win64; x64) AppleWebKit/537.36 (KHTML, like Gecko) Chrome/103.0.5060.134 Safari/537.36"
66.249.66.2 - - [21/Nov/2025:15:43:01 +0330] "GET /?p=5990658436903&channel=78ba1d&from=article.php%3Fid%3D584369-4152%26name%3D%E3%83%90%E3%82%A4%E3%82%AF%E7%94%A8%E3%82%A4%E3%82%B0%E3%83%8B%E3%83%83%E3%82%B7%E3%83%A7%E3%83%B3%E3%82%B3%E3%82%A4%E3%83%AB%E3%82%A4%E3%82%B0%E3%83%8B%E3%83%83%E3%82%B7%E3%83%A7%E3%83%B3%E7%82%B9%E7%81%AB%E3%82%B3%E3%82%A4%E3%83%AB+%E7%82%B9%E7%81%AB%E3%82%B3%E3%82%A4%E3%83%AB%E3%81%A8%E3%82%A4%E3%82%B0%E3%83%8A%E3%82%A4%E3%82%BF%E3%83%BC+CDI+%E5%B9%B8%E3%81%84+%E3%82%B9%E3%83%91%E3%83%BC%E3%82%AF%E3%83%97%E3%83%A9%E3%82%B0%E3%83%A4%E3%83%9E%E3%83%8F%E3%83%A9%E3%83%97%E3%82%BF%E3%83%BC+350+200 HTTP/1.1" 404 15138 "-" "Mozilla/5.0 (Linux; Android 6.0.1; Nexus 5X Build/MMB29P) AppleWebKit/537.36 (KHTML, like Gecko) Chrome/141.0.7390.122 Mobile Safari/537.36 (compatible; Googlebot/2.1; +http://www.google.com/bot.html)"
66.249.66.78 - - [21/Nov/2025:15:43:35 +0330] "GET /?p=21178192582802&channel=48dbf9&from=product.php%3Fid%3D1925828-7591%26name%3D%E5%86%AC%E7%94%A8%E6%8E%9B%E3%81%91%E5%B8%83%E5%9B%A3+%E3%83%A9%E3%83%A0%E3%83%99%E3%83%AB%E3%83%99%E3%83%83%E3%83%88%E7%94%9F%E5%9C%B0+%E5%86%AC%E7%94%A8%E3%82%AD%E3%83%AB%E3%83%88+%E7%B6%BF%E7%B9%8A%E7%B6%AD%E5%85%85%E5%A1%AB%E3%82%B3%E3%82%A2+%E4%B8%A1%E9%9D%A2%E5%8E%9A%E6%89%8B+%E9%80%9A%E6%B0%97%E6%80%A7%E5%86%AC%E7%94%A8%E6%9A%96%E3%81%8B%E3%81%84%E3%82%AD%E3%83%AB%E3%83%88+%E5%AE%B6%E5%BA%AD%E7%94%A8%E3%82%84%E3%82%AE%E3%83%95%E3%83%88%E3%81%AB%E6%9C%80%E9%81%A9+%28220x24 HTTP/1.1" 404 15138 "-" "Mozilla/5.0 (Linux; Android 6.0.1; Nexus 5X Build/MMB29P) AppleWebKit/537.36 (KHTML, like Gecko) Chrome/141.0.7390.122 Mobile Safari/537.36 (compatible; Googlebot/2.1; +http://www.google.com/bot.html)"
66.249.66.160 - - [21/Nov/2025:15:43:38 +0330] "GET /?p=1862814864701&channel=85a515&from=brands.php%3Fid%3D148647-5743%26name%3DNU%3A+%E3%82%AB%E3%83%BC%E3%83%8B%E3%83%90%E3%83%AB+%E3%82%A8%E3%82%A4%E3%83%88+%E3%83%A1%E3%82%A4%E3%83%89%E6%9C%8D+%E3%82%B3%E3%82%B9%E3%83%97%E3%83%AC%E8%A1%A3%E8%A3%85+%E4%B9%9E%E3%82%8F+%E8%80%B3%2B%E5%B0%BB%E5%B0%BE%E8%BF%BD%E5%8A%A0%E5%8F%AF%E8%83%BD+cosplay+%E4%BB%AE%E8%A3%85+%E3%82%AA%E3%83%BC%E3%83%80%E3%83%BC%E3%83%A1%E3%82%A4%E3%83%89%E8%A3%BD%E4%BD%9C%E5%8F%AF%E8%83%BD+%E4%BB%AE%E8%A3%85+%E3%82%A4%E3%83%99%E3%83%B3%E3%83%88+%E3%83%8F%E3%83%AD%E3%82%A6%E3%82%A3%E3%83%B3+%E5%AD%A6%E5%9C%92%E7%A5%AD+%E3%82%B9%E3%83%86%E3%83%BC%E3%82%B8 HTTP/1.1" 404 15138 "-" "Mozilla/5.0 (Linux; Android 6.0.1; Nexus 5X Build/MMB29P) AppleWebKit/537.36 (KHTML, like Gecko) Chrome/141.0.7390.122 Mobile Safari/537.36 (compatible; Googlebot/2.1; +http://www.google.com/bot.html)"
66.249.66.36 - - [21/Nov/2025:15:44:10 +0330] "GET /?p=0101052598602&channel=1819de&from=blog.php%3Fid%3D525986-11705%26name%3D%E3%80%90%E7%BE%8E%E5%93%81%E3%80%91streetgreen+%E3%82%B4%E3%83%AB%E3%83%95%E3%82%A6%E3%82%A7%E3%82%A2%E3%80%80%E3%83%AC%E3%83%87%E3%82%A3%E3%83%BC%E3%82%B9 HTTP/1.1" 404 15138 "-" "Mozilla/5.0 (Linux; Android 6.0.1; Nexus 5X Build/MMB29P) AppleWebKit/537.36 (KHTML, like Gecko) Chrome/141.0.7390.122 Mobile Safari/537.36 (compatible; Googlebot/2.1; +http://www.google.com/bot.html)"
66.249.66.197 - - [21/Nov/2025:15:44:47 +0330] "GET /?p=1160157613003&channel=16d4e4&from=info.php%3Fid%3D576130-1793%26name%3DGibson+Custom+Shop+1942+J-45+BANNER HTTP/1.1" 404 15138 "-" "Mozilla/5.0 (Linux; Android 6.0.1; Nexus 5X Build/MMB29P) AppleWebKit/537.36 (KHTML, like Gecko) Chrome/141.0.7390.122 Mobile Safari/537.36 (compatible; Googlebot/2.1; +http://www.google.com/bot.html)"
101.32.15.141 - - [21/Nov/2025:16:09:09 +0330] "GET / HTTP/1.1" 200 32500 "http://optimyar.ir" "Mozilla/5.0 (iPhone; CPU iPhone OS 13_2_3 like Mac OS X) AppleWebKit/605.1.15 (KHTML, like Gecko) Version/13.0.3 Mobile/15E148 Safari/604.1"
43.133.253.253 - - [21/Nov/2025:16:12:41 +0330] "GET / HTTP/1.1" 200 32500 "http://www.optimyar.ir" "Mozilla/5.0 (iPhone; CPU iPhone OS 13_2_3 like Mac OS X) AppleWebKit/605.1.15 (KHTML, like Gecko) Version/13.0.3 Mobile/15E148 Safari/604.1"
66.249.66.15 - - [21/Nov/2025:16:16:56 +0330] "GET /?p=10234185391800&channel=2cf8d7&from=pin.php%3Fid%3D1853918-17689%26name%3D%E3%80%90%E6%96%B0%E5%93%81%E3%83%BB7%E5%96%B6%E6%A5%AD%E6%97%A5%E4%BB%A5%E5%86%85%E7%99%BA%E9%80%81%E3%80%91PPL58+%E6%8B%AD%E3%81%8D%E5%8F%96%E3%82%8D+%EF%BC%B7%E3%82%BF%E3%82%A4%E3%83%97%EF%BC%8D%EF%BC%95+%E5%96%B6%E6%A5%AD%E4%B8%AD%EF%BC%8F%E6%9C%AC%E6%97%A5%E3%81%AF%E9%96%89%E5%BA%97%E3%81%97%E3%81%BE%E3%81%97%E3%81%9F+4976052010051+%E3%82%AD%E3%83%A7%E3%82%A6%E3%83%AA%E3%83%84%E3%82%B5%E3%82%A4%E3%83%B3%E3%83%86%E3%83%83%E3%82%AF+KS+%E3%82%B5%E3%82%A4%E3%83%B3%E3%83%9C%E3%83%BC%E3%83%89%E3%80%90%E6%B2%96%E7%B8%84%E9%9B%A2%E5%B3%B6%E8%B2%A9%E5%A3%B2%E4%B8%8D%E5%8F%AF%E3%80%91 HTTP/1.1" 404 15138 "-" "Mozilla/5.0 (Linux; Android 6.0.1; Nexus 5X Build/MMB29P) AppleWebKit/537.36 (KHTML, like Gecko) Chrome/141.0.7390.122 Mobile Safari/537.36 (compatible; Googlebot/2.1; +http://www.google.com/bot.html)"
66.249.66.78 - - [21/Nov/2025:16:18:14 +0330] "GET /?p=58391115472707&channel=5cfb02&from=article.php%3Fid%3D1154727-24753%26name%3D%E5%B0%BA%E5%85%AB+%E7%90%B4%E5%8F%A4%E6%B5%81+%E5%9C%A8%E9%8A%98+%E6%80%A0%E3%82%89+%E4%BA%8C%E5%8D%B0+%E4%BA%8C%E5%B0%BA%E7%AE%A1+%EF%BC%97%E5%AD%94+%E7%B1%90%E5%B7%BB%E3%81%8D+%E9%8A%80%E4%B8%89%E7%B7%9A+%E9%9F%B3%E5%87%BA%E3%81%97%E7%A2%BA%E8%AA%8D%E6%B8%88%E3%81%BF HTTP/1.1" 404 15138 "-" "Mozilla/5.0 (Linux; Android 6.0.1; Nexus 5X Build/MMB29P) AppleWebKit/537.36 (KHTML, like Gecko) Chrome/141.0.7390.122 Mobile Safari/537.36 (compatible; Googlebot/2.1; +http://www.google.com/bot.html)"
31.214.174.196 - - [21/Nov/2025:16:23:33 +0330] "POST /wp-cron.php?doing_wp_cron=1763729613.5724511146545410156250 HTTP/1.1" 200 20 "-" "WordPress/6.8.3; https://optimyar.com"
66.249.66.78 - - [21/Nov/2025:16:23:31 +0330] "GET /?p=17257110209800&channel=d88d90&from=product.php%3Fid%3D1102098-13887%26name%3D%E6%9C%80%E5%A4%A7+320+%E3%82%AD%E3%83%AD+%E3%82%BF%E3%82%A4%E3%83%AB%E6%8C%AF%E5%8B%95%E9%9B%BB%E5%8B%95%E5%B7%A5%E5%85%B7%E5%BA%8A%E3%82%BF%E3%82%A4%E3%83%AB%E5%A3%81%E5%90%B8%E7%9B%A4%E6%8C%AF%E5%8B%95%E3%83%84%E3%83%BC%E3%83%AB%E5%BA%8A%E3%83%97%E3%83%AD%E3%83%95%E3%82%A7%E3%83%83%E3%82%B7%E3%83%A7%E3%83%8A%E3%83%AB+%E9%80%83%E3%82%8C+%E3%83%9D%E3%83%BC%E3%82%BF%E3%83%96%E3%83%AB%E8%87%AA%E5%8B%95%E3%83%84%E3%83%BC%E3%83%AB%28With+2PCS+Bat HTTP/1.1" 404 15138 "-" "Mozilla/5.0 (Linux; Android 6.0.1; Nexus 5X Build/MMB29P) AppleWebKit/537.36 (KHTML, like Gecko) Chrome/141.0.7390.122 Mobile Safari/537.36 (compatible; Googlebot/2.1; +http://www.google.com/bot.html)"
66.249.66.198 - - [21/Nov/2025:16:26:07 +0330] "GET /?p=58901152659002&channel=73f5b1&from=jp.php%3Fid%3D1526590-17802%26name%3D%E3%82%AF%E3%83%AD%E3%83%A0%E3%83%8F%E3%83%BC%E3%83%84+%E5%B8%BD%E5%AD%90+%E7%B2%98%E3%82%8B HTTP/1.1" 404 15138 "-" "Mozilla/5.0 (Linux; Android 6.0.1; Nexus 5X Build/MMB29P) AppleWebKit/537.36 (KHTML, like Gecko) Chrome/141.0.7390.122 Mobile Safari/537.36 (compatible; Googlebot/2.1; +http://www.google.com/bot.html)"
66.249.66.1 - - [21/Nov/2025:16:26:31 +0330] "GET /?p=3708331877905&channel=cce067&from=goods.php%3Fid%3D318779-14179%26name%3D%E3%82%AD%E3%83%83%E3%83%81%E3%83%B3%E3%82%A8%E3%82%A4%E3%83%89+%E3%82%A2%E3%83%AB%E3%83%81%E3%82%B6%E3%83%B3%E3%83%9F%E3%83%8B+3.3L+%E3%83%96%E3%83%A9%E3%83%83%E3%82%AF+%E6%8C%81%E9%81%8B%E3%81%B3 HTTP/1.1" 404 15138 "-" "Mozilla/5.0 (Linux; Android 6.0.1; Nexus 5X Build/MMB29P) AppleWebKit/537.36 (KHTML, like Gecko) Chrome/141.0.7390.122 Mobile Safari/537.36 (compatible; Googlebot/2.1; +http://www.google.com/bot.html)"
66.249.66.2 - - [21/Nov/2025:15:42:02 +0330] "GET /?p=17759153571701&channel=256ad5&from=jp.php%3Fid%3D1535717-21663%26name%3DPROVIDENCE%28%E3%83%97%E3%83%AD%E3%83%B4%E3%82%A3%E3%83%87%E3%83%B3%E3%82%B9%29P203+L%2FL+%E3%83%91%E3%83%83%E3%83%81%E3%82%B1%E3%83%BC%E3%83%96%E3%83%AB HTTP/1.1" 404 15138 "-" "Mozilla/5.0 (Linux; Android 6.0.1; Nexus 5X Build/MMB29P) AppleWebKit/537.36 (KHTML, like Gecko) Chrome/141.0.7390.122 Mobile Safari/537.36 (compatible; Googlebot/2.1; +http://www.google.com/bot.html)"
2.189.5.124 - - [21/Nov/2025:15:44:11 +0330] "GET / HTTP/1.1" 200 280227 "-" "Mozilla/5.0 (Linux; Android 11; Lenovo YT-J706X) AppleWebKit/537.36 (KHTML, like Gecko) Chrome/96.0.4664.45 Safari/537.36"
66.249.66.64 - - [21/Nov/2025:15:59:14 +0330] "GET /?p=3190988243205&channel=9f9bde&from=product.php%3Fid%3D882432-19513%26name%3D%E4%BB%BB%E5%A4%A9%E5%A0%82%E3%80%80%E3%82%B2%E3%83%BC%E3%83%A0%E3%83%9C%E3%83%BC%E3%82%A4%E3%82%A2%E3%83%89%E3%83%90%E3%83%B3%E3%82%B9%E3%80%80%E6%9C%AC%E4%BD%93%E3%81%AE%E3%81%BF+%E3%81%AA%E3%81%A0%E3%82%8C%E3%81%93%E3%82%80 HTTP/1.1" 404 15138 "-" "Mozilla/5.0 (Linux; Android 6.0.1; Nexus 5X Build/MMB29P) AppleWebKit/537.36 (KHTML, like Gecko) Chrome/141.0.7390.122 Mobile Safari/537.36 (compatible; Googlebot/2.1; +http://www.google.com/bot.html)"
138.246.253.24 - - [21/Nov/2025:16:01:46 +0330] "GET /robots.txt HTTP/1.1" 401 36 "-" "Mozilla/5.0 (Windows NT 10.0; Win64; x64) AppleWebKit/537.36 (KHTML, like Gecko) Chrome/103.0.5060.134 Safari/537.36"
31.214.174.196 - - [21/Nov/2025:16:16:58 +0330] "POST /wp-cron.php?doing_wp_cron=1763729217.8475890159606933593750 HTTP/1.1" 200 20 "-" "WordPress/6.8.3; https://optimyar.com"
66.249.66.161 - - [21/Nov/2025:16:19:32 +0330] "GET /?p=3100962942302&channel=ab59d7&from=news.php%3Fid%3D629423-4103%26name%3D%E3%82%A2%E3%83%AB%E3%83%9F%E3%83%96%E3%83%AC%E3%83%BC%E3%82%AD%E3%82%AF%E3%83%A9%E3%83%83%E3%83%81%E3%83%AC%E3%83%90%E3%83%BC%E3%83%8F%E3%83%B3%E3%83%89%E3%83%AB%E3%83%90%E3%83%BC+%E3%83%9B%E3%83%B3%E3%83%80%E7%94%A8+TRANSALP+600+650+%E3%81%B8%E3%81%B0%E3%82%8A%E3%81%A4%E3%81%84+700+Xlv650+1995+1996+19 HTTP/1.1" 404 15138 "-" "Mozilla/5.0 (Linux; Android 6.0.1; Nexus 5X Build/MMB29P) AppleWebKit/537.36 (KHTML, like Gecko) Chrome/141.0.7390.122 Mobile Safari/537.36 (compatible; Googlebot/2.1; +http://www.google.com/bot.html)"
89.199.49.28 - - [21/Nov/2025:16:24:13 +0330] "GET / HTTP/1.1" 200 0 "-" "Mozilla/5.0 (Windows NT 10.0; Win64; x64) AppleWebKit/537.36 (KHTML, like Gecko) Chrome/142.0.0.0 Safari/537.36"
89.199.49.28 - - [21/Nov/2025:16:24:16 +0330] "GET / HTTP/1.1" 200 32498 "-" "Mozilla/5.0 (Windows NT 10.0; Win64; x64) AppleWebKit/537.36 (KHTML, like Gecko) Chrome/142.0.0.0 Safari/537.36"
89.199.49.28 - - [21/Nov/2025:16:24:29 +0330] "GET /paper/ HTTP/1.1" 200 22490 "https://optimyar.com/" "Mozilla/5.0 (Windows NT 10.0; Win64; x64) AppleWebKit/537.36 (KHTML, like Gecko) Chrome/142.0.0.0 Safari/537.36"
89.199.49.28 - - [21/Nov/2025:16:24:32 +0330] "GET /wp-content/uploads/elementor/css/post-31523.css?ver=1763401355 HTTP/1.1" 200 1553 "https://optimyar.com/paper/" "Mozilla/5.0 (Windows NT 10.0; Win64; x64) AppleWebKit/537.36 (KHTML, like Gecko) Chrome/142.0.0.0 Safari/537.36"
89.199.49.28 - - [21/Nov/2025:16:24:32 +0330] "GET /wp-content/uploads/elementor/google-fonts/fonts/almarai-tsstapxbaigk_hnnq12fow.woff2 HTTP/1.1" 200 17468 "https://optimyar.com/wp-content/uploads/elementor/google-fonts/css/almarai.css?ver=1744107102" "Mozilla/5.0 (Windows NT 10.0; Win64; x64) AppleWebKit/537.36 (KHTML, like Gecko) Chrome/142.0.0.0 Safari/537.36"
195.2.78.191 - - [21/Nov/2025:16:25:54 +0330] "GET / HTTP/1.0" 200 280230 "https://optimyar.com/" "Mozilla/5.0 (Windows NT 10.0; Win64; x64) AppleWebKit/537.36 (KHTML, like Gecko) Chrome/131.0.0.0 Safari/537.36"
31.214.174.196 - - [21/Nov/2025:16:27:19 +0330] "POST /wp-cron.php?doing_wp_cron=1763729839.9572379589080810546875 HTTP/1.1" 200 20 "-" "WordPress/6.8.3; https://optimyar.com"
66.249.66.197 - - [21/Nov/2025:16:26:35 +0330] "GET /?p=32450176785707&channel=46f8e8&from=form.php%3Fid%3D1767857-6473%26name%3DWF+OFFROAD+%E3%83%A9%E3%83%B3%E3%82%B0%E3%83%A9%E3%83%BC%E4%BA%92%E6%8F%9B+%E6%AD%A9%E3%81%91+JL+%E3%83%95%E3%83%AD%E3%83%B3%E3%83%88%E3%82%B0%E3%83%AA%E3%83%AB+RGB+LED+%E3%83%A9%E3%82%A4%E3%83%88%E4%BB%98%E3%81%8D+Grille+%28%E3%82%AB%E3%83%A1%E3%83%A9%E7%A9%B4%E3%81%AA%E3%81%97%29 HTTP/1.1" 404 15138 "-" "Mozilla/5.0 (Linux; Android 6.0.1; Nexus 5X Build/MMB29P) AppleWebKit/537.36 (KHTML, like Gecko) Chrome/141.0.7390.122 Mobile Safari/537.36 (compatible; Googlebot/2.1; +http://www.google.com/bot.html)"
66.249.66.160 - - [21/Nov/2025:16:27:34 +0330] "GET /?p=4117942924300&channel=08b70c&from=article.php%3Fid%3D429243-283%26name%3D%E3%83%99%E3%83%AA%E3%83%BC%E3%83%80%E3%83%B3%E3%82%B9%E3%83%92%E3%83%83%E3%83%97%E3%82%B9%E3%82%AB%E3%83%BC%E3%83%95%E3%83%99%E3%83%AA%E3%83%BC%E3%83%80%E3%83%B3%E3%82%B9%E3%82%A6%E3%82%A8%E3%82%B9%E3%83%88%E3%83%81%E3%82%A7%E3%83%BC%E3%83%B3%E3%83%92%E3%83%83%E3%83%97%E3%82%B9%E3%82%AB%E3%83%BC%E3%83%95%E5%A5%B3%E6%80%A7%E7%94%A8%E3%83%99%E3%83%AA%E3%83%BC%E3%83%80%E3%83%B3%E3%82%B9%E3%82%B3%E3%82%A4%E3%83%B3%E3%83%99%E3%83%AB%E3%83%88%E3%83%80%E3%83%B3%E3%82%B9%E3%82%A6%E3%82%A8%E3%82%B9%E3%83%88%E3%83%99%E3%83%AB%E3%83%88%E3%83%A9%E3%83%83%E3%83%97%E3%82%B9%E3%83%91%E3%83%B3%E3%82%B3+%E8%A6%BF%E9%9D%A2 HTTP/1.1" 404 15138 "-" "Mozilla/5.0 (Linux; Android 6.0.1; Nexus 5X Build/MMB29P) AppleWebKit/537.36 (KHTML, like Gecko) Chrome/141.0.7390.122 Mobile Safari/537.36 (compatible; Googlebot/2.1; +http://www.google.com/bot.html)"
66.249.66.35 - - [21/Nov/2025:16:28:24 +0330] "GET /?p=71842140441506&channel=e764f6&from=category-info.php%3Fid%3D1404415-16852%26name%3D%E3%82%B4%E3%83%9F%E8%A2%8B%E5%8F%8E%E7%B4%8D%E3%83%9C%E3%83%83%E3%82%AF%E3%82%B9+%E3%81%8A%E3%82%80%E3%81%A4+%E3%83%90%E3%82%AE%E3%83%BC%E3%82%BA+%E3%82%AF%E3%83%BC%E3%83%A9%E3%83%BC%E3%83%90%E3%83%83%E3%82%B0%E6%96%AD%E7%86%B1+%E8%BF%BD%E5%8A%A0+%E3%82%A6%E3%82%A9%E3%83%BC%E3%83%AB%E3%83%95%E3%82%A1%E3%82%A4%E3%83%AB%E3%82%AA%E3%83%BC%E3%82%AC%E3%83%8A%E3%82%A4%E3%82%B6%E3%83%BC+%E9%98%B2%E6%B0%B4+%E6%8C%81%E3%81%A1%E6%9B%BF%E3%81%88+%E3%81%8F%E3%81%9A%E8%A2%8B%E3%83%9B%E3%83%AB%E3%83%80%E3%83%BC+%E9%A3%9F%E6%96%99%E5%93%81%E3%81%AE%E3%83%9D%E3%82%B1%E3%83%83 HTTP/1.1" 404 15138 "-" "Mozilla/5.0 (Linux; Android 6.0.1; Nexus 5X Build/MMB29P) AppleWebKit/537.36 (KHTML, like Gecko) Chrome/141.0.7390.122 Mobile Safari/537.36 (compatible; Googlebot/2.1; +http://www.google.com/bot.html)"
66.249.66.35 - - [21/Nov/2025:16:28:48 +0330] "GET /?p=7300049621803&channel=a88924&from=goods.php%3Fid%3D496218-5706%26name%3DVuzmode+%E3%82%A6%E3%82%A3%E3%83%B3%E3%83%89%E3%82%A6%E3%83%90%E3%82%A4%E3%82%B6%E3%83%BC%E3%83%99%E3%83%B3%E3%83%88%E3%82%B7%E3%82%A7%E3%83%BC%E3%83%89%E6%97%A5%E9%9B%A8%E3%83%87%E3%82%A3%E3%83%95%E3%83%AC%E3%82%AF%E3%82%BF%E3%83%BC%E3%82%A6%E3%82%A3%E3%83%B3%E3%83%89%E3%82%A6%E3%83%AC%E3%82%A4%E3%83%B3%E3%83%97%E3%83%AD%E3%83%86%E3%82%AF%E3%82%BF%E3%83%BC%E3%80%81%E3%83%92%E3%83%A5%E3%83%B3%E3%83%80%E3%82%A4%E3%80%81%E3%83%84%E3%83%BC%E3%82%BD%E3%83%B3+%E3%81%9F%E3%81%9B%E3%82%93+2005+20 HTTP/1.1" 404 15138 "-" "Mozilla/5.0 (Linux; Android 6.0.1; Nexus 5X Build/MMB29P) AppleWebKit/537.36 (KHTML, like Gecko) Chrome/141.0.7390.122 Mobile Safari/537.36 (compatible; Googlebot/2.1; +http://www.google.com/bot.html)"
66.249.66.197 - - [21/Nov/2025:16:29:12 +0330] "GET /?p=10762163439100&channel=b72455&from=category-info.php%3Fid%3D1634391-15222%26name%3D%E3%82%BF%E3%82%AA%E3%83%AB%E3%83%AC%E3%83%BC%E3%83%AB%E5%A3%81%E5%8F%96%E3%82%8A%E4%BB%98%E3%81%91%E3%80%81%E3%82%BF%E3%82%AA%E3%83%AB%E3%83%AC%E3%83%BC%E3%83%AB%E8%BB%BD%E9%87%8F%E9%AB%98%E7%B4%9A%E3%83%90%E3%82%B9%E3%83%AB%E3%83%BC%E3%83%A0%E5%85%A8%E9%8A%85%E3%82%BF%E3%82%AA%E3%83%AB%E3%83%A9%E3%83%83%E3%82%AF%E3%80%81%E3%83%90%E3%82%B9%E3%82%BF%E3%82%AA%E3%83%AB%E3%83%A9%E3%83%83%E3%82%AF%E3%83%90%E3%82%B9%E3%83%AB%E3%83%BC%E3%83%A0%E3%82%B4%E3%83%BC%E3%83%AB%E3%83%87%E3%83%B3%E3%83%A9%E3%83%83%E3%82%AF%E3%82%BF%E3%82%AA%E3%83%AB%E3%83%90%E3%83%BC%E3%82%BF%E3%82%AA%E3%83%AB%E3%83%A9+%E3%81%97%E3%81%BC%E3%81%BE HTTP/1.1" 404 15138 "-" "Mozilla/5.0 (Linux; Android 6.0.1; Nexus 5X Build/MMB29P) AppleWebKit/537.36 (KHTML, like Gecko) Chrome/141.0.7390.122 Mobile Safari/537.36 (compatible; Googlebot/2.1; +http://www.google.com/bot.html)"
66.249.66.2 - - [21/Nov/2025:16:30:48 +0330] "GET /?p=18090167233902&channel=082cda&from=blog.php%3Fid%3D1672339-4378%26name%3DPioneer+%E3%81%84%E3%81%84%E3%81%8A%E3%81%8B+VREC-DZ810D+%E7%94%A8+%E4%BF%9D%E8%AD%B7%E3%83%95%E3%82%A3%E3%83%AB%E3%83%A0+%E3%80%90+%E6%9B%B2%E9%9D%A2%E5%AF%BE%E5%BF%9C+%E3%80%91+%E5%8F%8D%E5%B0%84%E4%BD%8E%E6%B8%9B+%E3%82%AD%E3%82%BA%E4%BF%AE%E5%BE%A9 HTTP/1.1" 404 15138 "-" "Mozilla/5.0 (Linux; Android 6.0.1; Nexus 5X Build/MMB29P) AppleWebKit/537.36 (KHTML, like Gecko) Chrome/141.0.7390.122 Mobile Safari/537.36 (compatible; Googlebot/2.1; +http://www.google.com/bot.html)"
66.249.66.15 - - [21/Nov/2025:16:30:52 +0330] "GET /?p=1641367188101&channel=2f094f&from=shared.php%3Fid%3D671881-14664%26name%3D%E3%82%B8%E3%82%A7%E3%83%83%E3%83%88%E3%83%98%E3%83%AB%E3%83%A1%E3%83%83%E3%83%88+%E3%82%88%E3%82%8A%E3%81%8D%E3%82%8A+500-TX HTTP/1.1" 404 15138 "-" "Mozilla/5.0 (Linux; Android 6.0.1; Nexus 5X Build/MMB29P) AppleWebKit/537.36 (KHTML, like Gecko) Chrome/141.0.7390.122 Mobile Safari/537.36 (compatible; Googlebot/2.1; +http://www.google.com/bot.html)"
66.249.66.197 - - [21/Nov/2025:16:37:22 +0330] "GET /?p=9780512495101&channel=17e2e2&from=article.php%3Fid%3D124951-8445%26name%3D%E3%83%9C%E3%83%BC%E3%83%B3%E3%83%AC%E3%82%B9%E3%83%AF%E3%82%A4%E3%83%91%E3%83%BC+%E7%82%BA%E3%81%ABMG+6+2012-2015+%E9%9D%99%E3%81%8B+24+%26%2334%3B%2B18%26%2334%3B+%2B+14%26%2334%3B+%E3%83%95%E3%83%AD%E3%83%B3%E3%83%88%E3%83%AA%E3%82%A2%E3%83%AF%E3%82%A4%E3%83%91%E3%83%BC%E3%83%96%E3%83%AC HTTP/1.1" 404 15138 "-" "Mozilla/5.0 (Linux; Android 6.0.1; Nexus 5X Build/MMB29P) AppleWebKit/537.36 (KHTML, like Gecko) Chrome/141.0.7390.122 Mobile Safari/537.36 (compatible; Googlebot/2.1; +http://www.google.com/bot.html)"
5.112.14.151 - - [21/Nov/2025:16:38:44 +0330] "GET /end-of-session/ HTTP/1.1" 200 0 "https://b3.optimyar.com/" "Mozilla/5.0 (Windows NT 10.0; Win64; x64) AppleWebKit/537.36 (KHTML, like Gecko) Chrome/142.0.0.0 Safari/537.36"
31.214.174.196 - - [21/Nov/2025:16:38:45 +0330] "POST /wp-cron.php?doing_wp_cron=1763730525.7825300693511962890625 HTTP/1.1" 200 20 "-" "WordPress/6.8.3; https://optimyar.com"
5.112.14.151 - - [21/Nov/2025:16:38:45 +0330] "GET /end-of-session/ HTTP/1.1" 200 0 "https://b3.optimyar.com/" "Mozilla/5.0 (Windows NT 10.0; Win64; x64) AppleWebKit/537.36 (KHTML, like Gecko) Chrome/142.0.0.0 Safari/537.36"
5.112.14.151 - - [21/Nov/2025:16:38:46 +0330] "GET /end-of-session/ HTTP/1.1" 200 15218 "https://b3.optimyar.com/" "Mozilla/5.0 (Windows NT 10.0; Win64; x64) AppleWebKit/537.36 (KHTML, like Gecko) Chrome/142.0.0.0 Safari/537.36"
2.189.5.124 - - [21/Nov/2025:16:40:45 +0330] "GET / HTTP/1.1" 200 280227 "-" "Mozilla/5.0 (Android 13; Mobile; rv:109.0) Gecko/118.0 Firefox/118.0"
5.112.14.151 - - [21/Nov/2025:16:51:03 +0330] "GET /wp-content/uploads/2022/08/LoGo-White-e1660476115141-768x625.png HTTP/1.1" 200 42712 "https://optimyar.com/end-of-session/" "Mozilla/5.0 (Windows NT 10.0; Win64; x64) AppleWebKit/537.36 (KHTML, like Gecko) Chrome/142.0.0.0 Safari/537.36"
52.2.58.41 - - [21/Nov/2025:16:27:17 +0330] "GET /work-with-optimyar/ HTTP/1.1" 200 21252 "-" "Mozilla/5.0 AppleWebKit/537.36 (KHTML, like Gecko; compatible; Amazonbot/0.1; +https://developer.amazon.com/support/amazonbot) Chrome/119.0.6045.214 Safari/537.36"
66.249.66.198 - - [21/Nov/2025:16:27:37 +0330] "GET /?p=2119725130302&channel=edc65d&from=jp.php%3Fid%3D251303-6417%26name%3DDKNY+%E3%83%AC%E3%83%87%E3%82%A3%E3%83%BC%E3%82%B9+Matti+%E3%83%AC%E3%82%B6%E3%83%BC%E3%82%B9%E3%83%8B%E3%83%BC%E3%82%AB%E3%83%BC%2C+Brt+%E7%8B%99%E3%81%88%E3%82%8B+Wht%2FLavender%2C+9.5 HTTP/1.1" 404 15138 "-" "Mozilla/5.0 (Linux; Android 6.0.1; Nexus 5X Build/MMB29P) AppleWebKit/537.36 (KHTML, like Gecko) Chrome/141.0.7390.122 Mobile Safari/537.36 (compatible; Googlebot/2.1; +http://www.google.com/bot.html)"
66.249.66.37 - - [21/Nov/2025:16:32:19 +0330] "GET /?p=22446125993003&channel=abf098&from=info.php%3Fid%3D1259930-15244%26name%3D%E3%80%906%E6%9C%AC%E3%82%BB%E3%83%83%E3%83%88%E3%80%91%E9%98%B2%E6%B0%B4LED%E6%A4%8D%E7%89%A9%E8%82%B2%E6%88%90%E3%83%A9%E3%82%A4%E3%83%88+60cm+%E6%98%BC%E5%85%89%E8%89%B2+T8%E6%A4%8D%E7%89%A9%E8%82%B2%E6%88%90%E7%94%A8LED+%E3%83%A9%E3%83%B3%E3%83%97+LED%E8%9B%8D%E5%85%89%E7%81%AF+%E3%81%BB%E3%81%88+%E3%83%95%E3%83%AB%E3%82%B9%E3%83%9A%E3%82%AF%E3%83%88%E3%83%AB+%E9%98%B2%E6%B0%B4IP65 HTTP/1.1" 404 15138 "-" "Mozilla/5.0 (Linux; Android 6.0.1; Nexus 5X Build/MMB29P) AppleWebKit/537.36 (KHTML, like Gecko) Chrome/141.0.7390.122 Mobile Safari/537.36 (compatible; Googlebot/2.1; +http://www.google.com/bot.html)"
31.214.174.196 - - [21/Nov/2025:16:37:24 +0330] "POST /wp-cron.php?doing_wp_cron=1763730444.6065618991851806640625 HTTP/1.1" 200 20 "-" "WordPress/6.8.3; https://optimyar.com"
195.2.78.191 - - [21/Nov/2025:16:45:37 +0330] "GET / HTTP/1.0" 200 280230 "https://optimyar.com/" "Mozilla/5.0 (Windows NT 10.0; Win64; x64) AppleWebKit/537.36 (KHTML, like Gecko) Chrome/131.0.0.0 Safari/537.36 Avast/131.0.0.0"
66.249.66.37 - - [21/Nov/2025:16:58:08 +0330] "GET /?p=2759336383702&channel=95fce9&from=blog.php%3Fid%3D363837-3531%26name%3DMTN+%E9%A6%AC+%E3%82%BB%E3%83%AC%E3%83%8A%E3%83%BC%E3%83%87+%E3%83%89%E3%83%AC%E3%82%B5%E3%83%BC%E3%82%B8%E3%83%96%E3%83%BC%E3%83%84+%E5%83%8D%E3%81%84 HTTP/1.1" 404 15138 "-" "Mozilla/5.0 (Linux; Android 6.0.1; Nexus 5X Build/MMB29P) AppleWebKit/537.36 (KHTML, like Gecko) Chrome/141.0.7390.122 Mobile Safari/537.36 (compatible; Googlebot/2.1; +http://www.google.com/bot.html)"
13.220.61.166 - - [21/Nov/2025:16:59:42 +0330] "GET / HTTP/1.1" 200 280230 "-" "Mozilla/5.0 (Windows; U; Windows NT 6.1; en-US) AppleWebKit/533.20.25 (KHTML, like Gecko) Version/5.0.4 Safari/533.20.27"
66.249.66.1 - - [21/Nov/2025:17:02:52 +0330] "GET /?p=757303884609&channel=147287&from=goods.php%3Fid%3D38846-985%26name%3D%E3%80%8ESixTONES+STYLE%E3%80%8F+%E4%B8%8D%E5%8F%AF%E5%88%86+SixTONES+%E5%88%87%E3%82%8A%E6%8A%9C%E3%81%8D HTTP/1.1" 404 15138 "-" "Mozilla/5.0 (Linux; Android 6.0.1; Nexus 5X Build/MMB29P) AppleWebKit/537.36 (KHTML, like Gecko) Chrome/141.0.7390.122 Mobile Safari/537.36 (compatible; Googlebot/2.1; +http://www.google.com/bot.html)"
195.2.84.198 - - [21/Nov/2025:17:09:04 +0330] "GET / HTTP/1.0" 200 280230 "https://optimyar.com/" "Mozilla/5.0 (Windows NT 10.0; Win64; x64) AppleWebKit/537.36 (KHTML, like Gecko) Chrome/130.0.0.0 Safari/537.36 CCleaner/130.0.0.0"
83.217.213.120 - - [21/Nov/2025:17:11:08 +0330] "GET / HTTP/1.0" 200 280230 "https://optimyar.com/" "Mozilla/5.0 (Windows NT 10.0; Win64; x64) AppleWebKit/537.36 (KHTML, like Gecko) Chrome/131.0.0.0 Safari/537.36"
3.107.92.74 - - [21/Nov/2025:17:18:49 +0330] "POST /wp-json/instawp-connect/v1/config HTTP/1.1" 403 6890 "-" "Mozilla/5.0 (Linux; Android 5.0; SM-G900P Build/LRX21T) AppleWebKit/537.36 (KHTML, like Gecko) Chrome/41.0.1414.1194 Mobile Safari/537.36"
138.246.253.24 - - [21/Nov/2025:16:57:43 +0330] "GET /robots.txt HTTP/1.1" 200 26 "-" "Mozilla/5.0 (Windows NT 10.0; Win64; x64) AppleWebKit/537.36 (KHTML, like Gecko) Chrome/103.0.5060.134 Safari/537.36"
66.249.66.160 - - [21/Nov/2025:17:00:32 +0330] "GET /?p=02327182575500&channel=2708e7&from=article.php%3Fid%3D1825755-689%26name%3D%E3%80%90%E5%90%8C%E6%A2%B1%E5%8F%AF%E3%80%91%E7%8A%B6%E6%85%8BB+%E3%83%88%E3%83%AC%E3%82%AB+%E3%83%9D%E3%82%B1%E3%83%A2%E3%83%B3%E3%82%AB%E3%83%BC%E3%83%89%E3%82%B2%E3%83%BC%E3%83%A0+SV6a-068+069+%E3%83%A8%E3%83%9E%E3%83%AF%E3%83%AB+AR+%E3%82%B5%E3%83%9E%E3%83%A8%E3%83%BC%E3%83%AB+AR+%E3%83%8D%E3%82%AC%E3%83%86%E3%82%A3%E3%83%96+2%E6%9E%9A%E3%82%BB%E3%83%83%E3%83%88 HTTP/1.1" 404 15138 "-" "Mozilla/5.0 (Linux; Android 6.0.1; Nexus 5X Build/MMB29P) AppleWebKit/537.36 (KHTML, like Gecko) Chrome/141.0.7390.122 Mobile Safari/537.36 (compatible; Googlebot/2.1; +http://www.google.com/bot.html)"
195.2.84.198 - - [21/Nov/2025:17:10:50 +0330] "GET / HTTP/1.0" 200 280230 "https://optimyar.com/" "Mozilla/5.0 (Windows NT 10.0; Win64; x64) AppleWebKit/537.36 (KHTML, like Gecko) Chrome/130.0.0.0 Safari/537.36"
83.217.213.120 - - [21/Nov/2025:17:11:07 +0330] "GET / HTTP/1.0" 200 280230 "https://optimyar.com/" "Mozilla/5.0 (Windows NT 10.0; Win64; x64) AppleWebKit/537.36 (KHTML, like Gecko) Chrome/131.0.0.0 Safari/537.36"
31.214.174.196 - - [21/Nov/2025:17:18:55 +0330] "POST /wp-cron.php?doing_wp_cron=1763732935.2599360942840576171875 HTTP/1.1" 200 20 "-" "WordPress/6.8.3; https://optimyar.com"
31.214.174.196 - - [21/Nov/2025:17:18:53 +0330] "POST /?wordfence_syncAttackData=1763732933.6536 HTTP/1.1" 200 20 "-" "WordPress/6.8.3; https://optimyar.com"
66.249.66.65 - - [21/Nov/2025:17:18:52 +0330] "GET /?p=3096123368804&channel=740c3e&from=news.php%3Fid%3D233688-9671%26name%3D%E3%81%AB%E9%81%A9%E5%90%88%E3%81%99%E3%82%8B+%E3%83%9D%E3%83%AB%E3%82%B7%E3%82%A7+718+2016-2021+%E5%B9%B4%E3%82%AB%E3%82%B9%E3%82%BF%E3%83%A0%E8%87%AA%E5%8B%95%E8%BB%8A%E3%82%AB%E3%83%BC%E3%83%9A%E3%83%83%E3%83%88%E3%82%AB%E3%83%90%E3%83%BC%E3%82%AB%E3%83%BC%E3%82%A2%E3%82%AF%E3%82%BB%E3%82%B5%E3%83%AA%E3%83%BC%E9%9D%A9%E8%BB%8A%E3%81%AE%E3%83%88%E3%83%A9%E3%83%B3%E3%82%AF%E3%83%9E%E3%83%83%E3%83%88%E3%83%95%E3%82%A3%E3%83%83%E3%83%88+LH HTTP/1.1" 404 15138 "-" "Mozilla/5.0 (Linux; Android 6.0.1; Nexus 5X Build/MMB29P) AppleWebKit/537.36 (KHTML, like Gecko) Chrome/141.0.7390.122 Mobile Safari/537.36 (compatible; Googlebot/2.1; +http://www.google.com/bot.html)"
66.249.66.2 - - [21/Nov/2025:17:19:42 +0330] "GET /?p=16726186214900&channel=94f165&from=shared.php%3Fid%3D1862149-680%26name%3D%E4%B8%AD%E5%8F%A4%E3%83%B4%E3%82%A1%E3%82%A4%E3%82%B9%E3%82%B7%E3%83%A5%E3%83%B4%E3%82%A1%E3%83%AB%E3%83%84%E3%83%96%E3%83%A9%E3%82%A6+RBN%2F01B-034%5BN%5D%EF%BC%9A%E9%9B%B2%E3%81%AE%E5%AE%88%E8%AD%B7%E8%80%85+%E3%82%B4%E3%83%BC%E3%83%A9%E3%83%BB%E3%83%A2%E3%82%B9%E3%82%AB HTTP/1.1" 404 15138 "-" "Mozilla/5.0 (Linux; Android 6.0.1; Nexus 5X Build/MMB29P) AppleWebKit/537.36 (KHTML, like Gecko) Chrome/141.0.7390.122 Mobile Safari/537.36 (compatible; Googlebot/2.1; +http://www.google.com/bot.html)"
66.249.66.169 - - [21/Nov/2025:17:21:00 +0330] "GET /?p=2680041910100&channel=8c261c&from=form.php%3Fid%3D419101-6687%26name%3D%E3%82%B5%E3%82%A4%E3%83%89%E3%83%9F%E3%83%A9%E3%83%BC%E3%83%89%E3%82%A2%E3%82%A6%E3%82%A3%E3%83%B3%E3%82%B0%E3%83%9F%E3%83%A9%E3%83%BC%E3%82%AC%E3%83%A9%E3%82%B9+%E3%83%95%E3%82%A9%E3%83%BC%E3%83%89+F150+2011+2012+2013+2014+Bl3z17k707e+Bl3z1 HTTP/1.1" 404 15138 "-" "Mozilla/5.0 (Linux; Android 6.0.1; Nexus 5X Build/MMB29P) AppleWebKit/537.36 (KHTML, like Gecko) Chrome/141.0.7390.122 Mobile Safari/537.36 (compatible; Googlebot/2.1; +http://www.google.com/bot.html)"
66.249.66.64 - - [21/Nov/2025:17:20:08 +0330] "GET /?p=1329631998404&channel=728a6c&from=brands.php%3Fid%3D319984-6277%26name%3D%E3%82%B7%E3%83%A3%E3%83%B3%E3%83%87%E3%83%AA%E3%82%A2+%E7%85%A7%E6%98%8E%E5%99%A8%E5%85%B7%2C+%E3%83%9A%E3%83%B3%E3%83%80%E3%83%B3%E3%83%88%E3%83%A9%E3%82%A4%E3%83%88%E7%8F%BE%E4%BB%A3%E3%82%AF%E3%83%AA%E3%82%B9%E3%82%BF%E3%83%AB%E3%83%9A%E3%83%B3%E3%83%80%E3%83%B3%E3%83%88%E7%85%A7%E6%98%8E%2F%E3%82%B7%E3%83%A3%E3%83%B3%E3%83%87%E3%83%AA%E3%82%A2%E9%AB%98%E3%81%95%E8%AA%BF%E7%AF%80%E5%8F%AF%E8%83%BD+-+1%E3%82%B5%E3%83%BC%E3%82%AF%E3%83%AB%E5%A4%A9%E4%BA%95%E5%90%8A%E3%82%8A%E4%B8%8B%E3%81%92%E3%83%A9%E3%82%A4%E3%83%88%E3%83%95 HTTP/1.1" 404 15138 "-" "Mozilla/5.0 (Linux; Android 6.0.1; Nexus 5X Build/MMB29P) AppleWebKit/537.36 (KHTML, like Gecko) Chrome/141.0.7390.122 Mobile Safari/537.36 (compatible; Googlebot/2.1; +http://www.google.com/bot.html)"
66.249.66.197 - - [21/Nov/2025:17:21:28 +0330] "GET /?p=811696847903&channel=576a78&from=goods.php%3Fid%3D68479-6272%26name%3D%E3%83%9B%E3%83%AF%E3%82%A4%E3%83%88%E3%83%95%E3%83%AD%E3%82%A2%E3%83%A9%E3%83%B3%E3%83%97%E3%82%AD%E3%83%8E%E3%82%B3%E3%83%86%E3%83%BC%E3%83%96%E3%83%AB%E3%83%A9%E3%83%B3%E3%83%97%E3%83%A2%E3%83%80%E3%83%B3%E3%81%AA%E8%83%8C%E3%81%AE%E9%AB%98%E3%81%84%E3%82%B9%E3%82%BF%E3%83%B3%E3%83%87%E3%82%A3%E3%83%B3%E3%82%B0%E3%83%A9%E3%83%B3%E3%83%97%E8%AA%BF%E5%85%89%E5%8F%AF%E8%83%BD%E3%81%AA%E3%82%AD%E3%83%8E%E3%82%B3%E3%83%A9%E3%83%B3%E3%83%97%E5%99%A8%E5%85%B7%E5%AF%9D%E5%AE%A4%E3%82%A2%E3%83%BC%E3%83%AB%E3%83%87%E3%82%B3%E8%AA%BF%E3%83%A9%E3%83%B3%E3%83%97%E7%A0%94%E7%A9%B6%E3%83%AA%E3%83%93+%E3%81%82%E3%81%9F%E3%82%8D HTTP/1.1" 404 15138 "-" "Mozilla/5.0 (Linux; Android 6.0.1; Nexus 5X Build/MMB29P) AppleWebKit/537.36 (KHTML, like Gecko) Chrome/141.0.7390.122 Mobile Safari/537.36 (compatible; Googlebot/2.1; +http://www.google.com/bot.html)"
66.249.66.197 - - [21/Nov/2025:17:21:32 +0330] "GET /?p=5348972251704&channel=3dfa32&from=form.php%3Fid%3D722517-7851%26name%3DPuhang+%E3%83%9A%E3%83%83%E3%83%88%E3%83%95%E3%82%A7%E3%83%B3%E3%82%B9+%E5%AD%90%E7%8A%AC+%E3%82%B5%E3%83%BC%E3%82%AF%E3%83%AB+%E3%82%B1%E3%83%BC%E3%82%B8+%E3%83%9A%E3%83%83%E3%83%88%E3%82%B2%E3%83%BC%E3%83%88+%E6%9F%B5+%E7%8C%AB%E8%84%B1%E8%B5%B0%E9%98%B2%E6%AD%A2%E3%83%95%E3%82%A7%E3%83%B3%E3%82%B9+%E4%B8%A6%E5%B1%85%E3%82%8B+%E3%83%9A%E3%83%83%E3%83%88%E3%82%B5%E3%83%BC%E3%82%AF%E3%83%AB+%E3%83%9A%E3%83%83%E3%83%88+%E3%83%95%E3%82%A7%E3%83%B3%E3%82%B9+%E3%82%B2%E3%83%BC%E3%83%88 HTTP/1.1" 404 15138 "-" "Mozilla/5.0 (Linux; Android 6.0.1; Nexus 5X Build/MMB29P) AppleWebKit/537.36 (KHTML, like Gecko) Chrome/141.0.7390.122 Mobile Safari/537.36 (compatible; Googlebot/2.1; +http://www.google.com/bot.html)"
66.249.66.169 - - [21/Nov/2025:17:22:58 +0330] "GET /?p=00860115797203&channel=3fe071&from=shop.php%3Fid%3D1157972-15492%26name%3DONE+OK+ROCK+%E3%83%AF%E3%83%B3%E3%82%AA%E3%82%AF%E3%83%AD%E3%83%83%E3%82%AF+EU%E5%85%AC%E6%BC%94+TORU+%E5%AE%9F%E7%9D%80%E7%94%A8+%E3%82%B7%E3%83%A3%E3%83%84 HTTP/1.1" 404 15138 "-" "Mozilla/5.0 (Linux; Android 6.0.1; Nexus 5X Build/MMB29P) AppleWebKit/537.36 (KHTML, like Gecko) Chrome/141.0.7390.122 Mobile Safari/537.36 (compatible; Googlebot/2.1; +http://www.google.com/bot.html)"
9.169.121.185 - - [21/Nov/2025:17:23:52 +0330] "GET / HTTP/2" 200 32498 "-" "Mozilla/5.0 (Windows NT 10.0; Win64; x64) AppleWebKit/537.36 (KHTML, like Gecko) Chrome/130.0.0.0 Safari/537.36"
9.169.121.185 - - [21/Nov/2025:17:23:57 +0330] "GET /wp-content/plugins/elementor/assets/css/widget-spacer-rtl.min.css?ver=3.33.1 HTTP/2" 200 287 "https://optimyar.com/" "Mozilla/5.0 (Windows NT 10.0; Win64; x64) AppleWebKit/537.36 (KHTML, like Gecko) Chrome/130.0.0.0 Safari/537.36"
9.169.121.185 - - [21/Nov/2025:17:23:57 +0330] "GET /wp-content/plugins/elementor/assets/css/widget-icon-list-rtl.min.css?ver=3.33.1 HTTP/2" 200 938 "https://optimyar.com/" "Mozilla/5.0 (Windows NT 10.0; Win64; x64) AppleWebKit/537.36 (KHTML, like Gecko) Chrome/130.0.0.0 Safari/537.36"
9.169.121.185 - - [21/Nov/2025:17:23:57 +0330] "GET /wp-content/plugins/elementor-pro/assets/css/widget-nav-menu-rtl.min.css?ver=3.33.1 HTTP/2" 200 3246 "https://optimyar.com/" "Mozilla/5.0 (Windows NT 10.0; Win64; x64) AppleWebKit/537.36 (KHTML, like Gecko) Chrome/130.0.0.0 Safari/537.36"
9.169.121.185 - - [21/Nov/2025:17:23:57 +0330] "GET /wp-content/plugins/elementor/assets/lib/animations/styles/e-animation-grow.min.css?ver=3.33.1 HTTP/2" 200 198 "https://optimyar.com/" "Mozilla/5.0 (Windows NT 10.0; Win64; x64) AppleWebKit/537.36 (KHTML, like Gecko) Chrome/130.0.0.0 Safari/537.36"
9.169.121.185 - - [21/Nov/2025:17:23:57 +0330] "GET /wp-content/plugins/elementor-pro/assets/css/modules/sticky.min.css?ver=3.33.1 HTTP/2" 200 162 "https://optimyar.com/" "Mozilla/5.0 (Windows NT 10.0; Win64; x64) AppleWebKit/537.36 (KHTML, like Gecko) Chrome/130.0.0.0 Safari/537.36"
9.169.121.185 - - [21/Nov/2025:17:23:57 +0330] "GET /wp-content/plugins/elementor/assets/css/widget-heading-rtl.min.css?ver=3.33.1 HTTP/2" 200 126 "https://optimyar.com/" "Mozilla/5.0 (Windows NT 10.0; Win64; x64) AppleWebKit/537.36 (KHTML, like Gecko) Chrome/130.0.0.0 Safari/537.36"
9.169.121.185 - - [21/Nov/2025:17:23:57 +0330] "GET /wp-content/themes/skelementor/style.css?ver=6.8.3 HTTP/2" 200 820 "https://optimyar.com/" "Mozilla/5.0 (Windows NT 10.0; Win64; x64) AppleWebKit/537.36 (KHTML, like Gecko) Chrome/130.0.0.0 Safari/537.36"
9.169.121.185 - - [21/Nov/2025:17:23:57 +0330] "GET /wp-content/plugins/elementor/assets/css/widget-image-rtl.min.css?ver=3.33.1 HTTP/2" 200 96 "https://optimyar.com/" "Mozilla/5.0 (Windows NT 10.0; Win64; x64) AppleWebKit/537.36 (KHTML, like Gecko) Chrome/130.0.0.0 Safari/537.36"
9.169.121.185 - - [21/Nov/2025:17:23:57 +0330] "GET /wp-content/plugins/elementor/assets/css/frontend-rtl.min.css?ver=3.33.1 HTTP/2" 200 6534 "https://optimyar.com/" "Mozilla/5.0 (Windows NT 10.0; Win64; x64) AppleWebKit/537.36 (KHTML, like Gecko) Chrome/130.0.0.0 Safari/537.36"
9.169.121.185 - - [21/Nov/2025:17:23:57 +0330] "GET /wp-content/plugins/elementor/assets/css/widget-social-icons-rtl.min.css?ver=3.33.1 HTTP/2" 200 1039 "https://optimyar.com/" "Mozilla/5.0 (Windows NT 10.0; Win64; x64) AppleWebKit/537.36 (KHTML, like Gecko) Chrome/130.0.0.0 Safari/537.36"
9.169.121.185 - - [21/Nov/2025:17:23:57 +0330] "GET /wp-content/plugins/elementor/assets/css/widget-google_maps-rtl.min.css?ver=3.33.1 HTTP/2" 200 94 "https://optimyar.com/" "Mozilla/5.0 (Windows NT 10.0; Win64; x64) AppleWebKit/537.36 (KHTML, like Gecko) Chrome/130.0.0.0 Safari/537.36"
9.169.121.185 - - [21/Nov/2025:17:23:57 +0330] "GET /wp-content/plugins/elementor/assets/css/conditionals/apple-webkit.min.css?ver=3.33.1 HTTP/2" 200 472 "https://optimyar.com/" "Mozilla/5.0 (Windows NT 10.0; Win64; x64) AppleWebKit/537.36 (KHTML, like Gecko) Chrome/130.0.0.0 Safari/537.36"
9.169.121.185 - - [21/Nov/2025:17:23:57 +0330] "GET /wp-content/plugins/elementor-pro/assets/css/widget-form-rtl.min.css?ver=3.33.1 HTTP/2" 200 1408 "https://optimyar.com/" "Mozilla/5.0 (Windows NT 10.0; Win64; x64) AppleWebKit/537.36 (KHTML, like Gecko) Chrome/130.0.0.0 Safari/537.36"
9.169.121.185 - - [21/Nov/2025:17:23:57 +0330] "GET /wp-content/plugins/elementor-pro/assets/css/conditionals/popup.min.css?ver=3.33.1 HTTP/2" 200 328 "https://optimyar.com/" "Mozilla/5.0 (Windows NT 10.0; Win64; x64) AppleWebKit/537.36 (KHTML, like Gecko) Chrome/130.0.0.0 Safari/537.36"
9.169.121.185 - - [21/Nov/2025:17:23:57 +0330] "GET /wp-content/plugins/persian-elementor/includes/icons/efaicons/style.css?ver=2.13.9 HTTP/2" 200 706 "https://optimyar.com/" "Mozilla/5.0 (Windows NT 10.0; Win64; x64) AppleWebKit/537.36 (KHTML, like Gecko) Chrome/130.0.0.0 Safari/537.36"
9.169.121.185 - - [21/Nov/2025:17:23:57 +0330] "GET /wp-content/uploads/elementor/css/custom-jet-blocks-rtl.css?ver=1.3.21 HTTP/2" 200 5366 "https://optimyar.com/" "Mozilla/5.0 (Windows NT 10.0; Win64; x64) AppleWebKit/537.36 (KHTML, like Gecko) Chrome/130.0.0.0 Safari/537.36"
9.169.121.185 - - [21/Nov/2025:17:23:57 +0330] "GET /wp-content/plugins/elementor/assets/lib/eicons/css/elementor-icons.min.css?ver=5.44.0 HTTP/2" 200 3997 "https://optimyar.com/" "Mozilla/5.0 (Windows NT 10.0; Win64; x64) AppleWebKit/537.36 (KHTML, like Gecko) Chrome/130.0.0.0 Safari/537.36"
9.169.121.185 - - [21/Nov/2025:17:23:57 +0330] "GET /wp-content/uploads/elementor/css/post-34.css?ver=1763401083 HTTP/2" 200 811 "https://optimyar.com/" "Mozilla/5.0 (Windows NT 10.0; Win64; x64) AppleWebKit/537.36 (KHTML, like Gecko) Chrome/130.0.0.0 Safari/537.36"
9.169.121.185 - - [21/Nov/2025:17:23:57 +0330] "GET /wp-content/plugins/persian-elementor/assets/css/font.css?ver=2.13.9 HTTP/2" 200 1874 "https://optimyar.com/" "Mozilla/5.0 (Windows NT 10.0; Win64; x64) AppleWebKit/537.36 (KHTML, like Gecko) Chrome/130.0.0.0 Safari/537.36"
9.169.121.185 - - [21/Nov/2025:17:23:57 +0330] "GET /wp-content/plugins/jet-tabs/assets/css/jet-tabs-frontend.css?ver=2.2.12 HTTP/2" 200 3769 "https://optimyar.com/" "Mozilla/5.0 (Windows NT 10.0; Win64; x64) AppleWebKit/537.36 (KHTML, like Gecko) Chrome/130.0.0.0 Safari/537.36"
9.169.121.185 - - [21/Nov/2025:17:23:57 +0330] "GET /wp-content/plugins/elementor/assets/lib/swiper/v8/css/swiper.min.css?ver=8.4.5 HTTP/2" 200 4248 "https://optimyar.com/" "Mozilla/5.0 (Windows NT 10.0; Win64; x64) AppleWebKit/537.36 (KHTML, like Gecko) Chrome/130.0.0.0 Safari/537.36"
9.169.121.185 - - [21/Nov/2025:17:23:57 +0330] "GET /wp-content/plugins/elementor/assets/lib/font-awesome/css/all.min.css?ver=3.33.1 HTTP/2" 200 12380 "https://optimyar.com/" "Mozilla/5.0 (Windows NT 10.0; Win64; x64) AppleWebKit/537.36 (KHTML, like Gecko) Chrome/130.0.0.0 Safari/537.36"
9.169.121.185 - - [21/Nov/2025:17:23:57 +0330] "GET /wp-content/plugins/elementor/assets/lib/font-awesome/css/v4-shims.min.css?ver=3.33.1 HTTP/2" 200 3987 "https://optimyar.com/" "Mozilla/5.0 (Windows NT 10.0; Win64; x64) AppleWebKit/537.36 (KHTML, like Gecko) Chrome/130.0.0.0 Safari/537.36"
9.169.121.185 - - [21/Nov/2025:17:23:57 +0330] "GET /wp-content/plugins/elementor-extras/assets/lib/nicons/css/nicons.css?ver=2.2.52 HTTP/2" 200 1153 "https://optimyar.com/" "Mozilla/5.0 (Windows NT 10.0; Win64; x64) AppleWebKit/537.36 (KHTML, like Gecko) Chrome/130.0.0.0 Safari/537.36"
9.169.121.185 - - [21/Nov/2025:17:23:57 +0330] "GET /wp-content/plugins/elementor/assets/lib/animations/styles/slideInDown.min.css?ver=3.33.1 HTTP/2" 200 153 "https://optimyar.com/" "Mozilla/5.0 (Windows NT 10.0; Win64; x64) AppleWebKit/537.36 (KHTML, like Gecko) Chrome/130.0.0.0 Safari/537.36"
9.169.121.185 - - [21/Nov/2025:17:23:57 +0330] "GET /wp-content/plugins/elementor/assets/lib/animations/styles/fadeInDown.min.css?ver=3.33.1 HTTP/2" 200 137 "https://optimyar.com/" "Mozilla/5.0 (Windows NT 10.0; Win64; x64) AppleWebKit/537.36 (KHTML, like Gecko) Chrome/130.0.0.0 Safari/537.36"
9.169.121.185 - - [21/Nov/2025:17:23:57 +0330] "GET /wp-content/plugins/elementor/assets/lib/animations/styles/slideInLeft.min.css?ver=3.33.1 HTTP/2" 200 153 "https://optimyar.com/" "Mozilla/5.0 (Windows NT 10.0; Win64; x64) AppleWebKit/537.36 (KHTML, like Gecko) Chrome/130.0.0.0 Safari/537.36"
9.169.121.185 - - [21/Nov/2025:17:23:57 +0330] "GET /wp-content/plugins/elementor/assets/lib/animations/styles/fadeIn.min.css?ver=3.33.1 HTTP/2" 200 77 "https://optimyar.com/" "Mozilla/5.0 (Windows NT 10.0; Win64; x64) AppleWebKit/537.36 (KHTML, like Gecko) Chrome/130.0.0.0 Safari/537.36"
9.169.121.185 - - [21/Nov/2025:17:23:57 +0330] "GET /wp-content/plugins/jet-elements/assets/css/jet-elements-rtl.css?ver=2.7.12.1 HTTP/2" 200 2887 "https://optimyar.com/" "Mozilla/5.0 (Windows NT 10.0; Win64; x64) AppleWebKit/537.36 (KHTML, like Gecko) Chrome/130.0.0.0 Safari/537.36"
9.169.121.185 - - [21/Nov/2025:17:23:57 +0330] "GET /wp-content/plugins/jet-elements/assets/css/addons/jet-carousel-rtl.css?ver=2.7.12.1 HTTP/2" 200 717 "https://optimyar.com/" "Mozilla/5.0 (Windows NT 10.0; Win64; x64) AppleWebKit/537.36 (KHTML, like Gecko) Chrome/130.0.0.0 Safari/537.36"
9.169.121.185 - - [21/Nov/2025:17:23:57 +0330] "GET /wp-content/plugins/jet-elements/assets/css/skin/jet-carousel-rtl.css?ver=2.7.12.1 HTTP/2" 200 192 "https://optimyar.com/" "Mozilla/5.0 (Windows NT 10.0; Win64; x64) AppleWebKit/537.36 (KHTML, like Gecko) Chrome/130.0.0.0 Safari/537.36"
9.169.121.185 - - [21/Nov/2025:17:23:57 +0330] "GET /wp-content/plugins/jet-elements/assets/css/addons/jet-banner-rtl.css?ver=2.7.12.1 HTTP/2" 200 1840 "https://optimyar.com/" "Mozilla/5.0 (Windows NT 10.0; Win64; x64) AppleWebKit/537.36 (KHTML, like Gecko) Chrome/130.0.0.0 Safari/537.36"
9.169.121.185 - - [21/Nov/2025:17:23:57 +0330] "GET /wp-content/plugins/elementor/assets/lib/animations/styles/flash.min.css?ver=3.33.1 HTTP/2" 200 86 "https://optimyar.com/" "Mozilla/5.0 (Windows NT 10.0; Win64; x64) AppleWebKit/537.36 (KHTML, like Gecko) Chrome/130.0.0.0 Safari/537.36"
9.169.121.185 - - [21/Nov/2025:17:23:57 +0330] "GET /wp-content/plugins/elementor-pro/assets/css/widget-call-to-action-rtl.min.css?ver=3.33.1 HTTP/2" 200 1211 "https://optimyar.com/" "Mozilla/5.0 (Windows NT 10.0; Win64; x64) AppleWebKit/537.36 (KHTML, like Gecko) Chrome/130.0.0.0 Safari/537.36"
9.169.121.185 - - [21/Nov/2025:17:23:57 +0330] "GET /wp-content/plugins/elementor-pro/assets/css/conditionals/transitions.min.css?ver=3.33.1 HTTP/2" 200 599 "https://optimyar.com/" "Mozilla/5.0 (Windows NT 10.0; Win64; x64) AppleWebKit/537.36 (KHTML, like Gecko) Chrome/130.0.0.0 Safari/537.36"
9.169.121.185 - - [21/Nov/2025:17:23:57 +0330] "GET /wp-content/plugins/elementor/assets/css/widget-menu-anchor-rtl.min.css?ver=3.33.1 HTTP/2" 200 69 "https://optimyar.com/" "Mozilla/5.0 (Windows NT 10.0; Win64; x64) AppleWebKit/537.36 (KHTML, like Gecko) Chrome/130.0.0.0 Safari/537.36"
9.169.121.185 - - [21/Nov/2025:17:23:57 +0330] "GET /wp-content/plugins/elementor/assets/css/widget-divider-rtl.min.css?ver=3.33.1 HTTP/2" 200 678 "https://optimyar.com/" "Mozilla/5.0 (Windows NT 10.0; Win64; x64) AppleWebKit/537.36 (KHTML, like Gecko) Chrome/130.0.0.0 Safari/537.36"
9.169.121.185 - - [21/Nov/2025:17:23:57 +0330] "GET /wp-content/uploads/elementor/css/post-14103.css?ver=1763401396 HTTP/2" 200 7090 "https://optimyar.com/" "Mozilla/5.0 (Windows NT 10.0; Win64; x64) AppleWebKit/537.36 (KHTML, like Gecko) Chrome/130.0.0.0 Safari/537.36"
9.169.121.185 - - [21/Nov/2025:17:23:57 +0330] "GET /wp-content/uploads/elementor/css/post-55.css?ver=1763401095 HTTP/2" 200 1734 "https://optimyar.com/" "Mozilla/5.0 (Windows NT 10.0; Win64; x64) AppleWebKit/537.36 (KHTML, like Gecko) Chrome/130.0.0.0 Safari/537.36"
9.169.121.185 - - [21/Nov/2025:17:23:57 +0330] "GET /wp-content/uploads/elementor/css/post-171.css?ver=1763401095 HTTP/2" 200 4869 "https://optimyar.com/" "Mozilla/5.0 (Windows NT 10.0; Win64; x64) AppleWebKit/537.36 (KHTML, like Gecko) Chrome/130.0.0.0 Safari/537.36"
9.169.121.185 - - [21/Nov/2025:17:23:57 +0330] "GET /wp-content/uploads/elementor/css/post-26457.css?ver=1763401083 HTTP/2" 200 1000 "https://optimyar.com/" "Mozilla/5.0 (Windows NT 10.0; Win64; x64) AppleWebKit/537.36 (KHTML, like Gecko) Chrome/130.0.0.0 Safari/537.36"
9.169.121.185 - - [21/Nov/2025:17:23:57 +0330] "GET /wp-content/uploads/elementor/css/post-26343.css?ver=1763401083 HTTP/2" 200 1000 "https://optimyar.com/" "Mozilla/5.0 (Windows NT 10.0; Win64; x64) AppleWebKit/537.36 (KHTML, like Gecko) Chrome/130.0.0.0 Safari/537.36"
9.169.121.185 - - [21/Nov/2025:17:23:57 +0330] "GET /wp-content/uploads/elementor/css/post-26339.css?ver=1763401083 HTTP/2" 200 1000 "https://optimyar.com/" "Mozilla/5.0 (Windows NT 10.0; Win64; x64) AppleWebKit/537.36 (KHTML, like Gecko) Chrome/130.0.0.0 Safari/537.36"
9.169.121.185 - - [21/Nov/2025:17:23:57 +0330] "GET /wp-content/uploads/elementor/css/post-26319.css?ver=1763401083 HTTP/2" 200 999 "https://optimyar.com/" "Mozilla/5.0 (Windows NT 10.0; Win64; x64) AppleWebKit/537.36 (KHTML, like Gecko) Chrome/130.0.0.0 Safari/537.36"
