66.249.66.197 - - [22/Nov/2025:02:18:28 +0330] "GET /?p=25739132039000&channel=8ffd0f&from=brands.php%3Fid%3D1320390-1986%26name%3D%E3%80%90%E6%96%B0%E5%93%81%E3%83%BB2%E5%96%B6%E6%A5%AD%E6%97%A5%E3%81%A7%E7%99%BA%E9%80%81%E3%80%91%E3%82%BB%E3%82%A4%E3%83%B3%E3%82%B8%E3%83%A3%E3%83%91%E3%83%B3+%E3%82%BB%E3%82%A4%E3%83%B3+%E3%82%B9%E3%83%91%E3%82%A4%E3%83%A9%E3%83%AB%E3%83%9B%E3%83%BC%E3%82%B9%E3%82%AD%E3%83%83%E3%83%88+eSafe%E3%82%AB%E3%83%83%E3%83%97%E3%83%AA%E3%83%B3%E3%82%B0%E4%BB%98+11%C3%9716+8M HTTP/1.1" 404 15071 "-" "Mozilla/5.0 (Linux; Android 6.0.1; Nexus 5X Build/MMB29P) AppleWebKit/537.36 (KHTML, like Gecko) Chrome/141.0.7390.122 Mobile Safari/537.36 (compatible; Googlebot/2.1; +http://www.google.com/bot.html)"
66.249.66.78 - - [22/Nov/2025:02:18:59 +0330] "GET /?p=47083181388701&channel=03a066&from=goods.php%3Fid%3D1813887-1367%26name%3DEF70150SX-C020-S9A+02N51K+DC-5V+%E5%86%B7%E5%8D%B4%E3%83%95%E3%82%A1%E3%83%B3+7040M%E7%94%A8 HTTP/1.1" 404 15071 "-" "Mozilla/5.0 (Linux; Android 6.0.1; Nexus 5X Build/MMB29P) AppleWebKit/537.36 (KHTML, like Gecko) Chrome/141.0.7390.122 Mobile Safari/537.36 (compatible; Googlebot/2.1; +http://www.google.com/bot.html)"
66.249.66.169 - - [22/Nov/2025:02:08:22 +0330] "GET /?p=1768258103405&channel=e1e4d6&from=news.php%3Fid%3D581034-8839%26name%3D11517548264+%E8%BB%8A%E7%94%A8%E5%86%B7%E5%8D%B4%E3%82%A6%E3%82%A9%E3%83%BC%E3%82%BF%E3%83%BC%E3%83%9D%E3%83%B3%E3%83%97+BMW+E70+X5+E71+E72+X6+F10+F11+F18+550+%E5%A4%9A%E6%A7%98+F12 HTTP/1.1" 404 15071 "-" "Mozilla/5.0 (Linux; Android 6.0.1; Nexus 5X Build/MMB29P) AppleWebKit/537.36 (KHTML, like Gecko) Chrome/141.0.7390.122 Mobile Safari/537.36 (compatible; Googlebot/2.1; +http://www.google.com/bot.html)"
43.166.253.94 - - [22/Nov/2025:02:11:19 +0330] "GET /comments/feed/ HTTP/1.1" 200 2564 "-" "Mozilla/5.0 (iPhone; CPU iPhone OS 13_2_3 like Mac OS X) AppleWebKit/605.1.15 (KHTML, like Gecko) Version/13.0.3 Mobile/15E148 Safari/604.1"
2.189.5.124 - - [22/Nov/2025:02:12:11 +0330] "GET / HTTP/1.1" 200 279647 "-" "Mozilla/5.0 (iPhone; CPU iPhone OS 13_6 like Mac OS X) AppleWebKit/605.1.15 (KHTML, like Gecko) FxiOS/118.0 Mobile/15E148 Safari/605.1.15"
31.214.174.196 - - [22/Nov/2025:02:17:28 +0330] "POST /wp-cron.php?doing_wp_cron=1763765248.2302060127258300781250 HTTP/1.1" 200 20 "-" "WordPress/6.8.3; https://optimyar.com"
66.249.66.15 - - [22/Nov/2025:02:17:26 +0330] "GET /?p=0119049519201&channel=5307f0&from=product.php%3Fid%3D495192-9785%26name%3D%E8%BB%8A%E7%94%A8%E3%83%88%E3%83%A9%E3%83%B3%E3%82%AF%E3%83%80%E3%83%B3%E3%83%91%E3%83%BC+2+%E5%80%8B%E9%9B%BB%E5%8B%95%E3%83%86%E3%83%BC%E3%83%AB%E3%82%B2%E3%83%BC%E3%83%88%E3%82%AC%E3%82%B9%E3%82%B9%E3%83%88%E3%83%A9%E3%83%83%E3%83%88%E3%83%8F%E3%82%A4%E3%83%A9%E3%83%B3%E3%83%80%E3%83%BC+2014-2018+2019+6892009021+6891 HTTP/1.1" 404 15071 "-" "Mozilla/5.0 (Linux; Android 6.0.1; Nexus 5X Build/MMB29P) AppleWebKit/537.36 (KHTML, like Gecko) Chrome/141.0.7390.122 Mobile Safari/537.36 (compatible; Googlebot/2.1; +http://www.google.com/bot.html)"
66.249.66.35 - - [22/Nov/2025:02:19:32 +0330] "GET /?p=9222395072406&channel=001dd5&from=pin.php%3Fid%3D950724-16327%26name%3D%E3%83%97%E3%83%AC%E3%83%9F%E3%82%A2%E3%83%A0%E3%82%AC%E3%83%B3%E3%82%B0%E3%83%AA%E3%83%83%E3%83%97+%E3%81%8B%E3%81%8F%E3%82%8C%E3%82%93+%E3%81%8A%E3%81%86%E3%81%97%E5%BA%A7%E3%81%AE%E7%BE%8E%E3%81%97%E3%81%84%E3%83%AD%E3%83%BC%E3%82%BA%E3%82%A6%E3%83%83%E3%83%89%E3%82%B9%E3%82%AF%E3%83%AD%E3%83%BC%E3%83%AB%E3%83%A2%E3%83%87%E3%83%AB856%E3%80%81942%E3%80%81605%E3%80%8122%2F38%2F357%E3%81%AE%E4%BA%A4%E6%8F%9B%E7%94%A8%E3%80%82 HTTP/1.1" 404 15071 "-" "Mozilla/5.0 (Linux; Android 6.0.1; Nexus 5X Build/MMB29P) AppleWebKit/537.36 (KHTML, like Gecko) Chrome/141.0.7390.122 Mobile Safari/537.36 (compatible; Googlebot/2.1; +http://www.google.com/bot.html)"
66.249.66.169 - - [22/Nov/2025:02:20:30 +0330] "GET /?p=5072537355502&channel=59347a&from=jp.php%3Fid%3D373555-15394%26name%3DSMT+1%2F2%E3%82%A8%E3%82%A2%E3%82%A4%E3%83%B3%E3%83%91%E3%82%AF%E3%83%88%E3%83%AC%E3%83%B3%E3%83%81 HTTP/1.1" 404 15071 "-" "Mozilla/5.0 (Linux; Android 6.0.1; Nexus 5X Build/MMB29P) AppleWebKit/537.36 (KHTML, like Gecko) Chrome/141.0.7390.122 Mobile Safari/537.36 (compatible; Googlebot/2.1; +http://www.google.com/bot.html)"
66.249.66.64 - - [22/Nov/2025:02:21:01 +0330] "GET /?p=1802429726601&channel=f231a7&from=article.php%3Fid%3D297266-6930%26name%3DTOUR+AD+IZ+5S+%E3%82%AD%E3%83%A3%E3%83%AD%E3%82%A6%E3%82%A7%E3%82%A4MAVRIK+%E3%83%95%E3%82%A7%E3%82%A2%E3%82%A6%E3%82%A7%E3%82%A4%E3%82%A6%E3%83%83%E3%83%895w HTTP/1.1" 404 15071 "-" "Mozilla/5.0 (Linux; Android 6.0.1; Nexus 5X Build/MMB29P) AppleWebKit/537.36 (KHTML, like Gecko) Chrome/141.0.7390.122 Mobile Safari/537.36 (compatible; Googlebot/2.1; +http://www.google.com/bot.html)"
66.249.66.197 - - [22/Nov/2025:02:19:29 +0330] "GET /?p=03746151441700&channel=ecc126&from=blog.php%3Fid%3D1514417-9403%26name%3D%E3%82%AD%E3%83%A3%E3%83%A9%E3%82%AF%E3%82%BF%E3%83%BC%E3%82%BA+%E3%82%AA%E3%82%B5%E3%83%A0%E3%82%B0%E3%83%83%E3%82%BA+%E7%AD%86%E7%AE%B1+%E7%AD%86%E8%A2%8B+%E5%B8%86%E5%B8%83+%E7%AD%86%E5%85%A5%E3%82%8C+%E3%83%9A%E3%83%B3%E3%82%B1%E3%83%BC%E3%82%B9+%E5%A4%A7%E5%AE%B9%E9%87%8F+%E6%96%87%E5%85%B7%E3%83%9D%E3%83%BC%E3%83%81+%E3%83%9A%E3%83%B3%E8%A2%8B+%E5%B0%8F%E7%89%A9%E5%8F%8E%E7%B4%8D+%E9%80%9A%E5%AD%A6+%E3%83%9A%E3%83%B3%E3%82%B7%E3%83%AB%E3%82%B1%E3%83%BC%E3%82%B9+%E6%96%87%E5%85%B7 HTTP/1.1" 404 15071 "-" "Mozilla/5.0 (Linux; Android 6.0.1; Nexus 5X Build/MMB29P) AppleWebKit/537.36 (KHTML, like Gecko) Chrome/141.0.7390.122 Mobile Safari/537.36 (compatible; Googlebot/2.1; +http://www.google.com/bot.html)"
119.28.177.175 - - [22/Nov/2025:02:20:46 +0330] "GET /wp-json/oembed/1.0/embed?url=https%3A%2F%2Foptimyar.com%2F HTTP/1.1" 200 1288 "-" "Mozilla/5.0 (iPhone; CPU iPhone OS 13_2_3 like Mac OS X) AppleWebKit/605.1.15 (KHTML, like Gecko) Version/13.0.3 Mobile/15E148 Safari/604.1"
66.249.66.198 - - [22/Nov/2025:02:21:59 +0330] "GET /?p=0462570873604&channel=fd4307&from=brands.php%3Fid%3D708736-8809%26name%3D%E6%9C%A8%E8%A3%BD+%E3%83%AD%E3%83%BC%E3%83%86%E3%83%BC%E3%83%96%E3%83%AB+%E3%82%B4%E3%83%A0%E9%9B%86%E6%88%90%E6%9D%90+%E2%85%A1%E5%9E%8B+%E5%A5%A5%E8%A1%8C40cm%C3%97%E5%B9%8590cm+%E9%AB%98%E3%81%9537cm+%E3%82%A6%E3%83%AC%E3%82%BF%E3%83%B3%E5%A1%97%E8%A3%85%3A%E3%83%9F%E3%83%87%E3%82%A3%E3%82%A2%E3%83%A0%E3%83%96%E3%83%A9%E3%82%A6%E3%83%B3 HTTP/1.1" 404 15071 "-" "Mozilla/5.0 (Linux; Android 6.0.1; Nexus 5X Build/MMB29P) AppleWebKit/537.36 (KHTML, like Gecko) Chrome/141.0.7390.122 Mobile Safari/537.36 (compatible; Googlebot/2.1; +http://www.google.com/bot.html)"
66.249.66.78 - - [22/Nov/2025:02:22:30 +0330] "GET /?p=5989057407103&channel=cbdd93&from=form.php%3Fid%3D574071-2020%26name%3D%E5%8E%9A%E6%89%8B%E3%81%AE%E3%82%BD%E3%83%95%E3%82%A1%E3%83%BC%E3%82%AB%E3%83%90%E3%83%BC+%E3%83%81%E3%82%A7%E3%83%83%E3%82%AF%E6%9F%84%E3%83%81%E3%82%A7%E3%82%A2%E3%82%AF%E3%83%83%E3%82%B7%E3%83%A7%E3%83%B3+%E8%80%90%E6%91%A9%E8%80%97%E6%80%A7+%E3%83%9A%E3%83%83%E3%83%88%E7%94%A8%E3%82%BD%E3%83%95%E3%82%A1%E3%83%BC%E3%82%AB%E3%83%90%E3%83%BC+%E3%82%B7%E3%83%AA%E3%82%B3%E3%83%B3%E6%BB%91%E3%82%8A%E6%AD%A2%E3%82%81%E7%B2%92%E5%AD%90%E4%BB%98%E3%81%8D%E3%82%BD%E3%83%95%E3%82%A1%E3%83%BC%E3%82%AB%E3%83%90%E3%83%BC+%E3%82%BD%E3%83%95%E3%82%A1%E3%83%BC HTTP/1.1" 404 15071 "-" "Mozilla/5.0 (Linux; Android 6.0.1; Nexus 5X Build/MMB29P) AppleWebKit/537.36 (KHTML, like Gecko) Chrome/141.0.7390.122 Mobile Safari/537.36 (compatible; Googlebot/2.1; +http://www.google.com/bot.html)"
66.249.66.15 - - [22/Nov/2025:02:23:28 +0330] "GET /?p=59302198873401&channel=054b4a&from=blog.php%3Fid%3D1988734-20523%26name%3D4-215-2%E3%80%80%E5%AD%90%E4%BE%9B%E3%80%80%E3%82%BA%E3%83%9C%E3%83%B3%23632 HTTP/1.1" 404 15071 "-" "Mozilla/5.0 (Linux; Android 6.0.1; Nexus 5X Build/MMB29P) AppleWebKit/537.36 (KHTML, like Gecko) Chrome/141.0.7390.122 Mobile Safari/537.36 (compatible; Googlebot/2.1; +http://www.google.com/bot.html)"
66.249.66.37 - - [22/Nov/2025:02:23:31 +0330] "GET /?p=1104726384609&channel=4eb6ad&from=form.php%3Fid%3D263846-923%26name%3D%E5%AF%9D%E8%A2%8B%E3%82%AF%E3%83%AA%E3%83%BC%E3%83%8B%E3%83%B3%E3%82%B0+%EF%BC%95%E5%80%8B+%E9%80%81%E6%96%99%E7%84%A1%E6%96%99+%E3%82%B7%E3%83%A5%E3%83%A9%E3%83%95%E3%82%AF%E3%83%AA%E3%83%BC%E3%83%8B%E3%83%B3%E3%82%B0+%E5%AF%9D%E8%A2%8B+%E3%82%B7%E3%83%A5%E3%83%A9%E3%83%95+%E3%83%A2%E3%83%B3%E3%83%99%E3%83%AB+%E3%82%B9%E3%83%8E%E3%83%BC%E3%83%94%E3%83%BC%E3%82%AF+%E3%82%AD%E3%83%A3%E3%83%B3%E3%83%97%E7%94%A8%E5%93%81+%E8%BB%8A%E4%B8%AD%E6%B3%8A+%E3%81%8A%E3%82%8A%E3%81%8B%E3%81%88%E3%81%97+%E3%83%8A%E3%83%B3%E3%82%AC+%E3%82%A4%E3%82%B9%E3%82%AB+%E3%83%80%E3%82%A6%E3%83%B3%E5%AF%9D%E8%A2%8B+%E3%81%AD%E3%81%B6%E3%81%8F%E3%82%8D+%E5%AE%85%E9%85%8D%E3%82%AF%E3%83%AA%E3%83%BC%E3%83%8B%E3%83%B3%E3%82%B0 HTTP/1.1" 404 15071 "-" "Mozilla/5.0 (Linux; Android 6.0.1; Nexus 5X Build/MMB29P) AppleWebKit/537.36 (KHTML, like Gecko) Chrome/141.0.7390.122 Mobile Safari/537.36 (compatible; Googlebot/2.1; +http://www.google.com/bot.html)"
66.249.66.198 - - [22/Nov/2025:02:23:34 +0330] "GET /?p=9071713228401&channel=640ae3&from=product.php%3Fid%3D132284-8357%26name%3DVOLCOM+T%E3%82%B7%E3%83%A3%E3%83%84+%E3%81%8A%E3%82%8D HTTP/1.1" 404 15071 "-" "Mozilla/5.0 (Linux; Android 6.0.1; Nexus 5X Build/MMB29P) AppleWebKit/537.36 (KHTML, like Gecko) Chrome/141.0.7390.122 Mobile Safari/537.36 (compatible; Googlebot/2.1; +http://www.google.com/bot.html)"
66.249.66.169 - - [22/Nov/2025:02:23:58 +0330] "GET /?p=50887101797601&channel=27cb5c&from=info.php%3Fid%3D1017976-23453%26name%3D%E3%83%9E%E3%83%84%E3%83%80%E3%83%95%E3%82%A1%E3%83%9F%E3%83%AA%E3%82%A2%E3%80%80%E3%82%AB%E3%82%BF%E3%83%AD%E3%82%B0 HTTP/1.1" 404 15071 "-" "Mozilla/5.0 (Linux; Android 6.0.1; Nexus 5X Build/MMB29P) AppleWebKit/537.36 (KHTML, like Gecko) Chrome/141.0.7390.122 Mobile Safari/537.36 (compatible; Googlebot/2.1; +http://www.google.com/bot.html)"
66.249.66.197 - - [22/Nov/2025:02:24:22 +0330] "GET /?p=9400088952701&channel=023ee8&from=shared.php%3Fid%3D889527-20594%26name%3DO2503-1015++%E3%83%97%E3%83%AA%E3%83%9E%E3%83%AD%E3%82%BC%E3%83%83%E3%82%BF+%E3%83%AA%E3%83%90%E3%83%86%E3%82%A3%E3%83%95%E3%82%A7%E3%82%A4%E3%82%B9%E3%82%BF%E3%82%AA%E3%83%AB+%E3%82%B5%E3%82%A4%E3%82%BA%E4%B8%8D%E6%98%8E%E3%80%80%E6%9C%AA%E4%BD%BF%E7%94%A8%E5%93%81 HTTP/1.1" 404 15071 "-" "Mozilla/5.0 (Linux; Android 6.0.1; Nexus 5X Build/MMB29P) AppleWebKit/537.36 (KHTML, like Gecko) Chrome/141.0.7390.122 Mobile Safari/537.36 (compatible; Googlebot/2.1; +http://www.google.com/bot.html)"
66.249.66.65 - - [22/Nov/2025:02:23:31 +0330] "GET /?p=56018149797602&channel=48889e&from=pin.php%3Fid%3D1497976-2709%26name%3D%E3%82%AA%E3%83%95%E3%82%B7%E3%83%A7%E3%83%AB+%E3%83%80%E3%83%BC+%E3%83%AF%E3%83%B3%E3%83%94%E3%83%BC%E3%82%B9%E3%83%89%E3%83%AC%E3%82%B9+%E5%A4%8F+%E5%82%B7%E3%82%80+%E3%83%AD%E3%83%B3%E3%82%B0+%E9%80%A3%E8%A1%A3%E8%A3%99+%E3%83%8E%E3%83%BC%E3%82%B9%E3%83%AA%E3%83%BC%E3%83%96+%E3%83%87%E3%82%B6%E3%82%A4%E3%83%B3+%E3%83%AC%E3%83%87%E3%82%A3%E3%83%BC%E3%82%B9+%E9%95%B7%E8%A2%96+%E3%82%A8%E3%83%97%E3%83%AD%E3%83%B3+%E3%83%95%E3%82%A9%E3%83%BC%E3%83%9E%E3%83%AB+%E5%89%8D%E9%96%8B%E3%81%8D+%E3%82%B7%E3%83%A3 HTTP/1.1" 404 15071 "-" "Mozilla/5.0 (Linux; Android 6.0.1; Nexus 5X Build/MMB29P) AppleWebKit/537.36 (KHTML, like Gecko) Chrome/141.0.7390.122 Mobile Safari/537.36 (compatible; Googlebot/2.1; +http://www.google.com/bot.html)"
66.249.66.35 - - [22/Nov/2025:02:24:46 +0330] "GET /?p=9307543924204&channel=984379&from=jp.php%3Fid%3D439242-5551%26name%3DGROHE+26715EN0+%E3%83%86%E3%83%B3%E3%83%9A%E3%82%B9%E3%82%BF+250+10%E3%82%A4%E3%83%B3%E3%83%81+%E3%83%AC%E3%82%A4%E3%83%B3%E3%82%B7%E3%83%A3%E3%83%AF%E3%83%BC+%E3%82%B7%E3%83%A3%E3%83%AF%E3%83%BC%E3%83%98%E3%83%83%E3%83%89+%E3%81%A4%E3%82%84%E6%B6%88%E3%81%97%E3%83%8B%E3%83%83%E3%82%B1%E3%83%AB+%E3%82%A4%E3%83%B3%E3%83%95%E3%82%A3%E3%83%8B%E3%83%86%E3%82%A3+%E4%BB%95%E4%B8%8A HTTP/1.1" 404 15071 "-" "Mozilla/5.0 (Linux; Android 6.0.1; Nexus 5X Build/MMB29P) AppleWebKit/537.36 (KHTML, like Gecko) Chrome/141.0.7390.122 Mobile Safari/537.36 (compatible; Googlebot/2.1; +http://www.google.com/bot.html)"
66.249.66.2 - - [22/Nov/2025:02:25:09 +0330] "GET /?p=12509159842700&channel=4af962&from=info.php%3Fid%3D1598427-544%26name%3D%E3%82%B9%E3%83%A2%E3%83%BC%E3%82%AF%E3%83%84%E3%83%AA%E3%83%BC%E3%81%AE%E3%82%B9%E3%83%AF%E3%83%83%E3%82%B0%E3%81%A8%E3%83%9C%E3%83%BC%E3%83%AB%E2%94%822%E7%82%B9set%E3%80%90%E9%80%81%E6%96%99%E8%BE%BC%E3%80%91 HTTP/1.1" 404 15071 "-" "Mozilla/5.0 (Linux; Android 6.0.1; Nexus 5X Build/MMB29P) AppleWebKit/537.36 (KHTML, like Gecko) Chrome/141.0.7390.122 Mobile Safari/537.36 (compatible; Googlebot/2.1; +http://www.google.com/bot.html)"
66.249.66.15 - - [22/Nov/2025:02:28:11 +0330] "GET /?p=2887411171405&channel=4937c1&from=product.php%3Fid%3D111714-5709%26name%3D4+%E5%80%8B+0445110340+%E3%83%8E%E3%82%BA%E3%83%AB%E3%82%A4%E3%83%B3%E3%82%B8%E3%82%A7%E3%82%AF%E3%82%BF%E3%83%BC+0445110739+%E3%83%87%E3%82%A3%E3%83%BC%E3%82%BC%E3%83%AB%E7%87%83%E6%96%99%E3%82%A4%E3%83%B3%E3%82%B8%E3%82%A7%E3%82%AF%E3%82%BF%E3%83%BC+%E8%A8%97%E3%81%95+0986435203+%E8%87%AA%E5%8B%95%E7%87%83 HTTP/1.1" 404 15071 "-" "Mozilla/5.0 (Linux; Android 6.0.1; Nexus 5X Build/MMB29P) AppleWebKit/537.36 (KHTML, like Gecko) Chrome/141.0.7390.122 Mobile Safari/537.36 (compatible; Googlebot/2.1; +http://www.google.com/bot.html)"
66.249.66.160 - - [22/Nov/2025:02:25:54 +0330] "GET /?p=35404134393100&channel=f7bda3&from=news.php%3Fid%3D1343931-20528%26name%3D%E3%83%84%E3%83%A2%E3%83%AA%E3%83%81%E3%82%B5%E3%83%88+%E7%94%9A%E5%B9%B3+%E5%AE%87%E5%AE%99+%E3%83%AD%E3%83%9C%E3%83%83%E3%83%88+100 HTTP/1.1" 404 15071 "-" "Mozilla/5.0 (Linux; Android 6.0.1; Nexus 5X Build/MMB29P) AppleWebKit/537.36 (KHTML, like Gecko) Chrome/141.0.7390.122 Mobile Safari/537.36 (compatible; Googlebot/2.1; +http://www.google.com/bot.html)"
66.249.66.161 - - [22/Nov/2025:02:26:17 +0330] "GET /?p=59013118759502&channel=be17ab&from=blog.php%3Fid%3D1187595-13183%26name%3Dmimimarket+%E3%83%9F%E3%83%9F+%E3%82%AB%E3%83%B3%E3%82%AB%E3%83%B3+%E3%82%B9%E3%82%AB%E3%83%BC%E3%83%88+%E3%83%96%E3%83%AB%E3%83%BC+1+%E3%82%B5%E3%82%A4%E3%82%BA+%E6%96%B0%E5%93%81+%E9%9F%93%E5%9B%BD HTTP/1.1" 404 15071 "-" "Mozilla/5.0 (Linux; Android 6.0.1; Nexus 5X Build/MMB29P) AppleWebKit/537.36 (KHTML, like Gecko) Chrome/141.0.7390.122 Mobile Safari/537.36 (compatible; Googlebot/2.1; +http://www.google.com/bot.html)"
31.214.174.196 - - [22/Nov/2025:02:27:03 +0330] "POST /wp-cron.php?doing_wp_cron=1763765823.9573469161987304687500 HTTP/1.1" 200 20 "-" "WordPress/6.8.3; https://optimyar.com"
66.249.66.36 - - [22/Nov/2025:02:27:01 +0330] "GET /?p=2183669343702&channel=74805c&from=brands.php%3Fid%3D693437-8742%26name%3DABS+%E3%83%90%E3%83%83%E3%83%88%E3%82%A6%E3%82%A3%E3%83%B3%E3%82%B0+%E3%82%A4%E3%83%B3%E3%83%8A%E3%83%BC%2B%E3%82%A2%E3%82%A6%E3%82%BF%E3%83%BC%E3%83%95%E3%82%A7%E3%82%A2%E3%83%AA%E3%83%B3%E3%82%B0+1996-2013+%E3%83%8F%E3%83%BC%E3%83%AC%E3%83%BC+%E3%82%B9%E3%83%88%E3%83%AA%E3%83%BC%E3%83%88+%E3%82%A8%E3%83%AC%E3%82%AF%E3%83%88%E3%83%A9%E3%82%B0%E3%83%A9%E3%82%A4%E3%83%89%E5%AF%BE%E5%BF%9C+%E6%9C%AA%E5%A1%97%E8%A3%85 HTTP/1.1" 404 15071 "-" "Mozilla/5.0 (Linux; Android 6.0.1; Nexus 5X Build/MMB29P) AppleWebKit/537.36 (KHTML, like Gecko) Chrome/141.0.7390.122 Mobile Safari/537.36 (compatible; Googlebot/2.1; +http://www.google.com/bot.html)"
66.249.66.1 - - [22/Nov/2025:02:27:27 +0330] "GET /?p=96805171121600&channel=08de9d&from=shop.php%3Fid%3D1711216-29535%26name%3D%E3%82%B8%E3%83%A3%E3%83%B3%E3%82%AF%E5%93%81%E3%80%90%E3%82%BD%E3%83%8B%E3%83%BC%E3%80%91SONY%2ADVP-NS50P%2ADVD%E3%83%97%E3%83%AC%E3%83%BC%E3%83%A4%E3%83%BC%2A%E9%80%9A%E9%9B%BB%E7%A2%BA%E8%AA%8D%E6%B8%88%E3%81%BF HTTP/1.1" 404 15071 "-" "Mozilla/5.0 (Linux; Android 6.0.1; Nexus 5X Build/MMB29P) AppleWebKit/537.36 (KHTML, like Gecko) Chrome/141.0.7390.122 Mobile Safari/537.36 (compatible; Googlebot/2.1; +http://www.google.com/bot.html)"
66.249.66.15 - - [22/Nov/2025:02:28:36 +0330] "GET /?p=8517292345300&channel=428885&from=goods.php%3Fid%3D923453-22323%26name%3D%E6%8A%BC%E5%B0%BE%E3%82%B3%E3%83%BC%E3%82%BF%E3%83%AD%E3%83%BC+COLOR+of+LIFE+%E3%82%AB%E3%83%A9%E3%83%BC+%E3%82%AA%E3%83%96+%E3%83%A9%E3%82%A4%E3%83%95+TAB%E8%AD%9C%E4%BB%98%E3%82%B9%E3%82%B3%E3%82%A2+KOTARO+OSHIO+%E3%82%AE%E3%82%BF%E3%83%BC+guitar+SCORE+%E6%A5%BD%E8%AD%9C+%E3%82%BF%E3%83%96%E8%AD%9C+%E3%82%AF%E3%83%AA%E3%82%B9%E3%82%BF%E3%83%AB HTTP/1.1" 404 15071 "-" "Mozilla/5.0 (Linux; Android 6.0.1; Nexus 5X Build/MMB29P) AppleWebKit/537.36 (KHTML, like Gecko) Chrome/141.0.7390.122 Mobile Safari/537.36 (compatible; Googlebot/2.1; +http://www.google.com/bot.html)"
43.157.22.109 - - [22/Nov/2025:02:34:20 +0330] "GET /courses/mssp-mlro-14010510/ HTTP/1.1" 200 51016 "-" "Mozilla/5.0 (iPhone; CPU iPhone OS 13_2_3 like Mac OS X) AppleWebKit/605.1.15 (KHTML, like Gecko) Version/13.0.3 Mobile/15E148 Safari/604.1"
66.249.66.2 - - [22/Nov/2025:02:33:07 +0330] "GET /?p=4811175196100&channel=5307f0&from=jp.php%3Fid%3D751961-9785%26name%3D%E8%BB%8A%E7%94%A8%E3%83%88%E3%83%A9%E3%83%B3%E3%82%AF%E3%83%80%E3%83%B3%E3%83%91%E3%83%BC+AP01+%E9%9B%BB%E6%B0%97%E3%83%86%E3%83%BC%E3%83%AB%E3%82%B2%E3%83%BC%E3%83%88%E3%82%AC%E3%82%B9%E3%82%B9%E3%83%88%E3%83%A9%E3%83%83%E3%83%88+%E6%8E%A2%E3%81%9D+7N0827851E+%E3%82%B7%E3%83%BC%E3%83%88%E7%94%A8%E3%82%A2%E3%83%AB%E3%83%8F%E3%83%B3%E3%83%96%E3%83%A9%E7%94%A8+%E3%82%B7%E3%83%A3%E3%83%A9%E3%83%B3+%287N%29+2 HTTP/1.1" 404 15071 "-" "Mozilla/5.0 (Linux; Android 6.0.1; Nexus 5X Build/MMB29P) AppleWebKit/537.36 (KHTML, like Gecko) Chrome/141.0.7390.122 Mobile Safari/537.36 (compatible; Googlebot/2.1; +http://www.google.com/bot.html)"
66.249.66.2 - - [22/Nov/2025:02:33:10 +0330] "GET /wp-content/uploads/2022/11/pointer.svg HTTP/1.1" 304 0 "-" "Googlebot-Image/1.0"
66.249.66.64 - - [22/Nov/2025:02:33:30 +0330] "GET /?p=8005148270300&channel=a4d74c&from=shop.php%3Fid%3D482703-2440%26name%3D%E3%82%A8%E3%83%BC%E3%83%A9%E3%82%A4%E3%83%88%E3%80%80%E3%83%A1%E3%82%A4%E3%83%95%E3%83%A9%E3%82%A4%E3%83%81%E3%82%A7%E3%82%A2%E3%80%80%E3%82%86%E3%82%8B%E3%82%AD%E3%83%A3%E3%83%B3%E2%96%B3%E3%81%AA%E3%81%A7%E3%81%97%E3%81%93%E3%82%AB%E3%83%A9%E3%83%BC+%E3%81%A8%E3%81%8C HTTP/1.1" 404 15071 "-" "Mozilla/5.0 (Linux; Android 6.0.1; Nexus 5X Build/MMB29P) AppleWebKit/537.36 (KHTML, like Gecko) Chrome/141.0.7390.122 Mobile Safari/537.36 (compatible; Googlebot/2.1; +http://www.google.com/bot.html)"
66.249.66.169 - - [22/Nov/2025:02:33:33 +0330] "GET /?p=5912458586600&channel=97dbf3&from=blog.php%3Fid%3D585866-3033%26name%3D%E3%82%AA%E3%83%BC%E3%83%88%E3%83%90%E3%82%A4%E3%82%B7%E3%83%A7%E3%83%83%E3%82%AF%E3%82%A2%E3%83%96%E3%82%BD%E3%83%BC%E3%83%90%E3%83%BC+%E9%81%A1%E3%81%A3+%E3%83%89%E3%82%A5%E3%82%AB%E3%83%86%E3%82%A3848%E3%81%AE%E5%A0%B4%E5%90%8820082009+2010CNC%E3%83%A2%E3%83%BC%E3%82%BF%E3%83%BC%E3%82%B5%E3%82%A4%E3%82%AF%E3%83%AB%E3%83%80%E3%83%B3%E3%83%91%E3%83%BC%E3%82%B9%E3%82%BF%E3%83%93%E3%83%A9%E3%82%A4%E3%82%BA%E3%82%B9%E3%83%86%E3%82%A2%E3%83%AA%E3%83%B3 HTTP/1.1" 404 15071 "-" "Mozilla/5.0 (Linux; Android 6.0.1; Nexus 5X Build/MMB29P) AppleWebKit/537.36 (KHTML, like Gecko) Chrome/141.0.7390.122 Mobile Safari/537.36 (compatible; Googlebot/2.1; +http://www.google.com/bot.html)"
66.249.66.64 - - [22/Nov/2025:02:35:45 +0330] "GET /?p=1484032039000&channel=7b3b5e&from=category-info.php%3Fid%3D320390-9124%26name%3D%E3%83%92%E3%83%A5%E3%83%BC%E3%82%BA+170M3418+%E3%81%AA%E3%81%9D+170M3418D+350A+690V%28170M3418%29 HTTP/1.1" 404 15071 "-" "Mozilla/5.0 (Linux; Android 6.0.1; Nexus 5X Build/MMB29P) AppleWebKit/537.36 (KHTML, like Gecko) Chrome/141.0.7390.122 Mobile Safari/537.36 (compatible; Googlebot/2.1; +http://www.google.com/bot.html)"
31.214.174.196 - - [22/Nov/2025:02:40:19 +0330] "POST /wp-cron.php?doing_wp_cron=1763766619.2547450065612792968750 HTTP/1.1" 200 20 "-" "WordPress/6.8.3; https://optimyar.com"
66.249.66.36 - - [22/Nov/2025:02:40:17 +0330] "GET /?p=82076135706006&channel=2d9cb0&from=article.php%3Fid%3D1357060-19068%26name%3DLouis+%E5%95%8F%E3%82%8F+Vuitton%28%E3%83%AB%E3%82%A4%E3%83%B4%E3%82%A3%E3%83%88%E3%83%B3%29+%E3%83%8B%E3%83%A5%E3%83%BC%E3%82%A6%E3%82%A7%E3%83%BC%E3%83%96+%E3%83%81%E3%82%A7%E3%83%BC%E3%83%B3%E3%83%90%E3%83%83%E3%82%B0+pm HTTP/1.1" 404 15071 "-" "Mozilla/5.0 (Linux; Android 6.0.1; Nexus 5X Build/MMB29P) AppleWebKit/537.36 (KHTML, like Gecko) Chrome/141.0.7390.122 Mobile Safari/537.36 (compatible; Googlebot/2.1; +http://www.google.com/bot.html)"
66.249.66.37 - - [22/Nov/2025:02:45:37 +0330] "GET /?p=62001193170405&channel=97dbf3&from=shop.php%3Fid%3D1931704-3033%26name%3D%E3%83%95%E3%83%AB%E8%BB%8A%E9%AB%98%E8%AA%BF%E3%83%9B%E3%83%B3%E3%83%80%E3%82%B7%E3%83%93%E3%83%83%E3%82%AF+%E3%81%8B%E3%81%98%E3%81%8B%E3%82%80+FG3%2FFB2+2012-2015+%E3%82%B7%E3%83%A7%E3%83%83%E3%82%AF%E3%82%A2%E3%83%96%E3%82%BD%E3%83%BC%E3%83%90%E3%83%BC%E9%AB%98%E3%81%95%E8%AA%BF%E6%95%B4%E5%8F%AF%E8%83%BD%E3%81%AA%E3%82%B7%E3%83%A7%E3%83%83%E3%82%AF%E3%82%B3%E3%82%A4%E3%83%AB%E3%82%AA%E3%83%BC%E3%83%90%E3%83%BC%E3%82%B3%E3%82%A4%E3%83%AB%E3%82%B9%E3%83%97%E3%83%AA%E3%83%B3 HTTP/1.1" 404 15071 "-" "Mozilla/5.0 (Linux; Android 6.0.1; Nexus 5X Build/MMB29P) AppleWebKit/537.36 (KHTML, like Gecko) Chrome/141.0.7390.122 Mobile Safari/537.36 (compatible; Googlebot/2.1; +http://www.google.com/bot.html)"
66.249.66.37 - - [22/Nov/2025:02:48:24 +0330] "GET /?p=5130845754002&channel=b9e884&from=form.php%3Fid%3D457540-16562%26name%3DIGLU+%E3%83%96%E3%83%A9%E3%83%B3%E3%83%89+%E3%83%9C%E3%83%BC%E3%83%AB+%E3%83%97%E3%83%BC%E3%83%AB+%E3%83%9C%E3%83%BC%E3%83%AB+%E3%81%93%E3%81%B3%E3%82%8A%E3%81%A4%E3%81%8B+%E3%83%94%E3%83%83%E3%83%88+%E3%82%BD%E3%83%95%E3%83%88+%E3%83%97%E3%83%AC%E3%82%A4%E3%82%A8%E3%83%AA%E3%82%A2+%E3%82%BD%E3%83%95%E3%83%88+%E9%81%8A%E5%85%B7+%E3%82%A2%E3%82%AF%E3%83%86%E3%82%A3%E3%83%93%E3%83%86%E3%82%A3+%E3%81%8A%E3%82%82%E3%81%A1%E3%82%83 HTTP/1.1" 404 15071 "-" "Mozilla/5.0 (Linux; Android 6.0.1; Nexus 5X Build/MMB29P) AppleWebKit/537.36 (KHTML, like Gecko) Chrome/141.0.7390.122 Mobile Safari/537.36 (compatible; Googlebot/2.1; +http://www.google.com/bot.html)"
31.214.174.196 - - [22/Nov/2025:02:49:44 +0330] "POST /wp-cron.php?doing_wp_cron=1763767183.8113729953765869140625 HTTP/1.1" 200 20 "-" "WordPress/6.8.3; https://optimyar.com"
47.82.11.76 - - [22/Nov/2025:02:50:28 +0330] "GET /?p=2887997611211&channel=76b8fb&from=category-info.php?id%3D976112-7133%26name%3D%E5%B8%BD%E5%AD%90+%E3%82%B5%E3%83%95%E3%82%A1%E3%83%AA%E3%83%8F%E3%83%83%E3%83%88+%E3%83%A1%E3%83%B3%E3%82%BA+%E3%82%B5%E3%83%95%E3%82%A1%E3%83%AA%E3%83%8F%E3%83%83%E3%83%88+%E3%83%AC%E3%83%87%E3%82%A3%E3%83%BC%E3%82%B9+%E6%97%A5%E7%84%BC%E3%81%91%E9%98%B2%E6%AD%A2+%E5%B8%BD%E5%AD%90 HTTP/1.1" 404 15070 "https://optimyar.ir/" "Mozilla/5.0 (X11; CrOS x86_64 14541.0.0) AppleWebKit/537.36 (KHTML, like Gecko) Chrome/130.0.0.0 Safari/537.36"
66.249.66.160 - - [22/Nov/2025:02:51:14 +0330] "GET /?p=10608170984701&channel=a7abb2&from=product.php%3Fid%3D1709847-29513%26name%3D%E3%83%9B%E3%83%AD%E3%83%A9%E3%82%A4%E3%83%96+AZKi+%E5%BF%9C%E6%8F%B4BIG%E3%81%86%E3%81%A1%E3%82%8F+LIVE%E3%82%B0%E3%83%83%E3%82%BA+%E5%A3%B0%E8%89%B2%E3%82%A8%E3%83%B3%E3%83%88%E3%83%AD%E3%83%94%E3%83%BC%E3%80%90CL%E3%80%91 HTTP/1.1" 404 15071 "-" "Mozilla/5.0 (Linux; Android 6.0.1; Nexus 5X Build/MMB29P) AppleWebKit/537.36 (KHTML, like Gecko) Chrome/141.0.7390.122 Mobile Safari/537.36 (compatible; Googlebot/2.1; +http://www.google.com/bot.html)"
66.249.66.160 - - [22/Nov/2025:02:48:57 +0330] "GET /?p=15842116209003&channel=c72258&from=product.php%3Fid%3D1162090-13589%26name%3D%E3%82%A2%E3%82%A4%E3%83%AD%E3%83%B3%E5%8F%B0+%E7%84%BC%E3%81%8D%E4%B8%8A%E3%81%92%E3%82%8B+%E6%8A%98%E3%82%8A%E3%81%9F%E3%81%9F%E3%81%BF+%E3%82%A2%E3%82%A4%E3%83%AD%E3%83%B3%E3%81%8C%E3%81%91+%E3%82%A2%E3%82%A4%E3%83%AD%E3%83%B3%E3%83%9C%E3%83%BC%E3%83%89+%E5%B9%B3%E5%9E%8B+%E8%88%9F%E5%9E%8B+%E3%82%B9%E3%82%BF%E3%83%B3%E3%83%89%E5%BC%8F+%E5%8F%8E%E7%B4%8D+%E6%B4%97%E6%BF%AF+%E4%BE%BF%E5%88%A9+%E5%B9%B3%E5%9E%8B+%E3%82%A2%E3%82%A4%E3%83%AD%E3%83%B3%E3%81%8C%E3%81%91+%E8%B6%B3%E3%81%A4%E3%81%8D+%E3%82%B9%E3%83%81%E3%83%BC%E3%83%AB%E3%83%A1%E3%83%83%E3%82%B7%E3%83%A5+%E8%BB%BD%E9%87%8F+%E6%8A%98%E3%82%8A%E3%81%9F%E3%81%9F%E3%81%BF%E5%BC%8F+%E5%8D%93%E4%B8%8A%23runa1776 HTTP/1.1" 404 15071 "-" "Mozilla/5.0 (Linux; Android 6.0.1; Nexus 5X Build/MMB29P) AppleWebKit/537.36 (KHTML, like Gecko) Chrome/141.0.7390.122 Mobile Safari/537.36 (compatible; Googlebot/2.1; +http://www.google.com/bot.html)"
66.249.66.15 - - [22/Nov/2025:02:49:42 +0330] "GET /?p=362879905700&channel=b62b3f&from=product.php%3Fid%3D99057-6550%26name%3DGDDZA+%E5%A4%9A%E6%A9%9F%E8%83%BD%E3%82%AD%E3%83%83%E3%83%81%E3%83%B3%E3%82%AB%E3%83%BC%E3%83%88%E3%83%91%E3%83%B3%E3%83%88%E3%83%AA%E3%83%BC%E5%8F%8E%E7%B4%8D%E3%82%AD%E3%83%83%E3%83%81%E3%83%B3%E3%82%AB%E3%83%BC%E3%83%88%E3%83%88%E3%83%AD%E3%83%AA%E3%83%BC%E3%80%81%E8%80%90%E4%B9%85%E6%80%A7%E3%81%A8%E5%BC%B7%E5%8A%9B15.00+X+15.00+X+33.00%E3%82%A4%E3%83%B3%E3%83%81 HTTP/1.1" 404 15071 "-" "Mozilla/5.0 (Linux; Android 6.0.1; Nexus 5X Build/MMB29P) AppleWebKit/537.36 (KHTML, like Gecko) Chrome/141.0.7390.122 Mobile Safari/537.36 (compatible; Googlebot/2.1; +http://www.google.com/bot.html)"
66.249.66.2 - - [22/Nov/2025:02:50:06 +0330] "GET /?p=3413619568103&channel=6f4e46&from=blog.php%3Fid%3D195681-3825%26name%3D%E3%82%B9%E3%82%AF%E3%83%BC%E3%82%BF%E3%83%BC%E3%82%AF%E3%83%A9%E3%83%B3%E3%82%AF%E3%82%B7%E3%83%A3%E3%83%95%E3%83%88+WW150+PCX150+Vario150+PCX+WW+Vario+150cc+13000-K97-N HTTP/1.1" 404 15071 "-" "Mozilla/5.0 (Linux; Android 6.0.1; Nexus 5X Build/MMB29P) AppleWebKit/537.36 (KHTML, like Gecko) Chrome/141.0.7390.122 Mobile Safari/537.36 (compatible; Googlebot/2.1; +http://www.google.com/bot.html)"
49.51.233.95 - - [22/Nov/2025:02:50:46 +0330] "GET /courses/gtblp-la/ HTTP/1.1" 200 38425 "-" "Mozilla/5.0 (iPhone; CPU iPhone OS 13_2_3 like Mac OS X) AppleWebKit/605.1.15 (KHTML, like Gecko) Version/13.0.3 Mobile/15E148 Safari/604.1"
66.249.66.64 - - [22/Nov/2025:02:50:50 +0330] "GET /?p=0262336707800&channel=1deddd&from=product.php%3Fid%3D367078-2078%26name%3DTOYOTA%28%E3%83%88%E3%83%A8%E3%82%BF%29%2F%E3%82%A8%E3%82%AD%E3%82%BE%E3%83%BC%E3%82%B9%E3%83%88%E3%83%91%E3%82%A4%E3%83%97%E5%93%81%E7%95%AA%EF%BC%9A17410-37B62 HTTP/1.1" 404 15071 "-" "Mozilla/5.0 (Linux; Android 6.0.1; Nexus 5X Build/MMB29P) AppleWebKit/537.36 (KHTML, like Gecko) Chrome/141.0.7390.122 Mobile Safari/537.36 (compatible; Googlebot/2.1; +http://www.google.com/bot.html)"
66.249.66.78 - - [22/Nov/2025:02:52:22 +0330] "GET /?p=0279043403201&channel=9c1027&from=jp.php%3Fid%3D434032-15807%26name%3D%E5%85%A8%E5%9B%BD%E3%83%90%E3%82%B9%E3%82%B3%E3%83%AC%E3%82%AF%E3%82%B7%E3%83%A7%E3%83%B3+JB021-2+%E6%9D%B1%E4%BA%AC%E7%A9%BA%E6%B8%AF%E4%BA%A4%E9%80%9A HTTP/1.1" 404 15071 "-" "Mozilla/5.0 (Linux; Android 6.0.1; Nexus 5X Build/MMB29P) AppleWebKit/537.36 (KHTML, like Gecko) Chrome/141.0.7390.122 Mobile Safari/537.36 (compatible; Googlebot/2.1; +http://www.google.com/bot.html)"
66.249.66.198 - - [22/Nov/2025:02:53:23 +0330] "GET /?p=6128887805300&channel=fe86c9&from=form.php%3Fid%3D878053-12737%26name%3D%E6%98%9F%E9%87%8E%E5%B7%A5%E6%A5%AD%E3%80%80%E6%9C%A8%E8%A3%BD+%E3%83%AD%E3%83%B3%E3%82%B0+%E6%9C%A8%E3%81%B9%E3%82%89+40cm HTTP/1.1" 404 15071 "-" "Mozilla/5.0 (Linux; Android 6.0.1; Nexus 5X Build/MMB29P) AppleWebKit/537.36 (KHTML, like Gecko) Chrome/141.0.7390.122 Mobile Safari/537.36 (compatible; Googlebot/2.1; +http://www.google.com/bot.html)"
66.249.66.160 - - [22/Nov/2025:02:51:58 +0330] "GET /?p=14688100191000&channel=94f165&from=shop.php%3Fid%3D1001910-680%26name%3D%E4%B8%AD%E5%8F%A4%E7%94%9F%E5%86%99%E7%9C%9F%28%E3%82%B8%E3%83%A3%E3%83%8B%E3%83%BC%E3%82%BA%29+%E5%B5%90%2F5%E4%BA%BA%2F%E6%A8%AA%E5%9E%8B%E3%83%BB%E5%85%A8%E8%BA%AB%E3%83%BB%E6%9D%BE%E6%9C%AC.%E7%9B%B8%E8%91%89%E8%85%95%E7%B5%84%E3%81%BF%2F%E5%85%AC%E5%BC%8F%E7%94%9F%E5%86%99%E7%9C%9F HTTP/1.1" 404 15071 "-" "Mozilla/5.0 (Linux; Android 6.0.1; Nexus 5X Build/MMB29P) AppleWebKit/537.36 (KHTML, like Gecko) Chrome/141.0.7390.122 Mobile Safari/537.36 (compatible; Googlebot/2.1; +http://www.google.com/bot.html)"
66.249.66.197 - - [22/Nov/2025:02:52:50 +0330] "GET /?p=2506323623003&channel=97dbf3&from=product.php%3Fid%3D236230-3033%26name%3D1+%E5%80%8B%E3%83%AA%E3%82%A2%E5%B7%A6%2F%E5%8F%B3%E3%83%AA%E3%82%A2%E3%82%B7%E3%83%A7%E3%83%83%E3%82%AF%E3%82%A2%E3%83%96%E3%82%BD%E3%83%BC%E3%83%90%E3%83%BC%E4%BA%92%E6%8F%9B%E3%83%92%E3%83%A5%E3%83%B3%E3%83%80%E3%82%A4%E3%83%99%E3%83%A9%E3%82%AF%E3%83%AB%E3%82%B9%2FIx55+2007-2013+%E3%83%80%E3%83%B3%E3%83%91%E3%83%BC+55320-3J000+5 HTTP/1.1" 404 15071 "-" "Mozilla/5.0 (Linux; Android 6.0.1; Nexus 5X Build/MMB29P) AppleWebKit/537.36 (KHTML, like Gecko) Chrome/141.0.7390.122 Mobile Safari/537.36 (compatible; Googlebot/2.1; +http://www.google.com/bot.html)"
66.249.66.15 - - [22/Nov/2025:02:54:03 +0330] "GET /?p=4827961489206&channel=57aa7e&from=goods.php%3Fid%3D614892-6558%26name%3DMarc+Fisher+%E3%83%AC%E3%83%87%E3%82%A3%E3%83%BC%E3%82%B9+Melita+%E3%83%92%E3%83%BC%E3%83%AB%E3%82%B5%E3%83%B3%E3%83%80%E3%83%AB HTTP/1.1" 404 15071 "-" "Mozilla/5.0 (Linux; Android 6.0.1; Nexus 5X Build/MMB29P) AppleWebKit/537.36 (KHTML, like Gecko) Chrome/141.0.7390.122 Mobile Safari/537.36 (compatible; Googlebot/2.1; +http://www.google.com/bot.html)"
66.249.66.35 - - [22/Nov/2025:02:55:56 +0330] "GET /?p=28221154881702&channel=5f8530&from=info.php%3Fid%3D1548817-16621%26name%3DAnywin+%E6%9E%95+%E3%82%AB%E3%83%90%E3%83%BC%EF%BC%92%E6%9E%9A%E4%BB%98%E3%81%8D+%E3%81%BE%E3%81%8F%E3%82%89+%E3%83%9B%E3%83%86%E3%83%AB%E4%BB%95%E6%A7%98+%E3%81%B5%E3%81%95%E3%81%90+%E9%AB%98%E5%8F%8D%E7%99%BA%E6%9E%95 HTTP/1.1" 404 15071 "-" "Mozilla/5.0 (Linux; Android 6.0.1; Nexus 5X Build/MMB29P) AppleWebKit/537.36 (KHTML, like Gecko) Chrome/141.0.7390.122 Mobile Safari/537.36 (compatible; Googlebot/2.1; +http://www.google.com/bot.html)"
66.249.66.1 - - [22/Nov/2025:02:54:47 +0330] "GET /?p=1719289480900&channel=9529c6&from=brands.php%3Fid%3D894809-17696%26name%3D%28%E3%81%BE%E3%81%A8%E3%82%81%29+%E3%83%A4%E3%82%B5%E3%82%AB%28Yasaka%29+%E8%A3%8F%E3%82%BD%E3%83%95%E3%83%88%E3%83%A9%E3%83%90%E3%83%BC+%E3%82%A2%E3%83%B3%E3%83%81%E3%83%91%E3%83%AF%E3%83%BC+B22+%E3%82%A2%E3%82%AB+TA+%E3%80%90%C3%973%E3%82%BB%E3%83%83%E3%83%88%E3%80%91+top1-ds-1829943 HTTP/1.1" 404 15071 "-" "Mozilla/5.0 (Linux; Android 6.0.1; Nexus 5X Build/MMB29P) AppleWebKit/537.36 (KHTML, like Gecko) Chrome/141.0.7390.122 Mobile Safari/537.36 (compatible; Googlebot/2.1; +http://www.google.com/bot.html)"
66.249.66.161 - - [22/Nov/2025:02:55:11 +0330] "GET /?p=07821169624500&channel=a2eca8&from=category-info.php%3Fid%3D1696245-7732%26name%3D%E3%80%90KILL+%E3%81%93%E3%81%B3%E3%82%8A%E3%81%A4%E3%81%8B+STAR%E3%80%91+%E4%BA%94%E8%8A%92%E6%98%9F+%E3%83%81%E3%83%A7%E3%83%BC%E3%82%AB%E3%83%BC+%E3%83%94%E3%83%B3%E3%82%AF HTTP/1.1" 404 15071 "-" "Mozilla/5.0 (Linux; Android 6.0.1; Nexus 5X Build/MMB29P) AppleWebKit/537.36 (KHTML, like Gecko) Chrome/141.0.7390.122 Mobile Safari/537.36 (compatible; Googlebot/2.1; +http://www.google.com/bot.html)"
66.249.66.15 - - [22/Nov/2025:02:55:59 +0330] "GET /?p=86967175058401&channel=255568&from=category-info.php%3Fid%3D1750584-15855%26name%3D%5B%C2%A7%E7%B9%81%E2%88%9E%EF%BC%A6%EF%BC%A1%EF%BC%AE%E3%80%80%EF%BC%AC%EF%BC%AF%EF%BC%B5%E2%88%9E%E6%A8%93%E8%97%9D%E9%9B%95%E2%88%9E%EF%BC%95%5D+%E6%95%B0%E7%8F%A0+%E7%94%B7%E6%80%A7%E7%94%A8+%E7%B8%9E%E9%BB%92%E6%AA%80+%E7%94%9F%E3%81%8D%E6%AE%8B%E3%82%8B+%E8%89%B6%E3%81%82%E3%82%8A+22%E7%8E%89+%E6%AD%A3%E7%B5%B9 HTTP/1.1" 404 15071 "-" "Mozilla/5.0 (Linux; Android 6.0.1; Nexus 5X Build/MMB29P) AppleWebKit/537.36 (KHTML, like Gecko) Chrome/141.0.7390.122 Mobile Safari/537.36 (compatible; Googlebot/2.1; +http://www.google.com/bot.html)"
66.249.66.36 - - [22/Nov/2025:02:59:32 +0330] "GET /?p=3817193089912&channel=b1f84f&from=form.php%3Fid%3D930899-8910%26name%3D%E4%B9%83%E6%9C%A8%E5%9D%8246+%E7%94%9F%E5%86%99%E7%9C%9F+%E4%BC%8A%E8%97%A4%E7%90%86%E3%80%85%E6%9D%8F+%E5%88%9D%E6%9C%9F+%E3%83%95%E3%83%AB%E3%82%B3%E3%83%B3%E3%83%97+%E9%AB%98%E3%83%AC%E3%83%BC%E3%83%88+%E5%B8%B0%E3%82%8A%E9%81%93+%E5%A4%9C%E6%98%8E%E3%81%91 HTTP/1.1" 404 15071 "-" "Mozilla/5.0 (Linux; Android 6.0.1; Nexus 5X Build/MMB29P) AppleWebKit/537.36 (KHTML, like Gecko) Chrome/141.0.7390.122 Mobile Safari/537.36 (compatible; Googlebot/2.1; +http://www.google.com/bot.html)"
173.252.70.4 - - [22/Nov/2025:02:59:40 +0330] "GET /robots.txt HTTP/2" 200 170 "-" "facebookexternalhit/1.1 (+http://www.facebook.com/externalhit_uatext.php)"
66.249.66.15 - - [22/Nov/2025:03:00:40 +0330] "GET /?p=9088798446707&channel=082cda&from=product.php%3Fid%3D984467-4378%26name%3DAboveTEK+%E3%82%A2%E3%83%AB%E3%83%9F+%E3%82%BF%E3%83%96%E3%83%AC%E3%83%83%E3%83%88%E3%83%9B%E3%83%AB%E3%83%80%E3%83%BC%EF%BC%88%E3%83%9B%E3%83%AF%E3%82%A4%E3%83%88%EF%BC%89%E6%90%BA%E5%B8%AF%E3%82%B9%E3%82%BF%E3%83%B3%E3%83%89+%7C+%E6%8A%98%E3%82%8A%E3%81%9F%E3%81%9F%E3%81%BF%E5%BC%8F+%7C+360%C2%B0%E5%9B%9E%E8%BB%A2+%7C+iPad%2FiPhone%2F%E3%82%BF%E3%83%96%E3%83%AC%E3%83%83%E3%83%88%2F%E3%82%B9%E3%83%9E%E3%83%9B+%7C+4-11%E3%82%A4%E3%83%B3%E3%83%81%E5%85%A8%E6%A9%9F%E7%A8%AE%E5%AF%BE%E5%BF%9C+%7C+%E3%82%AD%E3%83%83%E3%83%81%E3%83%B3%2F%E3%83%99%E3%83%83%E3%83%89%E3%82%B5%E3%82%A4%E3%83%89%2F%E3%82%AA%E3%83%95%E3%82%A3%E3%82%B9%2F%E3%83%87%E3%82%B9%E3%82%AF%2FPOS%2F%E9%A3%B2%E9%A3%9F%E5%BA%97%2F%E5%B1%95%E7%A4%BA%E4%BC%9A HTTP/1.1" 404 15071 "-" "Mozilla/5.0 (Linux; Android 6.0.1; Nexus 5X Build/MMB29P) AppleWebKit/537.36 (KHTML, like Gecko) Chrome/141.0.7390.122 Mobile Safari/537.36 (compatible; Googlebot/2.1; +http://www.google.com/bot.html)"
170.106.181.163 - - [22/Nov/2025:03:01:22 +0330] "GET /?page_id=28500 HTTP/1.1" 301 20 "-" "Mozilla/5.0 (iPhone; CPU iPhone OS 13_2_3 like Mac OS X) AppleWebKit/605.1.15 (KHTML, like Gecko) Version/13.0.3 Mobile/15E148 Safari/604.1"
66.249.66.64 - - [22/Nov/2025:03:01:24 +0330] "GET /?p=22562119905600&channel=eca937&from=pin.php%3Fid%3D1199056-25191%26name%3D%E3%82%AC%E3%83%A9%E3%82%B9%E6%B0%B4%E6%A7%BD%E3%80%80%E8%8A%B1%E7%93%B6%E3%80%80%E6%B0%B4%E4%B8%AD%E8%8A%B1%E3%81%AA%E3%81%A9%E3%81%AB%E4%BD%BF%E7%94%A8 HTTP/1.1" 404 15071 "-" "Mozilla/5.0 (Linux; Android 6.0.1; Nexus 5X Build/MMB29P) AppleWebKit/537.36 (KHTML, like Gecko) Chrome/141.0.7390.122 Mobile Safari/537.36 (compatible; Googlebot/2.1; +http://www.google.com/bot.html)"
66.249.66.2 - - [22/Nov/2025:03:02:25 +0330] "GET /?p=0368627762400&channel=b85989&from=article.php%3Fid%3D277624-5045%26name%3D%E3%82%AF%E3%83%A9%E3%83%83%E3%82%B7%E3%83%A5%E3%83%90%E3%83%BC%E3%83%95%E3%83%AC%E3%83%BC%E3%83%A0+%E3%82%AA%E3%83%BC%E3%83%88%E3%83%90%E3%82%A4%E4%BF%9D%E8%AD%B7%E3%83%90%E3%83%BC+%E3%83%8F%E3%82%A4%E3%82%A6%E3%82%A7%E3%82%A4%E3%83%90%E3%83%BC+%E3%82%A8%E3%83%B3%E3%82%B8%E3%83%B3%E3%82%AC%E3%83%BC%E3%83%89%E3%83%97%E3%83%AD%E3%83%86%E3%82%AF%E3%82%BF%E3%83%BC+%E3%82%AF%E3%83%A9%E3%83%83%E3%82%B7%E3%83%A5%E3%83%90%E3%83%BC%E3%83%90%E3%83%B3%E3%83%91%E3%83%BC+X+ADV+750 HTTP/1.1" 404 15071 "-" "Mozilla/5.0 (Linux; Android 6.0.1; Nexus 5X Build/MMB29P) AppleWebKit/537.36 (KHTML, like Gecko) Chrome/141.0.7390.122 Mobile Safari/537.36 (compatible; Googlebot/2.1; +http://www.google.com/bot.html)"
66.249.66.15 - - [22/Nov/2025:03:02:49 +0330] "GET /?p=2070718351200&channel=986ca7&from=news.php%3Fid%3D183512-1796%26name%3DZombies+Ate+My+Neighbors+%26+Ghoul+Patrol HTTP/1.1" 404 15071 "-" "Mozilla/5.0 (Linux; Android 6.0.1; Nexus 5X Build/MMB29P) AppleWebKit/537.36 (KHTML, like Gecko) Chrome/141.0.7390.122 Mobile Safari/537.36 (compatible; Googlebot/2.1; +http://www.google.com/bot.html)"
66.249.66.35 - - [22/Nov/2025:02:56:22 +0330] "GET /?p=05928156620703&channel=a5ff2d&from=article.php%3Fid%3D1566207-20838%26name%3D04+%E3%83%BC+06+%E3%83%9E%E3%83%B3%E3%83%81%E3%82%A7%E3%82%B9%E3%82%BF%E3%83%BC+%E3%83%A6%E3%83%8A%E3%82%A4%E3%83%86%E3%83%83%E3%83%89+%E3%83%9B%E3%83%BC%E3%83%A0+%E3%83%AD%E3%83%8A%E3%82%A6%E3%83%89+%28%E3%82%BF%E3%82%B0%E3%82%92%E5%89%8A%E9%99%A4%29 HTTP/1.1" 404 15071 "-" "Mozilla/5.0 (Linux; Android 6.0.1; Nexus 5X Build/MMB29P) AppleWebKit/537.36 (KHTML, like Gecko) Chrome/141.0.7390.122 Mobile Safari/537.36 (compatible; Googlebot/2.1; +http://www.google.com/bot.html)"
66.249.66.198 - - [22/Nov/2025:02:57:30 +0330] "GET /?p=5084219502300&channel=2978ff&from=product.php%3Fid%3D195023-3518%26name%3DH%C3%A9licopt%C3%A8re+AS350+ECUREUIL+%E3%83%9D%E3%83%B3%E3%83%94%E3%82%A8+%E3%82%BB%E3%82%AD%E3%83%A5%E3%83%AA%E3%83%86%E3%82%A3%E3%83%BC+%E5%B8%82%E6%B0%91+143 HTTP/1.1" 404 15071 "-" "Mozilla/5.0 (Linux; Android 6.0.1; Nexus 5X Build/MMB29P) AppleWebKit/537.36 (KHTML, like Gecko) Chrome/141.0.7390.122 Mobile Safari/537.36 (compatible; Googlebot/2.1; +http://www.google.com/bot.html)"
66.249.66.64 - - [22/Nov/2025:02:57:50 +0330] "GET /?p=02757164100503&channel=9a2c62&from=category-info.php%3Fid%3D1641005-17784%26name%3DDECORNIJIA+%E6%B0%B4%E6%9B%B8%E3%81%8D%E5%B8%83+%E7%B9%B0%E3%82%8A%E8%BF%94%E3%81%97%E7%B7%B4%E7%BF%92+%E4%B8%AD%E5%9B%BD%E3%81%AE%E6%9B%B8%E9%81%93%E6%B0%B4%E5%B8%83+%E5%88%9D%E7%B4%9A%E6%9B%B8%E9%81%93%E5%B8%83+%E6%9B%B8%E9%81%93%E5%B8%83%E3%82%92%E6%8A%98%E3%82%8B+%E6%B0%B4%E3%81%8C%E5%B8%83%E3%82%92%E6%9B%B8%E3%81%8D%E3%81%BE%E3%81%99+%E5%AE%B6%E5%BA%AD%E7%94%A8%E7%AD%86%E8%A8%98%E7%94%A8%E6%B0%B4%E5%B8%83+%E6%B0%B4%E6%80%A7%E3%83%9A%E3%82%A4 HTTP/1.1" 404 15071 "-" "Mozilla/5.0 (Linux; Android 6.0.1; Nexus 5X Build/MMB29P) AppleWebKit/537.36 (KHTML, like Gecko) Chrome/141.0.7390.122 Mobile Safari/537.36 (compatible; Googlebot/2.1; +http://www.google.com/bot.html)"
66.249.66.197 - - [22/Nov/2025:02:58:23 +0330] "GET /?p=7056939356704&channel=b08819&from=article.php%3Fid%3D393567-5707%26name%3D%E3%83%95%E3%83%A5%E3%83%BC%E3%82%A8%E3%83%AB%E3%82%A4%E3%83%B3%E3%82%B8%E3%82%A7%E3%82%AF%E3%82%BF%E3%83%BC+%E7%94%A8+%E3%83%AD%E3%83%BC%E3%82%A6%E3%82%A7+550+%E3%82%AB%E3%83%BC%E3%82%A2%E3%82%AF%E3%82%BB%E3%82%B5%E3%83%AA%E3%83%BC+500cc+800cc+%E7%87%83%E6%96%99%E5%99%B4%E5%B0%84%E3%83%8E%E3%82%BA%E3%83%AB+F01R00M021+%E7%87%83%E6%96%99 HTTP/1.1" 404 15071 "-" "Mozilla/5.0 (Linux; Android 6.0.1; Nexus 5X Build/MMB29P) AppleWebKit/537.36 (KHTML, like Gecko) Chrome/141.0.7390.122 Mobile Safari/537.36 (compatible; Googlebot/2.1; +http://www.google.com/bot.html)"
66.249.66.35 - - [22/Nov/2025:02:56:43 +0330] "GET /?p=3879822947804&channel=0f19a4&from=brands.php%3Fid%3D229478-50%26name%3D%E5%B8%8C%E5%B0%91+%E3%83%89%E3%83%9F%E3%83%8D%E3%82%A4%E3%83%88%E3%82%B0%E3%83%AC%E3%82%A4%E3%83%AB%E3%82%A6%E3%82%A9%E3%83%BC+%E3%80%9C%E3%83%95%E3%82%A7%E3%82%A4%E3%83%88+%E3%83%87%E3%82%A3%E3%83%A9%E3%82%A4%E3%83%88%E3%83%AF%E3%83%BC%E3%82%AF%E3%82%B9+Dominate+Grail+War+Fate%2Fstay+night HTTP/1.1" 404 15071 "-" "Mozilla/5.0 (Linux; Android 6.0.1; Nexus 5X Build/MMB29P) AppleWebKit/537.36 (KHTML, like Gecko) Chrome/141.0.7390.122 Mobile Safari/537.36 (compatible; Googlebot/2.1; +http://www.google.com/bot.html)"
182.2.133.17 - - [22/Nov/2025:02:56:46 +0330] "GET /wp-login.php HTTP/1.1" 302 20 "-" "python-requests/2.32.5"
182.2.133.17 - - [22/Nov/2025:02:56:47 +0330] "GET /not-found HTTP/1.1" 301 20 "-" "python-requests/2.32.5"
182.2.133.17 - - [22/Nov/2025:02:56:50 +0330] "GET /not-found/ HTTP/1.1" 404 15557 "-" "python-requests/2.32.5"
66.249.66.197 - - [22/Nov/2025:02:58:56 +0330] "GET /?p=32768107850400&channel=c79e60&from=goods.php%3Fid%3D1078504-16720%26name%3D%E2%97%8E%E5%8C%BF%E5%90%8D%E9%85%8D%E9%80%81%E2%97%8E%E3%82%B3%E3%83%AD%E3%82%B3%E3%83%AD%E4%BB%98%E9%8C%B2+%E3%83%87%E3%83%A5%E3%82%A8%E3%83%AB%E3%83%9E%E3%82%B9%E3%82%BF%E3%83%BC%E3%82%BA+%E3%81%BE%E3%81%A8%E3%82%81%E5%A3%B2%E3%82%8A HTTP/1.1" 404 15071 "-" "Mozilla/5.0 (Linux; Android 6.0.1; Nexus 5X Build/MMB29P) AppleWebKit/537.36 (KHTML, like Gecko) Chrome/141.0.7390.122 Mobile Safari/537.36 (compatible; Googlebot/2.1; +http://www.google.com/bot.html)"
66.249.66.15 - - [22/Nov/2025:03:00:16 +0330] "GET /?p=2969897120400&channel=752c30&from=shop.php%3Fid%3D971204-525%26name%3D%E3%82%A2%E3%83%B3%E3%83%86%E3%82%A3%E3%82%AB+%E3%82%B3%E3%82%AF%E3%83%BC%E3%83%B3%E3%83%8B%E3%83%83%E3%83%88+%E3%83%AF%E3%83%B3%E3%83%94%E3%83%BC%E3%82%B9+%E3%82%B0%E3%83%AC%E3%83%BC%E3%82%B8%E3%83%A5 HTTP/1.1" 404 15071 "-" "Mozilla/5.0 (Linux; Android 6.0.1; Nexus 5X Build/MMB29P) AppleWebKit/537.36 (KHTML, like Gecko) Chrome/141.0.7390.122 Mobile Safari/537.36 (compatible; Googlebot/2.1; +http://www.google.com/bot.html)"
170.106.181.163 - - [22/Nov/2025:03:01:29 +0330] "GET /courses/%d8%a2%d9%85%d9%88%d8%b2%d8%b4-%d8%a8%d9%87%db%8c%d9%86%d9%87-%d8%b3%d8%a7%d8%b2%db%8c-%d8%af%d8%b1-%d9%be%d8%a7%db%8c%d8%aa%d9%88%d9%86-%d8%a8%d8%a7-%d9%be%da%a9%db%8c%d8%ac-%d9%87%d8%a7%db%8c-%da%af/ HTTP/1.1" 200 91974 "https://optimyar.com/?page_id=28500" "Mozilla/5.0 (iPhone; CPU iPhone OS 13_2_3 like Mac OS X) AppleWebKit/605.1.15 (KHTML, like Gecko) Version/13.0.3 Mobile/15E148 Safari/604.1"
66.249.66.1 - - [22/Nov/2025:03:01:50 +0330] "GET /?p=542996848301&channel=1c6fbb&from=shop.php%3Fid%3D68483-5528%26name%3D%E3%82%B4%E3%82%B8%E3%83%A9%E3%80%80%E9%85%92%E4%BA%95%E3%82%86%E3%81%86%E3%81%98 HTTP/1.1" 404 15071 "-" "Mozilla/5.0 (Linux; Android 6.0.1; Nexus 5X Build/MMB29P) AppleWebKit/537.36 (KHTML, like Gecko) Chrome/141.0.7390.122 Mobile Safari/537.36 (compatible; Googlebot/2.1; +http://www.google.com/bot.html)"
66.249.66.1 - - [22/Nov/2025:03:04:46 +0330] "GET /?p=2767561818300&channel=e503e4&from=form.php%3Fid%3D618183-13893%26name%3DWaizowl+OGM+PRO+Wireless+%E5%B9%B2%E3%81%9D+V2+Pink%26White HTTP/1.1" 404 15071 "-" "Mozilla/5.0 (Linux; Android 6.0.1; Nexus 5X Build/MMB29P) AppleWebKit/537.36 (KHTML, like Gecko) Chrome/141.0.7390.122 Mobile Safari/537.36 (compatible; Googlebot/2.1; +http://www.google.com/bot.html)"
66.249.66.169 - - [22/Nov/2025:03:05:16 +0330] "GET /?p=8512790261601&channel=9012c0&from=pin.php%3Fid%3D902616-17555%26name%3DYETI+Rambler+25+oz+Mug HTTP/1.1" 404 15071 "-" "Mozilla/5.0 (Linux; Android 6.0.1; Nexus 5X Build/MMB29P) AppleWebKit/537.36 (KHTML, like Gecko) Chrome/141.0.7390.122 Mobile Safari/537.36 (compatible; Googlebot/2.1; +http://www.google.com/bot.html)"
66.249.66.35 - - [22/Nov/2025:03:05:35 +0330] "GET / HTTP/1.1" 200 32442 "-" "Mozilla/5.0 (Linux; Android 6.0.1; Nexus 5X Build/MMB29P) AppleWebKit/537.36 (KHTML, like Gecko) Chrome/141.0.7390.122 Mobile Safari/537.36 (compatible; Googlebot/2.1; +http://www.google.com/bot.html)"
66.249.66.1 - - [22/Nov/2025:03:06:40 +0330] "GET /wp-content/plugins/elementor/assets/css/widget-menu-anchor-rtl.min.css?ver=3.33.1 HTTP/1.1" 200 69 "https://optimyar.com/" "Mozilla/5.0 (Linux; Android 6.0.1; Nexus 5X Build/MMB29P) AppleWebKit/537.36 (KHTML, like Gecko) Chrome/141.0.7390.122 Mobile Safari/537.36 (compatible; Googlebot/2.1; +http://www.google.com/bot.html)"
66.249.66.1 - - [22/Nov/2025:03:06:40 +0330] "GET /wp-content/plugins/elementor/assets/lib/animations/styles/fadeInDown.min.css?ver=3.33.1 HTTP/1.1" 200 137 "https://optimyar.com/" "Mozilla/5.0 (Linux; Android 6.0.1; Nexus 5X Build/MMB29P) AppleWebKit/537.36 (KHTML, like Gecko) Chrome/141.0.7390.122 Mobile Safari/537.36 (compatible; Googlebot/2.1; +http://www.google.com/bot.html)"
66.249.66.1 - - [22/Nov/2025:03:06:41 +0330] "GET /wp-content/plugins/elementor-pro/assets/css/conditionals/transitions.min.css?ver=3.33.1 HTTP/1.1" 200 599 "https://optimyar.com/" "Mozilla/5.0 (Linux; Android 6.0.1; Nexus 5X Build/MMB29P) AppleWebKit/537.36 (KHTML, like Gecko) Chrome/141.0.7390.122 Mobile Safari/537.36 (compatible; Googlebot/2.1; +http://www.google.com/bot.html)"
66.249.66.1 - - [22/Nov/2025:03:06:41 +0330] "GET /wp-content/plugins/elementor/assets/lib/font-awesome/css/brands.min.css?ver=5.15.3 HTTP/1.1" 200 284 "https://optimyar.com/" "Mozilla/5.0 (Linux; Android 6.0.1; Nexus 5X Build/MMB29P) AppleWebKit/537.36 (KHTML, like Gecko) Chrome/141.0.7390.122 Mobile Safari/537.36 (compatible; Googlebot/2.1; +http://www.google.com/bot.html)"
66.249.66.160 - - [22/Nov/2025:03:03:14 +0330] "GET /?p=37808187106503&channel=92e055&from=news.php%3Fid%3D1871065-11902%26name%3D%E3%82%AB%E3%83%BC%E3%82%A8%E3%83%B3%E3%82%B8%E3%83%B3%E3%83%A2%E3%83%BC%E3%82%BF%E3%83%BC%E3%83%9E%E3%82%A6%E3%83%B3%E3%83%88+%E3%81%9F%E3%82%81%E3%81%AB+Q7+Q8+4M0+121+212+D+4M0121212D+%E8%A3%9C%E5%8A%A9%E5%86%B7%E5%8D%B4%E3%83%A9%E3%82%B8%E3%82%A8%E3%83%BC%E3%82%BF%E3%83%BC%E8%87%AA%E5%8B%95%E8%BB%8A%E3%81%AE%E4%BB%98%E5%B1%9E HTTP/1.1" 404 15071 "-" "Mozilla/5.0 (Linux; Android 6.0.1; Nexus 5X Build/MMB29P) AppleWebKit/537.36 (KHTML, like Gecko) Chrome/141.0.7390.122 Mobile Safari/537.36 (compatible; Googlebot/2.1; +http://www.google.com/bot.html)"
66.249.66.160 - - [22/Nov/2025:03:03:37 +0330] "GET /?p=91107179418002&channel=38b114&from=shop.php%3Fid%3D1794180-19455%26name%3DMakita+%E3%82%A4%E3%83%B3%E3%83%91%E3%82%AF%E3%83%88%E3%83%89%E3%83%A9%E3%82%A4%E3%83%90%E3%83%BC+%E3%80%80%EF%BC%96%EF%BC%99%EF%BC%95%EF%BC%95%EF%BC%B3%EF%BC%B0 HTTP/1.1" 404 15071 "-" "Mozilla/5.0 (Linux; Android 6.0.1; Nexus 5X Build/MMB29P) AppleWebKit/537.36 (KHTML, like Gecko) Chrome/141.0.7390.122 Mobile Safari/537.36 (compatible; Googlebot/2.1; +http://www.google.com/bot.html)"
66.249.66.15 - - [22/Nov/2025:03:04:01 +0330] "GET /?p=1874842468800&channel=b97e5c&from=news.php%3Fid%3D424688-3462%26name%3D%E9%A2%A8%E8%BB%8A%E3%81%AE%E7%90%86%E8%AB%96%E6%A7%98%E5%B0%82%E7%94%A8 HTTP/1.1" 404 15071 "-" "Mozilla/5.0 (Linux; Android 6.0.1; Nexus 5X Build/MMB29P) AppleWebKit/537.36 (KHTML, like Gecko) Chrome/141.0.7390.122 Mobile Safari/537.36 (compatible; Googlebot/2.1; +http://www.google.com/bot.html)"
66.249.66.65 - - [22/Nov/2025:03:06:09 +0330] "GET /?p=20187148078001&channel=6e8f86&from=shared.php%3Fid%3D1480780-5616%26name%3D%5B%E3%82%A2%E3%83%AA%E3%83%BC%E3%83%8A%5D+%E3%83%95%E3%82%A3%E3%83%83%E3%83%88%E3%83%8D%E3%82%B9%E6%B0%B4%E7%9D%80+%E3%83%AC%E3%83%87%E3%82%A3%E3%83%BC%E3%82%B9+%E6%B0%B4%E6%B3%B3+%E3%82%B9%E3%82%A4%E3%83%9F%E3%83%B3%E3%82%B0+%E4%BD%9C%E3%82%8A%E5%87%BA%E3%81%99+%E5%B7%AE%E3%81%97%E8%BE%BC%E3%81%BF%E3%83%91%E3%83%83%E3%83%89+%E3%83%95%E3%82%A3%E3%83%83%E3%83%88%E3%83%8D%E3%82%B9%E5%90%91%E3%81%91+LAR-4248W HTTP/1.1" 404 15071 "-" "Mozilla/5.0 (Linux; Android 6.0.1; Nexus 5X Build/MMB29P) AppleWebKit/537.36 (KHTML, like Gecko) Chrome/141.0.7390.122 Mobile Safari/537.36 (compatible; Googlebot/2.1; +http://www.google.com/bot.html)"
2.189.5.124 - - [22/Nov/2025:03:06:35 +0330] "GET / HTTP/1.1" 200 279647 "-" "Mozilla/5.0 (Android 4.4; Mobile; rv:41.0) Gecko/41.0 Firefox/41.0"
66.249.66.78 - - [22/Nov/2025:03:06:41 +0330] "GET /wp-content/plugins/elementor-extras/assets/css/frontend-rtl.min.css?ver=2.2.52 HTTP/1.1" 200 23590 "https://optimyar.com/" "Mozilla/5.0 (Linux; Android 6.0.1; Nexus 5X Build/MMB29P) AppleWebKit/537.36 (KHTML, like Gecko) Chrome/141.0.7390.122 Mobile Safari/537.36 (compatible; Googlebot/2.1; +http://www.google.com/bot.html)"
66.249.66.64 - - [22/Nov/2025:03:06:41 +0330] "GET /wp-includes/js/jquery/jquery-migrate.min.js?ver=3.4.1 HTTP/1.1" 200 4678 "https://optimyar.com/" "Mozilla/5.0 (Linux; Android 6.0.1; Nexus 5X Build/MMB29P) AppleWebKit/537.36 (KHTML, like Gecko) Chrome/141.0.7390.122 Mobile Safari/537.36 (compatible; Googlebot/2.1; +http://www.google.com/bot.html)"
66.249.66.198 - - [22/Nov/2025:03:06:42 +0330] "GET /wp-content/uploads/elementor/css/custom-jet-blocks-rtl.css?ver=1.3.21 HTTP/1.1" 200 5366 "https://optimyar.com/" "Mozilla/5.0 (Linux; Android 6.0.1; Nexus 5X Build/MMB29P) AppleWebKit/537.36 (KHTML, like Gecko) Chrome/141.0.7390.122 Mobile Safari/537.36 (compatible; Googlebot/2.1; +http://www.google.com/bot.html)"
66.249.66.78 - - [22/Nov/2025:03:06:42 +0330] "GET /wp-content/plugins/elementor/assets/lib/animations/styles/flash.min.css?ver=3.33.1 HTTP/1.1" 200 86 "https://optimyar.com/" "Mozilla/5.0 (Linux; Android 6.0.1; Nexus 5X Build/MMB29P) AppleWebKit/537.36 (KHTML, like Gecko) Chrome/141.0.7390.122 Mobile Safari/537.36 (compatible; Googlebot/2.1; +http://www.google.com/bot.html)"
66.249.66.197 - - [22/Nov/2025:03:06:41 +0330] "GET /wp-content/plugins/elementor/assets/lib/animations/styles/slideInDown.min.css?ver=3.33.1 HTTP/1.1" 200 153 "https://optimyar.com/" "Mozilla/5.0 (Linux; Android 6.0.1; Nexus 5X Build/MMB29P) AppleWebKit/537.36 (KHTML, like Gecko) Chrome/141.0.7390.122 Mobile Safari/537.36 (compatible; Googlebot/2.1; +http://www.google.com/bot.html)"
66.249.66.160 - - [22/Nov/2025:03:06:41 +0330] "GET /wp-content/plugins/elementor/assets/lib/animations/styles/slideInLeft.min.css?ver=3.33.1 HTTP/1.1" 200 153 "https://optimyar.com/" "Mozilla/5.0 (Linux; Android 6.0.1; Nexus 5X Build/MMB29P) AppleWebKit/537.36 (KHTML, like Gecko) Chrome/141.0.7390.122 Mobile Safari/537.36 (compatible; Googlebot/2.1; +http://www.google.com/bot.html)"
66.249.66.169 - - [22/Nov/2025:03:06:42 +0330] "GET /wp-content/plugins/elementskit-lite/widgets/init/assets/css/responsive.css?ver=3.7.5 HTTP/1.1" 200 2859 "https://optimyar.com/" "Mozilla/5.0 (Linux; Android 6.0.1; Nexus 5X Build/MMB29P) AppleWebKit/537.36 (KHTML, like Gecko) Chrome/141.0.7390.122 Mobile Safari/537.36 (compatible; Googlebot/2.1; +http://www.google.com/bot.html)"
66.249.66.15 - - [22/Nov/2025:03:06:42 +0330] "GET /wp-content/plugins/elementor-pro/assets/css/widget-call-to-action-rtl.min.css?ver=3.33.1 HTTP/1.1" 200 1211 "https://optimyar.com/" "Mozilla/5.0 (Linux; Android 6.0.1; Nexus 5X Build/MMB29P) AppleWebKit/537.36 (KHTML, like Gecko) Chrome/141.0.7390.122 Mobile Safari/537.36 (compatible; Googlebot/2.1; +http://www.google.com/bot.html)"
66.249.66.15 - - [22/Nov/2025:03:06:43 +0330] "GET /wp-includes/js/jquery/jquery.min.js?ver=3.7.1 HTTP/1.1" 200 29744 "https://optimyar.com/" "Mozilla/5.0 (Linux; Android 6.0.1; Nexus 5X Build/MMB29P) AppleWebKit/537.36 (KHTML, like Gecko) Chrome/141.0.7390.122 Mobile Safari/537.36 (compatible; Googlebot/2.1; +http://www.google.com/bot.html)"
