5.122.76.160 - - [22/Nov/2025:00:05:49 +0330] "GET /wp-content/plugins/persian-elementor/assets/css/font/IRANYekanX/IRANYekanX-DemiBold.woff2 HTTP/1.1" 200 39896 "https://optimyar.com/wp-content/plugins/persian-elementor/assets/css/font.css?ver=2.13.9" "Mozilla/5.0 (Linux; Android 10; K) AppleWebKit/537.36 (KHTML, like Gecko) Chrome/142.0.0.0 Safari/537.36"
172.200.76.234 - - [22/Nov/2025:00:05:48 +0330] "GET /07.php HTTP/1.1" 404 101780 "https://www.google.co.uk/" "Mozilla/5.0 (iPhone; CPU iPhone OS 17_0_3 like Mac OS X) AppleWebKit/605.1.15 (KHTML, like Gecko) Version/17.0.1 Mobile/15E148 Safari/604.1"
5.122.76.160 - - [22/Nov/2025:00:05:54 +0330] "GET /wp-content/uploads/2025/03/7-1024x576.jpg HTTP/1.1" 200 113474 "https://optimyar.com/courses/" "Mozilla/5.0 (Linux; Android 10; K) AppleWebKit/537.36 (KHTML, like Gecko) Chrome/142.0.0.0 Safari/537.36"
5.122.76.160 - - [22/Nov/2025:00:05:59 +0330] "GET /wp-content/uploads/2025/03/8-1024x576.jpg HTTP/1.1" 200 109537 "https://optimyar.com/courses/" "Mozilla/5.0 (Linux; Android 10; K) AppleWebKit/537.36 (KHTML, like Gecko) Chrome/142.0.0.0 Safari/537.36"
172.200.76.234 - - [22/Nov/2025:00:05:56 +0330] "GET /dropdown.php HTTP/1.1" 404 101780 "https://www.bing.com/" "Mozilla/5.0 (Linux; Android 13; M2101K6G) AppleWebKit/537.36 (KHTML, like Gecko) Chrome/116.0.0.0 Mobile Safari/537.36"
5.122.76.160 - - [22/Nov/2025:00:06:05 +0330] "GET /courses/chance-constrained-programming/ HTTP/1.1" 200 76912 "https://optimyar.com/courses/" "Mozilla/5.0 (Linux; Android 10; K) AppleWebKit/537.36 (KHTML, like Gecko) Chrome/142.0.0.0 Safari/537.36"
172.200.76.234 - - [22/Nov/2025:00:06:04 +0330] "GET /makeasmtp.php HTTP/1.1" 404 101780 "https://duckduckgo.com/" "Mozilla/5.0 (iPhone; CPU iPhone OS 16_6_1 like Mac OS X) AppleWebKit/605.1.15 (KHTML, like Gecko) Version/16.6 Mobile/15E148 Safari/604.1"
5.122.76.160 - - [22/Nov/2025:00:06:10 +0330] "GET /wp-content/uploads/2025/03/5-1024x576.jpg HTTP/1.1" 200 109436 "https://optimyar.com/courses/" "Mozilla/5.0 (Linux; Android 10; K) AppleWebKit/537.36 (KHTML, like Gecko) Chrome/142.0.0.0 Safari/537.36"
5.122.76.160 - - [22/Nov/2025:00:06:09 +0330] "GET /courses/bertsimas-and-sim-robust-model/ HTTP/1.1" 200 76824 "https://optimyar.com/courses/" "Mozilla/5.0 (Linux; Android 10; K) AppleWebKit/537.36 (KHTML, like Gecko) Chrome/142.0.0.0 Safari/537.36"
5.122.76.160 - - [22/Nov/2025:00:06:13 +0330] "GET /wp-content/uploads/2025/03/6-1024x576.jpg HTTP/1.1" 200 109129 "https://optimyar.com/courses/" "Mozilla/5.0 (Linux; Android 10; K) AppleWebKit/537.36 (KHTML, like Gecko) Chrome/142.0.0.0 Safari/537.36"
172.200.76.234 - - [22/Nov/2025:00:06:12 +0330] "GET /wp-sigunq.php HTTP/1.1" 404 101780 "https://duckduckgo.com/" "Mozilla/5.0 (iPad; CPU OS 16_7_2 like Mac OS X) AppleWebKit/605.1.15 (KHTML, like Gecko) Version/16.6 Mobile/15E148 Safari/604.1"
5.122.76.160 - - [22/Nov/2025:00:06:18 +0330] "GET /wp-content/uploads/2025/03/3-1024x576.jpg HTTP/1.1" 200 102912 "https://optimyar.com/courses/" "Mozilla/5.0 (Linux; Android 10; K) AppleWebKit/537.36 (KHTML, like Gecko) Chrome/142.0.0.0 Safari/537.36"
5.122.76.160 - - [22/Nov/2025:00:06:21 +0330] "GET /wp-content/uploads/2025/03/4-1024x576.jpg HTTP/1.1" 200 112306 "https://optimyar.com/courses/" "Mozilla/5.0 (Linux; Android 10; K) AppleWebKit/537.36 (KHTML, like Gecko) Chrome/142.0.0.0 Safari/537.36"
5.122.76.160 - - [22/Nov/2025:00:06:18 +0330] "GET /courses/robust-optimization-under-convex-set/ HTTP/1.1" 200 76984 "https://optimyar.com/courses/" "Mozilla/5.0 (Linux; Android 10; K) AppleWebKit/537.36 (KHTML, like Gecko) Chrome/142.0.0.0 Safari/537.36"
5.122.76.160 - - [22/Nov/2025:00:06:22 +0330] "GET /courses/robust-multi-objective-optimization/ HTTP/1.1" 200 76887 "https://optimyar.com/courses/" "Mozilla/5.0 (Linux; Android 10; K) AppleWebKit/537.36 (KHTML, like Gecko) Chrome/142.0.0.0 Safari/537.36"
172.200.76.234 - - [22/Nov/2025:00:06:21 +0330] "GET /wso112233.php HTTP/1.1" 404 101780 "https://www.google.com/" "Mozilla/5.0 (Linux; Android 13; SM-S908E) AppleWebKit/537.36 (KHTML, like Gecko) Chrome/116.0.0.0 Mobile Safari/537.36"
5.122.76.160 - - [22/Nov/2025:00:06:26 +0330] "GET /courses/p-robust-optimization/ HTTP/1.1" 200 76893 "https://optimyar.com/courses/" "Mozilla/5.0 (Linux; Android 10; K) AppleWebKit/537.36 (KHTML, like Gecko) Chrome/142.0.0.0 Safari/537.36"
5.122.76.160 - - [22/Nov/2025:00:06:30 +0330] "GET /wp-content/uploads/2025/03/2-1024x576.jpg HTTP/1.1" 200 113764 "https://optimyar.com/courses/" "Mozilla/5.0 (Linux; Android 10; K) AppleWebKit/537.36 (KHTML, like Gecko) Chrome/142.0.0.0 Safari/537.36"
5.122.76.160 - - [22/Nov/2025:00:06:31 +0330] "GET /wp-content/uploads/2023/02/cplex.jpg HTTP/1.1" 200 29524 "https://optimyar.com/courses/" "Mozilla/5.0 (Linux; Android 10; K) AppleWebKit/537.36 (KHTML, like Gecko) Chrome/142.0.0.0 Safari/537.36"
5.122.76.160 - - [22/Nov/2025:00:06:32 +0330] "GET /wp-content/uploads/2022/11/Data-Driven-minimax-Regret-Robust-Optimization.jpg HTTP/1.1" 200 40084 "https://optimyar.com/courses/" "Mozilla/5.0 (Linux; Android 10; K) AppleWebKit/537.36 (KHTML, like Gecko) Chrome/142.0.0.0 Safari/537.36"
5.122.76.160 - - [22/Nov/2025:00:06:30 +0330] "GET /courses/bertsimas-and-thiele-inventory-robust-model/ HTTP/1.1" 200 76929 "https://optimyar.com/courses/" "Mozilla/5.0 (Linux; Android 10; K) AppleWebKit/537.36 (KHTML, like Gecko) Chrome/142.0.0.0 Safari/537.36"
172.200.76.234 - - [22/Nov/2025:00:06:29 +0330] "GET /alfanew.php HTTP/1.1" 404 101780 "https://www.google.co.uk/" "Mozilla/5.0 (Linux; Android 13; M2101K6G) AppleWebKit/537.36 (KHTML, like Gecko) Chrome/116.0.0.0 Mobile Safari/537.36"
5.122.76.160 - - [22/Nov/2025:00:06:34 +0330] "GET /courses/benders-decomposition-for-stochastic-programming HTTP/1.1" 301 20 "https://optimyar.com/courses/" "Mozilla/5.0 (Linux; Android 10; K) AppleWebKit/537.36 (KHTML, like Gecko) Chrome/142.0.0.0 Safari/537.36"
5.122.76.160 - - [22/Nov/2025:00:06:38 +0330] "GET /wp-content/uploads/2022/11/DDRO.jpg HTTP/1.1" 200 31167 "https://optimyar.com/courses/" "Mozilla/5.0 (Linux; Android 10; K) AppleWebKit/537.36 (KHTML, like Gecko) Chrome/142.0.0.0 Safari/537.36"
5.122.76.160 - - [22/Nov/2025:00:06:38 +0330] "GET /wp-content/uploads/2022/11/Mulvey.jpg HTTP/1.1" 200 29642 "https://optimyar.com/courses/" "Mozilla/5.0 (Linux; Android 10; K) AppleWebKit/537.36 (KHTML, like Gecko) Chrome/142.0.0.0 Safari/537.36"
5.122.76.160 - - [22/Nov/2025:00:06:36 +0330] "GET /courses/benders-decomposition-for-stochastic-programming/ HTTP/1.1" 200 84231 "https://optimyar.com/courses/" "Mozilla/5.0 (Linux; Android 10; K) AppleWebKit/537.36 (KHTML, like Gecko) Chrome/142.0.0.0 Safari/537.36"
172.200.76.234 - - [22/Nov/2025:00:06:37 +0330] "GET /fw.php HTTP/1.1" 404 101780 "https://www.google.co.uk/" "Mozilla/5.0 (iPhone; CPU iPhone OS 17_0_3 like Mac OS X) AppleWebKit/605.1.15 (KHTML, like Gecko) Version/17.0.1 Mobile/15E148 Safari/604.1"
5.122.76.160 - - [22/Nov/2025:00:06:40 +0330] "GET /courses/chance-constrained-programming/ HTTP/1.1" 200 76912 "https://optimyar.com/courses/" "Mozilla/5.0 (Linux; Android 10; K) AppleWebKit/537.36 (KHTML, like Gecko) Chrome/142.0.0.0 Safari/537.36"
5.122.76.160 - - [22/Nov/2025:00:06:45 +0330] "GET /wp-content/uploads/2022/10/%D8%AA%D8%AC%D8%B2%DB%8C_%D8%A8%D9%86%D8%AF%D8%B1%D8%B2.png HTTP/1.1" 200 48028 "https://optimyar.com/courses/" "Mozilla/5.0 (Linux; Android 10; K) AppleWebKit/537.36 (KHTML, like Gecko) Chrome/142.0.0.0 Safari/537.36"
5.122.76.160 - - [22/Nov/2025:00:06:45 +0330] "GET /wp-content/uploads/2022/08/%D8%A8%D8%B1%D9%86%D8%A7%D9%85%D9%87-%D8%B1%DB%8C%D8%B2%DB%8C-%D8%AF%D8%B1-%D8%B9%D8%AF%D9%85-%D9%82%D8%B7%D8%B9%DB%8C%D8%AA.png HTTP/1.1" 200 194985 "https://optimyar.com/courses/" "Mozilla/5.0 (Linux; Android 10; K) AppleWebKit/537.36 (KHTML, like Gecko) Chrome/142.0.0.0 Safari/537.36"
5.122.76.160 - - [22/Nov/2025:00:06:44 +0330] "GET /courses/fuzzy-and-possibilistic-optimization/ HTTP/1.1" 200 76978 "https://optimyar.com/courses/" "Mozilla/5.0 (Linux; Android 10; K) AppleWebKit/537.36 (KHTML, like Gecko) Chrome/142.0.0.0 Safari/537.36"
172.200.76.234 - - [22/Nov/2025:00:06:46 +0330] "GET /install.php HTTP/1.1" 404 101780 "https://duckduckgo.com/" "Mozilla/5.g (Linux; Android 13; Pixel 7) AppleWebKit/537.36 (KHTML, like Gecko) Chrome/116.0.0.0 Mobile Safari/537.36"
5.122.76.160 - - [22/Nov/2025:00:06:48 +0330] "GET /courses/python-optimization-with-cplex-gurobi/ HTTP/1.1" 200 93334 "https://optimyar.com/courses/" "Mozilla/5.0 (Linux; Android 10; K) AppleWebKit/537.36 (KHTML, like Gecko) Chrome/142.0.0.0 Safari/537.36"
172.200.76.234 - - [22/Nov/2025:00:06:54 +0330] "GET /wp-login.php HTTP/1.1" 302 0 "https://www.google.co.uk/" "Mozilla/5.0 (iPhone; CPU iPhone OS 16_6_1 like Mac OS X) AppleWebKit/605.1.15 (KHTML, like Gecko) Version/16.6 Mobile/15E148 Safari/604.1"
172.200.76.234 - - [22/Nov/2025:00:06:57 +0330] "GET /not-found HTTP/1.1" 301 0 "https://www.google.co.uk/" "Mozilla/5.0 (iPhone; CPU iPhone OS 16_6_1 like Mac OS X) AppleWebKit/605.1.15 (KHTML, like Gecko) Version/16.6 Mobile/15E148 Safari/604.1"
172.200.76.234 - - [22/Nov/2025:00:07:01 +0330] "GET /not-found/ HTTP/1.1" 404 104262 "https://www.google.co.uk/" "Mozilla/5.0 (iPhone; CPU iPhone OS 16_6_1 like Mac OS X) AppleWebKit/605.1.15 (KHTML, like Gecko) Version/16.6 Mobile/15E148 Safari/604.1"
5.122.76.160 - - [22/Nov/2025:00:07:09 +0330] "GET /wp-content/uploads/2022/10/%D8%A8%D9%87%DB%8C%D9%86%D9%87_%D8%B3%D8%A7%D8%B2%DB%8C.png HTTP/1.1" 200 51302 "https://optimyar.com/courses/" "Mozilla/5.0 (Linux; Android 10; K) AppleWebKit/537.36 (KHTML, like Gecko) Chrome/142.0.0.0 Safari/537.36"
5.122.76.160 - - [22/Nov/2025:00:07:07 +0330] "GET /courses/data-driven-minimax-regret/ HTTP/1.1" 200 87945 "https://optimyar.com/courses/" "Mozilla/5.0 (Linux; Android 10; K) AppleWebKit/537.36 (KHTML, like Gecko) Chrome/142.0.0.0 Safari/537.36"
172.200.76.234 - - [22/Nov/2025:00:07:10 +0330] "GET /simple.php HTTP/1.1" 404 101780 "https://www.bing.com/" "Mozilla/5.0 (Linux; Android 12; 2201116SG) AppleWebKit/537.36 (KHTML, like Gecko) Chrome/116.0.0.0 Mobile Safari/537.36"
5.122.76.160 - - [22/Nov/2025:00:07:16 +0330] "GET /wp-content/uploads/2022/08/%D8%A8%D8%B1%D9%86%D8%A7%D9%85%D9%87-%D8%B1%DB%8C%D8%B2%DB%8C-%D8%AA%D8%B5%D8%A7%D8%AF%D9%81%DB%8C.png HTTP/1.1" 200 197877 "https://optimyar.com/courses/" "Mozilla/5.0 (Linux; Android 10; K) AppleWebKit/537.36 (KHTML, like Gecko) Chrome/142.0.0.0 Safari/537.36"
172.200.76.234 - - [22/Nov/2025:00:07:18 +0330] "GET /inputs.php HTTP/1.1" 404 101780 "https://www.google.co.uk/" "Mozilla/5.0 (Linux; Android 13; M2101K6G) AppleWebKit/537.36 (KHTML, like Gecko) Chrome/116.0.0.0 Mobile Safari/537.36"
5.122.76.160 - - [22/Nov/2025:00:07:25 +0330] "GET /wp-content/uploads/2022/10/GAMS-1.png HTTP/1.1" 200 38573 "https://optimyar.com/courses/" "Mozilla/5.0 (Linux; Android 10; K) AppleWebKit/537.36 (KHTML, like Gecko) Chrome/142.0.0.0 Safari/537.36"
5.122.76.160 - - [22/Nov/2025:00:07:23 +0330] "GET /courses/scenario-based-robust-optimization-mulvey/ HTTP/1.1" 200 88962 "https://optimyar.com/courses/" "Mozilla/5.0 (Linux; Android 10; K) AppleWebKit/537.36 (KHTML, like Gecko) Chrome/142.0.0.0 Safari/537.36"
5.122.76.160 - - [22/Nov/2025:00:07:30 +0330] "GET /wp-content/uploads/2022/10/%D8%AA%DA%A9%D9%86%DB%8C%DA%A9-%D9%87%D8%A7%DB%8C-%D8%AE%D8%B7%DB%8C-%D8%B3%D8%A7%D8%B2%DB%8C.png HTTP/1.1" 200 199234 "https://optimyar.com/courses/" "Mozilla/5.0 (Linux; Android 10; K) AppleWebKit/537.36 (KHTML, like Gecko) Chrome/142.0.0.0 Safari/537.36"
5.122.76.160 - - [22/Nov/2025:00:07:27 +0330] "GET /courses/benders-decomposition-and-lagrangian-relaxation-methods/ HTTP/1.1" 200 89646 "https://optimyar.com/courses/" "Mozilla/5.0 (Linux; Android 10; K) AppleWebKit/537.36 (KHTML, like Gecko) Chrome/142.0.0.0 Safari/537.36"
172.200.76.234 - - [22/Nov/2025:00:07:26 +0330] "GET /classsmtps.php HTTP/1.1" 404 101780 "https://duckduckgo.com/" "Mozilla/5.0 (iPhone; CPU iPhone OS 16_0 like Mac OS X) AppleWebKit/605.1.15 (KHTML, like Gecko) FxiOS/118.0 Mobile/15E148 Safari/605.1.15"
172.200.76.234 - - [22/Nov/2025:00:07:35 +0330] "GET /wp-blog-header.php HTTP/1.1" 404 0 "https://www.google.com/" "Mozilla/5.0 (iPhone; CPU iPhone OS 17_1 like Mac OS X) AppleWebKit/605.1.15 (KHTML, like Gecko) CriOS/119.0.6045.109 Mobile/15E148 Safari/604.1"
5.122.76.160 - - [22/Nov/2025:00:07:40 +0330] "GET /wp-content/uploads/2022/10/%D8%AA%DA%A9%D9%86%DB%8C%DA%A9-%D9%87%D8%A7%DB%8C-%D8%AA%D8%AC%D8%B2%DB%8C%D9%87.png HTTP/1.1" 200 190617 "https://optimyar.com/courses/" "Mozilla/5.0 (Linux; Android 10; K) AppleWebKit/537.36 (KHTML, like Gecko) Chrome/142.0.0.0 Safari/537.36"
5.122.76.160 - - [22/Nov/2025:00:07:40 +0330] "GET /courses/optimization-and-operations-research/ HTTP/1.1" 200 142598 "https://optimyar.com/courses/" "Mozilla/5.0 (Linux; Android 10; K) AppleWebKit/537.36 (KHTML, like Gecko) Chrome/142.0.0.0 Safari/537.36"
172.200.76.234 - - [22/Nov/2025:00:07:42 +0330] "GET /wp-trackback.php HTTP/1.1" 404 172 "https://www.yahoo.com/" "Mozilla/5.0 (iPad; CPU OS 16_7_2 like Mac OS X) AppleWebKit/605.1.15 (KHTML, like Gecko) Version/16.6 Mobile/15E148 Safari/604.1"
5.122.76.160 - - [22/Nov/2025:00:07:48 +0330] "GET /wp-content/uploads/2022/10/%D8%A8%D9%87%DB%8C%D9%86%D9%87-%D8%B3%D8%A7%D8%B2%DB%8C-%DA%86%D9%86%D8%AF%D9%87%D8%AF%D9%81%D9%87.png HTTP/1.1" 200 190711 "https://optimyar.com/courses/" "Mozilla/5.0 (Linux; Android 10; K) AppleWebKit/537.36 (KHTML, like Gecko) Chrome/142.0.0.0 Safari/537.36"
172.200.76.234 - - [22/Nov/2025:00:07:48 +0330] "GET /wp-signup.php HTTP/1.1" 302 0 "https://www.yahoo.com/" "Mozilla/5.0 (Linux; Android 13; M2101K6G) AppleWebKit/537.36 (KHTML, like Gecko) Chrome/116.0.0.0 Mobile Safari/537.36"
5.122.76.160 - - [22/Nov/2025:00:07:52 +0330] "GET /wp-content/uploads/2022/10/%D8%A8%D8%B1%D9%86%D8%A7%D9%85%D9%87-%D8%B1%DB%8C%D8%B2%DB%8C-%D8%AF%D9%88%D8%B3%D8%B7%D8%AD%DB%8C.png HTTP/1.1" 200 199297 "https://optimyar.com/courses/" "Mozilla/5.0 (Linux; Android 10; K) AppleWebKit/537.36 (KHTML, like Gecko) Chrome/142.0.0.0 Safari/537.36"
5.122.76.160 - - [22/Nov/2025:00:07:54 +0330] "GET /wp-content/uploads/2022/08/%D8%A2%D9%85%D9%88%D8%B2%D8%B4-%DA%AF%D9%85%D8%B2.png HTTP/1.1" 200 190617 "https://optimyar.com/courses/" "Mozilla/5.0 (Linux; Android 10; K) AppleWebKit/537.36 (KHTML, like Gecko) Chrome/142.0.0.0 Safari/537.36"
172.200.76.234 - - [22/Nov/2025:00:07:51 +0330] "GET /not-found HTTP/1.1" 301 0 "https://www.yahoo.com/" "Mozilla/5.0 (Linux; Android 13; M2101K6G) AppleWebKit/537.36 (KHTML, like Gecko) Chrome/116.0.0.0 Mobile Safari/537.36"
5.122.76.160 - - [22/Nov/2025:00:07:52 +0330] "GET /courses/gams_compressed/ HTTP/1.1" 200 86912 "https://optimyar.com/courses/" "Mozilla/5.0 (Linux; Android 10; K) AppleWebKit/537.36 (KHTML, like Gecko) Chrome/142.0.0.0 Safari/537.36"
5.122.76.160 - - [22/Nov/2025:00:07:56 +0330] "GET /courses/lao-la/ HTTP/1.1" 200 36857 "https://optimyar.com/courses/" "Mozilla/5.0 (Linux; Android 10; K) AppleWebKit/537.36 (KHTML, like Gecko) Chrome/142.0.0.0 Safari/537.36"
172.200.76.234 - - [22/Nov/2025:00:07:55 +0330] "GET /not-found/ HTTP/1.1" 404 104262 "https://www.yahoo.com/" "Mozilla/5.0 (Linux; Android 13; M2101K6G) AppleWebKit/537.36 (KHTML, like Gecko) Chrome/116.0.0.0 Mobile Safari/537.36"
5.122.76.160 - - [22/Nov/2025:00:08:00 +0330] "GET /courses/dteo-l3/ HTTP/1.1" 200 34320 "https://optimyar.com/courses/" "Mozilla/5.0 (Linux; Android 10; K) AppleWebKit/537.36 (KHTML, like Gecko) Chrome/142.0.0.0 Safari/537.36"
5.122.76.160 - - [22/Nov/2025:00:08:04 +0330] "GET /courses/modm-la/ HTTP/1.1" 200 38436 "https://optimyar.com/courses/" "Mozilla/5.0 (Linux; Android 10; K) AppleWebKit/537.36 (KHTML, like Gecko) Chrome/142.0.0.0 Safari/537.36"
172.200.76.234 - - [22/Nov/2025:00:08:05 +0330] "GET /wp-load.php HTTP/1.1" 200 0 "https://www.yahoo.com/" "Mozilla/5.0 (Linux; Android 12; V2134) AppleWebKit/537.36 (KHTML, like Gecko) Chrome/116.0.0.0 Mobile Safari/537.36"
5.122.76.160 - - [22/Nov/2025:00:08:07 +0330] "GET /courses/gtblp-la/ HTTP/1.1" 200 38862 "https://optimyar.com/courses/" "Mozilla/5.0 (Linux; Android 10; K) AppleWebKit/537.36 (KHTML, like Gecko) Chrome/142.0.0.0 Safari/537.36"
172.200.76.234 - - [22/Nov/2025:00:08:10 +0330] "GET /wp-mail.php HTTP/1.1" 403 2556 "https://www.google.com/" "Mozilla/5.0 (Linux; Android 10; K) AppleWebKit/537.36 (KHTML, like Gecko) Chrome/117.0.0.0 Mobile Safari/537.36"
5.122.76.160 - - [22/Nov/2025:00:08:11 +0330] "GET /courses/gams-la/ HTTP/1.1" 200 38356 "https://optimyar.com/courses/" "Mozilla/5.0 (Linux; Android 10; K) AppleWebKit/537.36 (KHTML, like Gecko) Chrome/142.0.0.0 Safari/537.36"
5.122.76.160 - - [22/Nov/2025:00:08:14 +0330] "GET /paper/ HTTP/1.1" 200 22432 "https://optimyar.com/courses/" "Mozilla/5.0 (Linux; Android 10; K) AppleWebKit/537.36 (KHTML, like Gecko) Chrome/142.0.0.0 Safari/537.36"
5.122.76.160 - - [22/Nov/2025:00:08:17 +0330] "GET /wp-content/uploads/elementor/css/post-31523.css?ver=1763401355 HTTP/1.1" 200 1553 "https://optimyar.com/paper/" "Mozilla/5.0 (Linux; Android 10; K) AppleWebKit/537.36 (KHTML, like Gecko) Chrome/142.0.0.0 Safari/537.36"
5.122.76.160 - - [22/Nov/2025:00:08:17 +0330] "GET /wp-content/uploads/elementor/google-fonts/css/almarai.css?ver=1744107102 HTTP/1.1" 200 533 "https://optimyar.com/paper/" "Mozilla/5.0 (Linux; Android 10; K) AppleWebKit/537.36 (KHTML, like Gecko) Chrome/142.0.0.0 Safari/537.36"
172.200.76.234 - - [22/Nov/2025:00:08:15 +0330] "GET /wp-login.php?action=register HTTP/1.1" 302 0 "https://www.bing.com/" "Mozilla/5.0 (iPhone; CPU iPhone OS 17_0_3 like Mac OS X) AppleWebKit/605.1.15 (KHTML, like Gecko) Version/17.0.1 Mobile/15E148 Safari/604.1"
5.122.76.160 - - [22/Nov/2025:00:08:18 +0330] "GET /wp-content/uploads/elementor/google-fonts/fonts/almarai-tsstapxbaigk_hnnq12fow.woff2 HTTP/1.1" 200 17468 "https://optimyar.com/wp-content/uploads/elementor/google-fonts/css/almarai.css?ver=1744107102" "Mozilla/5.0 (Linux; Android 10; K) AppleWebKit/537.36 (KHTML, like Gecko) Chrome/142.0.0.0 Safari/537.36"
5.122.76.160 - - [22/Nov/2025:00:08:18 +0330] "GET /wp-content/uploads/2024/08/open-access-articles-1024x768.jpeg HTTP/1.1" 200 143989 "https://optimyar.com/paper/" "Mozilla/5.0 (Linux; Android 10; K) AppleWebKit/537.36 (KHTML, like Gecko) Chrome/142.0.0.0 Safari/537.36"
5.122.76.160 - - [22/Nov/2025:00:08:17 +0330] "GET /paper/ HTTP/1.1" 200 22432 "https://optimyar.com/courses/" "Mozilla/5.0 (Linux; Android 10; K) AppleWebKit/537.36 (KHTML, like Gecko) Chrome/142.0.0.0 Safari/537.36"
172.200.76.234 - - [22/Nov/2025:00:04:30 +0330] "GET /wp-content/uploads/index.php HTTP/1.1" 301 0 "https://www.google.com/" "Mozilla/5.0 (iPad; CPU OS 16_7_2 like Mac OS X) AppleWebKit/605.1.15 (KHTML, like Gecko) Version/16.6 Mobile/15E148 Safari/604.1"
172.200.76.234 - - [22/Nov/2025:00:04:34 +0330] "GET /wp-content/uploads/ HTTP/1.1" 403 787 "https://www.google.com/" "Mozilla/5.0 (iPad; CPU OS 16_7_2 like Mac OS X) AppleWebKit/605.1.15 (KHTML, like Gecko) Version/16.6 Mobile/15E148 Safari/604.1"
172.200.76.234 - - [22/Nov/2025:00:04:37 +0330] "GET /wp-content/wp-conflg.php HTTP/1.1" 404 101780 "https://www.google.fr/" "Mozilla/5.0 (Linux; Android 12; V2134) AppleWebKit/537.36 (KHTML, like Gecko) Chrome/116.0.0.0 Mobile Safari/537.36"
172.200.76.234 - - [22/Nov/2025:00:08:18 +0330] "GET /not-found HTTP/1.1" 301 0 "https://www.bing.com/" "Mozilla/5.0 (iPhone; CPU iPhone OS 17_0_3 like Mac OS X) AppleWebKit/605.1.15 (KHTML, like Gecko) Version/17.0.1 Mobile/15E148 Safari/604.1"
172.200.76.234 - - [22/Nov/2025:00:08:22 +0330] "GET /not-found/ HTTP/1.1" 404 104262 "https://www.bing.com/" "Mozilla/5.0 (iPhone; CPU iPhone OS 17_0_3 like Mac OS X) AppleWebKit/605.1.15 (KHTML, like Gecko) Version/17.0.1 Mobile/15E148 Safari/604.1"
172.200.76.234 - - [22/Nov/2025:00:08:30 +0330] "GET /plugins.php HTTP/1.1" 404 101780 "https://www.google.de/" "Mozilla/5.0 (iPad; CPU OS 16_7_2 like Mac OS X) AppleWebKit/605.1.15 (KHTML, like Gecko) Version/16.6 Mobile/15E148 Safari/604.1"
172.200.76.234 - - [22/Nov/2025:00:08:38 +0330] "GET /post.php HTTP/1.1" 404 101780 "https://www.bing.com/" "Mozilla/5.0 (iPad; CPU OS 16_7_2 like Mac OS X) AppleWebKit/605.1.15 (KHTML, like Gecko) Version/16.6 Mobile/15E148 Safari/604.1"
172.200.76.234 - - [22/Nov/2025:00:08:46 +0330] "GET /wp-2019.php HTTP/1.1" 404 101780 "https://www.google.fr/" "Mozilla/5.0 (iPhone; CPU iPhone OS 15_7_9 like Mac OS X) AppleWebKit/605.1.15 (KHTML, like Gecko) Version/15.6.5 Mobile/15E148 Safari/604.1"
172.200.76.234 - - [22/Nov/2025:00:08:54 +0330] "GET /geju.php HTTP/1.1" 404 101780 "https://www.bing.com/" "Mozilla/5.0 (Linux; Android 11; CPH2251) AppleWebKit/537.36 (KHTML, like Gecko) Chrome/116.0.0.0 Mobile Safari/537.36"
172.200.76.234 - - [22/Nov/2025:00:09:02 +0330] "GET /wp.php HTTP/1.1" 404 101780 "https://www.bing.com/" "Mozilla/5.0 (Linux; Android 13; M2101K6G) AppleWebKit/537.36 (KHTML, like Gecko) Chrome/116.0.0.0 Mobile Safari/537.36"
172.200.76.234 - - [22/Nov/2025:00:09:10 +0330] "GET /hoot.php HTTP/1.1" 404 101780 "https://www.google.de/" "Mozilla/5.0 (Linux; Android 13; M2101K6G) AppleWebKit/537.36 (KHTML, like Gecko) Chrome/116.0.0.0 Mobile Safari/537.36"
172.200.76.234 - - [22/Nov/2025:00:09:17 +0330] "GET /css.php HTTP/1.1" 404 101780 "https://www.google.co.uk/" "Mozilla/5.0 (iPad; CPU OS 17_0_3 like Mac OS X) AppleWebKit/605.1.15 (KHTML, like Gecko) Version/17.0.1 Mobile/15E148 Safari/604.1"
172.200.76.234 - - [22/Nov/2025:00:09:25 +0330] "GET /log.php HTTP/1.1" 404 101780 "https://www.google.fr/" "Mozilla/5.0 (Linux; Android 10; K) AppleWebKit/537.36 (KHTML, like Gecko) Chrome/117.0.0.0 Mobile Safari/537.36"
172.200.76.234 - - [22/Nov/2025:00:09:31 +0330] "GET /mail.php HTTP/1.1" 404 101780 "https://www.yahoo.com/" "Mozilla/5.0 (iPhone; CPU iPhone OS 17_0_3 like Mac OS X) AppleWebKit/605.1.15 (KHTML, like Gecko) Version/17.0.1 Mobile/15E148 Safari/604.1"
172.200.76.234 - - [22/Nov/2025:00:09:38 +0330] "GET /bak.php HTTP/1.1" 404 101780 "https://www.bing.com/" "Mozilla/5.0 (iPhone; CPU iPhone OS 16_6_1 like Mac OS X) AppleWebKit/605.1.15 (KHTML, like Gecko) Version/16.6 Mobile/15E148 Safari/604.1"
172.200.76.234 - - [22/Nov/2025:00:09:45 +0330] "GET /content.php HTTP/1.1" 404 101780 "https://www.google.com/" "Mozilla/5.0 (iPhone; CPU iPhone OS 15_7_9 like Mac OS X) AppleWebKit/605.1.15 (KHTML, like Gecko) Version/15.6.5 Mobile/15E148 Safari/604.1"
172.200.76.234 - - [22/Nov/2025:00:09:52 +0330] "GET /upfile.php HTTP/1.1" 404 101780 "https://www.google.co.uk/" "Mozilla/5.0 (Linux; Android 11; CPH2251) AppleWebKit/537.36 (KHTML, like Gecko) Chrome/116.0.0.0 Mobile Safari/537.36"
172.200.76.234 - - [22/Nov/2025:00:09:58 +0330] "GET /wp-conflg.php HTTP/1.1" 404 101780 "https://www.google.co.uk/" "Mozilla/5.0 (iPhone; CPU iPhone OS 17_0_3 like Mac OS X) AppleWebKit/605.1.15 (KHTML, like Gecko) Version/17.0.1 Mobile/15E148 Safari/604.1"
172.200.76.234 - - [22/Nov/2025:00:10:05 +0330] "GET /bypass.php HTTP/1.1" 404 101780 "https://www.google.de/" "Mozilla/5.g (Linux; Android 13; Pixel 7) AppleWebKit/537.36 (KHTML, like Gecko) Chrome/116.0.0.0 Mobile Safari/537.36"
172.200.76.234 - - [22/Nov/2025:00:10:12 +0330] "GET /404.php HTTP/1.1" 404 101780 "https://www.bing.com/" "Mozilla/5.0 (Linux; Android 12; 2201116SG) AppleWebKit/537.36 (KHTML, like Gecko) Chrome/116.0.0.0 Mobile Safari/537.36"
172.200.76.234 - - [22/Nov/2025:00:10:19 +0330] "GET /updates.php HTTP/1.1" 404 101780 "https://www.bing.com/" "Mozilla/5.0 (iPhone; CPU iPhone OS 17_1 like Mac OS X) AppleWebKit/605.1.15 (KHTML, like Gecko) CriOS/119.0.6045.109 Mobile/15E148 Safari/604.1"
172.200.76.234 - - [22/Nov/2025:00:10:25 +0330] "GET /radio.php HTTP/1.1" 404 101780 "https://duckduckgo.com/" "Mozilla/5.0 (iPhone; CPU iPhone OS 15_7_9 like Mac OS X) AppleWebKit/605.1.15 (KHTML, like Gecko) Version/15.6.5 Mobile/15E148 Safari/604.1"
5.122.76.160 - - [22/Nov/2025:00:10:30 +0330] "GET / HTTP/1.1" 200 32440 "https://www.google.com/" "Mozilla/5.0 (Linux; Android 10; K) AppleWebKit/537.36 (KHTML, like Gecko) Chrome/142.0.0.0 Safari/537.36"
5.122.76.160 - - [22/Nov/2025:00:10:32 +0330] "GET /wp-content/plugins/elementor/assets/lib/animations/styles/slideInDown.min.css?ver=3.33.1 HTTP/1.1" 200 153 "https://optimyar.com/" "Mozilla/5.0 (Linux; Android 10; K) AppleWebKit/537.36 (KHTML, like Gecko) Chrome/142.0.0.0 Safari/537.36"
5.122.76.160 - - [22/Nov/2025:00:10:32 +0330] "GET /wp-content/plugins/elementor/assets/lib/animations/styles/fadeInDown.min.css?ver=3.33.1 HTTP/1.1" 200 137 "https://optimyar.com/" "Mozilla/5.0 (Linux; Android 10; K) AppleWebKit/537.36 (KHTML, like Gecko) Chrome/142.0.0.0 Safari/537.36"
5.122.76.160 - - [22/Nov/2025:00:10:32 +0330] "GET /wp-content/plugins/elementor/assets/lib/animations/styles/slideInLeft.min.css?ver=3.33.1 HTTP/1.1" 200 153 "https://optimyar.com/" "Mozilla/5.0 (Linux; Android 10; K) AppleWebKit/537.36 (KHTML, like Gecko) Chrome/142.0.0.0 Safari/537.36"
5.122.76.160 - - [22/Nov/2025:00:10:32 +0330] "GET /wp-content/plugins/elementor/assets/lib/animations/styles/fadeIn.min.css?ver=3.33.1 HTTP/1.1" 200 77 "https://optimyar.com/" "Mozilla/5.0 (Linux; Android 10; K) AppleWebKit/537.36 (KHTML, like Gecko) Chrome/142.0.0.0 Safari/537.36"
5.122.76.160 - - [22/Nov/2025:00:10:32 +0330] "GET /wp-content/plugins/jet-elements/assets/css/addons/jet-carousel-rtl.css?ver=2.7.12.1 HTTP/1.1" 200 717 "https://optimyar.com/" "Mozilla/5.0 (Linux; Android 10; K) AppleWebKit/537.36 (KHTML, like Gecko) Chrome/142.0.0.0 Safari/537.36"
5.122.76.160 - - [22/Nov/2025:00:10:32 +0330] "GET /wp-content/plugins/jet-elements/assets/css/skin/jet-carousel-rtl.css?ver=2.7.12.1 HTTP/1.1" 200 192 "https://optimyar.com/" "Mozilla/5.0 (Linux; Android 10; K) AppleWebKit/537.36 (KHTML, like Gecko) Chrome/142.0.0.0 Safari/537.36"
5.122.76.160 - - [22/Nov/2025:00:10:32 +0330] "GET /wp-content/plugins/jet-elements/assets/css/addons/jet-banner-rtl.css?ver=2.7.12.1 HTTP/1.1" 200 1840 "https://optimyar.com/" "Mozilla/5.0 (Linux; Android 10; K) AppleWebKit/537.36 (KHTML, like Gecko) Chrome/142.0.0.0 Safari/537.36"
5.122.76.160 - - [22/Nov/2025:00:10:32 +0330] "GET /wp-content/plugins/elementor/assets/lib/animations/styles/flash.min.css?ver=3.33.1 HTTP/1.1" 200 86 "https://optimyar.com/" "Mozilla/5.0 (Linux; Android 10; K) AppleWebKit/537.36 (KHTML, like Gecko) Chrome/142.0.0.0 Safari/537.36"
5.122.76.160 - - [22/Nov/2025:00:10:32 +0330] "GET /wp-content/plugins/elementor-pro/assets/css/widget-call-to-action-rtl.min.css?ver=3.33.1 HTTP/1.1" 200 1211 "https://optimyar.com/" "Mozilla/5.0 (Linux; Android 10; K) AppleWebKit/537.36 (KHTML, like Gecko) Chrome/142.0.0.0 Safari/537.36"
5.122.76.160 - - [22/Nov/2025:00:10:32 +0330] "GET /wp-content/plugins/elementor-pro/assets/css/conditionals/transitions.min.css?ver=3.33.1 HTTP/1.1" 200 599 "https://optimyar.com/" "Mozilla/5.0 (Linux; Android 10; K) AppleWebKit/537.36 (KHTML, like Gecko) Chrome/142.0.0.0 Safari/537.36"
5.122.76.160 - - [22/Nov/2025:00:10:32 +0330] "GET /wp-content/plugins/elementor/assets/css/widget-menu-anchor-rtl.min.css?ver=3.33.1 HTTP/1.1" 200 69 "https://optimyar.com/" "Mozilla/5.0 (Linux; Android 10; K) AppleWebKit/537.36 (KHTML, like Gecko) Chrome/142.0.0.0 Safari/537.36"
5.122.76.160 - - [22/Nov/2025:00:10:32 +0330] "GET /wp-content/plugins/elementor/assets/css/widget-divider-rtl.min.css?ver=3.33.1 HTTP/1.1" 200 678 "https://optimyar.com/" "Mozilla/5.0 (Linux; Android 10; K) AppleWebKit/537.36 (KHTML, like Gecko) Chrome/142.0.0.0 Safari/537.36"
5.122.76.160 - - [22/Nov/2025:00:10:32 +0330] "GET /wp-content/uploads/elementor/css/post-14103.css?ver=1763401396 HTTP/1.1" 200 7090 "https://optimyar.com/" "Mozilla/5.0 (Linux; Android 10; K) AppleWebKit/537.36 (KHTML, like Gecko) Chrome/142.0.0.0 Safari/537.36"
5.122.76.160 - - [22/Nov/2025:00:10:33 +0330] "GET /wp-content/plugins/jet-elements/assets/js/lib/slick/slick.min.js?ver=1.8.1 HTTP/1.1" 200 10097 "https://optimyar.com/" "Mozilla/5.0 (Linux; Android 10; K) AppleWebKit/537.36 (KHTML, like Gecko) Chrome/142.0.0.0 Safari/537.36"
5.122.76.160 - - [22/Nov/2025:00:10:33 +0330] "GET /wp-content/plugins/persian-elementor/assets/css/font/IRANYekanX/IRANYekanX-Medium.woff2 HTTP/1.1" 200 39256 "https://optimyar.com/wp-content/plugins/persian-elementor/assets/css/font.css?ver=2.13.9" "Mozilla/5.0 (Linux; Android 10; K) AppleWebKit/537.36 (KHTML, like Gecko) Chrome/142.0.0.0 Safari/537.36"
5.122.76.160 - - [22/Nov/2025:00:10:33 +0330] "GET /wp-content/uploads/2022/09/Optimyar-Desktop-Header-1024x576.png HTTP/1.1" 200 494118 "https://optimyar.com/" "Mozilla/5.0 (Linux; Android 10; K) AppleWebKit/537.36 (KHTML, like Gecko) Chrome/142.0.0.0 Safari/537.36"
5.122.76.160 - - [22/Nov/2025:00:10:34 +0330] "GET /wp-content/plugins/persian-elementor/assets/css/font/Tanha/Tanha.woff2 HTTP/1.1" 200 41476 "https://optimyar.com/wp-content/plugins/persian-elementor/assets/css/font.css?ver=2.13.9" "Mozilla/5.0 (Linux; Android 10; K) AppleWebKit/537.36 (KHTML, like Gecko) Chrome/142.0.0.0 Safari/537.36"
5.122.76.160 - - [22/Nov/2025:00:10:34 +0330] "GET /wp-content/plugins/persian-elementor/assets/css/font/IRANYekanX/IRANYekanX-Light.woff2 HTTP/1.1" 200 38420 "https://optimyar.com/wp-content/plugins/persian-elementor/assets/css/font.css?ver=2.13.9" "Mozilla/5.0 (Linux; Android 10; K) AppleWebKit/537.36 (KHTML, like Gecko) Chrome/142.0.0.0 Safari/537.36"
5.122.76.160 - - [22/Nov/2025:00:10:34 +0330] "GET /wp-content/plugins/persian-elementor/assets/css/font/IRANYekanX/IRANYekanX-Bold.woff2 HTTP/1.1" 200 40348 "https://optimyar.com/wp-content/plugins/persian-elementor/assets/css/font.css?ver=2.13.9" "Mozilla/5.0 (Linux; Android 10; K) AppleWebKit/537.36 (KHTML, like Gecko) Chrome/142.0.0.0 Safari/537.36"
5.122.76.160 - - [22/Nov/2025:00:10:33 +0330] "GET /wp-content/uploads/2025/01/Screenshot-1060.png HTTP/1.1" 200 706489 "https://optimyar.com/" "Mozilla/5.0 (Linux; Android 10; K) AppleWebKit/537.36 (KHTML, like Gecko) Chrome/142.0.0.0 Safari/537.36"
172.200.76.234 - - [22/Nov/2025:00:10:32 +0330] "GET /ae.php HTTP/1.1" 404 101780 "https://www.bing.com/" "Mozilla/5.0 (iPhone; CPU iPhone OS 17_0_3 like Mac OS X) AppleWebKit/605.1.15 (KHTML, like Gecko) Version/17.0.1 Mobile/15E148 Safari/604.1"
5.122.76.160 - - [22/Nov/2025:00:10:33 +0330] "GET /wp-content/uploads/2021/02/2-2.jpg HTTP/1.1" 200 74240 "https://optimyar.com/" "Mozilla/5.0 (Linux; Android 10; K) AppleWebKit/537.36 (KHTML, like Gecko) Chrome/142.0.0.0 Safari/537.36"
5.122.76.160 - - [22/Nov/2025:00:10:34 +0330] "GET /wp-content/uploads/2023/02/slider-cplex.jpg HTTP/1.1" 200 85197 "https://optimyar.com/" "Mozilla/5.0 (Linux; Android 10; K) AppleWebKit/537.36 (KHTML, like Gecko) Chrome/142.0.0.0 Safari/537.36"
5.122.76.160 - - [22/Nov/2025:00:10:34 +0330] "GET /wp-content/uploads/2022/11/DDRO-Slider.jpg HTTP/1.1" 200 83663 "https://optimyar.com/" "Mozilla/5.0 (Linux; Android 10; K) AppleWebKit/537.36 (KHTML, like Gecko) Chrome/142.0.0.0 Safari/537.36"
5.122.76.160 - - [22/Nov/2025:00:10:33 +0330] "GET /wp-content/uploads/2021/02/3-1.jpg HTTP/1.1" 200 82425 "https://optimyar.com/" "Mozilla/5.0 (Linux; Android 10; K) AppleWebKit/537.36 (KHTML, like Gecko) Chrome/142.0.0.0 Safari/537.36"
5.122.76.160 - - [22/Nov/2025:00:10:33 +0330] "GET /wp-content/uploads/2021/02/4-1.jpg HTTP/1.1" 200 92219 "https://optimyar.com/" "Mozilla/5.0 (Linux; Android 10; K) AppleWebKit/537.36 (KHTML, like Gecko) Chrome/142.0.0.0 Safari/537.36"
5.122.76.160 - - [22/Nov/2025:00:10:33 +0330] "GET /wp-content/uploads/2025/02/Artboard-9-copy-9.png HTTP/1.1" 200 148200 "https://optimyar.com/" "Mozilla/5.0 (Linux; Android 10; K) AppleWebKit/537.36 (KHTML, like Gecko) Chrome/142.0.0.0 Safari/537.36"
5.122.76.160 - - [22/Nov/2025:00:10:33 +0330] "GET /wp-content/uploads/2024/08/Artboard-9-copy-4.png HTTP/1.1" 200 155800 "https://optimyar.com/" "Mozilla/5.0 (Linux; Android 10; K) AppleWebKit/537.36 (KHTML, like Gecko) Chrome/142.0.0.0 Safari/537.36"
5.122.76.160 - - [22/Nov/2025:00:10:33 +0330] "GET /wp-content/uploads/2024/08/Artboard-9-copy.png HTTP/1.1" 200 162760 "https://optimyar.com/" "Mozilla/5.0 (Linux; Android 10; K) AppleWebKit/537.36 (KHTML, like Gecko) Chrome/142.0.0.0 Safari/537.36"
5.122.76.160 - - [22/Nov/2025:00:10:33 +0330] "GET /wp-content/uploads/2024/08/creativeNactive-1-1024x740-1.jpg HTTP/1.1" 200 156925 "https://optimyar.com/" "Mozilla/5.0 (Linux; Android 10; K) AppleWebKit/537.36 (KHTML, like Gecko) Chrome/142.0.0.0 Safari/537.36"
5.122.76.160 - - [22/Nov/2025:00:10:33 +0330] "GET /wp-content/uploads/2024/08/Artboard-9.png HTTP/1.1" 200 162114 "https://optimyar.com/" "Mozilla/5.0 (Linux; Android 10; K) AppleWebKit/537.36 (KHTML, like Gecko) Chrome/142.0.0.0 Safari/537.36"
5.122.76.160 - - [22/Nov/2025:00:10:33 +0330] "GET /wp-content/uploads/2025/02/Artboard-9-copy-10.png HTTP/1.1" 200 181801 "https://optimyar.com/" "Mozilla/5.0 (Linux; Android 10; K) AppleWebKit/537.36 (KHTML, like Gecko) Chrome/142.0.0.0 Safari/537.36"
5.122.76.160 - - [22/Nov/2025:00:10:33 +0330] "GET /wp-content/uploads/2024/10/Artboard-9-copy-11-scaled.jpg HTTP/1.1" 200 208017 "https://optimyar.com/" "Mozilla/5.0 (Linux; Android 10; K) AppleWebKit/537.36 (KHTML, like Gecko) Chrome/142.0.0.0 Safari/537.36"
5.122.76.160 - - [22/Nov/2025:00:10:33 +0330] "GET /wp-content/uploads/2024/09/Artboard-9-copy-9-scaled.jpg HTTP/1.1" 200 215910 "https://optimyar.com/" "Mozilla/5.0 (Linux; Android 10; K) AppleWebKit/537.36 (KHTML, like Gecko) Chrome/142.0.0.0 Safari/537.36"
5.122.76.160 - - [22/Nov/2025:00:10:33 +0330] "GET /wp-content/uploads/2024/08/Artboard-9-copy-2.png HTTP/1.1" 200 200498 "https://optimyar.com/" "Mozilla/5.0 (Linux; Android 10; K) AppleWebKit/537.36 (KHTML, like Gecko) Chrome/142.0.0.0 Safari/537.36"
5.122.76.160 - - [22/Nov/2025:00:10:33 +0330] "GET /wp-content/uploads/2024/10/Artboard-9-copy-9-scaled.jpg HTTP/1.1" 200 229739 "https://optimyar.com/" "Mozilla/5.0 (Linux; Android 10; K) AppleWebKit/537.36 (KHTML, like Gecko) Chrome/142.0.0.0 Safari/537.36"
5.122.76.160 - - [22/Nov/2025:00:10:33 +0330] "GET /wp-content/uploads/2024/09/Artboard-9-copy-10-scaled.jpg HTTP/1.1" 200 221986 "https://optimyar.com/" "Mozilla/5.0 (Linux; Android 10; K) AppleWebKit/537.36 (KHTML, like Gecko) Chrome/142.0.0.0 Safari/537.36"
5.122.76.160 - - [22/Nov/2025:00:10:34 +0330] "GET /wp-content/uploads/2022/08/%D8%A8%D8%B1%D9%86%D8%A7%D9%85%D9%87-%D8%B1%DB%8C%D8%B2%DB%8C-%D8%AF%D8%B1-%D8%B9%D8%AF%D9%85-%D9%82%D8%B7%D8%B9%DB%8C%D8%AA-1.png HTTP/1.1" 200 341991 "https://optimyar.com/" "Mozilla/5.0 (Linux; Android 10; K) AppleWebKit/537.36 (KHTML, like Gecko) Chrome/142.0.0.0 Safari/537.36"
5.122.76.160 - - [22/Nov/2025:00:10:34 +0330] "GET /wp-content/uploads/2022/08/%D8%AA%DA%A9%D9%86%DB%8C%DA%A9-%D9%87%D8%A7%DB%8C-%D8%AA%D8%AC%D8%B2%DB%8C%D9%87-1.png HTTP/1.1" 200 337278 "https://optimyar.com/" "Mozilla/5.0 (Linux; Android 10; K) AppleWebKit/537.36 (KHTML, like Gecko) Chrome/142.0.0.0 Safari/537.36"
5.122.76.160 - - [22/Nov/2025:00:10:34 +0330] "GET /wp-content/uploads/2022/08/%D8%A8%D9%87%DB%8C%D9%86%D9%87-%D8%B3%D8%A7%D8%B2%DB%8C-%DA%86%D9%86%D8%AF%D9%87%D8%AF%D9%81%D9%87-1.png HTTP/1.1" 200 332327 "https://optimyar.com/" "Mozilla/5.0 (Linux; Android 10; K) AppleWebKit/537.36 (KHTML, like Gecko) Chrome/142.0.0.0 Safari/537.36"
5.122.76.160 - - [22/Nov/2025:00:10:34 +0330] "GET /wp-content/uploads/2022/08/%D8%A2%D9%85%D9%88%D8%B2%D8%B4-%DA%AF%D9%85%D8%B2-1.png HTTP/1.1" 200 321374 "https://optimyar.com/" "Mozilla/5.0 (Linux; Android 10; K) AppleWebKit/537.36 (KHTML, like Gecko) Chrome/142.0.0.0 Safari/537.36"
5.122.76.160 - - [22/Nov/2025:00:10:34 +0330] "GET /wp-content/uploads/2022/08/%D8%A8%D8%B1%D9%86%D8%A7%D9%85%D9%87-%D8%B1%DB%8C%D8%B2%DB%8C-%D8%AA%D8%B5%D8%A7%D8%AF%D9%81%DB%8C-2.png HTTP/1.1" 200 352017 "https://optimyar.com/" "Mozilla/5.0 (Linux; Android 10; K) AppleWebKit/537.36 (KHTML, like Gecko) Chrome/142.0.0.0 Safari/537.36"
5.122.76.160 - - [22/Nov/2025:00:10:34 +0330] "GET /wp-content/uploads/2022/08/%D8%AA%DA%A9%D9%86%DB%8C%DA%A9-%D9%87%D8%A7%DB%8C-%D8%AE%D8%B7%DB%8C-%D8%B3%D8%A7%D8%B2%DB%8C-1.png HTTP/1.1" 200 352448 "https://optimyar.com/" "Mozilla/5.0 (Linux; Android 10; K) AppleWebKit/537.36 (KHTML, like Gecko) Chrome/142.0.0.0 Safari/537.36"
5.122.76.160 - - [22/Nov/2025:00:10:34 +0330] "GET /wp-content/uploads/2022/08/%D8%A8%D8%B1%D9%86%D8%A7%D9%85%D9%87-%D8%B1%DB%8C%D8%B2%DB%8C-%D8%AF%D9%88%D8%B3%D8%B7%D8%AD%DB%8C-1.png HTTP/1.1" 200 362633 "https://optimyar.com/" "Mozilla/5.0 (Linux; Android 10; K) AppleWebKit/537.36 (KHTML, like Gecko) Chrome/142.0.0.0 Safari/537.36"
5.122.76.160 - - [22/Nov/2025:00:10:34 +0330] "GET /wp-content/uploads/2022/11/Optimization-Slider.png HTTP/1.1" 200 392592 "https://optimyar.com/" "Mozilla/5.0 (Linux; Android 10; K) AppleWebKit/537.36 (KHTML, like Gecko) Chrome/142.0.0.0 Safari/537.36"
5.122.76.160 - - [22/Nov/2025:00:10:33 +0330] "GET /wp-content/uploads/2024/03/conference-and-presentation-audience-at-the-conference-hall-business-and-entrepreneurship-faculty-lecture-and-workshop-audience-in-the-lecture-hall-ac-copy.jpg HTTP/1.1" 200 2242918 "https://optimyar.com/" "Mozilla/5.0 (Linux; Android 10; K) AppleWebKit/537.36 (KHTML, like Gecko) Chrome/142.0.0.0 Safari/537.36"
172.200.76.234 - - [22/Nov/2025:00:10:39 +0330] "GET /blog.php HTTP/1.1" 404 101780 "https://www.yahoo.com/" "Mozilla/5.0 (Linux; Android 14; Pixel 8 Pro) AppleWebKit/537.36 (KHTML, like Gecko) Chrome/119.0.0.0 Mobile Safari/537.36"
172.200.76.234 - - [22/Nov/2025:00:10:47 +0330] "GET /themes.php HTTP/1.1" 404 101780 "https://www.bing.com/" "Mozilla/5.0 (iPad; CPU OS 17_0_3 like Mac OS X) AppleWebKit/605.1.15 (KHTML, like Gecko) Version/17.0.1 Mobile/15E148 Safari/604.1"
172.200.76.234 - - [22/Nov/2025:00:10:53 +0330] "GET /ini.php HTTP/1.1" 404 101780 "https://www.google.de/" "Mozilla/5.0 (Linux; Android 11; CPH2251) AppleWebKit/537.36 (KHTML, like Gecko) Chrome/116.0.0.0 Mobile Safari/537.36"
172.200.76.234 - - [22/Nov/2025:00:11:00 +0330] "GET /as.php HTTP/1.1" 404 101780 "https://www.google.fr/" "Mozilla/5.0 (Linux; Android 10; K) AppleWebKit/537.36 (KHTML, like Gecko) Chrome/117.0.0.0 Mobile Safari/537.36"
172.200.76.234 - - [22/Nov/2025:00:11:06 +0330] "GET /shell.php HTTP/1.1" 404 101780 "https://www.google.de/" "Mozilla/5.0 (iPad; CPU OS 16_7_2 like Mac OS X) AppleWebKit/605.1.15 (KHTML, like Gecko) Version/16.6 Mobile/15E148 Safari/604.1"
5.122.76.160 - - [22/Nov/2025:00:11:10 +0330] "GET /courses/data-driven-robust-optimization/ HTTP/1.1" 200 43134 "https://optimyar.com/" "Mozilla/5.0 (Linux; Android 10; K) AppleWebKit/537.36 (KHTML, like Gecko) Chrome/142.0.0.0 Safari/537.36"
172.200.76.234 - - [22/Nov/2025:00:11:13 +0330] "GET /ws.php HTTP/1.1" 404 101780 "https://www.google.co.uk/" "Mozilla/5.g (Linux; Android 13; Pixel 7) AppleWebKit/537.36 (KHTML, like Gecko) Chrome/116.0.0.0 Mobile Safari/537.36"
172.200.76.234 - - [22/Nov/2025:00:11:19 +0330] "GET /1.php HTTP/1.1" 404 101780 "https://duckduckgo.com/" "Mozilla/5.0 (iPhone; CPU iPhone OS 16_6_1 like Mac OS X) AppleWebKit/605.1.15 (KHTML, like Gecko) Version/16.6 Mobile/15E148 Safari/604.1"
5.122.76.160 - - [22/Nov/2025:00:11:24 +0330] "GET /wp-content/uploads/2025/01/wmremove-transformed-1-1024x768.jpeg HTTP/1.1" 200 191113 "https://optimyar.com/" "Mozilla/5.0 (Linux; Android 10; K) AppleWebKit/537.36 (KHTML, like Gecko) Chrome/142.0.0.0 Safari/537.36"
5.122.76.160 - - [22/Nov/2025:00:11:21 +0330] "GET /industrial_consultant/ HTTP/1.1" 200 21933 "https://optimyar.com/" "Mozilla/5.0 (Linux; Android 10; K) AppleWebKit/537.36 (KHTML, like Gecko) Chrome/142.0.0.0 Safari/537.36"
5.122.76.160 - - [22/Nov/2025:00:11:24 +0330] "GET /paper/ HTTP/1.1" 200 22432 "https://optimyar.com/" "Mozilla/5.0 (Linux; Android 10; K) AppleWebKit/537.36 (KHTML, like Gecko) Chrome/142.0.0.0 Safari/537.36"
172.200.76.234 - - [22/Nov/2025:00:11:26 +0330] "GET /123.php HTTP/1.1" 404 101780 "https://duckduckgo.com/" "Mozilla/5.0 (Linux; Android 12; V2134) AppleWebKit/537.36 (KHTML, like Gecko) Chrome/116.0.0.0 Mobile Safari/537.36"
5.122.76.160 - - [22/Nov/2025:00:11:37 +0330] "GET /wp-content/uploads/2025/01/DeWatermark.ai_1738245594413-1024x682.png HTTP/1.1" 200 832917 "https://optimyar.com/" "Mozilla/5.0 (Linux; Android 10; K) AppleWebKit/537.36 (KHTML, like Gecko) Chrome/142.0.0.0 Safari/537.36"
172.200.76.234 - - [22/Nov/2025:00:11:35 +0330] "GET /9.php HTTP/1.1" 404 101780 "https://www.google.fr/" "Mozilla/5.0 (iPhone; CPU iPhone OS 17_1 like Mac OS X) AppleWebKit/605.1.15 (KHTML, like Gecko) CriOS/119.0.6045.109 Mobile/15E148 Safari/604.1"
172.200.76.234 - - [22/Nov/2025:00:11:42 +0330] "GET /admin-ajax.php HTTP/1.1" 404 101780 "https://www.yahoo.com/" "Mozilla/5.0 (Linux; Android 11; 21081111RG) AppleWebKit/537.36 (KHTML, like Gecko) Chrome/116.0.0.0 Mobile Safari/537.36"
172.200.76.234 - - [22/Nov/2025:00:11:49 +0330] "GET /akc.php HTTP/1.1" 404 101780 "https://www.google.fr/" "Mozilla/5.0 (Linux; Android 12; V2134) AppleWebKit/537.36 (KHTML, like Gecko) Chrome/116.0.0.0 Mobile Safari/537.36"
5.122.76.160 - - [22/Nov/2025:00:11:51 +0330] "GET /note/ HTTP/1.1" 200 21623 "https://optimyar.com/" "Mozilla/5.0 (Linux; Android 10; K) AppleWebKit/537.36 (KHTML, like Gecko) Chrome/142.0.0.0 Safari/537.36"
172.200.76.234 - - [22/Nov/2025:00:11:56 +0330] "GET /asd.php HTTP/1.1" 404 101780 "https://www.google.fr/" "Mozilla/5.0 (Linux; Android 11; CPH2251) AppleWebKit/537.36 (KHTML, like Gecko) Chrome/116.0.0.0 Mobile Safari/537.36"
172.200.76.234 - - [22/Nov/2025:00:12:03 +0330] "GET /atomlib.php HTTP/1.1" 404 101780 "https://www.google.fr/" "Mozilla/5.0 (iPhone; CPU iPhone OS 16_0 like Mac OS X) AppleWebKit/605.1.15 (KHTML, like Gecko) FxiOS/118.0 Mobile/15E148 Safari/605.1.15"
172.200.76.234 - - [22/Nov/2025:00:12:10 +0330] "GET /axx.php HTTP/1.1" 404 101780 "https://www.yahoo.com/" "Mozilla/5.0 (iPhone; CPU iPhone OS 17_0_3 like Mac OS X) AppleWebKit/605.1.15 (KHTML, like Gecko) Version/17.0.1 Mobile/15E148 Safari/604.1"
172.200.76.234 - - [22/Nov/2025:00:12:17 +0330] "GET /berax.php HTTP/1.1" 404 101780 "https://www.google.fr/" "Mozilla/5.0 (Linux; Android 10; LM-Q720) AppleWebKit/537.36 (KHTML, like Gecko) Chrome/116.0.0.0 Mobile Safari/537.36"
172.200.76.234 - - [22/Nov/2025:00:12:25 +0330] "GET /checkbox.php HTTP/1.1" 404 101780 "https://www.google.de/" "Mozilla/5.0 (iPhone; CPU iPhone OS 16_6_1 like Mac OS X) AppleWebKit/605.1.15 (KHTML, like Gecko) Version/16.6 Mobile/15E148 Safari/604.1"
172.200.76.234 - - [22/Nov/2025:00:12:32 +0330] "GET /elp.php HTTP/1.1" 404 101780 "https://www.bing.com/" "Mozilla/5.0 (Linux; Android 10; LM-Q720) AppleWebKit/537.36 (KHTML, like Gecko) Chrome/116.0.0.0 Mobile Safari/537.36"
172.200.76.234 - - [22/Nov/2025:00:12:41 +0330] "GET /file4.php HTTP/1.1" 404 101780 "https://duckduckgo.com/" "Mozilla/5.0 (Linux; Android 13; M2101K6G) AppleWebKit/537.36 (KHTML, like Gecko) Chrome/116.0.0.0 Mobile Safari/537.36"
172.200.76.234 - - [22/Nov/2025:00:12:48 +0330] "GET /form.php HTTP/1.1" 404 101780 "https://www.google.co.uk/" "Mozilla/5.0 (iPhone; CPU iPhone OS 17_1 like Mac OS X) AppleWebKit/605.1.15 (KHTML, like Gecko) CriOS/119.0.6045.109 Mobile/15E148 Safari/604.1"
172.200.76.234 - - [22/Nov/2025:00:12:55 +0330] "GET /gecko.php HTTP/1.1" 404 101780 "https://www.yahoo.com/" "Mozilla/5.0 (Linux; Android 12; V2134) AppleWebKit/537.36 (KHTML, like Gecko) Chrome/116.0.0.0 Mobile Safari/537.36"
172.200.76.234 - - [22/Nov/2025:00:13:01 +0330] "GET /goods.php HTTP/1.1" 404 101780 "https://www.google.de/" "Mozilla/5.0 (iPhone; CPU iPhone OS 17_0_3 like Mac OS X) AppleWebKit/605.1.15 (KHTML, like Gecko) Version/17.0.1 Mobile/15E148 Safari/604.1"
172.200.76.234 - - [22/Nov/2025:00:13:09 +0330] "GET /kyami.php HTTP/1.1" 404 101780 "https://www.google.co.uk/" "Mozilla/5.0 (Linux; Android 11; CPH2251) AppleWebKit/537.36 (KHTML, like Gecko) Chrome/116.0.0.0 Mobile Safari/537.36"
172.200.76.234 - - [22/Nov/2025:00:13:16 +0330] "GET /manager.php HTTP/1.1" 404 101780 "https://duckduckgo.com/" "Mozilla/5.0 (Linux; Android 13; SM-G991U) AppleWebKit/537.36 (KHTML, like Gecko) Chrome/117.0.0.0 Mobile Safari/537.36"
172.200.76.234 - - [22/Nov/2025:00:13:23 +0330] "GET /new.php HTTP/1.1" 404 101780 "https://www.google.com/" "Mozilla/5.0 (iPad; CPU OS 16_7_2 like Mac OS X) AppleWebKit/605.1.15 (KHTML, like Gecko) Version/16.6 Mobile/15E148 Safari/604.1"
172.200.76.234 - - [22/Nov/2025:00:13:30 +0330] "GET /wp-admin.php HTTP/1.1" 404 101780 "https://www.google.co.uk/" "Mozilla/5.0 (Linux; Android 14; Pixel 8 Pro) AppleWebKit/537.36 (KHTML, like Gecko) Chrome/119.0.0.0 Mobile Safari/537.36"
194.225.50.88 - - [22/Nov/2025:00:27:57 +0330] "GET / HTTP/1.1" 200 32442 "-" "Mozilla/5.0 (Linux; Android 9; SM-G973F) AppleWebKit/537.36 (KHTML, like Gecko) Chrome/85.0.4183.81 Mobile Safari/537.36"
172.236.13.160 - - [22/Nov/2025:00:28:06 +0330] "GET /note/ HTTP/2" 200 21625 "https://www.google.com/" "Mozilla/5.0 (Linux; Android 10; K) AppleWebKit/537.36 (KHTML, like Gecko) SamsungBrowser/27.0 Chrome/125.0.0.0 Mobile Safari/537.36"
172.236.13.160 - - [22/Nov/2025:00:28:09 +0330] "GET /wp-content/themes/skelementor/style.css?ver=6.8.3 HTTP/2" 200 820 "https://optimyar.com/note/" "Mozilla/5.0 (Linux; Android 10; K) AppleWebKit/537.36 (KHTML, like Gecko) SamsungBrowser/27.0 Chrome/125.0.0.0 Mobile Safari/537.36"
172.236.13.160 - - [22/Nov/2025:00:28:09 +0330] "GET /wp-content/plugins/elementor/assets/css/frontend-rtl.min.css?ver=3.33.1 HTTP/2" 200 6534 "https://optimyar.com/note/" "Mozilla/5.0 (Linux; Android 10; K) AppleWebKit/537.36 (KHTML, like Gecko) SamsungBrowser/27.0 Chrome/125.0.0.0 Mobile Safari/537.36"
172.236.13.160 - - [22/Nov/2025:00:28:09 +0330] "GET /wp-content/plugins/elementor/assets/css/widget-image-rtl.min.css?ver=3.33.1 HTTP/2" 200 96 "https://optimyar.com/note/" "Mozilla/5.0 (Linux; Android 10; K) AppleWebKit/537.36 (KHTML, like Gecko) SamsungBrowser/27.0 Chrome/125.0.0.0 Mobile Safari/537.36"
172.236.13.160 - - [22/Nov/2025:00:28:09 +0330] "GET /wp-content/plugins/elementor-pro/assets/css/widget-nav-menu-rtl.min.css?ver=3.33.1 HTTP/2" 200 3246 "https://optimyar.com/note/" "Mozilla/5.0 (Linux; Android 10; K) AppleWebKit/537.36 (KHTML, like Gecko) SamsungBrowser/27.0 Chrome/125.0.0.0 Mobile Safari/537.36"
172.236.13.160 - - [22/Nov/2025:00:28:09 +0330] "GET /wp-content/plugins/elementor/assets/lib/animations/styles/e-animation-grow.min.css?ver=3.33.1 HTTP/2" 200 198 "https://optimyar.com/note/" "Mozilla/5.0 (Linux; Android 10; K) AppleWebKit/537.36 (KHTML, like Gecko) SamsungBrowser/27.0 Chrome/125.0.0.0 Mobile Safari/537.36"
172.236.13.160 - - [22/Nov/2025:00:28:09 +0330] "GET /wp-content/plugins/elementor-pro/assets/css/modules/sticky.min.css?ver=3.33.1 HTTP/2" 200 162 "https://optimyar.com/note/" "Mozilla/5.0 (Linux; Android 10; K) AppleWebKit/537.36 (KHTML, like Gecko) SamsungBrowser/27.0 Chrome/125.0.0.0 Mobile Safari/537.36"
172.236.13.160 - - [22/Nov/2025:00:28:09 +0330] "GET /wp-content/plugins/elementor/assets/css/widget-heading-rtl.min.css?ver=3.33.1 HTTP/2" 200 126 "https://optimyar.com/note/" "Mozilla/5.0 (Linux; Android 10; K) AppleWebKit/537.36 (KHTML, like Gecko) SamsungBrowser/27.0 Chrome/125.0.0.0 Mobile Safari/537.36"
172.236.13.160 - - [22/Nov/2025:00:28:09 +0330] "GET /wp-content/plugins/elementor/assets/css/widget-spacer-rtl.min.css?ver=3.33.1 HTTP/2" 200 287 "https://optimyar.com/note/" "Mozilla/5.0 (Linux; Android 10; K) AppleWebKit/537.36 (KHTML, like Gecko) SamsungBrowser/27.0 Chrome/125.0.0.0 Mobile Safari/537.36"
172.236.13.160 - - [22/Nov/2025:00:28:09 +0330] "GET /wp-content/plugins/elementor/assets/css/widget-icon-list-rtl.min.css?ver=3.33.1 HTTP/2" 200 938 "https://optimyar.com/note/" "Mozilla/5.0 (Linux; Android 10; K) AppleWebKit/537.36 (KHTML, like Gecko) SamsungBrowser/27.0 Chrome/125.0.0.0 Mobile Safari/537.36"
172.236.13.160 - - [22/Nov/2025:00:28:09 +0330] "GET /wp-content/plugins/elementor/assets/css/widget-google_maps-rtl.min.css?ver=3.33.1 HTTP/2" 200 94 "https://optimyar.com/note/" "Mozilla/5.0 (Linux; Android 10; K) AppleWebKit/537.36 (KHTML, like Gecko) SamsungBrowser/27.0 Chrome/125.0.0.0 Mobile Safari/537.36"
172.236.13.160 - - [22/Nov/2025:00:28:09 +0330] "GET /wp-content/plugins/elementor/assets/css/widget-social-icons-rtl.min.css?ver=3.33.1 HTTP/2" 200 1039 "https://optimyar.com/note/" "Mozilla/5.0 (Linux; Android 10; K) AppleWebKit/537.36 (KHTML, like Gecko) SamsungBrowser/27.0 Chrome/125.0.0.0 Mobile Safari/537.36"
172.236.13.160 - - [22/Nov/2025:00:28:09 +0330] "GET /wp-content/plugins/elementor/assets/css/conditionals/apple-webkit.min.css?ver=3.33.1 HTTP/2" 200 472 "https://optimyar.com/note/" "Mozilla/5.0 (Linux; Android 10; K) AppleWebKit/537.36 (KHTML, like Gecko) SamsungBrowser/27.0 Chrome/125.0.0.0 Mobile Safari/537.36"
172.236.13.160 - - [22/Nov/2025:00:28:09 +0330] "GET /wp-content/plugins/elementor-pro/assets/css/widget-form-rtl.min.css?ver=3.33.1 HTTP/2" 200 1408 "https://optimyar.com/note/" "Mozilla/5.0 (Linux; Android 10; K) AppleWebKit/537.36 (KHTML, like Gecko) SamsungBrowser/27.0 Chrome/125.0.0.0 Mobile Safari/537.36"
172.236.13.160 - - [22/Nov/2025:00:28:09 +0330] "GET /wp-content/plugins/elementor-pro/assets/css/conditionals/popup.min.css?ver=3.33.1 HTTP/2" 200 328 "https://optimyar.com/note/" "Mozilla/5.0 (Linux; Android 10; K) AppleWebKit/537.36 (KHTML, like Gecko) SamsungBrowser/27.0 Chrome/125.0.0.0 Mobile Safari/537.36"
172.236.13.160 - - [22/Nov/2025:00:28:09 +0330] "GET /wp-content/plugins/persian-elementor/includes/icons/efaicons/style.css?ver=2.13.9 HTTP/2" 200 706 "https://optimyar.com/note/" "Mozilla/5.0 (Linux; Android 10; K) AppleWebKit/537.36 (KHTML, like Gecko) SamsungBrowser/27.0 Chrome/125.0.0.0 Mobile Safari/537.36"
