31.205.132.68 - - [21/Nov/2025:19:10:14 +0330] "GET /uploads/minilogo7_fd0c99920b.png HTTP/2" 200 25203 "https://app.optimyar.com/" "Mozilla/5.0 (Macintosh; Intel Mac OS X 10_15_7) AppleWebKit/605.1.15 (KHTML, like Gecko) Version/18.3 Safari/605.1.15"
37.10.109.250 - - [21/Nov/2025:19:11:16 +0330] "GET /companies?version=3000.99 HTTP/2" 200 700 "https://app.optimyar.com/" "Mozilla/5.0 (Linux; Android 12; K) AppleWebKit/537.36 (KHTML, like Gecko) Chrome/141.0.7390.122 Mobile Safari/537.36"
37.10.109.250 - - [21/Nov/2025:19:11:16 +0330] "GET /getPublicSessions?isPrivate=false HTTP/2" 200 15 "https://app.optimyar.com/" "Mozilla/5.0 (Linux; Android 12; K) AppleWebKit/537.36 (KHTML, like Gecko) Chrome/141.0.7390.122 Mobile Safari/537.36"
91.107.142.78 - - [21/Nov/2025:19:11:53 +0330] "GET /captchas/make?version=3000.99 HTTP/2" 200 5780 "https://app.optimyar.com/" "Mozilla/5.0 (Windows NT 10.0; Win64; x64) AppleWebKit/537.36 (KHTML, like Gecko) Chrome/142.0.0.0 Safari/537.36 Edg/142.0.0.0"
5.122.236.247 - - [21/Nov/2025:19:13:34 +0330] "GET /uploads/minilogo7_fd0c99920b.png HTTP/2" 200 25203 "https://app.optimyar.com/" "Mozilla/5.0 (Windows NT 10.0; Win64; x64) AppleWebKit/537.36 (KHTML, like Gecko) Chrome/142.0.0.0 Safari/537.36 Edg/142.0.0.0"
2.177.76.249 - - [21/Nov/2025:19:14:58 +0330] "GET /companies?version=3000.99 HTTP/2" 200 700 "https://app.optimyar.com/" "Mozilla/5.0 (Linux; Android 10; K) AppleWebKit/537.36 (KHTML, like Gecko) SamsungBrowser/29.0 Chrome/136.0.0.0 Mobile Safari/537.36"
2.177.76.249 - - [21/Nov/2025:19:14:58 +0330] "GET /getPublicSessions?isPrivate=false HTTP/2" 200 15 "https://app.optimyar.com/" "Mozilla/5.0 (Linux; Android 10; K) AppleWebKit/537.36 (KHTML, like Gecko) SamsungBrowser/29.0 Chrome/136.0.0.0 Mobile Safari/537.36"
109.95.65.71 - - [21/Nov/2025:19:16:04 +0330] "GET /companies?version=3000.99 HTTP/2" 200 700 "https://app.optimyar.com/" "Mozilla/5.0 (Linux; Android 15; K) AppleWebKit/537.36 (KHTML, like Gecko) Chrome/142.0.7444.102 Mobile Safari/537.36"
109.95.65.71 - - [21/Nov/2025:19:16:04 +0330] "GET /getPublicSessions?isPrivate=false HTTP/2" 200 15 "https://app.optimyar.com/" "Mozilla/5.0 (Linux; Android 15; K) AppleWebKit/537.36 (KHTML, like Gecko) Chrome/142.0.7444.102 Mobile Safari/537.36"
109.95.65.71 - - [21/Nov/2025:19:16:10 +0330] "GET /companies?version=3000.99 HTTP/2" 200 700 "https://app.optimyar.com/" "Mozilla/5.0 (Linux; Android 15; K) AppleWebKit/537.36 (KHTML, like Gecko) Chrome/142.0.7444.102 Mobile Safari/537.36"
109.95.65.71 - - [21/Nov/2025:19:16:10 +0330] "GET /captchas/make?version=3000.99 HTTP/2" 200 6213 "https://app.optimyar.com/" "Mozilla/5.0 (Linux; Android 15; K) AppleWebKit/537.36 (KHTML, like Gecko) Chrome/142.0.7444.102 Mobile Safari/537.36"
85.185.32.237 - - [21/Nov/2025:19:16:42 +0330] "GET /companies?version=3000.99 HTTP/2" 200 700 "https://app.optimyar.com/" "Mozilla/5.0 (Linux; Android 13; K) AppleWebKit/537.36 (KHTML, like Gecko) Chrome/141.0.7390.122 Mobile Safari/537.36"
85.185.32.237 - - [21/Nov/2025:19:16:42 +0330] "GET /getPublicSessions?isPrivate=false HTTP/2" 200 15 "https://app.optimyar.com/" "Mozilla/5.0 (Linux; Android 13; K) AppleWebKit/537.36 (KHTML, like Gecko) Chrome/141.0.7390.122 Mobile Safari/537.36"
193.108.119.167 - - [21/Nov/2025:19:16:54 +0330] "GET /companies?version=3000.99 HTTP/2" 200 700 "https://app.optimyar.com/" "Mozilla/5.0 (Windows NT 10.0; Win64; x64) AppleWebKit/537.36 (KHTML, like Gecko) Chrome/142.0.0.0 Safari/537.36"
193.108.119.167 - - [21/Nov/2025:19:16:54 +0330] "GET /getPublicSessions?isPrivate=false HTTP/2" 200 15 "https://app.optimyar.com/" "Mozilla/5.0 (Windows NT 10.0; Win64; x64) AppleWebKit/537.36 (KHTML, like Gecko) Chrome/142.0.0.0 Safari/537.36"
85.185.32.237 - - [21/Nov/2025:19:17:03 +0330] "GET /companies?version=3000.99 HTTP/1.1" 200 700 "https://app.optimyar.com/" "Mozilla/5.0 (Linux; Android 13; K) AppleWebKit/537.36 (KHTML, like Gecko) Chrome/141.0.7390.122 Mobile Safari/537.36"
85.185.32.237 - - [21/Nov/2025:19:17:03 +0330] "GET /getPublicSessions?isPrivate=false HTTP/1.1" 200 15 "https://app.optimyar.com/" "Mozilla/5.0 (Linux; Android 13; K) AppleWebKit/537.36 (KHTML, like Gecko) Chrome/141.0.7390.122 Mobile Safari/537.36"
193.108.119.167 - - [21/Nov/2025:19:17:04 +0330] "GET /uploads/minilogo7_fd0c99920b.png HTTP/1.1" 200 25203 "https://app.optimyar.com/" "Mozilla/5.0 (Windows NT 10.0; Win64; x64) AppleWebKit/537.36 (KHTML, like Gecko) Chrome/142.0.0.0 Safari/537.36"
193.108.119.167 - - [21/Nov/2025:19:17:04 +0330] "GET /captchas/make?version=3000.99 HTTP/1.1" 200 4444 "https://app.optimyar.com/" "Mozilla/5.0 (Windows NT 10.0; Win64; x64) AppleWebKit/537.36 (KHTML, like Gecko) Chrome/142.0.0.0 Safari/537.36"
85.185.32.237 - - [21/Nov/2025:19:17:08 +0330] "GET /captchas/make?version=3000.99 HTTP/1.1" 200 5234 "https://app.optimyar.com/" "Mozilla/5.0 (Linux; Android 13; K) AppleWebKit/537.36 (KHTML, like Gecko) Chrome/141.0.7390.122 Mobile Safari/537.36"
85.185.32.237 - - [21/Nov/2025:19:17:08 +0330] "GET /uploads/minilogo7_fd0c99920b.png HTTP/1.1" 200 25203 "https://app.optimyar.com/" "Mozilla/5.0 (Linux; Android 13; K) AppleWebKit/537.36 (KHTML, like Gecko) Chrome/141.0.7390.122 Mobile Safari/537.36"
193.108.119.167 - - [21/Nov/2025:19:17:09 +0330] "GET /captchas/make?version=3000.99 HTTP/1.1" 200 5175 "https://app.optimyar.com/" "Mozilla/5.0 (Windows NT 10.0; Win64; x64) AppleWebKit/537.36 (KHTML, like Gecko) Chrome/142.0.0.0 Safari/537.36"
193.108.119.167 - - [21/Nov/2025:19:17:40 +0330] "OPTIONS /captchas/sendToPhone HTTP/2" 204 0 "https://app.optimyar.com/" "Mozilla/5.0 (Windows NT 10.0; Win64; x64) AppleWebKit/537.36 (KHTML, like Gecko) Chrome/142.0.0.0 Safari/537.36"
193.108.119.167 - - [21/Nov/2025:19:17:40 +0330] "POST /captchas/sendToPhone HTTP/2" 200 33 "https://app.optimyar.com/" "Mozilla/5.0 (Windows NT 10.0; Win64; x64) AppleWebKit/537.36 (KHTML, like Gecko) Chrome/142.0.0.0 Safari/537.36"
85.185.32.237 - - [21/Nov/2025:19:17:41 +0330] "GET /captchas/make?version=3000.99 HTTP/1.1" 200 5637 "https://app.optimyar.com/" "Mozilla/5.0 (Linux; Android 13; K) AppleWebKit/537.36 (KHTML, like Gecko) Chrome/141.0.7390.122 Mobile Safari/537.36"
2.145.151.245 - - [21/Nov/2025:19:17:50 +0330] "GET /companies?version=3000.99 HTTP/2" 200 700 "https://app.optimyar.com/" "Mozilla/5.0 (Macintosh; Intel Mac OS X 10_15_7) AppleWebKit/537.36 (KHTML, like Gecko) Chrome/142.0.0.0 Safari/537.36"
5.122.236.247 - - [21/Nov/2025:19:13:26 +0330] "GET /companies?version=3000.99 HTTP/2" 200 700 "https://app.optimyar.com/" "Mozilla/5.0 (Windows NT 10.0; Win64; x64) AppleWebKit/537.36 (KHTML, like Gecko) Chrome/142.0.0.0 Safari/537.36 Edg/142.0.0.0"
5.122.236.247 - - [21/Nov/2025:19:13:26 +0330] "GET /getPublicSessions?isPrivate=false HTTP/2" 200 15 "https://app.optimyar.com/" "Mozilla/5.0 (Windows NT 10.0; Win64; x64) AppleWebKit/537.36 (KHTML, like Gecko) Chrome/142.0.0.0 Safari/537.36 Edg/142.0.0.0"
5.122.236.247 - - [21/Nov/2025:19:13:34 +0330] "GET /captchas/make?version=3000.99 HTTP/2" 200 6739 "https://app.optimyar.com/" "Mozilla/5.0 (Windows NT 10.0; Win64; x64) AppleWebKit/537.36 (KHTML, like Gecko) Chrome/142.0.0.0 Safari/537.36 Edg/142.0.0.0"
5.122.236.247 - - [21/Nov/2025:19:13:39 +0330] "GET /getPublicSessions?isPrivate=false HTTP/2" 200 15 "https://app.optimyar.com/" "Mozilla/5.0 (Windows NT 10.0; Win64; x64) AppleWebKit/537.36 (KHTML, like Gecko) Chrome/142.0.0.0 Safari/537.36 Edg/142.0.0.0"
109.95.65.71 - - [21/Nov/2025:19:16:10 +0330] "GET /uploads/minilogo7_fd0c99920b.png HTTP/2" 200 25203 "https://app.optimyar.com/" "Mozilla/5.0 (Linux; Android 15; K) AppleWebKit/537.36 (KHTML, like Gecko) Chrome/142.0.7444.102 Mobile Safari/537.36"
193.108.119.167 - - [21/Nov/2025:19:17:56 +0330] "OPTIONS /auth/local/register HTTP/1.1" 204 0 "https://app.optimyar.com/" "Mozilla/5.0 (Windows NT 10.0; Win64; x64) AppleWebKit/537.36 (KHTML, like Gecko) Chrome/142.0.0.0 Safari/537.36"
193.108.119.167 - - [21/Nov/2025:19:17:57 +0330] "POST /auth/local/register HTTP/1.1" 200 309 "https://app.optimyar.com/" "Mozilla/5.0 (Windows NT 10.0; Win64; x64) AppleWebKit/537.36 (KHTML, like Gecko) Chrome/142.0.0.0 Safari/537.36"
193.108.119.167 - - [21/Nov/2025:19:18:04 +0330] "OPTIONS /user-courses?isConfirm=true&_sort=buyDate:DESC&version=3000.99 HTTP/1.1" 204 0 "https://app.optimyar.com/" "Mozilla/5.0 (Windows NT 10.0; Win64; x64) AppleWebKit/537.36 (KHTML, like Gecko) Chrome/142.0.0.0 Safari/537.36"
193.108.119.167 - - [21/Nov/2025:19:18:05 +0330] "GET /user-courses?isConfirm=true&_sort=buyDate:DESC&version=3000.99 HTTP/1.1" 200 2 "https://app.optimyar.com/" "Mozilla/5.0 (Windows NT 10.0; Win64; x64) AppleWebKit/537.36 (KHTML, like Gecko) Chrome/142.0.0.0 Safari/537.36"
193.108.119.167 - - [21/Nov/2025:19:18:15 +0330] "OPTIONS /certifications/getCertifications HTTP/1.1" 204 0 "https://app.optimyar.com/" "Mozilla/5.0 (Windows NT 10.0; Win64; x64) AppleWebKit/537.36 (KHTML, like Gecko) Chrome/142.0.0.0 Safari/537.36"
193.108.119.167 - - [21/Nov/2025:19:18:15 +0330] "POST /certifications/getCertifications HTTP/1.1" 200 89 "https://app.optimyar.com/" "Mozilla/5.0 (Windows NT 10.0; Win64; x64) AppleWebKit/537.36 (KHTML, like Gecko) Chrome/142.0.0.0 Safari/537.36"
164.215.161.201 - - [21/Nov/2025:19:18:17 +0330] "GET /companies?version=3000.99 HTTP/2" 200 700 "https://app.optimyar.com/" "Mozilla/5.0 (Linux; Android 16; K) AppleWebKit/537.36 (KHTML, like Gecko) Chrome/142.0.7444.102 Mobile Safari/537.36"
164.215.161.201 - - [21/Nov/2025:19:18:17 +0330] "GET /getPublicSessions?isPrivate=false HTTP/2" 200 15 "https://app.optimyar.com/" "Mozilla/5.0 (Linux; Android 16; K) AppleWebKit/537.36 (KHTML, like Gecko) Chrome/142.0.7444.102 Mobile Safari/537.36"
193.108.119.167 - - [21/Nov/2025:19:18:28 +0330] "GET /captchas/make?version=3000.99 HTTP/1.1" 200 5571 "https://app.optimyar.com/" "Mozilla/5.0 (Windows NT 10.0; Win64; x64) AppleWebKit/537.36 (KHTML, like Gecko) Chrome/142.0.0.0 Safari/537.36"
193.108.119.167 - - [21/Nov/2025:19:18:28 +0330] "GET /companies?version=3000.99 HTTP/1.1" 200 700 "https://app.optimyar.com/" "Mozilla/5.0 (Windows NT 10.0; Win64; x64) AppleWebKit/537.36 (KHTML, like Gecko) Chrome/142.0.0.0 Safari/537.36"
193.108.119.167 - - [21/Nov/2025:19:18:29 +0330] "GET /uploads/minilogo7_fd0c99920b.png HTTP/2" 200 25203 "https://app.optimyar.com/" "Mozilla/5.0 (Windows NT 10.0; Win64; x64) AppleWebKit/537.36 (KHTML, like Gecko) Chrome/142.0.0.0 Safari/537.36"
2.145.151.245 - - [21/Nov/2025:19:17:50 +0330] "GET /captchas/make?version=3000.99 HTTP/2" 200 5338 "https://app.optimyar.com/" "Mozilla/5.0 (Macintosh; Intel Mac OS X 10_15_7) AppleWebKit/537.36 (KHTML, like Gecko) Chrome/142.0.0.0 Safari/537.36"
2.145.151.245 - - [21/Nov/2025:19:17:50 +0330] "GET /uploads/minilogo7_fd0c99920b.png HTTP/1.1" 200 25203 "https://app.optimyar.com/" "Mozilla/5.0 (Macintosh; Intel Mac OS X 10_15_7) AppleWebKit/537.36 (KHTML, like Gecko) Chrome/142.0.0.0 Safari/537.36"
85.185.32.237 - - [21/Nov/2025:19:17:54 +0330] "POST /captchas/sendToPhone HTTP/1.1" 400 115 "https://app.optimyar.com/" "Mozilla/5.0 (Linux; Android 13; K) AppleWebKit/537.36 (KHTML, like Gecko) Chrome/141.0.7390.122 Mobile Safari/537.36"
85.185.32.237 - - [21/Nov/2025:19:17:54 +0330] "GET /captchas/make?version=3000.99 HTTP/1.1" 200 4969 "https://app.optimyar.com/" "Mozilla/5.0 (Linux; Android 13; K) AppleWebKit/537.36 (KHTML, like Gecko) Chrome/141.0.7390.122 Mobile Safari/537.36"
85.185.32.237 - - [21/Nov/2025:19:18:01 +0330] "POST /captchas/sendToPhone HTTP/1.1" 200 33 "https://app.optimyar.com/" "Mozilla/5.0 (Linux; Android 13; K) AppleWebKit/537.36 (KHTML, like Gecko) Chrome/141.0.7390.122 Mobile Safari/537.36"
85.185.32.237 - - [21/Nov/2025:19:18:35 +0330] "OPTIONS /auth/forgot-password HTTP/2" 204 0 "https://app.optimyar.com/" "Mozilla/5.0 (Linux; Android 13; K) AppleWebKit/537.36 (KHTML, like Gecko) Chrome/141.0.7390.122 Mobile Safari/537.36"
85.185.32.237 - - [21/Nov/2025:19:18:35 +0330] "POST /auth/forgot-password HTTP/2" 200 11 "https://app.optimyar.com/" "Mozilla/5.0 (Linux; Android 13; K) AppleWebKit/537.36 (KHTML, like Gecko) Chrome/141.0.7390.122 Mobile Safari/537.36"
85.185.32.237 - - [21/Nov/2025:19:18:35 +0330] "GET /captchas/make?version=3000.99 HTTP/2" 200 5312 "https://app.optimyar.com/" "Mozilla/5.0 (Linux; Android 13; K) AppleWebKit/537.36 (KHTML, like Gecko) Chrome/141.0.7390.122 Mobile Safari/537.36"
85.185.32.237 - - [21/Nov/2025:19:18:50 +0330] "POST /auth/local HTTP/2" 200 295 "https://app.optimyar.com/" "Mozilla/5.0 (Linux; Android 13; K) AppleWebKit/537.36 (KHTML, like Gecko) Chrome/141.0.7390.122 Mobile Safari/537.36"
85.185.32.237 - - [21/Nov/2025:19:18:50 +0330] "OPTIONS /user-courses?isConfirm=true&_sort=buyDate:DESC&version=3000.99 HTTP/2" 204 0 "https://app.optimyar.com/" "Mozilla/5.0 (Linux; Android 13; K) AppleWebKit/537.36 (KHTML, like Gecko) Chrome/141.0.7390.122 Mobile Safari/537.36"
85.185.32.237 - - [21/Nov/2025:19:18:50 +0330] "GET /user-courses?isConfirm=true&_sort=buyDate:DESC&version=3000.99 HTTP/2" 200 2 "https://app.optimyar.com/" "Mozilla/5.0 (Linux; Android 13; K) AppleWebKit/537.36 (KHTML, like Gecko) Chrome/141.0.7390.122 Mobile Safari/537.36"
2.145.151.245 - - [21/Nov/2025:19:18:51 +0330] "GET /companies?version=3000.99 HTTP/2" 200 700 "https://app.optimyar.com/" "Mozilla/5.0 (Macintosh; Intel Mac OS X 10_15_7) AppleWebKit/537.36 (KHTML, like Gecko) Chrome/142.0.0.0 Safari/537.36"
2.145.151.245 - - [21/Nov/2025:19:18:51 +0330] "GET /getPublicSessions?isPrivate=false HTTP/2" 200 15 "https://app.optimyar.com/" "Mozilla/5.0 (Macintosh; Intel Mac OS X 10_15_7) AppleWebKit/537.36 (KHTML, like Gecko) Chrome/142.0.0.0 Safari/537.36"
89.199.49.28 - - [21/Nov/2025:19:19:00 +0330] "GET /companies?version=3000.99 HTTP/1.1" 200 700 "https://app.optimyar.com/" "Mozilla/5.0 (Windows NT 10.0; Win64; x64) AppleWebKit/537.36 (KHTML, like Gecko) Chrome/142.0.0.0 Safari/537.36"
89.199.49.28 - - [21/Nov/2025:19:19:00 +0330] "GET /captchas/make?version=3000.99 HTTP/1.1" 200 5474 "https://app.optimyar.com/" "Mozilla/5.0 (Windows NT 10.0; Win64; x64) AppleWebKit/537.36 (KHTML, like Gecko) Chrome/142.0.0.0 Safari/537.36"
85.185.32.237 - - [21/Nov/2025:19:19:26 +0330] "OPTIONS /getPublicSessions?isPrivate=false HTTP/2" 204 0 "https://app.optimyar.com/" "Mozilla/5.0 (Linux; Android 13; K) AppleWebKit/537.36 (KHTML, like Gecko) Chrome/141.0.7390.122 Mobile Safari/537.36"
89.199.49.28 - - [21/Nov/2025:19:19:03 +0330] "GET /uploads/minilogo7_fd0c99920b.png HTTP/1.1" 200 25203 "https://app.optimyar.com/" "Mozilla/5.0 (Windows NT 10.0; Win64; x64) AppleWebKit/537.36 (KHTML, like Gecko) Chrome/142.0.0.0 Safari/537.36"
89.199.49.28 - - [21/Nov/2025:19:19:38 +0330] "GET /companies?version=3000.99 HTTP/1.1" 200 700 "https://app.optimyar.com/" "Mozilla/5.0 (Windows NT 10.0; Win64; x64) AppleWebKit/537.36 (KHTML, like Gecko) Chrome/142.0.0.0 Safari/537.36"
89.199.49.28 - - [21/Nov/2025:19:19:38 +0330] "GET /captchas/make?version=3000.99 HTTP/1.1" 200 4779 "https://app.optimyar.com/" "Mozilla/5.0 (Windows NT 10.0; Win64; x64) AppleWebKit/537.36 (KHTML, like Gecko) Chrome/142.0.0.0 Safari/537.36"
89.199.49.28 - - [21/Nov/2025:19:19:39 +0330] "GET /uploads/minilogo7_fd0c99920b.png HTTP/1.1" 200 25203 "https://app.optimyar.com/" "Mozilla/5.0 (Windows NT 10.0; Win64; x64) AppleWebKit/537.36 (KHTML, like Gecko) Chrome/142.0.0.0 Safari/537.36"
89.199.49.28 - - [21/Nov/2025:19:19:45 +0330] "OPTIONS /auth/local HTTP/1.1" 204 0 "https://app.optimyar.com/" "Mozilla/5.0 (Windows NT 10.0; Win64; x64) AppleWebKit/537.36 (KHTML, like Gecko) Chrome/142.0.0.0 Safari/537.36"
89.199.49.28 - - [21/Nov/2025:19:19:45 +0330] "POST /auth/local HTTP/1.1" 200 293 "https://app.optimyar.com/" "Mozilla/5.0 (Windows NT 10.0; Win64; x64) AppleWebKit/537.36 (KHTML, like Gecko) Chrome/142.0.0.0 Safari/537.36"
93.117.44.179 - - [21/Nov/2025:19:20:16 +0330] "GET /getPublicSessions?isPrivate=false HTTP/2" 200 15 "https://app.optimyar.com/" "Mozilla/5.0 (Windows NT 10.0; Win64; x64; rv:145.0) Gecko/20100101 Firefox/145.0"
93.117.44.179 - - [21/Nov/2025:19:20:17 +0330] "GET /companies?version=3000.99 HTTP/2" 200 700 "https://app.optimyar.com/" "Mozilla/5.0 (Windows NT 10.0; Win64; x64; rv:145.0) Gecko/20100101 Firefox/145.0"
89.199.49.28 - - [21/Nov/2025:19:20:59 +0330] "GET /companies?version=3000.99 HTTP/1.1" 200 700 "https://app.optimyar.com/" "Mozilla/5.0 (Windows NT 10.0; Win64; x64) AppleWebKit/537.36 (KHTML, like Gecko) Chrome/142.0.0.0 Safari/537.36"
89.199.49.28 - - [21/Nov/2025:19:21:16 +0330] "OPTIONS /sessions HTTP/1.1" 204 0 "https://app.optimyar.com/" "Mozilla/5.0 (Windows NT 10.0; Win64; x64) AppleWebKit/537.36 (KHTML, like Gecko) Chrome/142.0.0.0 Safari/537.36"
89.199.49.28 - - [21/Nov/2025:19:21:16 +0330] "POST /sessions HTTP/1.1" 200 222 "https://app.optimyar.com/" "Mozilla/5.0 (Windows NT 10.0; Win64; x64) AppleWebKit/537.36 (KHTML, like Gecko) Chrome/142.0.0.0 Safari/537.36"
85.185.32.237 - - [21/Nov/2025:19:21:29 +0330] "GET /companies?version=3000.99 HTTP/2" 200 700 "https://app.optimyar.com/" "Mozilla/5.0 (Linux; Android 13; K) AppleWebKit/537.36 (KHTML, like Gecko) Chrome/141.0.7390.122 Mobile Safari/537.36"
85.185.32.237 - - [21/Nov/2025:19:21:29 +0330] "GET /getPublicSessions?isPrivate=false HTTP/2" 200 188 "https://app.optimyar.com/" "Mozilla/5.0 (Linux; Android 13; K) AppleWebKit/537.36 (KHTML, like Gecko) Chrome/141.0.7390.122 Mobile Safari/537.36"
89.199.49.28 - - [21/Nov/2025:19:21:38 +0330] "GET /companies?version=3000.99 HTTP/1.1" 200 700 "https://app.optimyar.com/" "Mozilla/5.0 (Linux; Android 10; K) AppleWebKit/537.36 (KHTML, like Gecko) Chrome/142.0.0.0 Mobile Safari/537.36"
89.199.49.28 - - [21/Nov/2025:19:21:38 +0330] "GET /getPublicSessions?isPrivate=false HTTP/1.1" 200 188 "https://app.optimyar.com/" "Mozilla/5.0 (Linux; Android 10; K) AppleWebKit/537.36 (KHTML, like Gecko) Chrome/142.0.0.0 Mobile Safari/537.36"
2.145.151.245 - - [21/Nov/2025:19:22:01 +0330] "GET /companies?version=3000.99 HTTP/2" 200 700 "https://app.optimyar.com/" "Mozilla/5.0 (Macintosh; Intel Mac OS X 10_15_7) AppleWebKit/537.36 (KHTML, like Gecko) Chrome/142.0.0.0 Safari/537.36"
2.145.151.245 - - [21/Nov/2025:19:22:01 +0330] "GET /getPublicSessions?isPrivate=false HTTP/2" 200 188 "https://app.optimyar.com/" "Mozilla/5.0 (Macintosh; Intel Mac OS X 10_15_7) AppleWebKit/537.36 (KHTML, like Gecko) Chrome/142.0.0.0 Safari/537.36"
85.185.32.237 - - [21/Nov/2025:19:19:26 +0330] "GET /getPublicSessions?isPrivate=false HTTP/2" 200 15 "https://app.optimyar.com/" "Mozilla/5.0 (Linux; Android 13; K) AppleWebKit/537.36 (KHTML, like Gecko) Chrome/141.0.7390.122 Mobile Safari/537.36"
93.127.180.54 - - [21/Nov/2025:19:19:55 +0330] "GET /companies?version=3000.99 HTTP/2" 200 700 "https://app.optimyar.com/" "Mozilla/5.0 (Linux; Android 10; K) AppleWebKit/537.36 (KHTML, like Gecko) Chrome/111.0.0.0 Mobile Safari/537.36"
93.127.180.54 - - [21/Nov/2025:19:19:55 +0330] "GET /getPublicSessions?isPrivate=false HTTP/2" 200 15 "https://app.optimyar.com/" "Mozilla/5.0 (Linux; Android 10; K) AppleWebKit/537.36 (KHTML, like Gecko) Chrome/111.0.0.0 Mobile Safari/537.36"
37.98.62.118 - - [21/Nov/2025:19:20:22 +0330] "GET /companies?version=3000.99 HTTP/2" 200 700 "https://app.optimyar.com/" "Mozilla/5.0 (Linux; Android 12; K) AppleWebKit/537.36 (KHTML, like Gecko) Chrome/142.0.7444.102 Mobile Safari/537.36"
37.98.62.118 - - [21/Nov/2025:19:20:22 +0330] "GET /getPublicSessions?isPrivate=false HTTP/2" 200 15 "https://app.optimyar.com/" "Mozilla/5.0 (Linux; Android 12; K) AppleWebKit/537.36 (KHTML, like Gecko) Chrome/142.0.7444.102 Mobile Safari/537.36"
85.185.32.237 - - [21/Nov/2025:19:20:45 +0330] "GET /companies?version=3000.99 HTTP/2" 200 700 "https://app.optimyar.com/" "Mozilla/5.0 (Linux; Android 13; K) AppleWebKit/537.36 (KHTML, like Gecko) Chrome/141.0.7390.122 Mobile Safari/537.36"
85.185.32.237 - - [21/Nov/2025:19:20:45 +0330] "GET /user-courses?isConfirm=true&_sort=buyDate:DESC&version=3000.99 HTTP/2" 200 2 "https://app.optimyar.com/" "Mozilla/5.0 (Linux; Android 13; K) AppleWebKit/537.36 (KHTML, like Gecko) Chrome/141.0.7390.122 Mobile Safari/537.36"
85.185.32.237 - - [21/Nov/2025:19:21:12 +0330] "GET /getPublicSessions?isPrivate=false HTTP/2" 200 15 "https://app.optimyar.com/" "Mozilla/5.0 (Linux; Android 13; K) AppleWebKit/537.36 (KHTML, like Gecko) Chrome/141.0.7390.122 Mobile Safari/537.36"
85.185.32.237 - - [21/Nov/2025:19:21:24 +0330] "GET /user-courses?isConfirm=true&_sort=buyDate:DESC&version=3000.99 HTTP/2" 200 2 "https://app.optimyar.com/" "Mozilla/5.0 (Linux; Android 13; K) AppleWebKit/537.36 (KHTML, like Gecko) Chrome/141.0.7390.122 Mobile Safari/537.36"
80.210.51.199 - - [21/Nov/2025:19:22:07 +0330] "GET /companies?version=3000.99 HTTP/2" 200 700 "https://app.optimyar.com/" "Mozilla/5.0 (Windows NT 10.0; Win64; x64) AppleWebKit/537.36 (KHTML, like Gecko) Chrome/142.0.0.0 Safari/537.36"
80.210.51.199 - - [21/Nov/2025:19:22:07 +0330] "GET /getPublicSessions?isPrivate=false HTTP/2" 200 188 "https://app.optimyar.com/" "Mozilla/5.0 (Windows NT 10.0; Win64; x64) AppleWebKit/537.36 (KHTML, like Gecko) Chrome/142.0.0.0 Safari/537.36"
80.210.51.199 - - [21/Nov/2025:19:22:59 +0330] "OPTIONS /startPublicSession HTTP/1.1" 204 0 "https://app.optimyar.com/" "Mozilla/5.0 (Windows NT 10.0; Win64; x64) AppleWebKit/537.36 (KHTML, like Gecko) Chrome/142.0.0.0 Safari/537.36"
80.210.51.199 - - [21/Nov/2025:19:22:59 +0330] "POST /startPublicSession HTTP/1.1" 200 225 "https://app.optimyar.com/" "Mozilla/5.0 (Windows NT 10.0; Win64; x64) AppleWebKit/537.36 (KHTML, like Gecko) Chrome/142.0.0.0 Safari/537.36"
80.210.51.199 - - [21/Nov/2025:19:23:07 +0330] "GET /getMeetingInfoByInteralId/3efa903ac9a02637a99b227bc25ccb7d1b27a9f9-1763740276621 HTTP/1.1" 200 799 "https://b3.optimyar.com/" "Mozilla/5.0 (Windows NT 10.0; Win64; x64) AppleWebKit/537.36 (KHTML, like Gecko) Chrome/142.0.0.0 Safari/537.36"
5.112.235.169 - - [21/Nov/2025:19:23:44 +0330] "GET /companies?version=3000.99 HTTP/2" 200 700 "https://app.optimyar.com/" "Mozilla/5.0 (Windows NT 10.0; Win64; x64) AppleWebKit/537.36 (KHTML, like Gecko) Chrome/142.0.0.0 Safari/537.36"
5.112.235.169 - - [21/Nov/2025:19:23:44 +0330] "GET /getPublicSessions?isPrivate=false HTTP/2" 200 188 "https://app.optimyar.com/" "Mozilla/5.0 (Windows NT 10.0; Win64; x64) AppleWebKit/537.36 (KHTML, like Gecko) Chrome/142.0.0.0 Safari/537.36"
85.185.32.237 - - [21/Nov/2025:19:22:07 +0330] "OPTIONS /startPublicSession HTTP/2" 204 0 "https://app.optimyar.com/" "Mozilla/5.0 (Linux; Android 13; K) AppleWebKit/537.36 (KHTML, like Gecko) Chrome/141.0.7390.122 Mobile Safari/537.36"
85.185.32.237 - - [21/Nov/2025:19:22:07 +0330] "POST /startPublicSession HTTP/2" 200 218 "https://app.optimyar.com/" "Mozilla/5.0 (Linux; Android 13; K) AppleWebKit/537.36 (KHTML, like Gecko) Chrome/141.0.7390.122 Mobile Safari/537.36"
2.145.151.245 - - [21/Nov/2025:19:22:14 +0330] "OPTIONS /startPublicSession HTTP/2" 204 0 "https://app.optimyar.com/" "Mozilla/5.0 (Macintosh; Intel Mac OS X 10_15_7) AppleWebKit/537.36 (KHTML, like Gecko) Chrome/142.0.0.0 Safari/537.36"
2.145.151.245 - - [21/Nov/2025:19:22:14 +0330] "POST /startPublicSession HTTP/2" 200 240 "https://app.optimyar.com/" "Mozilla/5.0 (Macintosh; Intel Mac OS X 10_15_7) AppleWebKit/537.36 (KHTML, like Gecko) Chrome/142.0.0.0 Safari/537.36"
85.185.32.237 - - [21/Nov/2025:19:22:15 +0330] "GET /getMeetingInfoByInteralId/3efa903ac9a02637a99b227bc25ccb7d1b27a9f9-1763740276621 HTTP/2" 200 690 "https://b3.optimyar.com/" "Mozilla/5.0 (Linux; Android 13; K) AppleWebKit/537.36 (KHTML, like Gecko) Chrome/141.0.7390.122 Mobile Safari/537.36"
50.7.230.5 - - [21/Nov/2025:19:22:26 +0330] "GET /companies?version=3000.99 HTTP/2" 200 700 "https://app.optimyar.com/" "Mozilla/5.0 (Linux; Android 16; K) AppleWebKit/537.36 (KHTML, like Gecko) Chrome/142.0.7444.102 Mobile Safari/537.36"
50.7.230.5 - - [21/Nov/2025:19:22:26 +0330] "GET /getPublicSessions?isPrivate=false HTTP/2" 200 188 "https://app.optimyar.com/" "Mozilla/5.0 (Linux; Android 16; K) AppleWebKit/537.36 (KHTML, like Gecko) Chrome/142.0.7444.102 Mobile Safari/537.36"
2.145.151.245 - - [21/Nov/2025:19:22:28 +0330] "GET /getMeetingInfoByInteralId/3efa903ac9a02637a99b227bc25ccb7d1b27a9f9-1763740276621 HTTP/2" 200 756 "https://b3.optimyar.com/" "Mozilla/5.0 (Macintosh; Intel Mac OS X 10_15_7) AppleWebKit/537.36 (KHTML, like Gecko) Chrome/142.0.0.0 Safari/537.36"
193.108.119.167 - - [21/Nov/2025:19:24:43 +0330] "GET /companies?version=3000.99 HTTP/1.1" 200 700 "https://app.optimyar.com/" "Mozilla/5.0 (Windows NT 10.0; Win64; x64) AppleWebKit/537.36 (KHTML, like Gecko) Chrome/142.0.0.0 Safari/537.36"
193.108.119.167 - - [21/Nov/2025:19:24:43 +0330] "GET /getPublicSessions?isPrivate=false HTTP/1.1" 200 188 "https://app.optimyar.com/" "Mozilla/5.0 (Windows NT 10.0; Win64; x64) AppleWebKit/537.36 (KHTML, like Gecko) Chrome/142.0.0.0 Safari/537.36"
37.98.62.118 - - [21/Nov/2025:19:25:03 +0330] "OPTIONS /startPublicSession HTTP/2" 204 0 "https://app.optimyar.com/" "Mozilla/5.0 (Linux; Android 12; K) AppleWebKit/537.36 (KHTML, like Gecko) Chrome/142.0.7444.102 Mobile Safari/537.36"
37.98.62.118 - - [21/Nov/2025:19:25:03 +0330] "POST /startPublicSession HTTP/2" 200 194 "https://app.optimyar.com/" "Mozilla/5.0 (Linux; Android 12; K) AppleWebKit/537.36 (KHTML, like Gecko) Chrome/142.0.7444.102 Mobile Safari/537.36"
37.98.62.118 - - [21/Nov/2025:19:25:15 +0330] "GET /getMeetingInfoByInteralId/3efa903ac9a02637a99b227bc25ccb7d1b27a9f9-1763740276621 HTTP/2" 200 889 "https://b3.optimyar.com/" "Mozilla/5.0 (Linux; Android 12; K) AppleWebKit/537.36 (KHTML, like Gecko) Chrome/142.0.7444.102 Mobile Safari/537.36"
2.145.151.245 - - [21/Nov/2025:19:25:27 +0330] "GET /getMeetingInfoByInteralId/3efa903ac9a02637a99b227bc25ccb7d1b27a9f9-1763740276621 HTTP/2" 200 889 "https://b3.optimyar.com/" "Mozilla/5.0 (Macintosh; Intel Mac OS X 10_15_7) AppleWebKit/537.36 (KHTML, like Gecko) Chrome/142.0.0.0 Safari/537.36"
93.127.180.54 - - [21/Nov/2025:19:25:51 +0330] "GET /companies?version=3000.99 HTTP/2" 200 700 "https://app.optimyar.com/" "Mozilla/5.0 (Linux; Android 10; K) AppleWebKit/537.36 (KHTML, like Gecko) Chrome/111.0.0.0 Mobile Safari/537.36"
93.127.180.54 - - [21/Nov/2025:19:25:51 +0330] "GET /getPublicSessions?isPrivate=false HTTP/2" 200 188 "https://app.optimyar.com/" "Mozilla/5.0 (Linux; Android 10; K) AppleWebKit/537.36 (KHTML, like Gecko) Chrome/111.0.0.0 Mobile Safari/537.36"
85.185.32.237 - - [21/Nov/2025:19:26:01 +0330] "OPTIONS /getPublicSessions?isPrivate=false HTTP/2" 204 0 "https://app.optimyar.com/" "Mozilla/5.0 (Linux; Android 13; K) AppleWebKit/537.36 (KHTML, like Gecko) Chrome/141.0.7390.122 Mobile Safari/537.36"
85.185.32.237 - - [21/Nov/2025:19:26:01 +0330] "GET /companies?version=3000.99 HTTP/2" 200 700 "https://app.optimyar.com/" "Mozilla/5.0 (Linux; Android 13; K) AppleWebKit/537.36 (KHTML, like Gecko) Chrome/141.0.7390.122 Mobile Safari/537.36"
85.185.32.237 - - [21/Nov/2025:19:26:01 +0330] "GET /getPublicSessions?isPrivate=false HTTP/2" 200 188 "https://app.optimyar.com/" "Mozilla/5.0 (Linux; Android 13; K) AppleWebKit/537.36 (KHTML, like Gecko) Chrome/141.0.7390.122 Mobile Safari/537.36"
141.227.140.63 - - [21/Nov/2025:19:26:03 +0330] "GET /companies?version=3000.99 HTTP/2" 200 700 "https://app.optimyar.com/" "Mozilla/5.0 (Linux; Android 10; K) AppleWebKit/537.36 (KHTML, like Gecko) Chrome/142.0.0.0 Mobile Safari/537.36"
141.227.140.63 - - [21/Nov/2025:19:26:03 +0330] "GET /getPublicSessions?isPrivate=false HTTP/2" 200 188 "https://app.optimyar.com/" "Mozilla/5.0 (Linux; Android 10; K) AppleWebKit/537.36 (KHTML, like Gecko) Chrome/142.0.0.0 Mobile Safari/537.36"
85.185.32.237 - - [21/Nov/2025:19:26:04 +0330] "OPTIONS /startPublicSession HTTP/2" 204 0 "https://app.optimyar.com/" "Mozilla/5.0 (Linux; Android 13; K) AppleWebKit/537.36 (KHTML, like Gecko) Chrome/141.0.7390.122 Mobile Safari/537.36"
85.185.32.237 - - [21/Nov/2025:19:26:04 +0330] "POST /startPublicSession HTTP/2" 200 218 "https://app.optimyar.com/" "Mozilla/5.0 (Linux; Android 13; K) AppleWebKit/537.36 (KHTML, like Gecko) Chrome/141.0.7390.122 Mobile Safari/537.36"
85.185.32.237 - - [21/Nov/2025:19:26:10 +0330] "GET /getMeetingInfoByInteralId/3efa903ac9a02637a99b227bc25ccb7d1b27a9f9-1763740276621 HTTP/2" 200 900 "https://b3.optimyar.com/" "Mozilla/5.0 (Linux; Android 13; K) AppleWebKit/537.36 (KHTML, like Gecko) Chrome/141.0.7390.122 Mobile Safari/537.36"
5.112.235.169 - - [21/Nov/2025:19:24:05 +0330] "OPTIONS /startPublicSession HTTP/2" 204 0 "https://app.optimyar.com/" "Mozilla/5.0 (Windows NT 10.0; Win64; x64) AppleWebKit/537.36 (KHTML, like Gecko) Chrome/142.0.0.0 Safari/537.36"
5.112.235.169 - - [21/Nov/2025:19:24:05 +0330] "POST /startPublicSession HTTP/2" 200 211 "https://app.optimyar.com/" "Mozilla/5.0 (Windows NT 10.0; Win64; x64) AppleWebKit/537.36 (KHTML, like Gecko) Chrome/142.0.0.0 Safari/537.36"
37.98.62.118 - - [21/Nov/2025:19:24:30 +0330] "GET /companies?version=3000.99 HTTP/1.1" 200 700 "https://app.optimyar.com/" "Mozilla/5.0 (Linux; Android 12; K) AppleWebKit/537.36 (KHTML, like Gecko) Chrome/142.0.7444.102 Mobile Safari/537.36"
37.98.62.118 - - [21/Nov/2025:19:24:30 +0330] "GET /getPublicSessions?isPrivate=false HTTP/1.1" 200 188 "https://app.optimyar.com/" "Mozilla/5.0 (Linux; Android 12; K) AppleWebKit/537.36 (KHTML, like Gecko) Chrome/142.0.7444.102 Mobile Safari/537.36"
85.185.32.237 - - [21/Nov/2025:19:24:43 +0330] "GET /companies?version=3000.99 HTTP/2" 200 700 "https://app.optimyar.com/" "Mozilla/5.0 (Linux; Android 13; K) AppleWebKit/537.36 (KHTML, like Gecko) Chrome/141.0.7390.122 Mobile Safari/537.36"
85.185.32.237 - - [21/Nov/2025:19:24:43 +0330] "GET /getPublicSessions?isPrivate=false HTTP/2" 200 188 "https://app.optimyar.com/" "Mozilla/5.0 (Linux; Android 13; K) AppleWebKit/537.36 (KHTML, like Gecko) Chrome/141.0.7390.122 Mobile Safari/537.36"
85.185.32.237 - - [21/Nov/2025:19:24:46 +0330] "POST /startPublicSession HTTP/2" 200 218 "https://app.optimyar.com/" "Mozilla/5.0 (Linux; Android 13; K) AppleWebKit/537.36 (KHTML, like Gecko) Chrome/141.0.7390.122 Mobile Safari/537.36"
85.185.32.237 - - [21/Nov/2025:19:24:53 +0330] "GET /getMeetingInfoByInteralId/3efa903ac9a02637a99b227bc25ccb7d1b27a9f9-1763740276621 HTTP/1.1" 200 811 "https://b3.optimyar.com/" "Mozilla/5.0 (Linux; Android 13; K) AppleWebKit/537.36 (KHTML, like Gecko) Chrome/141.0.7390.122 Mobile Safari/537.36"
5.112.235.169 - - [21/Nov/2025:19:25:07 +0330] "GET /getMeetingInfoByInteralId/3efa903ac9a02637a99b227bc25ccb7d1b27a9f9-1763740276621 HTTP/2" 200 846 "https://b3.optimyar.com/" "Mozilla/5.0 (Windows NT 10.0; Win64; x64) AppleWebKit/537.36 (KHTML, like Gecko) Chrome/142.0.0.0 Safari/537.36"
85.185.32.237 - - [21/Nov/2025:19:25:09 +0330] "POST /startPublicSession HTTP/1.1" 200 218 "https://app.optimyar.com/" "Mozilla/5.0 (Linux; Android 13; K) AppleWebKit/537.36 (KHTML, like Gecko) Chrome/141.0.7390.122 Mobile Safari/537.36"
85.185.32.237 - - [21/Nov/2025:19:25:15 +0330] "GET /getMeetingInfoByInteralId/3efa903ac9a02637a99b227bc25ccb7d1b27a9f9-1763740276621 HTTP/1.1" 200 889 "https://b3.optimyar.com/" "Mozilla/5.0 (Linux; Android 13; K) AppleWebKit/537.36 (KHTML, like Gecko) Chrome/141.0.7390.122 Mobile Safari/537.36"
193.108.119.167 - - [21/Nov/2025:19:25:19 +0330] "OPTIONS /startPublicSession HTTP/1.1" 204 0 "https://app.optimyar.com/" "Mozilla/5.0 (Windows NT 10.0; Win64; x64) AppleWebKit/537.36 (KHTML, like Gecko) Chrome/142.0.0.0 Safari/537.36"
193.108.119.167 - - [21/Nov/2025:19:25:19 +0330] "POST /startPublicSession HTTP/1.1" 200 226 "https://app.optimyar.com/" "Mozilla/5.0 (Windows NT 10.0; Win64; x64) AppleWebKit/537.36 (KHTML, like Gecko) Chrome/142.0.0.0 Safari/537.36"
31.205.132.68 - - [21/Nov/2025:19:25:43 +0330] "GET /companies?version=3000.99 HTTP/1.1" 200 700 "https://app.optimyar.com/" "Mozilla/5.0 (Macintosh; Intel Mac OS X 10_15_7) AppleWebKit/605.1.15 (KHTML, like Gecko) Version/18.3 Safari/605.1.15"
31.205.132.68 - - [21/Nov/2025:19:25:43 +0330] "GET /getPublicSessions?isPrivate=false HTTP/1.1" 200 188 "https://app.optimyar.com/" "Mozilla/5.0 (Macintosh; Intel Mac OS X 10_15_7) AppleWebKit/605.1.15 (KHTML, like Gecko) Version/18.3 Safari/605.1.15"
85.185.32.237 - - [21/Nov/2025:19:25:49 +0330] "POST /startPublicSession HTTP/2" 200 218 "https://app.optimyar.com/" "Mozilla/5.0 (Linux; Android 13; K) AppleWebKit/537.36 (KHTML, like Gecko) Chrome/141.0.7390.122 Mobile Safari/537.36"
93.127.180.54 - - [21/Nov/2025:19:26:18 +0330] "OPTIONS /startPublicSession HTTP/2" 204 0 "https://app.optimyar.com/" "Mozilla/5.0 (Linux; Android 10; K) AppleWebKit/537.36 (KHTML, like Gecko) Chrome/111.0.0.0 Mobile Safari/537.36"
93.127.180.54 - - [21/Nov/2025:19:26:19 +0330] "POST /startPublicSession HTTP/2" 200 243 "https://app.optimyar.com/" "Mozilla/5.0 (Linux; Android 10; K) AppleWebKit/537.36 (KHTML, like Gecko) Chrome/111.0.0.0 Mobile Safari/537.36"
5.112.235.169 - - [21/Nov/2025:19:26:19 +0330] "GET /getMeetingInfoByInteralId/3efa903ac9a02637a99b227bc25ccb7d1b27a9f9-1763740276621 HTTP/2" 200 900 "https://b3.optimyar.com/" "Mozilla/5.0 (Windows NT 10.0; Win64; x64) AppleWebKit/537.36 (KHTML, like Gecko) Chrome/142.0.0.0 Safari/537.36"
31.205.132.68 - - [21/Nov/2025:19:26:29 +0330] "OPTIONS /startPublicSession HTTP/1.1" 204 0 "https://app.optimyar.com/" "Mozilla/5.0 (Macintosh; Intel Mac OS X 10_15_7) AppleWebKit/605.1.15 (KHTML, like Gecko) Version/18.3 Safari/605.1.15"
31.205.132.68 - - [21/Nov/2025:19:26:29 +0330] "POST /startPublicSession HTTP/1.1" 200 243 "https://app.optimyar.com/" "Mozilla/5.0 (Macintosh; Intel Mac OS X 10_15_7) AppleWebKit/605.1.15 (KHTML, like Gecko) Version/18.3 Safari/605.1.15"
93.127.180.54 - - [21/Nov/2025:19:26:34 +0330] "GET /getMeetingInfoByInteralId/3efa903ac9a02637a99b227bc25ccb7d1b27a9f9-1763740276621 HTTP/2" 200 1007 "https://b3.optimyar.com/" "Mozilla/5.0 (Linux; Android 10; K) AppleWebKit/537.36 (KHTML, like Gecko) Chrome/111.0.0.0 Mobile Safari/537.36"
31.205.132.68 - - [21/Nov/2025:19:26:38 +0330] "GET /getMeetingInfoByInteralId/3efa903ac9a02637a99b227bc25ccb7d1b27a9f9-1763740276621 HTTP/1.1" 200 1011 "https://b3.optimyar.com/" "Mozilla/5.0 (Macintosh; Intel Mac OS X 10_15_7) AppleWebKit/605.1.15 (KHTML, like Gecko) Version/18.3 Safari/605.1.15"
2.177.76.249 - - [21/Nov/2025:19:26:47 +0330] "GET /companies?version=3000.99 HTTP/2" 200 700 "https://app.optimyar.com/" "Mozilla/5.0 (Linux; Android 10; K) AppleWebKit/537.36 (KHTML, like Gecko) SamsungBrowser/29.0 Chrome/136.0.0.0 Mobile Safari/537.36"
2.177.76.249 - - [21/Nov/2025:19:26:47 +0330] "GET /getPublicSessions?isPrivate=false HTTP/2" 200 188 "https://app.optimyar.com/" "Mozilla/5.0 (Linux; Android 10; K) AppleWebKit/537.36 (KHTML, like Gecko) SamsungBrowser/29.0 Chrome/136.0.0.0 Mobile Safari/537.36"
164.215.161.201 - - [21/Nov/2025:19:26:55 +0330] "GET /companies?version=3000.99 HTTP/2" 200 700 "https://app.optimyar.com/" "Mozilla/5.0 (Linux; Android 16; K) AppleWebKit/537.36 (KHTML, like Gecko) Chrome/142.0.7444.102 Mobile Safari/537.36"
164.215.161.201 - - [21/Nov/2025:19:26:55 +0330] "GET /getPublicSessions?isPrivate=false HTTP/2" 200 188 "https://app.optimyar.com/" "Mozilla/5.0 (Linux; Android 16; K) AppleWebKit/537.36 (KHTML, like Gecko) Chrome/142.0.7444.102 Mobile Safari/537.36"
5.211.219.139 - - [21/Nov/2025:19:27:11 +0330] "OPTIONS /startPublicSession HTTP/2" 204 0 "https://app.optimyar.com/" "Mozilla/5.0 (Windows NT 10.0; Win64; x64) AppleWebKit/537.36 (KHTML, like Gecko) Chrome/142.0.0.0 Safari/537.36 Edg/142.0.0.0"
5.121.82.206 - - [21/Nov/2025:19:27:12 +0330] "GET /admin HTTP/1.1" 200 460 "-" "Mozilla/5.0 (Windows NT 10.0; Win64; x64; rv:145.0) Gecko/20100101 Firefox/145.0"
5.121.82.206 - - [21/Nov/2025:19:27:12 +0330] "GET /admin/runtime~main.ab2b9172.js HTTP/1.1" 200 1118 "https://api.optimyar.com/admin" "Mozilla/5.0 (Windows NT 10.0; Win64; x64; rv:145.0) Gecko/20100101 Firefox/145.0"
5.121.82.206 - - [21/Nov/2025:19:27:12 +0330] "GET /admin/main.d2b772d8.chunk.js HTTP/1.1" 200 2623947 "https://api.optimyar.com/admin" "Mozilla/5.0 (Windows NT 10.0; Win64; x64; rv:145.0) Gecko/20100101 Firefox/145.0"
5.121.82.206 - - [21/Nov/2025:19:27:14 +0330] "GET /admin/init HTTP/1.1" 200 72 "https://api.optimyar.com/admin" "Mozilla/5.0 (Windows NT 10.0; Win64; x64; rv:145.0) Gecko/20100101 Firefox/145.0"
141.227.140.63 - - [21/Nov/2025:19:26:25 +0330] "GET /companies?version=3000.99 HTTP/2" 200 700 "https://app.optimyar.com/" "Mozilla/5.0 (Linux; Android 10; K) AppleWebKit/537.36 (KHTML, like Gecko) Chrome/142.0.0.0 Mobile Safari/537.36"
141.227.140.63 - - [21/Nov/2025:19:26:25 +0330] "GET /getPublicSessions?isPrivate=false HTTP/2" 200 188 "https://app.optimyar.com/" "Mozilla/5.0 (Linux; Android 10; K) AppleWebKit/537.36 (KHTML, like Gecko) Chrome/142.0.0.0 Mobile Safari/537.36"
93.117.44.179 - - [21/Nov/2025:19:26:35 +0330] "GET /uploads/minilogo7_fd0c99920b.png HTTP/1.1" 200 25203 "https://app.optimyar.com/" "Mozilla/5.0 (Windows NT 10.0; Win64; x64; rv:145.0) Gecko/20100101 Firefox/145.0"
93.117.44.179 - - [21/Nov/2025:19:26:35 +0330] "GET /captchas/make?version=3000.99 HTTP/1.1" 200 5914 "https://app.optimyar.com/" "Mozilla/5.0 (Windows NT 10.0; Win64; x64; rv:145.0) Gecko/20100101 Firefox/145.0"
91.107.142.78 - - [21/Nov/2025:19:26:54 +0330] "GET /companies?version=3000.99 HTTP/2" 200 700 "https://app.optimyar.com/" "Mozilla/5.0 (Windows NT 10.0; Win64; x64) AppleWebKit/537.36 (KHTML, like Gecko) Chrome/142.0.0.0 Safari/537.36 Edg/142.0.0.0"
91.107.142.78 - - [21/Nov/2025:19:26:54 +0330] "GET /getPublicSessions?isPrivate=false HTTP/2" 200 188 "https://app.optimyar.com/" "Mozilla/5.0 (Windows NT 10.0; Win64; x64) AppleWebKit/537.36 (KHTML, like Gecko) Chrome/142.0.0.0 Safari/537.36 Edg/142.0.0.0"
209.25.185.61 - - [21/Nov/2025:19:26:59 +0330] "GET /companies?version=3000.99 HTTP/2" 200 700 "https://app.optimyar.com/" "Mozilla/5.0 (Macintosh; Intel Mac OS X 10_15_7) AppleWebKit/537.36 (KHTML, like Gecko) Chrome/142.0.0.0 Safari/537.36"
209.25.185.61 - - [21/Nov/2025:19:26:59 +0330] "GET /getPublicSessions?isPrivate=false HTTP/2" 200 188 "https://app.optimyar.com/" "Mozilla/5.0 (Macintosh; Intel Mac OS X 10_15_7) AppleWebKit/537.36 (KHTML, like Gecko) Chrome/142.0.0.0 Safari/537.36"
37.98.62.118 - - [21/Nov/2025:19:27:00 +0330] "POST /startPublicSession HTTP/2" 200 194 "https://app.optimyar.com/" "Mozilla/5.0 (Linux; Android 12; K) AppleWebKit/537.36 (KHTML, like Gecko) Chrome/142.0.7444.102 Mobile Safari/537.36"
37.98.62.118 - - [21/Nov/2025:19:27:09 +0330] "GET /getMeetingInfoByInteralId/3efa903ac9a02637a99b227bc25ccb7d1b27a9f9-1763740276621 HTTP/2" 200 1019 "https://b3.optimyar.com/" "Mozilla/5.0 (Linux; Android 12; K) AppleWebKit/537.36 (KHTML, like Gecko) Chrome/142.0.7444.102 Mobile Safari/537.36"
5.211.219.139 - - [21/Nov/2025:19:27:11 +0330] "POST /startPublicSession HTTP/1.1" 200 227 "https://app.optimyar.com/" "Mozilla/5.0 (Windows NT 10.0; Win64; x64) AppleWebKit/537.36 (KHTML, like Gecko) Chrome/142.0.0.0 Safari/537.36 Edg/142.0.0.0"
178.131.7.132 - - [21/Nov/2025:19:27:13 +0330] "OPTIONS /auth/local HTTP/1.1" 204 0 "https://app.optimyar.com/" "Mozilla/5.0 (Windows NT 10.0; Win64; x64) AppleWebKit/537.36 (KHTML, like Gecko) Chrome/142.0.0.0 Safari/537.36"
178.131.7.132 - - [21/Nov/2025:19:27:13 +0330] "POST /auth/local HTTP/1.1" 400 115 "https://app.optimyar.com/" "Mozilla/5.0 (Windows NT 10.0; Win64; x64) AppleWebKit/537.36 (KHTML, like Gecko) Chrome/142.0.0.0 Safari/537.36"
178.131.7.132 - - [21/Nov/2025:19:27:13 +0330] "GET /captchas/make?version=3000.99 HTTP/1.1" 200 5036 "https://app.optimyar.com/" "Mozilla/5.0 (Windows NT 10.0; Win64; x64) AppleWebKit/537.36 (KHTML, like Gecko) Chrome/142.0.0.0 Safari/537.36"
178.131.7.132 - - [21/Nov/2025:19:27:17 +0330] "POST /auth/local HTTP/1.1" 200 307 "https://app.optimyar.com/" "Mozilla/5.0 (Windows NT 10.0; Win64; x64) AppleWebKit/537.36 (KHTML, like Gecko) Chrome/142.0.0.0 Safari/537.36"
178.131.7.132 - - [21/Nov/2025:19:27:18 +0330] "GET /user-courses?isConfirm=true&_sort=buyDate:DESC&version=3000.99 HTTP/1.1" 200 2 "https://app.optimyar.com/" "Mozilla/5.0 (Windows NT 10.0; Win64; x64) AppleWebKit/537.36 (KHTML, like Gecko) Chrome/142.0.0.0 Safari/537.36"
5.121.82.206 - - [21/Nov/2025:19:27:18 +0330] "GET /admin/75614cfcfedd509b1f7ac1c26c53bb7f.woff2 HTTP/1.1" 200 182708 "https://api.optimyar.com/admin" "Mozilla/5.0 (Windows NT 10.0; Win64; x64; rv:145.0) Gecko/20100101 Firefox/145.0"
5.121.82.206 - - [21/Nov/2025:19:27:18 +0330] "GET /admin/a6069540692725c247f13984a9598a92.woff2 HTTP/1.1" 200 184076 "https://api.optimyar.com/admin" "Mozilla/5.0 (Windows NT 10.0; Win64; x64; rv:145.0) Gecko/20100101 Firefox/145.0"
5.121.82.206 - - [21/Nov/2025:19:27:18 +0330] "GET /admin/842e7845f3f8e943ff712a39617b6b70.svg HTTP/1.1" 200 814 "https://api.optimyar.com/admin" "Mozilla/5.0 (Windows NT 10.0; Win64; x64; rv:145.0) Gecko/20100101 Firefox/145.0"
5.121.82.206 - - [21/Nov/2025:19:27:18 +0330] "GET /admin/07109cdae9f760e8d97c89788c9dc9df.png HTTP/1.1" 200 30212 "https://api.optimyar.com/admin/auth/login" "Mozilla/5.0 (Windows NT 10.0; Win64; x64; rv:145.0) Gecko/20100101 Firefox/145.0"
5.121.82.206 - - [21/Nov/2025:19:27:18 +0330] "GET /admin/21b3848a32fce5b0f5014948186f6964.woff2 HTTP/1.1" 200 184912 "https://api.optimyar.com/admin" "Mozilla/5.0 (Windows NT 10.0; Win64; x64; rv:145.0) Gecko/20100101 Firefox/145.0"
2.177.76.249 - - [21/Nov/2025:19:27:18 +0330] "OPTIONS /startPublicSession HTTP/2" 204 0 "https://app.optimyar.com/" "Mozilla/5.0 (Linux; Android 10; K) AppleWebKit/537.36 (KHTML, like Gecko) SamsungBrowser/29.0 Chrome/136.0.0.0 Mobile Safari/537.36"
2.177.76.249 - - [21/Nov/2025:19:27:18 +0330] "POST /startPublicSession HTTP/2" 200 236 "https://app.optimyar.com/" "Mozilla/5.0 (Linux; Android 10; K) AppleWebKit/537.36 (KHTML, like Gecko) SamsungBrowser/29.0 Chrome/136.0.0.0 Mobile Safari/537.36"
5.121.82.206 - - [21/Nov/2025:19:27:20 +0330] "POST /admin/login HTTP/1.1" 200 483 "https://api.optimyar.com/admin/auth/login" "Mozilla/5.0 (Windows NT 10.0; Win64; x64; rv:145.0) Gecko/20100101 Firefox/145.0"
5.121.82.206 - - [21/Nov/2025:19:27:21 +0330] "GET /content-manager/content-types HTTP/1.1" 200 2691 "https://api.optimyar.com/admin/" "Mozilla/5.0 (Windows NT 10.0; Win64; x64; rv:145.0) Gecko/20100101 Firefox/145.0"
5.121.82.206 - - [21/Nov/2025:19:27:21 +0330] "GET /admin/information HTTP/1.1" 200 137 "https://api.optimyar.com/admin/" "Mozilla/5.0 (Windows NT 10.0; Win64; x64; rv:145.0) Gecko/20100101 Firefox/145.0"
5.121.82.206 - - [21/Nov/2025:19:27:22 +0330] "GET /admin/users/me/permissions HTTP/1.1" 200 2125 "https://api.optimyar.com/admin/" "Mozilla/5.0 (Windows NT 10.0; Win64; x64; rv:145.0) Gecko/20100101 Firefox/145.0"
5.121.82.206 - - [21/Nov/2025:19:27:23 +0330] "GET /admin/0063b2cc64d976ac36f211442466d0ac.png HTTP/1.1" 200 24050 "https://api.optimyar.com/admin" "Mozilla/5.0 (Windows NT 10.0; Win64; x64; rv:145.0) Gecko/20100101 Firefox/145.0"
5.121.82.206 - - [21/Nov/2025:19:27:23 +0330] "GET /content-manager/content-types HTTP/1.1" 200 2691 "https://api.optimyar.com/admin/" "Mozilla/5.0 (Windows NT 10.0; Win64; x64; rv:145.0) Gecko/20100101 Firefox/145.0"
5.121.82.206 - - [21/Nov/2025:19:27:23 +0330] "GET /content-manager/components HTTP/1.1" 200 11 "https://api.optimyar.com/admin/" "Mozilla/5.0 (Windows NT 10.0; Win64; x64; rv:145.0) Gecko/20100101 Firefox/145.0"
5.121.82.206 - - [21/Nov/2025:19:27:23 +0330] "GET /content-manager/content-types HTTP/1.1" 200 2691 "https://api.optimyar.com/admin/" "Mozilla/5.0 (Windows NT 10.0; Win64; x64; rv:145.0) Gecko/20100101 Firefox/145.0"
5.121.82.206 - - [21/Nov/2025:19:27:24 +0330] "GET /admin/1551f4f60c37af51121f106501f69b80.woff2 HTTP/1.1" 200 78268 "https://api.optimyar.com/admin" "Mozilla/5.0 (Windows NT 10.0; Win64; x64; rv:145.0) Gecko/20100101 Firefox/145.0"
5.121.82.206 - - [21/Nov/2025:19:27:24 +0330] "GET /admin/6d20cff5b3255dd0078f935c34e2b882.woff2 HTTP/1.1" 200 176748 "https://api.optimyar.com/admin" "Mozilla/5.0 (Windows NT 10.0; Win64; x64; rv:145.0) Gecko/20100101 Firefox/145.0"
5.121.82.206 - - [21/Nov/2025:19:27:24 +0330] "GET /admin/f46a81c3d1d3a648af68cffd4d0bba1d.png HTTP/1.1" 200 3005 "https://api.optimyar.com/admin/" "Mozilla/5.0 (Windows NT 10.0; Win64; x64; rv:145.0) Gecko/20100101 Firefox/145.0"
5.121.82.206 - - [21/Nov/2025:19:27:24 +0330] "GET /admin/a4234d384f7c58f2f5f90cfb08cee1e1.png HTTP/1.1" 200 4885 "https://api.optimyar.com/admin/" "Mozilla/5.0 (Windows NT 10.0; Win64; x64; rv:145.0) Gecko/20100101 Firefox/145.0"
5.121.82.206 - - [21/Nov/2025:19:27:24 +0330] "GET /admin/2fa5de8209723e8dc08c8aee4644da58.png HTTP/1.1" 200 2623 "https://api.optimyar.com/admin/" "Mozilla/5.0 (Windows NT 10.0; Win64; x64; rv:145.0) Gecko/20100101 Firefox/145.0"
5.121.82.206 - - [21/Nov/2025:19:27:24 +0330] "GET /admin/f16ac9b228b18810dd7cd6313764c007.png HTTP/1.1" 200 2711 "https://api.optimyar.com/admin/" "Mozilla/5.0 (Windows NT 10.0; Win64; x64; rv:145.0) Gecko/20100101 Firefox/145.0"
5.121.82.206 - - [21/Nov/2025:19:27:24 +0330] "GET /admin/3dd22e0349b2d2a7b7c998ad0bdb03df.png HTTP/1.1" 200 2543 "https://api.optimyar.com/admin/" "Mozilla/5.0 (Windows NT 10.0; Win64; x64; rv:145.0) Gecko/20100101 Firefox/145.0"
5.121.82.206 - - [21/Nov/2025:19:27:24 +0330] "GET /admin/7b77ea7e971bd3774dac8db799dfcef7.png HTTP/1.1" 200 1634 "https://api.optimyar.com/admin/" "Mozilla/5.0 (Windows NT 10.0; Win64; x64; rv:145.0) Gecko/20100101 Firefox/145.0"
5.121.82.206 - - [21/Nov/2025:19:27:24 +0330] "GET /admin/7a3337626410ca2f40718481c755640f.woff2 HTTP/1.1" 200 13224 "https://api.optimyar.com/admin" "Mozilla/5.0 (Windows NT 10.0; Win64; x64; rv:145.0) Gecko/20100101 Firefox/145.0"
5.121.82.206 - - [21/Nov/2025:19:27:24 +0330] "GET /admin/d878b0a6a1144760244ff0665888404c.woff2 HTTP/1.1" 200 76736 "https://api.optimyar.com/admin" "Mozilla/5.0 (Windows NT 10.0; Win64; x64; rv:145.0) Gecko/20100101 Firefox/145.0"
164.215.161.201 - - [21/Nov/2025:19:27:27 +0330] "OPTIONS /startPublicSession HTTP/2" 204 0 "https://app.optimyar.com/" "Mozilla/5.0 (Linux; Android 16; K) AppleWebKit/537.36 (KHTML, like Gecko) Chrome/142.0.7444.102 Mobile Safari/537.36"
164.215.161.201 - - [21/Nov/2025:19:27:27 +0330] "POST /startPublicSession HTTP/2" 200 241 "https://app.optimyar.com/" "Mozilla/5.0 (Linux; Android 16; K) AppleWebKit/537.36 (KHTML, like Gecko) Chrome/142.0.7444.102 Mobile Safari/537.36"
2.177.76.249 - - [21/Nov/2025:19:27:29 +0330] "GET /getMeetingInfoByInteralId/3efa903ac9a02637a99b227bc25ccb7d1b27a9f9-1763740276621 HTTP/2" 200 1089 "https://b3.optimyar.com/" "Mozilla/5.0 (Linux; Android 10; K) AppleWebKit/537.36 (KHTML, like Gecko) SamsungBrowser/29.0 Chrome/136.0.0.0 Mobile Safari/537.36"
5.121.82.206 - - [21/Nov/2025:19:27:29 +0330] "GET /content-manager/components HTTP/1.1" 200 11 "https://api.optimyar.com/admin/plugins/content-manager/collectionType/application::session.session" "Mozilla/5.0 (Windows NT 10.0; Win64; x64; rv:145.0) Gecko/20100101 Firefox/145.0"
5.121.82.206 - - [21/Nov/2025:19:27:29 +0330] "GET /content-manager/content-types HTTP/1.1" 200 2691 "https://api.optimyar.com/admin/plugins/content-manager/collectionType/application::session.session" "Mozilla/5.0 (Windows NT 10.0; Win64; x64; rv:145.0) Gecko/20100101 Firefox/145.0"
5.121.82.206 - - [21/Nov/2025:19:27:29 +0330] "GET /content-manager/content-types/application::session.session/configuration HTTP/1.1" 200 768 "https://api.optimyar.com/admin/plugins/content-manager/collectionType/application::session.session" "Mozilla/5.0 (Windows NT 10.0; Win64; x64; rv:145.0) Gecko/20100101 Firefox/145.0"
5.121.82.206 - - [21/Nov/2025:19:27:30 +0330] "GET /content-manager/collection-types/application::session.session?page=1&pageSize=10&_sort=id:ASC HTTP/1.1" 200 1729 "https://api.optimyar.com/admin/plugins/content-manager/collectionType/application::session.session" "Mozilla/5.0 (Windows NT 10.0; Win64; x64; rv:145.0) Gecko/20100101 Firefox/145.0"
5.121.82.206 - - [21/Nov/2025:19:27:33 +0330] "GET /content-manager/collection-types/application::session.session?page=217&pageSize=10&_sort=id:ASC HTTP/1.1" 200 1038 "https://api.optimyar.com/admin/plugins/content-manager/collectionType/application::session.session?page=217&pageSize=10&_sort=id:ASC" "Mozilla/5.0 (Windows NT 10.0; Win64; x64; rv:145.0) Gecko/20100101 Firefox/145.0"
178.131.7.132 - - [21/Nov/2025:19:27:34 +0330] "GET /uploads/minilogo7_fd0c99920b.png HTTP/1.1" 200 25203 "https://app.optimyar.com/" "Mozilla/5.0 (Windows NT 10.0; Win64; x64) AppleWebKit/537.36 (KHTML, like Gecko) Chrome/142.0.0.0 Safari/537.36"
194.225.232.131 - - [21/Nov/2025:19:27:39 +0330] "GET /getPublicSessions?isPrivate=false HTTP/2" 200 188 "https://app.optimyar.com/" "Mozilla/5.0 (Windows NT 10.0; Win64; x64; rv:145.0) Gecko/20100101 Firefox/145.0"
194.225.232.131 - - [21/Nov/2025:19:27:39 +0330] "GET /companies?version=3000.99 HTTP/2" 200 700 "https://app.optimyar.com/" "Mozilla/5.0 (Windows NT 10.0; Win64; x64; rv:145.0) Gecko/20100101 Firefox/145.0"
164.215.161.201 - - [21/Nov/2025:19:27:44 +0330] "GET /getMeetingInfoByInteralId/3efa903ac9a02637a99b227bc25ccb7d1b27a9f9-1763740276621 HTTP/1.1" 200 1165 "https://b3.optimyar.com/" "Mozilla/5.0 (Linux; Android 16; K) AppleWebKit/537.36 (KHTML, like Gecko) Chrome/142.0.7444.102 Mobile Safari/537.36"
5.121.82.206 - - [21/Nov/2025:19:27:44 +0330] "GET /content-manager/collection-types/application::session.session/69204e90a0f0fa6ff2ba7ff4 HTTP/1.1" 200 350 "https://api.optimyar.com/admin/plugins/content-manager/collectionType/application::session.session/69204e90a0f0fa6ff2ba7ff4" "Mozilla/5.0 (Windows NT 10.0; Win64; x64; rv:145.0) Gecko/20100101 Firefox/145.0"
5.122.236.247 - - [21/Nov/2025:19:27:46 +0330] "GET /captchas/make?version=3000.99 HTTP/2" 200 6199 "https://app.optimyar.com/" "Mozilla/5.0 (Windows NT 10.0; Win64; x64) AppleWebKit/537.36 (KHTML, like Gecko) Chrome/142.0.0.0 Safari/537.36 Edg/142.0.0.0"
