46.41.239.200 - - [21/Nov/2025:20:01:38 +0330] "POST /user-playbacks/refreshPlayback HTTP/1.1" 200 94 "-" "Mozilla/5.0 (Windows NT 10.0; WOW64) AppleWebKit/537.36 (KHTML, like Gecko) optimyar-app/2022.6.3 Chrome/98.0.4758.141 Electron/17.4.7 Safari/537.36"
46.41.239.200 - - [21/Nov/2025:20:01:42 +0330] "GET /sessions/getResourcesForLevel/68e67cfd1fd0cc82fb4fcd43 HTTP/1.1" 200 1522 "-" "Mozilla/5.0 (Windows NT 10.0; WOW64) AppleWebKit/537.36 (KHTML, like Gecko) optimyar-app/2022.6.3 Chrome/98.0.4758.141 Electron/17.4.7 Safari/537.36"
46.41.239.200 - - [21/Nov/2025:20:01:44 +0330] "POST /user-playbacks/refreshPlayback HTTP/1.1" 200 93 "-" "Mozilla/5.0 (Windows NT 10.0; WOW64) AppleWebKit/537.36 (KHTML, like Gecko) optimyar-app/2022.6.3 Chrome/98.0.4758.141 Electron/17.4.7 Safari/537.36"
185.209.196.169 - - [21/Nov/2025:20:01:53 +0330] "GET /getMeetingInfoByInteralId/3efa903ac9a02637a99b227bc25ccb7d1b27a9f9-1763740276621 HTTP/2" 200 2389 "https://b3.optimyar.com/" "Mozilla/5.0 (Windows NT 10.0; Win64; x64) AppleWebKit/537.36 (KHTML, like Gecko) Chrome/142.0.0.0 Safari/537.36 Edg/142.0.0.0"
46.41.239.200 - - [21/Nov/2025:20:01:59 +0330] "POST /user-playbacks/stopPlayback HTTP/1.1" 200 4 "-" "Mozilla/5.0 (Windows NT 10.0; WOW64) AppleWebKit/537.36 (KHTML, like Gecko) optimyar-app/2022.6.3 Chrome/98.0.4758.141 Electron/17.4.7 Safari/537.36"
46.41.239.200 - - [21/Nov/2025:20:02:04 +0330] "POST /user-playbacks/refreshPlayback HTTP/1.1" 200 93 "-" "Mozilla/5.0 (Windows NT 10.0; WOW64) AppleWebKit/537.36 (KHTML, like Gecko) optimyar-app/2022.6.3 Chrome/98.0.4758.141 Electron/17.4.7 Safari/537.36"
5.237.3.18 - - [21/Nov/2025:20:02:31 +0330] "GET /getMeetingInfoByInteralId/3efa903ac9a02637a99b227bc25ccb7d1b27a9f9-1763740276621 HTTP/1.1" 200 2378 "https://b3.optimyar.com/" "Mozilla/5.0 (Linux; Android 16; K) AppleWebKit/537.36 (KHTML, like Gecko) Chrome/142.0.7444.102 Mobile Safari/537.36"
85.185.32.237 - - [21/Nov/2025:20:02:36 +0330] "POST /startPublicSession HTTP/1.1" 200 218 "https://app.optimyar.com/" "Mozilla/5.0 (Linux; Android 13; K) AppleWebKit/537.36 (KHTML, like Gecko) Chrome/141.0.7390.122 Mobile Safari/537.36"
85.185.32.237 - - [21/Nov/2025:20:02:42 +0330] "GET /getMeetingInfoByInteralId/3efa903ac9a02637a99b227bc25ccb7d1b27a9f9-1763740276621 HTTP/1.1" 200 2374 "https://b3.optimyar.com/" "Mozilla/5.0 (Linux; Android 13; K) AppleWebKit/537.36 (KHTML, like Gecko) Chrome/141.0.7390.122 Mobile Safari/537.36"
5.237.3.18 - - [21/Nov/2025:20:04:12 +0330] "GET /companies?version=3000.99 HTTP/2" 200 700 "https://app.optimyar.com/" "Mozilla/5.0 (Linux; Android 16; K) AppleWebKit/537.36 (KHTML, like Gecko) Chrome/142.0.7444.102 Mobile Safari/537.36"
5.237.3.18 - - [21/Nov/2025:20:04:12 +0330] "GET /getPublicSessions?isPrivate=false HTTP/2" 200 188 "https://app.optimyar.com/" "Mozilla/5.0 (Linux; Android 16; K) AppleWebKit/537.36 (KHTML, like Gecko) Chrome/142.0.7444.102 Mobile Safari/537.36"
5.237.3.18 - - [21/Nov/2025:20:04:25 +0330] "GET /companies?version=3000.99 HTTP/2" 200 700 "https://app.optimyar.com/" "Mozilla/5.0 (Linux; Android 10; K) AppleWebKit/537.36 (KHTML, like Gecko) SamsungBrowser/29.0 Chrome/136.0.0.0 Mobile Safari/537.36"
5.237.3.18 - - [21/Nov/2025:20:04:25 +0330] "GET /getPublicSessions?isPrivate=false HTTP/2" 200 188 "https://app.optimyar.com/" "Mozilla/5.0 (Linux; Android 10; K) AppleWebKit/537.36 (KHTML, like Gecko) SamsungBrowser/29.0 Chrome/136.0.0.0 Mobile Safari/537.36"
85.185.32.237 - - [21/Nov/2025:19:59:56 +0330] "GET /getMeetingInfoByInteralId/3efa903ac9a02637a99b227bc25ccb7d1b27a9f9-1763740276621 HTTP/1.1" 200 2400 "https://b3.optimyar.com/" "Mozilla/5.0 (Linux; Android 13; K) AppleWebKit/537.36 (KHTML, like Gecko) Chrome/141.0.7390.122 Mobile Safari/537.36"
85.185.32.237 - - [21/Nov/2025:20:00:52 +0330] "OPTIONS /getPublicSessions?isPrivate=false HTTP/2" 204 0 "https://app.optimyar.com/" "Mozilla/5.0 (Linux; Android 13; K) AppleWebKit/537.36 (KHTML, like Gecko) Chrome/141.0.7390.122 Mobile Safari/537.36"
85.185.32.237 - - [21/Nov/2025:20:00:52 +0330] "GET /companies?version=3000.99 HTTP/2" 200 700 "https://app.optimyar.com/" "Mozilla/5.0 (Linux; Android 13; K) AppleWebKit/537.36 (KHTML, like Gecko) Chrome/141.0.7390.122 Mobile Safari/537.36"
85.185.32.237 - - [21/Nov/2025:20:00:52 +0330] "GET /getPublicSessions?isPrivate=false HTTP/2" 200 188 "https://app.optimyar.com/" "Mozilla/5.0 (Linux; Android 13; K) AppleWebKit/537.36 (KHTML, like Gecko) Chrome/141.0.7390.122 Mobile Safari/537.36"
5.237.3.18 - - [21/Nov/2025:20:02:08 +0330] "GET /companies?version=3000.99 HTTP/2" 200 700 "https://app.optimyar.com/" "Mozilla/5.0 (Linux; Android 16; K) AppleWebKit/537.36 (KHTML, like Gecko) Chrome/142.0.7444.102 Mobile Safari/537.36"
5.237.3.18 - - [21/Nov/2025:20:02:08 +0330] "GET /getPublicSessions?isPrivate=false HTTP/2" 200 188 "https://app.optimyar.com/" "Mozilla/5.0 (Linux; Android 16; K) AppleWebKit/537.36 (KHTML, like Gecko) Chrome/142.0.7444.102 Mobile Safari/537.36"
5.237.3.18 - - [21/Nov/2025:20:02:19 +0330] "OPTIONS /startPublicSession HTTP/2" 204 0 "https://app.optimyar.com/" "Mozilla/5.0 (Linux; Android 16; K) AppleWebKit/537.36 (KHTML, like Gecko) Chrome/142.0.7444.102 Mobile Safari/537.36"
5.237.3.18 - - [21/Nov/2025:20:02:20 +0330] "POST /startPublicSession HTTP/2" 200 213 "https://app.optimyar.com/" "Mozilla/5.0 (Linux; Android 16; K) AppleWebKit/537.36 (KHTML, like Gecko) Chrome/142.0.7444.102 Mobile Safari/537.36"
5.125.231.147 - - [21/Nov/2025:20:02:24 +0330] "POST /startPublicSession HTTP/2" 200 226 "https://app.optimyar.com/" "Mozilla/5.0 (Windows NT 10.0; Win64; x64) AppleWebKit/537.36 (KHTML, like Gecko) Chrome/142.0.0.0 Safari/537.36 Edg/142.0.0.0"
5.125.231.147 - - [21/Nov/2025:20:02:33 +0330] "GET /getMeetingInfoByInteralId/3efa903ac9a02637a99b227bc25ccb7d1b27a9f9-1763740276621 HTTP/2" 200 2376 "https://b3.optimyar.com/" "Mozilla/5.0 (Windows NT 10.0; Win64; x64) AppleWebKit/537.36 (KHTML, like Gecko) Chrome/142.0.0.0 Safari/537.36 Edg/142.0.0.0"
31.94.2.152 - - [21/Nov/2025:20:02:39 +0330] "GET /companies?version=3000.99 HTTP/2" 200 700 "https://app.optimyar.com/" "Mozilla/5.0 (Linux; Android 15; K) AppleWebKit/537.36 (KHTML, like Gecko) Chrome/142.0.7444.173 Mobile Safari/537.36"
31.94.2.152 - - [21/Nov/2025:20:02:39 +0330] "GET /getPublicSessions?isPrivate=false HTTP/2" 200 188 "https://app.optimyar.com/" "Mozilla/5.0 (Linux; Android 15; K) AppleWebKit/537.36 (KHTML, like Gecko) Chrome/142.0.7444.173 Mobile Safari/537.36"
31.94.2.152 - - [21/Nov/2025:20:02:52 +0330] "POST /startPublicSession HTTP/2" 200 222 "https://app.optimyar.com/" "Mozilla/5.0 (Linux; Android 15; K) AppleWebKit/537.36 (KHTML, like Gecko) Chrome/142.0.7444.173 Mobile Safari/537.36"
31.94.2.152 - - [21/Nov/2025:20:02:59 +0330] "GET /getMeetingInfoByInteralId/3efa903ac9a02637a99b227bc25ccb7d1b27a9f9-1763740276621 HTTP/1.1" 200 2388 "https://b3.optimyar.com/" "Mozilla/5.0 (Linux; Android 15; K) AppleWebKit/537.36 (KHTML, like Gecko) Chrome/142.0.7444.173 Mobile Safari/537.36"
5.232.181.255 - - [21/Nov/2025:20:03:12 +0330] "POST /startPublicSession HTTP/2" 200 227 "https://app.optimyar.com/" "Mozilla/5.0 (Linux; Android 10; K) AppleWebKit/537.36 (KHTML, like Gecko) Chrome/142.0.0.0 Mobile Safari/537.36"
5.232.181.255 - - [21/Nov/2025:20:03:18 +0330] "GET /getMeetingInfoByInteralId/3efa903ac9a02637a99b227bc25ccb7d1b27a9f9-1763740276621 HTTP/2" 200 2384 "https://b3.optimyar.com/" "Mozilla/5.0 (Linux; Android 10; K) AppleWebKit/537.36 (KHTML, like Gecko) Chrome/142.0.0.0 Mobile Safari/537.36"
5.237.3.18 - - [21/Nov/2025:20:04:31 +0330] "OPTIONS /startPublicSession HTTP/2" 204 0 "https://app.optimyar.com/" "Mozilla/5.0 (Linux; Android 10; K) AppleWebKit/537.36 (KHTML, like Gecko) SamsungBrowser/29.0 Chrome/136.0.0.0 Mobile Safari/537.36"
5.237.3.18 - - [21/Nov/2025:20:04:31 +0330] "POST /startPublicSession HTTP/2" 200 213 "https://app.optimyar.com/" "Mozilla/5.0 (Linux; Android 10; K) AppleWebKit/537.36 (KHTML, like Gecko) SamsungBrowser/29.0 Chrome/136.0.0.0 Mobile Safari/537.36"
5.237.3.18 - - [21/Nov/2025:20:04:39 +0330] "GET /getMeetingInfoByInteralId/3efa903ac9a02637a99b227bc25ccb7d1b27a9f9-1763740276621 HTTP/2" 200 2412 "https://b3.optimyar.com/" "Mozilla/5.0 (Linux; Android 10; K) AppleWebKit/537.36 (KHTML, like Gecko) SamsungBrowser/29.0 Chrome/136.0.0.0 Mobile Safari/537.36"
5.112.14.151 - - [21/Nov/2025:20:05:25 +0330] "OPTIONS /startPublicSession HTTP/1.1" 204 0 "https://app.optimyar.com/" "Mozilla/5.0 (iPhone; CPU iPhone OS 18_7 like Mac OS X) AppleWebKit/605.1.15 (KHTML, like Gecko) Version/26.0.1 Mobile/23A355 Safari/604.1"
5.112.14.151 - - [21/Nov/2025:20:05:26 +0330] "POST /startPublicSession HTTP/1.1" 200 192 "https://app.optimyar.com/" "Mozilla/5.0 (iPhone; CPU iPhone OS 18_7 like Mac OS X) AppleWebKit/605.1.15 (KHTML, like Gecko) Version/26.0.1 Mobile/23A355 Safari/604.1"
5.112.14.151 - - [21/Nov/2025:20:05:33 +0330] "GET /getMeetingInfoByInteralId/3efa903ac9a02637a99b227bc25ccb7d1b27a9f9-1763740276621 HTTP/1.1" 200 2427 "https://b3.optimyar.com/" "Mozilla/5.0 (iPhone; CPU iPhone OS 18_7 like Mac OS X) AppleWebKit/605.1.15 (KHTML, like Gecko) Version/26.0.1 Mobile/23A355 Safari/604.1"
31.94.2.152 - - [21/Nov/2025:20:05:37 +0330] "POST /startPublicSession HTTP/2" 200 222 "https://app.optimyar.com/" "Mozilla/5.0 (Linux; Android 15; K) AppleWebKit/537.36 (KHTML, like Gecko) Chrome/142.0.7444.173 Mobile Safari/537.36"
31.94.2.152 - - [21/Nov/2025:20:05:43 +0330] "GET /getMeetingInfoByInteralId/3efa903ac9a02637a99b227bc25ccb7d1b27a9f9-1763740276621 HTTP/2" 200 2425 "https://b3.optimyar.com/" "Mozilla/5.0 (Linux; Android 15; K) AppleWebKit/537.36 (KHTML, like Gecko) Chrome/142.0.7444.173 Mobile Safari/537.36"
46.41.239.200 - - [21/Nov/2025:20:09:29 +0330] "GET /companies?version=2022.06.03 HTTP/1.1" 200 700 "-" "Mozilla/5.0 (Windows NT 10.0; WOW64) AppleWebKit/537.36 (KHTML, like Gecko) optimyar-app/2022.6.3 Chrome/98.0.4758.141 Electron/17.4.7 Safari/537.36"
46.41.239.200 - - [21/Nov/2025:20:09:29 +0330] "GET /captchas/make?version=2022.06.03 HTTP/1.1" 200 5415 "-" "Mozilla/5.0 (Windows NT 10.0; WOW64) AppleWebKit/537.36 (KHTML, like Gecko) optimyar-app/2022.6.3 Chrome/98.0.4758.141 Electron/17.4.7 Safari/537.36"
46.41.239.200 - - [21/Nov/2025:20:09:29 +0330] "GET /uploads/minilogo7_fd0c99920b.png HTTP/1.1" 200 25203 "-" "Mozilla/5.0 (Windows NT 10.0; WOW64) AppleWebKit/537.36 (KHTML, like Gecko) optimyar-app/2022.6.3 Chrome/98.0.4758.141 Electron/17.4.7 Safari/537.36"
46.41.239.200 - - [21/Nov/2025:20:09:49 +0330] "POST /auth/local HTTP/1.1" 200 294 "-" "Mozilla/5.0 (Windows NT 10.0; WOW64) AppleWebKit/537.36 (KHTML, like Gecko) optimyar-app/2022.6.3 Chrome/98.0.4758.141 Electron/17.4.7 Safari/537.36"
46.41.239.200 - - [21/Nov/2025:20:09:49 +0330] "GET /user-sessions/e8:fb:1c:a2:4d:45 HTTP/1.1" 200 482 "-" "Mozilla/5.0 (Windows NT 10.0; WOW64) AppleWebKit/537.36 (KHTML, like Gecko) optimyar-app/2022.6.3 Chrome/98.0.4758.141 Electron/17.4.7 Safari/537.36"
46.41.239.200 - - [21/Nov/2025:20:09:49 +0330] "GET /user-courses?isConfirm=true&_sort=buyDate:DESC&version=2022.06.03 HTTP/1.1" 200 621 "-" "Mozilla/5.0 (Windows NT 10.0; WOW64) AppleWebKit/537.36 (KHTML, like Gecko) optimyar-app/2022.6.3 Chrome/98.0.4758.141 Electron/17.4.7 Safari/537.36"
46.41.239.200 - - [21/Nov/2025:20:09:49 +0330] "GET /user-courses/isCourseLive/68ec184d1fd0cc82fb4fcfeb HTTP/1.1" 200 61 "-" "Mozilla/5.0 (Windows NT 10.0; WOW64) AppleWebKit/537.36 (KHTML, like Gecko) optimyar-app/2022.6.3 Chrome/98.0.4758.141 Electron/17.4.7 Safari/537.36"
5.112.14.151 - - [21/Nov/2025:20:04:51 +0330] "GET /companies?version=3000.99 HTTP/1.1" 200 700 "https://app.optimyar.com/" "Mozilla/5.0 (iPhone; CPU iPhone OS 18_7 like Mac OS X) AppleWebKit/605.1.15 (KHTML, like Gecko) Version/26.0.1 Mobile/23A355 Safari/604.1"
5.112.14.151 - - [21/Nov/2025:20:04:51 +0330] "GET /getPublicSessions?isPrivate=false HTTP/1.1" 200 188 "https://app.optimyar.com/" "Mozilla/5.0 (iPhone; CPU iPhone OS 18_7 like Mac OS X) AppleWebKit/605.1.15 (KHTML, like Gecko) Version/26.0.1 Mobile/23A355 Safari/604.1"
5.75.56.238 - - [21/Nov/2025:20:09:32 +0330] "GET /companies?version=3000.99 HTTP/2" 200 700 "https://app.optimyar.com/" "Mozilla/5.0 (Windows NT 10.0; Win64; x64) AppleWebKit/537.36 (KHTML, like Gecko) Chrome/142.0.0.0 Safari/537.36"
5.75.56.238 - - [21/Nov/2025:20:09:32 +0330] "GET /getPublicSessions?isPrivate=false HTTP/2" 200 188 "https://app.optimyar.com/" "Mozilla/5.0 (Windows NT 10.0; Win64; x64) AppleWebKit/537.36 (KHTML, like Gecko) Chrome/142.0.0.0 Safari/537.36"
5.75.56.238 - - [21/Nov/2025:20:09:32 +0330] "GET /companies?version=3000.99 HTTP/2" 200 700 "https://app.optimyar.com/" "Mozilla/5.0 (Windows NT 10.0; Win64; x64) AppleWebKit/537.36 (KHTML, like Gecko) Chrome/142.0.0.0 Safari/537.36"
5.75.56.238 - - [21/Nov/2025:20:09:32 +0330] "GET /getPublicSessions?isPrivate=false HTTP/2" 200 188 "https://app.optimyar.com/" "Mozilla/5.0 (Windows NT 10.0; Win64; x64) AppleWebKit/537.36 (KHTML, like Gecko) Chrome/142.0.0.0 Safari/537.36"
31.94.2.152 - - [21/Nov/2025:20:10:03 +0330] "POST /startPublicSession HTTP/2" 200 216 "https://app.optimyar.com/" "Mozilla/5.0 (Linux; Android 15; K) AppleWebKit/537.36 (KHTML, like Gecko) Chrome/142.0.7444.173 Mobile Safari/537.36"
31.94.2.152 - - [21/Nov/2025:20:10:12 +0330] "GET /getMeetingInfoByInteralId/3efa903ac9a02637a99b227bc25ccb7d1b27a9f9-1763740276621 HTTP/2" 200 2323 "https://b3.optimyar.com/" "Mozilla/5.0 (Linux; Android 15; K) AppleWebKit/537.36 (KHTML, like Gecko) Chrome/142.0.7444.173 Mobile Safari/537.36"
85.185.32.237 - - [21/Nov/2025:20:12:45 +0330] "GET /companies?version=3000.99 HTTP/2" 200 700 "https://app.optimyar.com/" "Mozilla/5.0 (Windows NT 10.0; Win64; x64) AppleWebKit/537.36 (KHTML, like Gecko) Chrome/142.0.0.0 Safari/537.36 Edg/142.0.0.0"
85.185.32.237 - - [21/Nov/2025:20:12:45 +0330] "GET /getPublicSessions?isPrivate=false HTTP/2" 200 188 "https://app.optimyar.com/" "Mozilla/5.0 (Windows NT 10.0; Win64; x64) AppleWebKit/537.36 (KHTML, like Gecko) Chrome/142.0.0.0 Safari/537.36 Edg/142.0.0.0"
176.200.110.4 - - [21/Nov/2025:20:13:37 +0330] "GET /getMeetingInfoByInteralId/null HTTP/1.1" 400 125 "https://b3.optimyar.com/" "Mozilla/5.0 (Linux; Android 10; K) AppleWebKit/537.36 (KHTML, like Gecko) Chrome/142.0.0.0 Mobile Safari/537.36"
176.200.110.4 - - [21/Nov/2025:20:14:01 +0330] "GET /companies?version=3000.99 HTTP/1.1" 200 700 "https://app.optimyar.com/" "Mozilla/5.0 (Linux; Android 10; K) AppleWebKit/537.36 (KHTML, like Gecko) Chrome/142.0.0.0 Mobile Safari/537.36"
176.200.110.4 - - [21/Nov/2025:20:14:01 +0330] "GET /getPublicSessions?isPrivate=false HTTP/1.1" 200 188 "https://app.optimyar.com/" "Mozilla/5.0 (Linux; Android 10; K) AppleWebKit/537.36 (KHTML, like Gecko) Chrome/142.0.0.0 Mobile Safari/537.36"
176.200.110.4 - - [21/Nov/2025:20:14:12 +0330] "OPTIONS /startPublicSession HTTP/1.1" 204 0 "https://app.optimyar.com/" "Mozilla/5.0 (Linux; Android 10; K) AppleWebKit/537.36 (KHTML, like Gecko) Chrome/142.0.0.0 Mobile Safari/537.36"
176.200.110.4 - - [21/Nov/2025:20:14:12 +0330] "POST /startPublicSession HTTP/1.1" 200 197 "https://app.optimyar.com/" "Mozilla/5.0 (Linux; Android 10; K) AppleWebKit/537.36 (KHTML, like Gecko) Chrome/142.0.0.0 Mobile Safari/537.36"
5.75.56.238 - - [21/Nov/2025:20:09:51 +0330] "OPTIONS /startPublicSession HTTP/1.1" 204 0 "https://app.optimyar.com/" "Mozilla/5.0 (Windows NT 10.0; Win64; x64) AppleWebKit/537.36 (KHTML, like Gecko) Chrome/142.0.0.0 Safari/537.36"
5.75.56.238 - - [21/Nov/2025:20:09:51 +0330] "POST /startPublicSession HTTP/1.1" 200 217 "https://app.optimyar.com/" "Mozilla/5.0 (Windows NT 10.0; Win64; x64) AppleWebKit/537.36 (KHTML, like Gecko) Chrome/142.0.0.0 Safari/537.36"
46.41.239.200 - - [21/Nov/2025:20:09:51 +0330] "GET /sessions/getResourcesForLevel/68e67cfd1fd0cc82fb4fcd43 HTTP/1.1" 200 1522 "-" "Mozilla/5.0 (Windows NT 10.0; WOW64) AppleWebKit/537.36 (KHTML, like Gecko) optimyar-app/2022.6.3 Chrome/98.0.4758.141 Electron/17.4.7 Safari/537.36"
151.234.200.158 - - [21/Nov/2025:20:09:58 +0330] "GET /getMeetingInfoByInteralId/3efa903ac9a02637a99b227bc25ccb7d1b27a9f9-1763740276621 HTTP/1.1" 200 2320 "https://b3.optimyar.com/" "Mozilla/5.0 (Windows NT 10.0; Win64; x64) AppleWebKit/537.36 (KHTML, like Gecko) Chrome/142.0.0.0 Safari/537.36"
5.75.56.238 - - [21/Nov/2025:20:10:03 +0330] "GET /getMeetingInfoByInteralId/3efa903ac9a02637a99b227bc25ccb7d1b27a9f9-1763740276621 HTTP/1.1" 200 2320 "https://b3.optimyar.com/" "Mozilla/5.0 (Windows NT 10.0; Win64; x64) AppleWebKit/537.36 (KHTML, like Gecko) Chrome/142.0.0.0 Safari/537.36"
178.131.130.249 - - [21/Nov/2025:20:12:25 +0330] "GET /companies?version=3000.99 HTTP/2" 200 700 "https://app.optimyar.com/" "Mozilla/5.0 (Linux; Android 13; K) AppleWebKit/537.36 (KHTML, like Gecko) Chrome/141.0.7390.122 Mobile Safari/537.36"
178.131.130.249 - - [21/Nov/2025:20:12:25 +0330] "GET /getPublicSessions?isPrivate=false HTTP/2" 200 188 "https://app.optimyar.com/" "Mozilla/5.0 (Linux; Android 13; K) AppleWebKit/537.36 (KHTML, like Gecko) Chrome/141.0.7390.122 Mobile Safari/537.36"
178.131.130.249 - - [21/Nov/2025:20:12:43 +0330] "OPTIONS /startPublicSession HTTP/2" 204 0 "https://app.optimyar.com/" "Mozilla/5.0 (Linux; Android 13; K) AppleWebKit/537.36 (KHTML, like Gecko) Chrome/141.0.7390.122 Mobile Safari/537.36"
178.131.130.249 - - [21/Nov/2025:20:12:43 +0330] "POST /startPublicSession HTTP/1.1" 200 216 "https://app.optimyar.com/" "Mozilla/5.0 (Linux; Android 13; K) AppleWebKit/537.36 (KHTML, like Gecko) Chrome/141.0.7390.122 Mobile Safari/537.36"
178.131.130.249 - - [21/Nov/2025:20:12:59 +0330] "GET /getMeetingInfoByInteralId/3efa903ac9a02637a99b227bc25ccb7d1b27a9f9-1763740276621 HTTP/1.1" 200 2343 "https://b3.optimyar.com/" "Mozilla/5.0 (Linux; Android 13; K) AppleWebKit/537.36 (KHTML, like Gecko) Chrome/141.0.7390.122 Mobile Safari/537.36"
85.185.32.237 - - [21/Nov/2025:20:13:07 +0330] "OPTIONS /startPublicSession HTTP/1.1" 204 0 "https://app.optimyar.com/" "Mozilla/5.0 (Windows NT 10.0; Win64; x64) AppleWebKit/537.36 (KHTML, like Gecko) Chrome/142.0.0.0 Safari/537.36 Edg/142.0.0.0"
85.185.32.237 - - [21/Nov/2025:20:13:07 +0330] "POST /startPublicSession HTTP/1.1" 200 218 "https://app.optimyar.com/" "Mozilla/5.0 (Windows NT 10.0; Win64; x64) AppleWebKit/537.36 (KHTML, like Gecko) Chrome/142.0.0.0 Safari/537.36 Edg/142.0.0.0"
85.185.32.237 - - [21/Nov/2025:20:13:15 +0330] "GET /getMeetingInfoByInteralId/3efa903ac9a02637a99b227bc25ccb7d1b27a9f9-1763740276621 HTTP/1.1" 200 2354 "https://b3.optimyar.com/" "Mozilla/5.0 (Windows NT 10.0; Win64; x64) AppleWebKit/537.36 (KHTML, like Gecko) Chrome/142.0.0.0 Safari/537.36 Edg/142.0.0.0"
5.112.235.169 - - [21/Nov/2025:20:13:23 +0330] "GET /getMeetingInfoByInteralId/null HTTP/2" 400 125 "https://b3.optimyar.com/" "Mozilla/5.0 (Windows NT 10.0; Win64; x64) AppleWebKit/537.36 (KHTML, like Gecko) Chrome/142.0.0.0 Safari/537.36"
172.236.212.237 - - [21/Nov/2025:20:18:29 +0330] "GET /companies?version=3000.99 HTTP/2" 200 700 "https://app.optimyar.com/" "Mozilla/5.0 (Linux; Android 13; K) AppleWebKit/537.36 (KHTML, like Gecko) Chrome/141.0.7390.122 Mobile Safari/537.36"
172.236.212.237 - - [21/Nov/2025:20:18:29 +0330] "GET /getPublicSessions?isPrivate=false HTTP/2" 200 188 "https://app.optimyar.com/" "Mozilla/5.0 (Linux; Android 13; K) AppleWebKit/537.36 (KHTML, like Gecko) Chrome/141.0.7390.122 Mobile Safari/537.36"
5.112.235.169 - - [21/Nov/2025:20:20:18 +0330] "GET /getMeetingInfoByInteralId/3efa903ac9a02637a99b227bc25ccb7d1b27a9f9-1763740276621 HTTP/2" 200 2349 "https://b3.optimyar.com/" "Mozilla/5.0 (Windows NT 10.0; Win64; x64) AppleWebKit/537.36 (KHTML, like Gecko) Chrome/142.0.0.0 Safari/537.36"
2.147.54.65 - - [21/Nov/2025:20:27:49 +0330] "OPTIONS /startPublicSession HTTP/1.1" 204 0 "https://app.optimyar.com/" "Mozilla/5.0 (Windows NT 10.0; Win64; x64) AppleWebKit/537.36 (KHTML, like Gecko) Chrome/142.0.0.0 Safari/537.36"
2.147.54.65 - - [21/Nov/2025:20:27:49 +0330] "POST /startPublicSession HTTP/1.1" 200 216 "https://app.optimyar.com/" "Mozilla/5.0 (Windows NT 10.0; Win64; x64) AppleWebKit/537.36 (KHTML, like Gecko) Chrome/142.0.0.0 Safari/537.36"
2.147.54.65 - - [21/Nov/2025:20:27:57 +0330] "GET /getMeetingInfoByInteralId/3efa903ac9a02637a99b227bc25ccb7d1b27a9f9-1763740276621 HTTP/1.1" 200 2309 "https://b3.optimyar.com/" "Mozilla/5.0 (Windows NT 10.0; Win64; x64) AppleWebKit/537.36 (KHTML, like Gecko) Chrome/142.0.0.0 Safari/537.36"
176.200.110.4 - - [21/Nov/2025:20:14:19 +0330] "GET /getMeetingInfoByInteralId/3efa903ac9a02637a99b227bc25ccb7d1b27a9f9-1763740276621 HTTP/1.1" 200 2359 "https://b3.optimyar.com/" "Mozilla/5.0 (Linux; Android 10; K) AppleWebKit/537.36 (KHTML, like Gecko) Chrome/142.0.0.0 Mobile Safari/537.36"
172.56.14.131 - - [21/Nov/2025:20:17:53 +0330] "GET /companies?version=3000.99 HTTP/2" 200 700 "https://app.optimyar.com/" "Mozilla/5.0 (Windows NT 10.0; Win64; x64) AppleWebKit/537.36 (KHTML, like Gecko) Chrome/142.0.0.0 Safari/537.36"
172.56.14.131 - - [21/Nov/2025:20:17:53 +0330] "GET /getPublicSessions?isPrivate=false HTTP/2" 200 188 "https://app.optimyar.com/" "Mozilla/5.0 (Windows NT 10.0; Win64; x64) AppleWebKit/537.36 (KHTML, like Gecko) Chrome/142.0.0.0 Safari/537.36"
172.56.14.131 - - [21/Nov/2025:20:18:09 +0330] "OPTIONS /startPublicSession HTTP/2" 204 0 "https://app.optimyar.com/" "Mozilla/5.0 (Windows NT 10.0; Win64; x64) AppleWebKit/537.36 (KHTML, like Gecko) Chrome/142.0.0.0 Safari/537.36"
172.56.14.131 - - [21/Nov/2025:20:18:10 +0330] "POST /startPublicSession HTTP/2" 200 196 "https://app.optimyar.com/" "Mozilla/5.0 (Windows NT 10.0; Win64; x64) AppleWebKit/537.36 (KHTML, like Gecko) Chrome/142.0.0.0 Safari/537.36"
172.56.14.131 - - [21/Nov/2025:20:18:30 +0330] "GET /getMeetingInfoByInteralId/3efa903ac9a02637a99b227bc25ccb7d1b27a9f9-1763740276621 HTTP/2" 200 2363 "https://b3.optimyar.com/" "Mozilla/5.0 (Windows NT 10.0; Win64; x64) AppleWebKit/537.36 (KHTML, like Gecko) Chrome/142.0.0.0 Safari/537.36"
172.236.212.237 - - [21/Nov/2025:20:19:01 +0330] "OPTIONS /startPublicSession HTTP/1.1" 204 0 "https://app.optimyar.com/" "Mozilla/5.0 (Linux; Android 13; K) AppleWebKit/537.36 (KHTML, like Gecko) Chrome/141.0.7390.122 Mobile Safari/537.36"
172.236.212.237 - - [21/Nov/2025:20:19:01 +0330] "POST /startPublicSession HTTP/1.1" 200 216 "https://app.optimyar.com/" "Mozilla/5.0 (Linux; Android 13; K) AppleWebKit/537.36 (KHTML, like Gecko) Chrome/141.0.7390.122 Mobile Safari/537.36"
172.236.212.237 - - [21/Nov/2025:20:19:12 +0330] "GET /getMeetingInfoByInteralId/3efa903ac9a02637a99b227bc25ccb7d1b27a9f9-1763740276621 HTTP/1.1" 200 2348 "https://b3.optimyar.com/" "Mozilla/5.0 (Linux; Android 13; K) AppleWebKit/537.36 (KHTML, like Gecko) Chrome/141.0.7390.122 Mobile Safari/537.36"
2.147.54.65 - - [21/Nov/2025:20:27:25 +0330] "GET /companies?version=3000.99 HTTP/2" 200 700 "https://app.optimyar.com/" "Mozilla/5.0 (Windows NT 10.0; Win64; x64) AppleWebKit/537.36 (KHTML, like Gecko) Chrome/142.0.0.0 Safari/537.36"
2.147.54.65 - - [21/Nov/2025:20:27:25 +0330] "GET /getPublicSessions?isPrivate=false HTTP/2" 200 188 "https://app.optimyar.com/" "Mozilla/5.0 (Windows NT 10.0; Win64; x64) AppleWebKit/537.36 (KHTML, like Gecko) Chrome/142.0.0.0 Safari/537.36"
5.232.181.255 - - [21/Nov/2025:20:32:49 +0330] "GET /companies?version=3000.99 HTTP/2" 200 700 "https://app.optimyar.com/" "Mozilla/5.0 (Windows NT 10.0; Win64; x64) AppleWebKit/537.36 (KHTML, like Gecko) Chrome/142.0.0.0 Safari/537.36"
5.232.181.255 - - [21/Nov/2025:20:32:49 +0330] "GET /captchas/make?version=3000.99 HTTP/2" 200 5905 "https://app.optimyar.com/" "Mozilla/5.0 (Windows NT 10.0; Win64; x64) AppleWebKit/537.36 (KHTML, like Gecko) Chrome/142.0.0.0 Safari/537.36"
5.232.181.255 - - [21/Nov/2025:20:33:47 +0330] "OPTIONS /auth/local HTTP/2" 204 0 "https://app.optimyar.com/" "Mozilla/5.0 (Windows NT 10.0; Win64; x64) AppleWebKit/537.36 (KHTML, like Gecko) Chrome/142.0.0.0 Safari/537.36"
5.232.181.255 - - [21/Nov/2025:20:33:47 +0330] "POST /auth/local HTTP/2" 400 115 "https://app.optimyar.com/" "Mozilla/5.0 (Windows NT 10.0; Win64; x64) AppleWebKit/537.36 (KHTML, like Gecko) Chrome/142.0.0.0 Safari/537.36"
5.232.181.255 - - [21/Nov/2025:20:33:47 +0330] "GET /captchas/make?version=3000.99 HTTP/2" 200 7031 "https://app.optimyar.com/" "Mozilla/5.0 (Windows NT 10.0; Win64; x64) AppleWebKit/537.36 (KHTML, like Gecko) Chrome/142.0.0.0 Safari/537.36"
5.232.181.255 - - [21/Nov/2025:20:34:22 +0330] "POST /auth/local HTTP/2" 200 312 "https://app.optimyar.com/" "Mozilla/5.0 (Windows NT 10.0; Win64; x64) AppleWebKit/537.36 (KHTML, like Gecko) Chrome/142.0.0.0 Safari/537.36"
5.232.181.255 - - [21/Nov/2025:20:34:22 +0330] "OPTIONS /user-courses?isConfirm=true&_sort=buyDate:DESC&version=3000.99 HTTP/2" 204 0 "https://app.optimyar.com/" "Mozilla/5.0 (Windows NT 10.0; Win64; x64) AppleWebKit/537.36 (KHTML, like Gecko) Chrome/142.0.0.0 Safari/537.36"
5.232.181.255 - - [21/Nov/2025:20:34:22 +0330] "GET /user-courses?isConfirm=true&_sort=buyDate:DESC&version=3000.99 HTTP/2" 200 2597 "https://app.optimyar.com/" "Mozilla/5.0 (Windows NT 10.0; Win64; x64) AppleWebKit/537.36 (KHTML, like Gecko) Chrome/142.0.0.0 Safari/537.36"
5.232.181.255 - - [21/Nov/2025:20:34:23 +0330] "OPTIONS /user-courses/isCourseLive/673a020af6f755e4ec403be7 HTTP/2" 204 0 "https://app.optimyar.com/" "Mozilla/5.0 (Windows NT 10.0; Win64; x64) AppleWebKit/537.36 (KHTML, like Gecko) Chrome/142.0.0.0 Safari/537.36"
5.232.181.255 - - [21/Nov/2025:20:34:23 +0330] "OPTIONS /user-courses/isCourseLive/673a020af6f755e4ec403be7 HTTP/2" 204 0 "https://app.optimyar.com/" "Mozilla/5.0 (Windows NT 10.0; Win64; x64) AppleWebKit/537.36 (KHTML, like Gecko) Chrome/142.0.0.0 Safari/537.36"
5.232.181.255 - - [21/Nov/2025:20:34:23 +0330] "OPTIONS /user-courses/isCourseLive/66ec117513fbbe7851fecfd9 HTTP/2" 204 0 "https://app.optimyar.com/" "Mozilla/5.0 (Windows NT 10.0; Win64; x64) AppleWebKit/537.36 (KHTML, like Gecko) Chrome/142.0.0.0 Safari/537.36"
5.232.181.255 - - [21/Nov/2025:20:34:23 +0330] "OPTIONS /user-courses/isCourseLive/66ec117513fbbe7851fecfd9 HTTP/2" 204 0 "https://app.optimyar.com/" "Mozilla/5.0 (Windows NT 10.0; Win64; x64) AppleWebKit/537.36 (KHTML, like Gecko) Chrome/142.0.0.0 Safari/537.36"
5.232.181.255 - - [21/Nov/2025:20:34:23 +0330] "OPTIONS /user-courses/isCourseLive/668d081bdae0e5a30bc1a9d1 HTTP/2" 204 0 "https://app.optimyar.com/" "Mozilla/5.0 (Windows NT 10.0; Win64; x64) AppleWebKit/537.36 (KHTML, like Gecko) Chrome/142.0.0.0 Safari/537.36"
5.232.181.255 - - [21/Nov/2025:20:34:23 +0330] "OPTIONS /user-courses/isCourseLive/664a31a218be2e65db7fd445 HTTP/2" 204 0 "https://app.optimyar.com/" "Mozilla/5.0 (Windows NT 10.0; Win64; x64) AppleWebKit/537.36 (KHTML, like Gecko) Chrome/142.0.0.0 Safari/537.36"
5.232.181.255 - - [21/Nov/2025:20:34:23 +0330] "OPTIONS /user-courses/isCourseLive/65435545f1442243929f8b1a HTTP/2" 204 0 "https://app.optimyar.com/" "Mozilla/5.0 (Windows NT 10.0; Win64; x64) AppleWebKit/537.36 (KHTML, like Gecko) Chrome/142.0.0.0 Safari/537.36"
5.232.181.255 - - [21/Nov/2025:20:34:23 +0330] "GET /user-courses/isCourseLive/66ec117513fbbe7851fecfd9 HTTP/2" 200 61 "https://app.optimyar.com/" "Mozilla/5.0 (Windows NT 10.0; Win64; x64) AppleWebKit/537.36 (KHTML, like Gecko) Chrome/142.0.0.0 Safari/537.36"
5.232.181.255 - - [21/Nov/2025:20:34:23 +0330] "GET /user-courses/isCourseLive/673a020af6f755e4ec403be7 HTTP/2" 200 61 "https://app.optimyar.com/" "Mozilla/5.0 (Windows NT 10.0; Win64; x64) AppleWebKit/537.36 (KHTML, like Gecko) Chrome/142.0.0.0 Safari/537.36"
5.232.181.255 - - [21/Nov/2025:20:34:23 +0330] "GET /user-courses/isCourseLive/668d081bdae0e5a30bc1a9d1 HTTP/2" 200 61 "https://app.optimyar.com/" "Mozilla/5.0 (Windows NT 10.0; Win64; x64) AppleWebKit/537.36 (KHTML, like Gecko) Chrome/142.0.0.0 Safari/537.36"
5.232.181.255 - - [21/Nov/2025:20:34:23 +0330] "GET /user-courses/isCourseLive/664a31a218be2e65db7fd445 HTTP/2" 200 61 "https://app.optimyar.com/" "Mozilla/5.0 (Windows NT 10.0; Win64; x64) AppleWebKit/537.36 (KHTML, like Gecko) Chrome/142.0.0.0 Safari/537.36"
5.232.181.255 - - [21/Nov/2025:20:34:23 +0330] "GET /user-courses/isCourseLive/65435545f1442243929f8b1a HTTP/2" 200 61 "https://app.optimyar.com/" "Mozilla/5.0 (Windows NT 10.0; Win64; x64) AppleWebKit/537.36 (KHTML, like Gecko) Chrome/142.0.0.0 Safari/537.36"
5.232.181.255 - - [21/Nov/2025:20:34:23 +0330] "GET /user-courses/isCourseLive/66ec117513fbbe7851fecfd9 HTTP/2" 200 61 "https://app.optimyar.com/" "Mozilla/5.0 (Windows NT 10.0; Win64; x64) AppleWebKit/537.36 (KHTML, like Gecko) Chrome/142.0.0.0 Safari/537.36"
5.232.181.255 - - [21/Nov/2025:20:34:23 +0330] "GET /user-courses/isCourseLive/673a020af6f755e4ec403be7 HTTP/2" 200 61 "https://app.optimyar.com/" "Mozilla/5.0 (Windows NT 10.0; Win64; x64) AppleWebKit/537.36 (KHTML, like Gecko) Chrome/142.0.0.0 Safari/537.36"
5.232.181.255 - - [21/Nov/2025:20:35:11 +0330] "OPTIONS /getPublicSessions?isPrivate=false HTTP/2" 204 0 "https://app.optimyar.com/" "Mozilla/5.0 (Windows NT 10.0; Win64; x64) AppleWebKit/537.36 (KHTML, like Gecko) Chrome/142.0.0.0 Safari/537.36"
5.232.181.255 - - [21/Nov/2025:20:35:11 +0330] "GET /getPublicSessions?isPrivate=false HTTP/2" 200 188 "https://app.optimyar.com/" "Mozilla/5.0 (Windows NT 10.0; Win64; x64) AppleWebKit/537.36 (KHTML, like Gecko) Chrome/142.0.0.0 Safari/537.36"
5.232.181.255 - - [21/Nov/2025:20:35:28 +0330] "OPTIONS /startPublicSession HTTP/2" 204 0 "https://app.optimyar.com/" "Mozilla/5.0 (Windows NT 10.0; Win64; x64) AppleWebKit/537.36 (KHTML, like Gecko) Chrome/142.0.0.0 Safari/537.36"
5.232.181.255 - - [21/Nov/2025:20:35:28 +0330] "POST /startPublicSession HTTP/2" 200 227 "https://app.optimyar.com/" "Mozilla/5.0 (Windows NT 10.0; Win64; x64) AppleWebKit/537.36 (KHTML, like Gecko) Chrome/142.0.0.0 Safari/537.36"
5.232.181.255 - - [21/Nov/2025:20:35:51 +0330] "GET /getMeetingInfoByInteralId/3efa903ac9a02637a99b227bc25ccb7d1b27a9f9-1763740276621 HTTP/2" 200 2224 "https://b3.optimyar.com/" "Mozilla/5.0 (Windows NT 10.0; Win64; x64) AppleWebKit/537.36 (KHTML, like Gecko) Chrome/142.0.0.0 Safari/537.36"
5.112.235.169 - - [21/Nov/2025:20:39:34 +0330] "GET /companies?version=3000.99 HTTP/2" 200 700 "https://app.optimyar.com/" "Mozilla/5.0 (Windows NT 10.0; Win64; x64) AppleWebKit/537.36 (KHTML, like Gecko) Chrome/142.0.0.0 Safari/537.36"
5.112.235.169 - - [21/Nov/2025:20:39:34 +0330] "GET /captchas/make?version=3000.99 HTTP/2" 200 6568 "https://app.optimyar.com/" "Mozilla/5.0 (Windows NT 10.0; Win64; x64) AppleWebKit/537.36 (KHTML, like Gecko) Chrome/142.0.0.0 Safari/537.36"
5.112.235.169 - - [21/Nov/2025:20:39:53 +0330] "OPTIONS /auth/local HTTP/2" 204 0 "https://app.optimyar.com/" "Mozilla/5.0 (Windows NT 10.0; Win64; x64) AppleWebKit/537.36 (KHTML, like Gecko) Chrome/142.0.0.0 Safari/537.36"
5.112.235.169 - - [21/Nov/2025:20:39:53 +0330] "POST /auth/local HTTP/2" 200 294 "https://app.optimyar.com/" "Mozilla/5.0 (Windows NT 10.0; Win64; x64) AppleWebKit/537.36 (KHTML, like Gecko) Chrome/142.0.0.0 Safari/537.36"
5.112.235.169 - - [21/Nov/2025:20:41:15 +0330] "OPTIONS /user-courses?course_levels_in=636cf6dc239d8d854379a590&bankRefNo_null=false&isConfirm_eq=true&version=3000.99 HTTP/2" 204 0 "https://app.optimyar.com/" "Mozilla/5.0 (Windows NT 10.0; Win64; x64) AppleWebKit/537.36 (KHTML, like Gecko) Chrome/142.0.0.0 Safari/537.36"
5.112.235.169 - - [21/Nov/2025:20:41:15 +0330] "OPTIONS /discounts/getCurrentForLevel/636cf6dc239d8d854379a590 HTTP/2" 204 0 "https://app.optimyar.com/" "Mozilla/5.0 (Windows NT 10.0; Win64; x64) AppleWebKit/537.36 (KHTML, like Gecko) Chrome/142.0.0.0 Safari/537.36"
5.112.235.169 - - [21/Nov/2025:20:41:15 +0330] "GET /companies?version=3000.99 HTTP/2" 200 700 "https://app.optimyar.com/" "Mozilla/5.0 (Windows NT 10.0; Win64; x64) AppleWebKit/537.36 (KHTML, like Gecko) Chrome/142.0.0.0 Safari/537.36"
5.112.235.169 - - [21/Nov/2025:20:41:15 +0330] "GET /discounts/getCurrentForLevel/636cf6dc239d8d854379a590 HTTP/2" 200 2 "https://app.optimyar.com/" "Mozilla/5.0 (Windows NT 10.0; Win64; x64) AppleWebKit/537.36 (KHTML, like Gecko) Chrome/142.0.0.0 Safari/537.36"
5.112.235.169 - - [21/Nov/2025:20:41:15 +0330] "GET /user-courses?course_levels_in=636cf6dc239d8d854379a590&bankRefNo_null=false&isConfirm_eq=true&version=3000.99 HTTP/2" 200 2 "https://app.optimyar.com/" "Mozilla/5.0 (Windows NT 10.0; Win64; x64) AppleWebKit/537.36 (KHTML, like Gecko) Chrome/142.0.0.0 Safari/537.36"
5.112.235.169 - - [21/Nov/2025:20:41:15 +0330] "OPTIONS /course-levels/636cf6dc239d8d854379a590 HTTP/2" 204 0 "https://app.optimyar.com/" "Mozilla/5.0 (Windows NT 10.0; Win64; x64) AppleWebKit/537.36 (KHTML, like Gecko) Chrome/142.0.0.0 Safari/537.36"
5.112.235.169 - - [21/Nov/2025:20:41:15 +0330] "GET /course-levels/636cf6dc239d8d854379a590 HTTP/2" 200 644 "https://app.optimyar.com/" "Mozilla/5.0 (Windows NT 10.0; Win64; x64) AppleWebKit/537.36 (KHTML, like Gecko) Chrome/142.0.0.0 Safari/537.36"
137.208.45.96 - - [21/Nov/2025:20:41:35 +0330] "GET /companies?version=3000.99 HTTP/1.1" 200 700 "https://app.optimyar.com/" "Mozilla/5.0 (iPhone; CPU iPhone OS 18_5 like Mac OS X) AppleWebKit/605.1.15 (KHTML, like Gecko) Version/18.5 Mobile/22F76 Safari/604.1"
137.208.45.96 - - [21/Nov/2025:20:41:35 +0330] "GET /getPublicSessions?isPrivate=false HTTP/1.1" 200 188 "https://app.optimyar.com/" "Mozilla/5.0 (iPhone; CPU iPhone OS 18_5 like Mac OS X) AppleWebKit/605.1.15 (KHTML, like Gecko) Version/18.5 Mobile/22F76 Safari/604.1"
5.112.235.169 - - [21/Nov/2025:20:41:40 +0330] "OPTIONS /user-courses?course_levels_in=636536dfefbcaebe16d59ac9&bankRefNo_null=false&isConfirm_eq=true&version=3000.99 HTTP/2" 204 0 "https://app.optimyar.com/" "Mozilla/5.0 (Windows NT 10.0; Win64; x64) AppleWebKit/537.36 (KHTML, like Gecko) Chrome/142.0.0.0 Safari/537.36"
5.112.235.169 - - [21/Nov/2025:20:41:40 +0330] "OPTIONS /discounts/getCurrentForLevel/636536dfefbcaebe16d59ac9 HTTP/2" 204 0 "https://app.optimyar.com/" "Mozilla/5.0 (Windows NT 10.0; Win64; x64) AppleWebKit/537.36 (KHTML, like Gecko) Chrome/142.0.0.0 Safari/537.36"
5.112.235.169 - - [21/Nov/2025:20:41:40 +0330] "GET /companies?version=3000.99 HTTP/2" 200 700 "https://app.optimyar.com/" "Mozilla/5.0 (Windows NT 10.0; Win64; x64) AppleWebKit/537.36 (KHTML, like Gecko) Chrome/142.0.0.0 Safari/537.36"
5.112.235.169 - - [21/Nov/2025:20:41:40 +0330] "GET /discounts/getCurrentForLevel/636536dfefbcaebe16d59ac9 HTTP/2" 200 2 "https://app.optimyar.com/" "Mozilla/5.0 (Windows NT 10.0; Win64; x64) AppleWebKit/537.36 (KHTML, like Gecko) Chrome/142.0.0.0 Safari/537.36"
5.112.235.169 - - [21/Nov/2025:20:41:40 +0330] "GET /user-courses?course_levels_in=636536dfefbcaebe16d59ac9&bankRefNo_null=false&isConfirm_eq=true&version=3000.99 HTTP/2" 200 2 "https://app.optimyar.com/" "Mozilla/5.0 (Windows NT 10.0; Win64; x64) AppleWebKit/537.36 (KHTML, like Gecko) Chrome/142.0.0.0 Safari/537.36"
5.112.235.169 - - [21/Nov/2025:20:41:40 +0330] "OPTIONS /course-levels/636536dfefbcaebe16d59ac9 HTTP/2" 204 0 "https://app.optimyar.com/" "Mozilla/5.0 (Windows NT 10.0; Win64; x64) AppleWebKit/537.36 (KHTML, like Gecko) Chrome/142.0.0.0 Safari/537.36"
5.112.235.169 - - [21/Nov/2025:20:41:40 +0330] "GET /course-levels/636536dfefbcaebe16d59ac9 HTTP/2" 200 631 "https://app.optimyar.com/" "Mozilla/5.0 (Windows NT 10.0; Win64; x64) AppleWebKit/537.36 (KHTML, like Gecko) Chrome/142.0.0.0 Safari/537.36"
5.112.235.169 - - [21/Nov/2025:20:42:02 +0330] "OPTIONS /user-courses?course_levels_in=62e85ac85b8144649bfc2f11&bankRefNo_null=false&isConfirm_eq=true&version=3000.99 HTTP/2" 204 0 "https://app.optimyar.com/" "Mozilla/5.0 (Windows NT 10.0; Win64; x64) AppleWebKit/537.36 (KHTML, like Gecko) Chrome/142.0.0.0 Safari/537.36"
5.112.235.169 - - [21/Nov/2025:20:42:02 +0330] "OPTIONS /discounts/getCurrentForLevel/62e85ac85b8144649bfc2f11 HTTP/2" 204 0 "https://app.optimyar.com/" "Mozilla/5.0 (Windows NT 10.0; Win64; x64) AppleWebKit/537.36 (KHTML, like Gecko) Chrome/142.0.0.0 Safari/537.36"
5.112.235.169 - - [21/Nov/2025:20:42:02 +0330] "GET /companies?version=3000.99 HTTP/2" 200 700 "https://app.optimyar.com/" "Mozilla/5.0 (Windows NT 10.0; Win64; x64) AppleWebKit/537.36 (KHTML, like Gecko) Chrome/142.0.0.0 Safari/537.36"
5.112.235.169 - - [21/Nov/2025:20:42:02 +0330] "GET /discounts/getCurrentForLevel/62e85ac85b8144649bfc2f11 HTTP/2" 200 2 "https://app.optimyar.com/" "Mozilla/5.0 (Windows NT 10.0; Win64; x64) AppleWebKit/537.36 (KHTML, like Gecko) Chrome/142.0.0.0 Safari/537.36"
5.112.235.169 - - [21/Nov/2025:20:42:02 +0330] "GET /user-courses?course_levels_in=62e85ac85b8144649bfc2f11&bankRefNo_null=false&isConfirm_eq=true&version=3000.99 HTTP/2" 200 2 "https://app.optimyar.com/" "Mozilla/5.0 (Windows NT 10.0; Win64; x64) AppleWebKit/537.36 (KHTML, like Gecko) Chrome/142.0.0.0 Safari/537.36"
5.112.235.169 - - [21/Nov/2025:20:42:02 +0330] "OPTIONS /course-levels/62e85ac85b8144649bfc2f11 HTTP/2" 204 0 "https://app.optimyar.com/" "Mozilla/5.0 (Windows NT 10.0; Win64; x64) AppleWebKit/537.36 (KHTML, like Gecko) Chrome/142.0.0.0 Safari/537.36"
5.112.235.169 - - [21/Nov/2025:20:42:02 +0330] "GET /course-levels/62e85ac85b8144649bfc2f11 HTTP/2" 200 781 "https://app.optimyar.com/" "Mozilla/5.0 (Windows NT 10.0; Win64; x64) AppleWebKit/537.36 (KHTML, like Gecko) Chrome/142.0.0.0 Safari/537.36"
5.112.235.169 - - [21/Nov/2025:20:42:36 +0330] "OPTIONS /user-courses?course_levels_in=637d2eae68d3ff7ef1e09580&bankRefNo_null=false&isConfirm_eq=true&version=3000.99 HTTP/2" 204 0 "https://app.optimyar.com/" "Mozilla/5.0 (Windows NT 10.0; Win64; x64) AppleWebKit/537.36 (KHTML, like Gecko) Chrome/142.0.0.0 Safari/537.36"
5.112.235.169 - - [21/Nov/2025:20:42:36 +0330] "OPTIONS /discounts/getCurrentForLevel/637d2eae68d3ff7ef1e09580 HTTP/2" 204 0 "https://app.optimyar.com/" "Mozilla/5.0 (Windows NT 10.0; Win64; x64) AppleWebKit/537.36 (KHTML, like Gecko) Chrome/142.0.0.0 Safari/537.36"
5.112.235.169 - - [21/Nov/2025:20:42:36 +0330] "GET /companies?version=3000.99 HTTP/2" 200 700 "https://app.optimyar.com/" "Mozilla/5.0 (Windows NT 10.0; Win64; x64) AppleWebKit/537.36 (KHTML, like Gecko) Chrome/142.0.0.0 Safari/537.36"
5.112.235.169 - - [21/Nov/2025:20:42:36 +0330] "GET /user-courses?course_levels_in=637d2eae68d3ff7ef1e09580&bankRefNo_null=false&isConfirm_eq=true&version=3000.99 HTTP/2" 200 2 "https://app.optimyar.com/" "Mozilla/5.0 (Windows NT 10.0; Win64; x64) AppleWebKit/537.36 (KHTML, like Gecko) Chrome/142.0.0.0 Safari/537.36"
5.112.235.169 - - [21/Nov/2025:20:42:36 +0330] "GET /discounts/getCurrentForLevel/637d2eae68d3ff7ef1e09580 HTTP/2" 200 2 "https://app.optimyar.com/" "Mozilla/5.0 (Windows NT 10.0; Win64; x64) AppleWebKit/537.36 (KHTML, like Gecko) Chrome/142.0.0.0 Safari/537.36"
5.112.235.169 - - [21/Nov/2025:20:42:36 +0330] "OPTIONS /course-levels/637d2eae68d3ff7ef1e09580 HTTP/2" 204 0 "https://app.optimyar.com/" "Mozilla/5.0 (Windows NT 10.0; Win64; x64) AppleWebKit/537.36 (KHTML, like Gecko) Chrome/142.0.0.0 Safari/537.36"
5.112.235.169 - - [21/Nov/2025:20:42:36 +0330] "GET /course-levels/637d2eae68d3ff7ef1e09580 HTTP/2" 200 661 "https://app.optimyar.com/" "Mozilla/5.0 (Windows NT 10.0; Win64; x64) AppleWebKit/537.36 (KHTML, like Gecko) Chrome/142.0.0.0 Safari/537.36"
5.232.181.255 - - [21/Nov/2025:20:32:49 +0330] "GET /uploads/minilogo7_fd0c99920b.png HTTP/2" 200 25203 "https://app.optimyar.com/" "Mozilla/5.0 (Windows NT 10.0; Win64; x64) AppleWebKit/537.36 (KHTML, like Gecko) Chrome/142.0.0.0 Safari/537.36"
5.237.3.18 - - [21/Nov/2025:20:37:58 +0330] "GET /getMeetingInfoByInteralId/3efa903ac9a02637a99b227bc25ccb7d1b27a9f9-1763740276621 HTTP/2" 200 2217 "https://b3.optimyar.com/" "Mozilla/5.0 (Linux; Android 10; K) AppleWebKit/537.36 (KHTML, like Gecko) SamsungBrowser/29.0 Chrome/136.0.0.0 Mobile Safari/537.36"
5.112.235.169 - - [21/Nov/2025:20:39:34 +0330] "GET /uploads/minilogo7_fd0c99920b.png HTTP/1.1" 200 25203 "https://app.optimyar.com/" "Mozilla/5.0 (Windows NT 10.0; Win64; x64) AppleWebKit/537.36 (KHTML, like Gecko) Chrome/142.0.0.0 Safari/537.36"
5.112.235.169 - - [21/Nov/2025:20:39:53 +0330] "OPTIONS /user-courses?course_levels_in=62e85aad5b8144649bfc2f0f&bankRefNo_null=false&isConfirm_eq=true&version=3000.99 HTTP/1.1" 204 0 "https://app.optimyar.com/" "Mozilla/5.0 (Windows NT 10.0; Win64; x64) AppleWebKit/537.36 (KHTML, like Gecko) Chrome/142.0.0.0 Safari/537.36"
5.112.235.169 - - [21/Nov/2025:20:39:53 +0330] "OPTIONS /discounts/getCurrentForLevel/62e85aad5b8144649bfc2f0f HTTP/1.1" 204 0 "https://app.optimyar.com/" "Mozilla/5.0 (Windows NT 10.0; Win64; x64) AppleWebKit/537.36 (KHTML, like Gecko) Chrome/142.0.0.0 Safari/537.36"
5.112.235.169 - - [21/Nov/2025:20:39:53 +0330] "GET /user-courses?course_levels_in=62e85aad5b8144649bfc2f0f&bankRefNo_null=false&isConfirm_eq=true&version=3000.99 HTTP/1.1" 200 2 "https://app.optimyar.com/" "Mozilla/5.0 (Windows NT 10.0; Win64; x64) AppleWebKit/537.36 (KHTML, like Gecko) Chrome/142.0.0.0 Safari/537.36"
5.112.235.169 - - [21/Nov/2025:20:39:53 +0330] "GET /discounts/getCurrentForLevel/62e85aad5b8144649bfc2f0f HTTP/1.1" 200 2 "https://app.optimyar.com/" "Mozilla/5.0 (Windows NT 10.0; Win64; x64) AppleWebKit/537.36 (KHTML, like Gecko) Chrome/142.0.0.0 Safari/537.36"
5.112.235.169 - - [21/Nov/2025:20:39:54 +0330] "OPTIONS /course-levels/62e85aad5b8144649bfc2f0f HTTP/1.1" 204 0 "https://app.optimyar.com/" "Mozilla/5.0 (Windows NT 10.0; Win64; x64) AppleWebKit/537.36 (KHTML, like Gecko) Chrome/142.0.0.0 Safari/537.36"
5.112.235.169 - - [21/Nov/2025:20:39:54 +0330] "GET /course-levels/62e85aad5b8144649bfc2f0f HTTP/1.1" 200 579 "https://app.optimyar.com/" "Mozilla/5.0 (Windows NT 10.0; Win64; x64) AppleWebKit/537.36 (KHTML, like Gecko) Chrome/142.0.0.0 Safari/537.36"
5.112.235.169 - - [21/Nov/2025:20:44:19 +0330] "OPTIONS /user-courses?course_levels_in=63b93d4aad57ce768c6997ea&bankRefNo_null=false&isConfirm_eq=true&version=3000.99 HTTP/2" 204 0 "https://app.optimyar.com/" "Mozilla/5.0 (Windows NT 10.0; Win64; x64) AppleWebKit/537.36 (KHTML, like Gecko) Chrome/142.0.0.0 Safari/537.36"
5.112.235.169 - - [21/Nov/2025:20:44:19 +0330] "OPTIONS /discounts/getCurrentForLevel/63b93d4aad57ce768c6997ea HTTP/2" 204 0 "https://app.optimyar.com/" "Mozilla/5.0 (Windows NT 10.0; Win64; x64) AppleWebKit/537.36 (KHTML, like Gecko) Chrome/142.0.0.0 Safari/537.36"
5.112.235.169 - - [21/Nov/2025:20:44:19 +0330] "GET /companies?version=3000.99 HTTP/2" 200 700 "https://app.optimyar.com/" "Mozilla/5.0 (Windows NT 10.0; Win64; x64) AppleWebKit/537.36 (KHTML, like Gecko) Chrome/142.0.0.0 Safari/537.36"
5.112.235.169 - - [21/Nov/2025:20:44:19 +0330] "GET /discounts/getCurrentForLevel/63b93d4aad57ce768c6997ea HTTP/2" 200 2 "https://app.optimyar.com/" "Mozilla/5.0 (Windows NT 10.0; Win64; x64) AppleWebKit/537.36 (KHTML, like Gecko) Chrome/142.0.0.0 Safari/537.36"
5.112.235.169 - - [21/Nov/2025:20:44:19 +0330] "GET /user-courses?course_levels_in=63b93d4aad57ce768c6997ea&bankRefNo_null=false&isConfirm_eq=true&version=3000.99 HTTP/2" 200 2 "https://app.optimyar.com/" "Mozilla/5.0 (Windows NT 10.0; Win64; x64) AppleWebKit/537.36 (KHTML, like Gecko) Chrome/142.0.0.0 Safari/537.36"
5.112.235.169 - - [21/Nov/2025:20:44:19 +0330] "OPTIONS /course-levels/63b93d4aad57ce768c6997ea HTTP/2" 204 0 "https://app.optimyar.com/" "Mozilla/5.0 (Windows NT 10.0; Win64; x64) AppleWebKit/537.36 (KHTML, like Gecko) Chrome/142.0.0.0 Safari/537.36"
5.112.235.169 - - [21/Nov/2025:20:44:20 +0330] "GET /course-levels/63b93d4aad57ce768c6997ea HTTP/2" 200 713 "https://app.optimyar.com/" "Mozilla/5.0 (Windows NT 10.0; Win64; x64) AppleWebKit/537.36 (KHTML, like Gecko) Chrome/142.0.0.0 Safari/537.36"
5.112.235.169 - - [21/Nov/2025:20:44:58 +0330] "OPTIONS /user-courses?course_levels_in=6376762655be478e44096c2e&bankRefNo_null=false&isConfirm_eq=true&version=3000.99 HTTP/2" 204 0 "https://app.optimyar.com/" "Mozilla/5.0 (Windows NT 10.0; Win64; x64) AppleWebKit/537.36 (KHTML, like Gecko) Chrome/142.0.0.0 Safari/537.36"
5.112.235.169 - - [21/Nov/2025:20:44:58 +0330] "OPTIONS /discounts/getCurrentForLevel/6376762655be478e44096c2e HTTP/2" 204 0 "https://app.optimyar.com/" "Mozilla/5.0 (Windows NT 10.0; Win64; x64) AppleWebKit/537.36 (KHTML, like Gecko) Chrome/142.0.0.0 Safari/537.36"
5.112.235.169 - - [21/Nov/2025:20:44:58 +0330] "GET /companies?version=3000.99 HTTP/2" 200 700 "https://app.optimyar.com/" "Mozilla/5.0 (Windows NT 10.0; Win64; x64) AppleWebKit/537.36 (KHTML, like Gecko) Chrome/142.0.0.0 Safari/537.36"
5.112.235.169 - - [21/Nov/2025:20:44:58 +0330] "GET /discounts/getCurrentForLevel/6376762655be478e44096c2e HTTP/2" 200 2 "https://app.optimyar.com/" "Mozilla/5.0 (Windows NT 10.0; Win64; x64) AppleWebKit/537.36 (KHTML, like Gecko) Chrome/142.0.0.0 Safari/537.36"
5.112.235.169 - - [21/Nov/2025:20:44:58 +0330] "GET /user-courses?course_levels_in=6376762655be478e44096c2e&bankRefNo_null=false&isConfirm_eq=true&version=3000.99 HTTP/2" 200 2 "https://app.optimyar.com/" "Mozilla/5.0 (Windows NT 10.0; Win64; x64) AppleWebKit/537.36 (KHTML, like Gecko) Chrome/142.0.0.0 Safari/537.36"
5.112.235.169 - - [21/Nov/2025:20:44:58 +0330] "OPTIONS /course-levels/6376762655be478e44096c2e HTTP/2" 204 0 "https://app.optimyar.com/" "Mozilla/5.0 (Windows NT 10.0; Win64; x64) AppleWebKit/537.36 (KHTML, like Gecko) Chrome/142.0.0.0 Safari/537.36"
5.112.235.169 - - [21/Nov/2025:20:44:58 +0330] "GET /course-levels/6376762655be478e44096c2e HTTP/2" 200 733 "https://app.optimyar.com/" "Mozilla/5.0 (Windows NT 10.0; Win64; x64) AppleWebKit/537.36 (KHTML, like Gecko) Chrome/142.0.0.0 Safari/537.36"
5.112.235.169 - - [21/Nov/2025:20:47:35 +0330] "OPTIONS /user-courses?course_levels_in=636cfbdb239d8d854379a5a3&bankRefNo_null=false&isConfirm_eq=true&version=3000.99 HTTP/2" 204 0 "https://app.optimyar.com/" "Mozilla/5.0 (Windows NT 10.0; Win64; x64) AppleWebKit/537.36 (KHTML, like Gecko) Chrome/142.0.0.0 Safari/537.36"
5.112.235.169 - - [21/Nov/2025:20:47:35 +0330] "OPTIONS /discounts/getCurrentForLevel/636cfbdb239d8d854379a5a3 HTTP/2" 204 0 "https://app.optimyar.com/" "Mozilla/5.0 (Windows NT 10.0; Win64; x64) AppleWebKit/537.36 (KHTML, like Gecko) Chrome/142.0.0.0 Safari/537.36"
5.112.235.169 - - [21/Nov/2025:20:47:35 +0330] "GET /companies?version=3000.99 HTTP/2" 200 700 "https://app.optimyar.com/" "Mozilla/5.0 (Windows NT 10.0; Win64; x64) AppleWebKit/537.36 (KHTML, like Gecko) Chrome/142.0.0.0 Safari/537.36"
5.112.235.169 - - [21/Nov/2025:20:47:35 +0330] "GET /discounts/getCurrentForLevel/636cfbdb239d8d854379a5a3 HTTP/2" 200 2 "https://app.optimyar.com/" "Mozilla/5.0 (Windows NT 10.0; Win64; x64) AppleWebKit/537.36 (KHTML, like Gecko) Chrome/142.0.0.0 Safari/537.36"
5.112.235.169 - - [21/Nov/2025:20:47:35 +0330] "GET /user-courses?course_levels_in=636cfbdb239d8d854379a5a3&bankRefNo_null=false&isConfirm_eq=true&version=3000.99 HTTP/2" 200 2 "https://app.optimyar.com/" "Mozilla/5.0 (Windows NT 10.0; Win64; x64) AppleWebKit/537.36 (KHTML, like Gecko) Chrome/142.0.0.0 Safari/537.36"
5.112.235.169 - - [21/Nov/2025:20:47:35 +0330] "OPTIONS /course-levels/636cfbdb239d8d854379a5a3 HTTP/1.1" 204 0 "https://app.optimyar.com/" "Mozilla/5.0 (Windows NT 10.0; Win64; x64) AppleWebKit/537.36 (KHTML, like Gecko) Chrome/142.0.0.0 Safari/537.36"
5.112.235.169 - - [21/Nov/2025:20:47:35 +0330] "GET /course-levels/636cfbdb239d8d854379a5a3 HTTP/1.1" 200 842 "https://app.optimyar.com/" "Mozilla/5.0 (Windows NT 10.0; Win64; x64) AppleWebKit/537.36 (KHTML, like Gecko) Chrome/142.0.0.0 Safari/537.36"
5.112.235.169 - - [21/Nov/2025:20:43:03 +0330] "OPTIONS /user-courses?course_levels_in=63825dd15eb93156570e627d&bankRefNo_null=false&isConfirm_eq=true&version=3000.99 HTTP/2" 204 0 "https://app.optimyar.com/" "Mozilla/5.0 (Windows NT 10.0; Win64; x64) AppleWebKit/537.36 (KHTML, like Gecko) Chrome/142.0.0.0 Safari/537.36"
5.112.235.169 - - [21/Nov/2025:20:43:03 +0330] "OPTIONS /discounts/getCurrentForLevel/63825dd15eb93156570e627d HTTP/2" 204 0 "https://app.optimyar.com/" "Mozilla/5.0 (Windows NT 10.0; Win64; x64) AppleWebKit/537.36 (KHTML, like Gecko) Chrome/142.0.0.0 Safari/537.36"
5.112.235.169 - - [21/Nov/2025:20:43:03 +0330] "GET /companies?version=3000.99 HTTP/2" 200 700 "https://app.optimyar.com/" "Mozilla/5.0 (Windows NT 10.0; Win64; x64) AppleWebKit/537.36 (KHTML, like Gecko) Chrome/142.0.0.0 Safari/537.36"
5.112.235.169 - - [21/Nov/2025:20:43:03 +0330] "GET /user-courses?course_levels_in=63825dd15eb93156570e627d&bankRefNo_null=false&isConfirm_eq=true&version=3000.99 HTTP/2" 200 2 "https://app.optimyar.com/" "Mozilla/5.0 (Windows NT 10.0; Win64; x64) AppleWebKit/537.36 (KHTML, like Gecko) Chrome/142.0.0.0 Safari/537.36"
5.112.235.169 - - [21/Nov/2025:20:43:03 +0330] "GET /discounts/getCurrentForLevel/63825dd15eb93156570e627d HTTP/2" 200 2 "https://app.optimyar.com/" "Mozilla/5.0 (Windows NT 10.0; Win64; x64) AppleWebKit/537.36 (KHTML, like Gecko) Chrome/142.0.0.0 Safari/537.36"
5.112.235.169 - - [21/Nov/2025:20:43:03 +0330] "OPTIONS /course-levels/63825dd15eb93156570e627d HTTP/2" 204 0 "https://app.optimyar.com/" "Mozilla/5.0 (Windows NT 10.0; Win64; x64) AppleWebKit/537.36 (KHTML, like Gecko) Chrome/142.0.0.0 Safari/537.36"
5.112.235.169 - - [21/Nov/2025:20:43:03 +0330] "GET /course-levels/63825dd15eb93156570e627d HTTP/2" 200 610 "https://app.optimyar.com/" "Mozilla/5.0 (Windows NT 10.0; Win64; x64) AppleWebKit/537.36 (KHTML, like Gecko) Chrome/142.0.0.0 Safari/537.36"
37.98.62.118 - - [21/Nov/2025:20:49:56 +0330] "POST /startPublicSession HTTP/2" 200 196 "https://app.optimyar.com/" "Mozilla/5.0 (Linux; Android 12; K) AppleWebKit/537.36 (KHTML, like Gecko) Chrome/142.0.7444.102 Mobile Safari/537.36"
37.98.62.118 - - [21/Nov/2025:20:50:05 +0330] "GET /getMeetingInfoByInteralId/3efa903ac9a02637a99b227bc25ccb7d1b27a9f9-1763740276621 HTTP/2" 200 2132 "https://b3.optimyar.com/" "Mozilla/5.0 (Linux; Android 12; K) AppleWebKit/537.36 (KHTML, like Gecko) Chrome/142.0.7444.102 Mobile Safari/537.36"
