178.131.7.132 - - [21/Nov/2025:19:27:17 +0330] "POST /auth/local HTTP/1.1" 200 307 "https://app.optimyar.com/" "Mozilla/5.0 (Windows NT 10.0; Win64; x64) AppleWebKit/537.36 (KHTML, like Gecko) Chrome/142.0.0.0 Safari/537.36"
178.131.7.132 - - [21/Nov/2025:19:27:18 +0330] "GET /user-courses?isConfirm=true&_sort=buyDate:DESC&version=3000.99 HTTP/1.1" 200 2 "https://app.optimyar.com/" "Mozilla/5.0 (Windows NT 10.0; Win64; x64) AppleWebKit/537.36 (KHTML, like Gecko) Chrome/142.0.0.0 Safari/537.36"
5.121.82.206 - - [21/Nov/2025:19:27:18 +0330] "GET /admin/75614cfcfedd509b1f7ac1c26c53bb7f.woff2 HTTP/1.1" 200 182708 "https://api.optimyar.com/admin" "Mozilla/5.0 (Windows NT 10.0; Win64; x64; rv:145.0) Gecko/20100101 Firefox/145.0"
5.121.82.206 - - [21/Nov/2025:19:27:18 +0330] "GET /admin/a6069540692725c247f13984a9598a92.woff2 HTTP/1.1" 200 184076 "https://api.optimyar.com/admin" "Mozilla/5.0 (Windows NT 10.0; Win64; x64; rv:145.0) Gecko/20100101 Firefox/145.0"
5.121.82.206 - - [21/Nov/2025:19:27:18 +0330] "GET /admin/842e7845f3f8e943ff712a39617b6b70.svg HTTP/1.1" 200 814 "https://api.optimyar.com/admin" "Mozilla/5.0 (Windows NT 10.0; Win64; x64; rv:145.0) Gecko/20100101 Firefox/145.0"
5.121.82.206 - - [21/Nov/2025:19:27:18 +0330] "GET /admin/07109cdae9f760e8d97c89788c9dc9df.png HTTP/1.1" 200 30212 "https://api.optimyar.com/admin/auth/login" "Mozilla/5.0 (Windows NT 10.0; Win64; x64; rv:145.0) Gecko/20100101 Firefox/145.0"
5.121.82.206 - - [21/Nov/2025:19:27:18 +0330] "GET /admin/21b3848a32fce5b0f5014948186f6964.woff2 HTTP/1.1" 200 184912 "https://api.optimyar.com/admin" "Mozilla/5.0 (Windows NT 10.0; Win64; x64; rv:145.0) Gecko/20100101 Firefox/145.0"
2.177.76.249 - - [21/Nov/2025:19:27:18 +0330] "OPTIONS /startPublicSession HTTP/2" 204 0 "https://app.optimyar.com/" "Mozilla/5.0 (Linux; Android 10; K) AppleWebKit/537.36 (KHTML, like Gecko) SamsungBrowser/29.0 Chrome/136.0.0.0 Mobile Safari/537.36"
2.177.76.249 - - [21/Nov/2025:19:27:18 +0330] "POST /startPublicSession HTTP/2" 200 236 "https://app.optimyar.com/" "Mozilla/5.0 (Linux; Android 10; K) AppleWebKit/537.36 (KHTML, like Gecko) SamsungBrowser/29.0 Chrome/136.0.0.0 Mobile Safari/537.36"
5.121.82.206 - - [21/Nov/2025:19:27:20 +0330] "POST /admin/login HTTP/1.1" 200 483 "https://api.optimyar.com/admin/auth/login" "Mozilla/5.0 (Windows NT 10.0; Win64; x64; rv:145.0) Gecko/20100101 Firefox/145.0"
5.121.82.206 - - [21/Nov/2025:19:27:21 +0330] "GET /content-manager/content-types HTTP/1.1" 200 2691 "https://api.optimyar.com/admin/" "Mozilla/5.0 (Windows NT 10.0; Win64; x64; rv:145.0) Gecko/20100101 Firefox/145.0"
5.121.82.206 - - [21/Nov/2025:19:27:21 +0330] "GET /admin/information HTTP/1.1" 200 137 "https://api.optimyar.com/admin/" "Mozilla/5.0 (Windows NT 10.0; Win64; x64; rv:145.0) Gecko/20100101 Firefox/145.0"
5.121.82.206 - - [21/Nov/2025:19:27:22 +0330] "GET /admin/users/me/permissions HTTP/1.1" 200 2125 "https://api.optimyar.com/admin/" "Mozilla/5.0 (Windows NT 10.0; Win64; x64; rv:145.0) Gecko/20100101 Firefox/145.0"
5.121.82.206 - - [21/Nov/2025:19:27:23 +0330] "GET /admin/0063b2cc64d976ac36f211442466d0ac.png HTTP/1.1" 200 24050 "https://api.optimyar.com/admin" "Mozilla/5.0 (Windows NT 10.0; Win64; x64; rv:145.0) Gecko/20100101 Firefox/145.0"
5.121.82.206 - - [21/Nov/2025:19:27:23 +0330] "GET /content-manager/content-types HTTP/1.1" 200 2691 "https://api.optimyar.com/admin/" "Mozilla/5.0 (Windows NT 10.0; Win64; x64; rv:145.0) Gecko/20100101 Firefox/145.0"
5.121.82.206 - - [21/Nov/2025:19:27:23 +0330] "GET /content-manager/components HTTP/1.1" 200 11 "https://api.optimyar.com/admin/" "Mozilla/5.0 (Windows NT 10.0; Win64; x64; rv:145.0) Gecko/20100101 Firefox/145.0"
5.121.82.206 - - [21/Nov/2025:19:27:23 +0330] "GET /content-manager/content-types HTTP/1.1" 200 2691 "https://api.optimyar.com/admin/" "Mozilla/5.0 (Windows NT 10.0; Win64; x64; rv:145.0) Gecko/20100101 Firefox/145.0"
5.121.82.206 - - [21/Nov/2025:19:27:24 +0330] "GET /admin/1551f4f60c37af51121f106501f69b80.woff2 HTTP/1.1" 200 78268 "https://api.optimyar.com/admin" "Mozilla/5.0 (Windows NT 10.0; Win64; x64; rv:145.0) Gecko/20100101 Firefox/145.0"
5.121.82.206 - - [21/Nov/2025:19:27:24 +0330] "GET /admin/6d20cff5b3255dd0078f935c34e2b882.woff2 HTTP/1.1" 200 176748 "https://api.optimyar.com/admin" "Mozilla/5.0 (Windows NT 10.0; Win64; x64; rv:145.0) Gecko/20100101 Firefox/145.0"
5.121.82.206 - - [21/Nov/2025:19:27:24 +0330] "GET /admin/f46a81c3d1d3a648af68cffd4d0bba1d.png HTTP/1.1" 200 3005 "https://api.optimyar.com/admin/" "Mozilla/5.0 (Windows NT 10.0; Win64; x64; rv:145.0) Gecko/20100101 Firefox/145.0"
5.121.82.206 - - [21/Nov/2025:19:27:24 +0330] "GET /admin/a4234d384f7c58f2f5f90cfb08cee1e1.png HTTP/1.1" 200 4885 "https://api.optimyar.com/admin/" "Mozilla/5.0 (Windows NT 10.0; Win64; x64; rv:145.0) Gecko/20100101 Firefox/145.0"
5.121.82.206 - - [21/Nov/2025:19:27:24 +0330] "GET /admin/2fa5de8209723e8dc08c8aee4644da58.png HTTP/1.1" 200 2623 "https://api.optimyar.com/admin/" "Mozilla/5.0 (Windows NT 10.0; Win64; x64; rv:145.0) Gecko/20100101 Firefox/145.0"
5.121.82.206 - - [21/Nov/2025:19:27:24 +0330] "GET /admin/f16ac9b228b18810dd7cd6313764c007.png HTTP/1.1" 200 2711 "https://api.optimyar.com/admin/" "Mozilla/5.0 (Windows NT 10.0; Win64; x64; rv:145.0) Gecko/20100101 Firefox/145.0"
5.121.82.206 - - [21/Nov/2025:19:27:24 +0330] "GET /admin/3dd22e0349b2d2a7b7c998ad0bdb03df.png HTTP/1.1" 200 2543 "https://api.optimyar.com/admin/" "Mozilla/5.0 (Windows NT 10.0; Win64; x64; rv:145.0) Gecko/20100101 Firefox/145.0"
5.121.82.206 - - [21/Nov/2025:19:27:24 +0330] "GET /admin/7b77ea7e971bd3774dac8db799dfcef7.png HTTP/1.1" 200 1634 "https://api.optimyar.com/admin/" "Mozilla/5.0 (Windows NT 10.0; Win64; x64; rv:145.0) Gecko/20100101 Firefox/145.0"
5.121.82.206 - - [21/Nov/2025:19:27:24 +0330] "GET /admin/7a3337626410ca2f40718481c755640f.woff2 HTTP/1.1" 200 13224 "https://api.optimyar.com/admin" "Mozilla/5.0 (Windows NT 10.0; Win64; x64; rv:145.0) Gecko/20100101 Firefox/145.0"
5.121.82.206 - - [21/Nov/2025:19:27:24 +0330] "GET /admin/d878b0a6a1144760244ff0665888404c.woff2 HTTP/1.1" 200 76736 "https://api.optimyar.com/admin" "Mozilla/5.0 (Windows NT 10.0; Win64; x64; rv:145.0) Gecko/20100101 Firefox/145.0"
164.215.161.201 - - [21/Nov/2025:19:27:27 +0330] "OPTIONS /startPublicSession HTTP/2" 204 0 "https://app.optimyar.com/" "Mozilla/5.0 (Linux; Android 16; K) AppleWebKit/537.36 (KHTML, like Gecko) Chrome/142.0.7444.102 Mobile Safari/537.36"
164.215.161.201 - - [21/Nov/2025:19:27:27 +0330] "POST /startPublicSession HTTP/2" 200 241 "https://app.optimyar.com/" "Mozilla/5.0 (Linux; Android 16; K) AppleWebKit/537.36 (KHTML, like Gecko) Chrome/142.0.7444.102 Mobile Safari/537.36"
2.177.76.249 - - [21/Nov/2025:19:27:29 +0330] "GET /getMeetingInfoByInteralId/3efa903ac9a02637a99b227bc25ccb7d1b27a9f9-1763740276621 HTTP/2" 200 1089 "https://b3.optimyar.com/" "Mozilla/5.0 (Linux; Android 10; K) AppleWebKit/537.36 (KHTML, like Gecko) SamsungBrowser/29.0 Chrome/136.0.0.0 Mobile Safari/537.36"
5.121.82.206 - - [21/Nov/2025:19:27:29 +0330] "GET /content-manager/components HTTP/1.1" 200 11 "https://api.optimyar.com/admin/plugins/content-manager/collectionType/application::session.session" "Mozilla/5.0 (Windows NT 10.0; Win64; x64; rv:145.0) Gecko/20100101 Firefox/145.0"
5.121.82.206 - - [21/Nov/2025:19:27:29 +0330] "GET /content-manager/content-types HTTP/1.1" 200 2691 "https://api.optimyar.com/admin/plugins/content-manager/collectionType/application::session.session" "Mozilla/5.0 (Windows NT 10.0; Win64; x64; rv:145.0) Gecko/20100101 Firefox/145.0"
5.121.82.206 - - [21/Nov/2025:19:27:29 +0330] "GET /content-manager/content-types/application::session.session/configuration HTTP/1.1" 200 768 "https://api.optimyar.com/admin/plugins/content-manager/collectionType/application::session.session" "Mozilla/5.0 (Windows NT 10.0; Win64; x64; rv:145.0) Gecko/20100101 Firefox/145.0"
5.121.82.206 - - [21/Nov/2025:19:27:30 +0330] "GET /content-manager/collection-types/application::session.session?page=1&pageSize=10&_sort=id:ASC HTTP/1.1" 200 1729 "https://api.optimyar.com/admin/plugins/content-manager/collectionType/application::session.session" "Mozilla/5.0 (Windows NT 10.0; Win64; x64; rv:145.0) Gecko/20100101 Firefox/145.0"
5.121.82.206 - - [21/Nov/2025:19:27:33 +0330] "GET /content-manager/collection-types/application::session.session?page=217&pageSize=10&_sort=id:ASC HTTP/1.1" 200 1038 "https://api.optimyar.com/admin/plugins/content-manager/collectionType/application::session.session?page=217&pageSize=10&_sort=id:ASC" "Mozilla/5.0 (Windows NT 10.0; Win64; x64; rv:145.0) Gecko/20100101 Firefox/145.0"
178.131.7.132 - - [21/Nov/2025:19:27:34 +0330] "GET /uploads/minilogo7_fd0c99920b.png HTTP/1.1" 200 25203 "https://app.optimyar.com/" "Mozilla/5.0 (Windows NT 10.0; Win64; x64) AppleWebKit/537.36 (KHTML, like Gecko) Chrome/142.0.0.0 Safari/537.36"
194.225.232.131 - - [21/Nov/2025:19:27:39 +0330] "GET /getPublicSessions?isPrivate=false HTTP/2" 200 188 "https://app.optimyar.com/" "Mozilla/5.0 (Windows NT 10.0; Win64; x64; rv:145.0) Gecko/20100101 Firefox/145.0"
194.225.232.131 - - [21/Nov/2025:19:27:39 +0330] "GET /companies?version=3000.99 HTTP/2" 200 700 "https://app.optimyar.com/" "Mozilla/5.0 (Windows NT 10.0; Win64; x64; rv:145.0) Gecko/20100101 Firefox/145.0"
164.215.161.201 - - [21/Nov/2025:19:27:44 +0330] "GET /getMeetingInfoByInteralId/3efa903ac9a02637a99b227bc25ccb7d1b27a9f9-1763740276621 HTTP/1.1" 200 1165 "https://b3.optimyar.com/" "Mozilla/5.0 (Linux; Android 16; K) AppleWebKit/537.36 (KHTML, like Gecko) Chrome/142.0.7444.102 Mobile Safari/537.36"
5.121.82.206 - - [21/Nov/2025:19:27:44 +0330] "GET /content-manager/collection-types/application::session.session/69204e90a0f0fa6ff2ba7ff4 HTTP/1.1" 200 350 "https://api.optimyar.com/admin/plugins/content-manager/collectionType/application::session.session/69204e90a0f0fa6ff2ba7ff4" "Mozilla/5.0 (Windows NT 10.0; Win64; x64; rv:145.0) Gecko/20100101 Firefox/145.0"
5.122.236.247 - - [21/Nov/2025:19:27:46 +0330] "GET /captchas/make?version=3000.99 HTTP/2" 200 6199 "https://app.optimyar.com/" "Mozilla/5.0 (Windows NT 10.0; Win64; x64) AppleWebKit/537.36 (KHTML, like Gecko) Chrome/142.0.0.0 Safari/537.36 Edg/142.0.0.0"
194.225.232.131 - - [21/Nov/2025:19:27:48 +0330] "OPTIONS /startPublicSession HTTP/1.1" 204 0 "https://app.optimyar.com/" "Mozilla/5.0 (Windows NT 10.0; Win64; x64; rv:145.0) Gecko/20100101 Firefox/145.0"
194.225.232.131 - - [21/Nov/2025:19:27:48 +0330] "POST /startPublicSession HTTP/1.1" 200 222 "https://app.optimyar.com/" "Mozilla/5.0 (Windows NT 10.0; Win64; x64; rv:145.0) Gecko/20100101 Firefox/145.0"
216.106.188.208 - - [21/Nov/2025:19:27:49 +0330] "OPTIONS /startPublicSession HTTP/2" 204 0 "https://app.optimyar.com/" "Mozilla/5.0 (iPhone; CPU iPhone OS 18_7 like Mac OS X) AppleWebKit/605.1.15 (KHTML, like Gecko) Version/26.0.1 Mobile/23A355 Safari/604.1"
2.145.151.245 - - [21/Nov/2025:19:27:53 +0330] "GET /getMeetingInfoByInteralId/3efa903ac9a02637a99b227bc25ccb7d1b27a9f9-1763740276621 HTTP/1.1" 200 1194 "https://b3.optimyar.com/" "Mozilla/5.0 (Macintosh; Intel Mac OS X 10_15_7) AppleWebKit/537.36 (KHTML, like Gecko) Chrome/142.0.0.0 Safari/537.36"
194.225.232.131 - - [21/Nov/2025:19:27:55 +0330] "GET /getMeetingInfoByInteralId/3efa903ac9a02637a99b227bc25ccb7d1b27a9f9-1763740276621 HTTP/1.1" 200 1194 "https://b3.optimyar.com/" "Mozilla/5.0 (Windows NT 10.0; Win64; x64; rv:145.0) Gecko/20100101 Firefox/145.0"
5.122.236.247 - - [21/Nov/2025:19:27:56 +0330] "POST /auth/local HTTP/2" 400 121 "https://app.optimyar.com/" "Mozilla/5.0 (Windows NT 10.0; Win64; x64) AppleWebKit/537.36 (KHTML, like Gecko) Chrome/142.0.0.0 Safari/537.36 Edg/142.0.0.0"
5.122.236.247 - - [21/Nov/2025:19:27:56 +0330] "GET /captchas/make?version=3000.99 HTTP/2" 200 6023 "https://app.optimyar.com/" "Mozilla/5.0 (Windows NT 10.0; Win64; x64) AppleWebKit/537.36 (KHTML, like Gecko) Chrome/142.0.0.0 Safari/537.36 Edg/142.0.0.0"
5.122.236.247 - - [21/Nov/2025:19:28:04 +0330] "GET /captchas/make?version=3000.99 HTTP/2" 200 5286 "https://app.optimyar.com/" "Mozilla/5.0 (Windows NT 10.0; Win64; x64) AppleWebKit/537.36 (KHTML, like Gecko) Chrome/142.0.0.0 Safari/537.36 Edg/142.0.0.0"
178.131.7.132 - - [21/Nov/2025:19:27:23 +0330] "POST /certifications/getCertifications HTTP/1.1" 200 89 "https://app.optimyar.com/" "Mozilla/5.0 (Windows NT 10.0; Win64; x64) AppleWebKit/537.36 (KHTML, like Gecko) Chrome/142.0.0.0 Safari/537.36"
5.211.219.139 - - [21/Nov/2025:19:27:23 +0330] "GET /getMeetingInfoByInteralId/3efa903ac9a02637a99b227bc25ccb7d1b27a9f9-1763740276621 HTTP/1.1" 200 1050 "https://b3.optimyar.com/" "Mozilla/5.0 (Windows NT 10.0; Win64; x64) AppleWebKit/537.36 (KHTML, like Gecko) Chrome/142.0.0.0 Safari/537.36 Edg/142.0.0.0"
216.106.188.208 - - [21/Nov/2025:19:27:26 +0330] "GET /companies?version=3000.99 HTTP/2" 200 700 "https://app.optimyar.com/" "Mozilla/5.0 (iPhone; CPU iPhone OS 18_7 like Mac OS X) AppleWebKit/605.1.15 (KHTML, like Gecko) Version/26.0.1 Mobile/23A355 Safari/604.1"
216.106.188.208 - - [21/Nov/2025:19:27:26 +0330] "GET /getPublicSessions?isPrivate=false HTTP/2" 200 188 "https://app.optimyar.com/" "Mozilla/5.0 (iPhone; CPU iPhone OS 18_7 like Mac OS X) AppleWebKit/605.1.15 (KHTML, like Gecko) Version/26.0.1 Mobile/23A355 Safari/604.1"
209.25.185.61 - - [21/Nov/2025:19:27:30 +0330] "OPTIONS /startPublicSession HTTP/2" 204 0 "https://app.optimyar.com/" "Mozilla/5.0 (Macintosh; Intel Mac OS X 10_15_7) AppleWebKit/537.36 (KHTML, like Gecko) Chrome/142.0.0.0 Safari/537.36"
209.25.185.61 - - [21/Nov/2025:19:27:30 +0330] "POST /startPublicSession HTTP/2" 200 208 "https://app.optimyar.com/" "Mozilla/5.0 (Macintosh; Intel Mac OS X 10_15_7) AppleWebKit/537.36 (KHTML, like Gecko) Chrome/142.0.0.0 Safari/537.36"
178.131.7.132 - - [21/Nov/2025:19:27:33 +0330] "GET /captchas/make?version=3000.99 HTTP/1.1" 200 6160 "https://app.optimyar.com/" "Mozilla/5.0 (Windows NT 10.0; Win64; x64) AppleWebKit/537.36 (KHTML, like Gecko) Chrome/142.0.0.0 Safari/537.36"
178.131.7.132 - - [21/Nov/2025:19:27:33 +0330] "GET /companies?version=3000.99 HTTP/1.1" 200 700 "https://app.optimyar.com/" "Mozilla/5.0 (Windows NT 10.0; Win64; x64) AppleWebKit/537.36 (KHTML, like Gecko) Chrome/142.0.0.0 Safari/537.36"
2.145.151.245 - - [21/Nov/2025:19:27:39 +0330] "GET /companies?version=3000.99 HTTP/2" 200 700 "https://app.optimyar.com/" "Mozilla/5.0 (Macintosh; Intel Mac OS X 10_15_7) AppleWebKit/537.36 (KHTML, like Gecko) Chrome/142.0.0.0 Safari/537.36"
2.145.151.245 - - [21/Nov/2025:19:27:39 +0330] "GET /getPublicSessions?isPrivate=false HTTP/2" 200 188 "https://app.optimyar.com/" "Mozilla/5.0 (Macintosh; Intel Mac OS X 10_15_7) AppleWebKit/537.36 (KHTML, like Gecko) Chrome/142.0.0.0 Safari/537.36"
209.25.185.61 - - [21/Nov/2025:19:27:40 +0330] "GET /getMeetingInfoByInteralId/3efa903ac9a02637a99b227bc25ccb7d1b27a9f9-1763740276621 HTTP/1.1" 200 1169 "https://b3.optimyar.com/" "Mozilla/5.0 (Macintosh; Intel Mac OS X 10_15_7) AppleWebKit/537.36 (KHTML, like Gecko) Chrome/142.0.0.0 Safari/537.36"
2.145.151.245 - - [21/Nov/2025:19:27:47 +0330] "POST /startPublicSession HTTP/2" 200 240 "https://app.optimyar.com/" "Mozilla/5.0 (Macintosh; Intel Mac OS X 10_15_7) AppleWebKit/537.36 (KHTML, like Gecko) Chrome/142.0.0.0 Safari/537.36"
216.106.188.208 - - [21/Nov/2025:19:27:49 +0330] "POST /startPublicSession HTTP/2" 200 191 "https://app.optimyar.com/" "Mozilla/5.0 (iPhone; CPU iPhone OS 18_7 like Mac OS X) AppleWebKit/605.1.15 (KHTML, like Gecko) Version/26.0.1 Mobile/23A355 Safari/604.1"
216.106.188.208 - - [21/Nov/2025:19:27:58 +0330] "GET /getMeetingInfoByInteralId/3efa903ac9a02637a99b227bc25ccb7d1b27a9f9-1763740276621 HTTP/2" 200 1225 "https://b3.optimyar.com/" "Mozilla/5.0 (iPhone; CPU iPhone OS 18_7 like Mac OS X) AppleWebKit/605.1.15 (KHTML, like Gecko) Version/26.0.1 Mobile/23A355 Safari/604.1"
89.196.170.96 - - [21/Nov/2025:19:28:15 +0330] "GET /getPublicSessions?isPrivate=false HTTP/1.1" 200 188 "https://app.optimyar.com/" "Mozilla/5.0 (Linux; Android 14; K) AppleWebKit/537.36 (KHTML, like Gecko) Chrome/141.0.7390.122 Mobile Safari/537.36"
89.196.170.96 - - [21/Nov/2025:19:28:15 +0330] "GET /companies?version=3000.99 HTTP/1.1" 200 700 "https://app.optimyar.com/" "Mozilla/5.0 (Linux; Android 14; K) AppleWebKit/537.36 (KHTML, like Gecko) Chrome/141.0.7390.122 Mobile Safari/537.36"
203.132.71.38 - - [21/Nov/2025:19:28:18 +0330] "GET /companies?version=3000.99 HTTP/2" 200 700 "https://app.optimyar.com/" "Mozilla/5.0 (Windows NT 10.0; Win64; x64) AppleWebKit/537.36 (KHTML, like Gecko) Chrome/142.0.0.0 Safari/537.36"
203.132.71.38 - - [21/Nov/2025:19:28:18 +0330] "GET /getPublicSessions?isPrivate=false HTTP/2" 200 188 "https://app.optimyar.com/" "Mozilla/5.0 (Windows NT 10.0; Win64; x64) AppleWebKit/537.36 (KHTML, like Gecko) Chrome/142.0.0.0 Safari/537.36"
203.132.71.38 - - [21/Nov/2025:19:28:24 +0330] "OPTIONS /startPublicSession HTTP/1.1" 204 0 "https://app.optimyar.com/" "Mozilla/5.0 (Windows NT 10.0; Win64; x64) AppleWebKit/537.36 (KHTML, like Gecko) Chrome/142.0.0.0 Safari/537.36"
203.132.71.38 - - [21/Nov/2025:19:28:25 +0330] "POST /startPublicSession HTTP/1.1" 200 187 "https://app.optimyar.com/" "Mozilla/5.0 (Windows NT 10.0; Win64; x64) AppleWebKit/537.36 (KHTML, like Gecko) Chrome/142.0.0.0 Safari/537.36"
151.238.176.159 - - [21/Nov/2025:19:28:34 +0330] "OPTIONS /getPublicSessions?isPrivate=false HTTP/1.1" 204 0 "https://app.optimyar.com/" "Mozilla/5.0 (Windows NT 10.0; Win64; x64; rv:145.0) Gecko/20100101 Firefox/145.0"
151.238.176.159 - - [21/Nov/2025:19:28:34 +0330] "GET /companies?version=3000.99 HTTP/1.1" 200 700 "https://app.optimyar.com/" "Mozilla/5.0 (Windows NT 10.0; Win64; x64; rv:145.0) Gecko/20100101 Firefox/145.0"
151.238.176.159 - - [21/Nov/2025:19:28:34 +0330] "GET /getPublicSessions?isPrivate=false HTTP/1.1" 200 188 "https://app.optimyar.com/" "Mozilla/5.0 (Windows NT 10.0; Win64; x64; rv:145.0) Gecko/20100101 Firefox/145.0"
5.52.106.247 - - [21/Nov/2025:19:28:42 +0330] "GET /companies?version=3000.99 HTTP/2" 200 700 "https://app.optimyar.com/" "Mozilla/5.0 (Linux; Android 12; K) AppleWebKit/537.36 (KHTML, like Gecko) Chrome/141.0.7390.122 Mobile Safari/537.36"
5.52.106.247 - - [21/Nov/2025:19:28:42 +0330] "GET /getPublicSessions?isPrivate=false HTTP/2" 200 188 "https://app.optimyar.com/" "Mozilla/5.0 (Linux; Android 12; K) AppleWebKit/537.36 (KHTML, like Gecko) Chrome/141.0.7390.122 Mobile Safari/537.36"
151.238.176.159 - - [21/Nov/2025:19:28:43 +0330] "OPTIONS /startPublicSession HTTP/1.1" 204 0 "https://app.optimyar.com/" "Mozilla/5.0 (Windows NT 10.0; Win64; x64; rv:145.0) Gecko/20100101 Firefox/145.0"
203.132.71.38 - - [21/Nov/2025:19:28:43 +0330] "GET /getMeetingInfoByInteralId/3efa903ac9a02637a99b227bc25ccb7d1b27a9f9-1763740276621 HTTP/1.1" 200 1269 "https://b3.optimyar.com/" "Mozilla/5.0 (Windows NT 10.0; Win64; x64) AppleWebKit/537.36 (KHTML, like Gecko) Chrome/142.0.0.0 Safari/537.36"
151.238.176.159 - - [21/Nov/2025:19:28:43 +0330] "POST /startPublicSession HTTP/1.1" 200 220 "https://app.optimyar.com/" "Mozilla/5.0 (Windows NT 10.0; Win64; x64; rv:145.0) Gecko/20100101 Firefox/145.0"
151.238.176.159 - - [21/Nov/2025:19:28:50 +0330] "GET /getMeetingInfoByInteralId/3efa903ac9a02637a99b227bc25ccb7d1b27a9f9-1763740276621 HTTP/1.1" 200 1301 "https://b3.optimyar.com/" "Mozilla/5.0 (Windows NT 10.0; Win64; x64; rv:145.0) Gecko/20100101 Firefox/145.0"
5.52.106.247 - - [21/Nov/2025:19:28:52 +0330] "GET /companies?version=3000.99 HTTP/2" 200 700 "https://app.optimyar.com/" "Mozilla/5.0 (Linux; Android 10; K) AppleWebKit/537.36 (KHTML, like Gecko) SamsungBrowser/29.0 Chrome/136.0.0.0 Mobile Safari/537.36"
5.52.106.247 - - [21/Nov/2025:19:28:52 +0330] "GET /getPublicSessions?isPrivate=false HTTP/2" 200 188 "https://app.optimyar.com/" "Mozilla/5.0 (Linux; Android 10; K) AppleWebKit/537.36 (KHTML, like Gecko) SamsungBrowser/29.0 Chrome/136.0.0.0 Mobile Safari/537.36"
204.18.46.9 - - [21/Nov/2025:19:29:06 +0330] "OPTIONS /startPublicSession HTTP/1.1" 204 0 "https://app.optimyar.com/" "Mozilla/5.0 (Windows NT 10.0; Win64; x64) AppleWebKit/537.36 (KHTML, like Gecko) Chrome/142.0.0.0 Safari/537.36"
50.7.230.5 - - [21/Nov/2025:19:28:11 +0330] "OPTIONS /startPublicSession HTTP/2" 204 0 "https://app.optimyar.com/" "Mozilla/5.0 (Linux; Android 16; K) AppleWebKit/537.36 (KHTML, like Gecko) Chrome/142.0.7444.102 Mobile Safari/537.36"
50.7.230.5 - - [21/Nov/2025:19:28:11 +0330] "POST /startPublicSession HTTP/2" 200 221 "https://app.optimyar.com/" "Mozilla/5.0 (Linux; Android 16; K) AppleWebKit/537.36 (KHTML, like Gecko) Chrome/142.0.7444.102 Mobile Safari/537.36"
204.18.46.9 - - [21/Nov/2025:19:28:22 +0330] "GET /companies?version=3000.99 HTTP/2" 200 700 "https://app.optimyar.com/" "Mozilla/5.0 (Windows NT 10.0; Win64; x64) AppleWebKit/537.36 (KHTML, like Gecko) Chrome/142.0.0.0 Safari/537.36"
204.18.46.9 - - [21/Nov/2025:19:28:22 +0330] "GET /getPublicSessions?isPrivate=false HTTP/2" 200 188 "https://app.optimyar.com/" "Mozilla/5.0 (Windows NT 10.0; Win64; x64) AppleWebKit/537.36 (KHTML, like Gecko) Chrome/142.0.0.0 Safari/537.36"
151.234.200.210 - - [21/Nov/2025:19:28:22 +0330] "GET /companies?version=3000.99 HTTP/2" 200 700 "https://app.optimyar.com/" "Mozilla/5.0 (Windows NT 10.0; Win64; x64) AppleWebKit/537.36 (KHTML, like Gecko) Chrome/142.0.0.0 Safari/537.36"
151.234.200.210 - - [21/Nov/2025:19:28:22 +0330] "GET /getPublicSessions?isPrivate=false HTTP/2" 200 188 "https://app.optimyar.com/" "Mozilla/5.0 (Windows NT 10.0; Win64; x64) AppleWebKit/537.36 (KHTML, like Gecko) Chrome/142.0.0.0 Safari/537.36"
5.122.236.247 - - [21/Nov/2025:19:28:34 +0330] "POST /captchas/sendToPhone HTTP/2" 200 33 "https://app.optimyar.com/" "Mozilla/5.0 (Windows NT 10.0; Win64; x64) AppleWebKit/537.36 (KHTML, like Gecko) Chrome/142.0.0.0 Safari/537.36 Edg/142.0.0.0"
164.215.161.201 - - [21/Nov/2025:19:28:43 +0330] "GET /getPublicSessions?isPrivate=false HTTP/1.1" 200 188 "https://app.optimyar.com/" "Mozilla/5.0 (Linux; Android 16; K) AppleWebKit/537.36 (KHTML, like Gecko) Chrome/142.0.7444.102 Mobile Safari/537.36"
164.215.161.201 - - [21/Nov/2025:19:28:43 +0330] "GET /companies?version=3000.99 HTTP/1.1" 200 700 "https://app.optimyar.com/" "Mozilla/5.0 (Linux; Android 16; K) AppleWebKit/537.36 (KHTML, like Gecko) Chrome/142.0.7444.102 Mobile Safari/537.36"
5.122.236.247 - - [21/Nov/2025:19:28:48 +0330] "GET /captchas/make?version=3000.99 HTTP/2" 200 4941 "https://app.optimyar.com/" "Mozilla/5.0 (Windows NT 10.0; Win64; x64) AppleWebKit/537.36 (KHTML, like Gecko) Chrome/142.0.0.0 Safari/537.36 Edg/142.0.0.0"
164.215.161.201 - - [21/Nov/2025:19:29:04 +0330] "POST /startPublicSession HTTP/1.1" 200 240 "https://app.optimyar.com/" "Mozilla/5.0 (Linux; Android 16; K) AppleWebKit/537.36 (KHTML, like Gecko) Chrome/142.0.7444.102 Mobile Safari/537.36"
5.122.236.247 - - [21/Nov/2025:19:29:06 +0330] "POST /auth/local HTTP/2" 400 121 "https://app.optimyar.com/" "Mozilla/5.0 (Windows NT 10.0; Win64; x64) AppleWebKit/537.36 (KHTML, like Gecko) Chrome/142.0.0.0 Safari/537.36 Edg/142.0.0.0"
5.122.236.247 - - [21/Nov/2025:19:29:06 +0330] "GET /captchas/make?version=3000.99 HTTP/2" 200 5429 "https://app.optimyar.com/" "Mozilla/5.0 (Windows NT 10.0; Win64; x64) AppleWebKit/537.36 (KHTML, like Gecko) Chrome/142.0.0.0 Safari/537.36 Edg/142.0.0.0"
31.60.80.20 - - [21/Nov/2025:19:29:06 +0330] "GET /companies?version=3000.99 HTTP/2" 200 700 "https://app.optimyar.com/" "Mozilla/5.0 (Linux; Android 10; K) AppleWebKit/537.36 (KHTML, like Gecko) Chrome/142.0.0.0 Mobile Safari/537.36"
31.60.80.20 - - [21/Nov/2025:19:29:06 +0330] "GET /getPublicSessions?isPrivate=false HTTP/2" 200 188 "https://app.optimyar.com/" "Mozilla/5.0 (Linux; Android 10; K) AppleWebKit/537.36 (KHTML, like Gecko) Chrome/142.0.0.0 Mobile Safari/537.36"
164.215.161.201 - - [21/Nov/2025:19:29:11 +0330] "GET /getMeetingInfoByInteralId/3efa903ac9a02637a99b227bc25ccb7d1b27a9f9-1763740276621 HTTP/1.1" 200 1356 "https://b3.optimyar.com/" "Mozilla/5.0 (Linux; Android 16; K) AppleWebKit/537.36 (KHTML, like Gecko) Chrome/142.0.7444.102 Mobile Safari/537.36"
156.17.225.216 - - [21/Nov/2025:19:29:11 +0330] "GET /companies?version=3000.99 HTTP/2" 200 700 "https://app.optimyar.com/" "Mozilla/5.0 (Windows NT 10.0; Win64; x64) AppleWebKit/537.36 (KHTML, like Gecko) Chrome/142.0.0.0 Safari/537.36"
156.17.225.216 - - [21/Nov/2025:19:29:11 +0330] "GET /getPublicSessions?isPrivate=false HTTP/2" 200 188 "https://app.optimyar.com/" "Mozilla/5.0 (Windows NT 10.0; Win64; x64) AppleWebKit/537.36 (KHTML, like Gecko) Chrome/142.0.0.0 Safari/537.36"
5.122.236.247 - - [21/Nov/2025:19:29:12 +0330] "GET /captchas/make?version=3000.99 HTTP/2" 200 6595 "https://app.optimyar.com/" "Mozilla/5.0 (Windows NT 10.0; Win64; x64) AppleWebKit/537.36 (KHTML, like Gecko) Chrome/142.0.0.0 Safari/537.36 Edg/142.0.0.0"
2.177.76.249 - - [21/Nov/2025:19:29:19 +0330] "GET /companies?version=3000.99 HTTP/2" 200 700 "https://app.optimyar.com/" "Mozilla/5.0 (Linux; Android 10; K) AppleWebKit/537.36 (KHTML, like Gecko) Chrome/142.0.0.0 Mobile Safari/537.36"
2.177.76.249 - - [21/Nov/2025:19:29:19 +0330] "GET /getPublicSessions?isPrivate=false HTTP/2" 200 188 "https://app.optimyar.com/" "Mozilla/5.0 (Linux; Android 10; K) AppleWebKit/537.36 (KHTML, like Gecko) Chrome/142.0.0.0 Mobile Safari/537.36"
5.122.236.247 - - [21/Nov/2025:19:29:25 +0330] "POST /captchas/sendToPhone HTTP/2" 400 117 "https://app.optimyar.com/" "Mozilla/5.0 (Windows NT 10.0; Win64; x64) AppleWebKit/537.36 (KHTML, like Gecko) Chrome/142.0.0.0 Safari/537.36 Edg/142.0.0.0"
5.122.236.247 - - [21/Nov/2025:19:29:26 +0330] "GET /captchas/make?version=3000.99 HTTP/2" 200 6009 "https://app.optimyar.com/" "Mozilla/5.0 (Windows NT 10.0; Win64; x64) AppleWebKit/537.36 (KHTML, like Gecko) Chrome/142.0.0.0 Safari/537.36 Edg/142.0.0.0"
5.122.236.247 - - [21/Nov/2025:19:29:32 +0330] "GET /captchas/make?version=3000.99 HTTP/2" 200 6007 "https://app.optimyar.com/" "Mozilla/5.0 (Windows NT 10.0; Win64; x64) AppleWebKit/537.36 (KHTML, like Gecko) Chrome/142.0.0.0 Safari/537.36 Edg/142.0.0.0"
5.122.236.247 - - [21/Nov/2025:19:29:46 +0330] "POST /auth/local HTTP/2" 400 121 "https://app.optimyar.com/" "Mozilla/5.0 (Windows NT 10.0; Win64; x64) AppleWebKit/537.36 (KHTML, like Gecko) Chrome/142.0.0.0 Safari/537.36 Edg/142.0.0.0"
5.122.236.247 - - [21/Nov/2025:19:29:47 +0330] "GET /captchas/make?version=3000.99 HTTP/2" 200 4936 "https://app.optimyar.com/" "Mozilla/5.0 (Windows NT 10.0; Win64; x64) AppleWebKit/537.36 (KHTML, like Gecko) Chrome/142.0.0.0 Safari/537.36 Edg/142.0.0.0"
156.17.225.216 - - [21/Nov/2025:19:29:53 +0330] "OPTIONS /startPublicSession HTTP/2" 204 0 "https://app.optimyar.com/" "Mozilla/5.0 (Windows NT 10.0; Win64; x64) AppleWebKit/537.36 (KHTML, like Gecko) Chrome/142.0.0.0 Safari/537.36"
156.17.225.216 - - [21/Nov/2025:19:29:53 +0330] "POST /startPublicSession HTTP/2" 200 194 "https://app.optimyar.com/" "Mozilla/5.0 (Windows NT 10.0; Win64; x64) AppleWebKit/537.36 (KHTML, like Gecko) Chrome/142.0.0.0 Safari/537.36"
5.122.236.247 - - [21/Nov/2025:19:29:56 +0330] "GET /companies?version=3000.99 HTTP/2" 200 700 "https://app.optimyar.com/" "Mozilla/5.0 (Windows NT 10.0; Win64; x64) AppleWebKit/537.36 (KHTML, like Gecko) Chrome/142.0.0.0 Safari/537.36 Edg/142.0.0.0"
5.122.236.247 - - [21/Nov/2025:19:29:56 +0330] "GET /getPublicSessions?isPrivate=false HTTP/2" 200 188 "https://app.optimyar.com/" "Mozilla/5.0 (Windows NT 10.0; Win64; x64) AppleWebKit/537.36 (KHTML, like Gecko) Chrome/142.0.0.0 Safari/537.36 Edg/142.0.0.0"
204.18.46.9 - - [21/Nov/2025:19:29:56 +0330] "GET /getMeetingInfoByInteralId/3efa903ac9a02637a99b227bc25ccb7d1b27a9f9-1763740276621 HTTP/2" 200 1452 "https://b3.optimyar.com/" "Mozilla/5.0 (Windows NT 10.0; Win64; x64) AppleWebKit/537.36 (KHTML, like Gecko) Chrome/142.0.0.0 Safari/537.36"
178.131.7.132 - - [21/Nov/2025:19:29:57 +0330] "GET /companies?version=3000.99 HTTP/2" 200 700 "https://app.optimyar.com/" "Mozilla/5.0 (Windows NT 10.0; Win64; x64) AppleWebKit/537.36 (KHTML, like Gecko) Chrome/142.0.0.0 Safari/537.36"
204.18.46.9 - - [21/Nov/2025:19:29:06 +0330] "POST /startPublicSession HTTP/1.1" 200 228 "https://app.optimyar.com/" "Mozilla/5.0 (Windows NT 10.0; Win64; x64) AppleWebKit/537.36 (KHTML, like Gecko) Chrome/142.0.0.0 Safari/537.36"
151.238.127.26 - - [21/Nov/2025:19:29:12 +0330] "POST /startPublicSession HTTP/2" 200 224 "https://app.optimyar.com/" "Mozilla/5.0 (Linux; Android 16; K) AppleWebKit/537.36 (KHTML, like Gecko) Chrome/142.0.7444.102 Mobile Safari/537.36"
142.127.171.208 - - [21/Nov/2025:19:29:14 +0330] "GET /companies?version=3000.99 HTTP/2" 200 700 "https://app.optimyar.com/" "Mozilla/5.0 (Macintosh; Intel Mac OS X 10_15_7) AppleWebKit/605.1.15 (KHTML, like Gecko) Version/18.5 Safari/605.1.15"
142.127.171.208 - - [21/Nov/2025:19:29:14 +0330] "GET /getPublicSessions?isPrivate=false HTTP/2" 200 188 "https://app.optimyar.com/" "Mozilla/5.0 (Macintosh; Intel Mac OS X 10_15_7) AppleWebKit/605.1.15 (KHTML, like Gecko) Version/18.5 Safari/605.1.15"
204.18.46.9 - - [21/Nov/2025:19:29:16 +0330] "GET /getMeetingInfoByInteralId/3efa903ac9a02637a99b227bc25ccb7d1b27a9f9-1763740276621 HTTP/1.1" 200 1356 "https://b3.optimyar.com/" "Mozilla/5.0 (Windows NT 10.0; Win64; x64) AppleWebKit/537.36 (KHTML, like Gecko) Chrome/142.0.0.0 Safari/537.36"
5.52.106.247 - - [21/Nov/2025:19:29:33 +0330] "OPTIONS /startPublicSession HTTP/2" 204 0 "https://app.optimyar.com/" "Mozilla/5.0 (Linux; Android 10; K) AppleWebKit/537.36 (KHTML, like Gecko) SamsungBrowser/29.0 Chrome/136.0.0.0 Mobile Safari/537.36"
5.52.106.247 - - [21/Nov/2025:19:29:33 +0330] "POST /startPublicSession HTTP/2" 200 230 "https://app.optimyar.com/" "Mozilla/5.0 (Linux; Android 10; K) AppleWebKit/537.36 (KHTML, like Gecko) SamsungBrowser/29.0 Chrome/136.0.0.0 Mobile Safari/537.36"
2.177.76.249 - - [21/Nov/2025:19:29:37 +0330] "OPTIONS /startPublicSession HTTP/1.1" 204 0 "https://app.optimyar.com/" "Mozilla/5.0 (Linux; Android 10; K) AppleWebKit/537.36 (KHTML, like Gecko) Chrome/142.0.0.0 Mobile Safari/537.36"
2.177.76.249 - - [21/Nov/2025:19:29:37 +0330] "POST /startPublicSession HTTP/1.1" 200 236 "https://app.optimyar.com/" "Mozilla/5.0 (Linux; Android 10; K) AppleWebKit/537.36 (KHTML, like Gecko) Chrome/142.0.0.0 Mobile Safari/537.36"
142.127.171.208 - - [21/Nov/2025:19:29:40 +0330] "OPTIONS /startPublicSession HTTP/2" 204 0 "https://app.optimyar.com/" "Mozilla/5.0 (Macintosh; Intel Mac OS X 10_15_7) AppleWebKit/605.1.15 (KHTML, like Gecko) Version/18.5 Safari/605.1.15"
142.127.171.208 - - [21/Nov/2025:19:29:40 +0330] "POST /startPublicSession HTTP/2" 200 230 "https://app.optimyar.com/" "Mozilla/5.0 (Macintosh; Intel Mac OS X 10_15_7) AppleWebKit/605.1.15 (KHTML, like Gecko) Version/18.5 Safari/605.1.15"
5.52.106.247 - - [21/Nov/2025:19:29:46 +0330] "GET /getMeetingInfoByInteralId/3efa903ac9a02637a99b227bc25ccb7d1b27a9f9-1763740276621 HTTP/2" 200 1401 "https://b3.optimyar.com/" "Mozilla/5.0 (Linux; Android 10; K) AppleWebKit/537.36 (KHTML, like Gecko) SamsungBrowser/29.0 Chrome/136.0.0.0 Mobile Safari/537.36"
2.177.76.249 - - [21/Nov/2025:19:29:47 +0330] "GET /getMeetingInfoByInteralId/3efa903ac9a02637a99b227bc25ccb7d1b27a9f9-1763740276621 HTTP/1.1" 200 1466 "https://b3.optimyar.com/" "Mozilla/5.0 (Linux; Android 10; K) AppleWebKit/537.36 (KHTML, like Gecko) Chrome/142.0.0.0 Mobile Safari/537.36"
142.127.171.208 - - [21/Nov/2025:19:29:51 +0330] "GET /getMeetingInfoByInteralId/3efa903ac9a02637a99b227bc25ccb7d1b27a9f9-1763740276621 HTTP/2" 200 1452 "https://b3.optimyar.com/" "Mozilla/5.0 (Macintosh; Intel Mac OS X 10_15_7) AppleWebKit/605.1.15 (KHTML, like Gecko) Version/18.5 Safari/605.1.15"
2.147.34.156 - - [21/Nov/2025:19:30:06 +0330] "GET /companies?version=3000.99 HTTP/1.1" 200 700 "https://app.optimyar.com/" "Mozilla/5.0 (Linux; Android 11; K) AppleWebKit/537.36 (KHTML, like Gecko) Chrome/142.0.7444.171 Mobile Safari/537.36"
178.131.7.132 - - [21/Nov/2025:19:29:57 +0330] "GET /getPublicSessions?isPrivate=false HTTP/2" 200 188 "https://app.optimyar.com/" "Mozilla/5.0 (Windows NT 10.0; Win64; x64) AppleWebKit/537.36 (KHTML, like Gecko) Chrome/142.0.0.0 Safari/537.36"
151.238.176.159 - - [21/Nov/2025:19:30:03 +0330] "POST /startPublicSession HTTP/1.1" 200 220 "https://app.optimyar.com/" "Mozilla/5.0 (Windows NT 10.0; Win64; x64; rv:145.0) Gecko/20100101 Firefox/145.0"
156.17.225.216 - - [21/Nov/2025:19:30:04 +0330] "GET /getMeetingInfoByInteralId/3efa903ac9a02637a99b227bc25ccb7d1b27a9f9-1763740276621 HTTP/2" 200 1480 "https://b3.optimyar.com/" "Mozilla/5.0 (Windows NT 10.0; Win64; x64) AppleWebKit/537.36 (KHTML, like Gecko) Chrome/142.0.0.0 Safari/537.36"
151.238.176.159 - - [21/Nov/2025:19:30:10 +0330] "GET /getMeetingInfoByInteralId/3efa903ac9a02637a99b227bc25ccb7d1b27a9f9-1763740276621 HTTP/1.1" 200 1483 "https://b3.optimyar.com/" "Mozilla/5.0 (Windows NT 10.0; Win64; x64; rv:145.0) Gecko/20100101 Firefox/145.0"
151.238.127.26 - - [21/Nov/2025:19:30:13 +0330] "GET /companies?version=3000.99 HTTP/2" 200 700 "https://app.optimyar.com/" "Mozilla/5.0 (Linux; Android 16; K) AppleWebKit/537.36 (KHTML, like Gecko) Chrome/142.0.7444.102 Mobile Safari/537.36"
151.238.127.26 - - [21/Nov/2025:19:30:13 +0330] "GET /getPublicSessions?isPrivate=false HTTP/2" 200 188 "https://app.optimyar.com/" "Mozilla/5.0 (Linux; Android 16; K) AppleWebKit/537.36 (KHTML, like Gecko) Chrome/142.0.7444.102 Mobile Safari/537.36"
5.122.236.247 - - [21/Nov/2025:19:30:26 +0330] "OPTIONS /startPublicSession HTTP/2" 204 0 "https://app.optimyar.com/" "Mozilla/5.0 (Windows NT 10.0; Win64; x64) AppleWebKit/537.36 (KHTML, like Gecko) Chrome/142.0.0.0 Safari/537.36 Edg/142.0.0.0"
5.122.236.247 - - [21/Nov/2025:19:30:26 +0330] "POST /startPublicSession HTTP/2" 200 222 "https://app.optimyar.com/" "Mozilla/5.0 (Windows NT 10.0; Win64; x64) AppleWebKit/537.36 (KHTML, like Gecko) Chrome/142.0.0.0 Safari/537.36 Edg/142.0.0.0"
2.177.61.223 - - [21/Nov/2025:19:30:27 +0330] "GET /companies?version=3000.99 HTTP/2" 200 700 "https://app.optimyar.com/" "Mozilla/5.0 (Windows NT 10.0; Win64; x64) AppleWebKit/537.36 (KHTML, like Gecko) Chrome/141.0.0.0 Safari/537.36"
2.177.61.223 - - [21/Nov/2025:19:30:27 +0330] "GET /getPublicSessions?isPrivate=false HTTP/2" 200 188 "https://app.optimyar.com/" "Mozilla/5.0 (Windows NT 10.0; Win64; x64) AppleWebKit/537.36 (KHTML, like Gecko) Chrome/141.0.0.0 Safari/537.36"
151.238.127.26 - - [21/Nov/2025:19:30:28 +0330] "POST /startPublicSession HTTP/2" 200 223 "https://app.optimyar.com/" "Mozilla/5.0 (Linux; Android 16; K) AppleWebKit/537.36 (KHTML, like Gecko) Chrome/142.0.7444.102 Mobile Safari/537.36"
178.131.7.132 - - [21/Nov/2025:19:30:37 +0330] "POST /startPublicSession HTTP/2" 200 224 "https://app.optimyar.com/" "Mozilla/5.0 (Windows NT 10.0; Win64; x64) AppleWebKit/537.36 (KHTML, like Gecko) Chrome/142.0.0.0 Safari/537.36"
85.185.32.237 - - [21/Nov/2025:19:30:38 +0330] "POST /startPublicSession HTTP/2" 200 218 "https://app.optimyar.com/" "Mozilla/5.0 (Linux; Android 13; K) AppleWebKit/537.36 (KHTML, like Gecko) Chrome/141.0.7390.122 Mobile Safari/537.36"
91.98.80.221 - - [21/Nov/2025:19:30:38 +0330] "GET /companies?version=3000.99 HTTP/2" 200 700 "https://app.optimyar.com/" "Mozilla/5.0 (iPhone; CPU iPhone OS 18_2_0 like Mac OS X) AppleWebKit/605.1.15 (KHTML, like Gecko) CriOS/142.0.7444.148 Mobile/15E148 Safari/604.1"
91.98.80.221 - - [21/Nov/2025:19:30:38 +0330] "GET /getPublicSessions?isPrivate=false HTTP/2" 200 188 "https://app.optimyar.com/" "Mozilla/5.0 (iPhone; CPU iPhone OS 18_2_0 like Mac OS X) AppleWebKit/605.1.15 (KHTML, like Gecko) CriOS/142.0.7444.148 Mobile/15E148 Safari/604.1"
5.122.236.247 - - [21/Nov/2025:19:30:38 +0330] "GET /getMeetingInfoByInteralId/3efa903ac9a02637a99b227bc25ccb7d1b27a9f9-1763740276621 HTTP/2" 200 1591 "https://b3.optimyar.com/" "Mozilla/5.0 (Windows NT 10.0; Win64; x64) AppleWebKit/537.36 (KHTML, like Gecko) Chrome/142.0.0.0 Safari/537.36 Edg/142.0.0.0"
2.147.34.156 - - [21/Nov/2025:19:30:06 +0330] "GET /getPublicSessions?isPrivate=false HTTP/1.1" 200 188 "https://app.optimyar.com/" "Mozilla/5.0 (Linux; Android 11; K) AppleWebKit/537.36 (KHTML, like Gecko) Chrome/142.0.7444.171 Mobile Safari/537.36"
73.204.76.35 - - [21/Nov/2025:19:30:12 +0330] "GET /companies?version=3000.99 HTTP/2" 200 700 "https://app.optimyar.com/" "Mozilla/5.0 (Windows NT 10.0; Win64; x64) AppleWebKit/537.36 (KHTML, like Gecko) Chrome/142.0.0.0 Safari/537.36 Edg/142.0.0.0"
73.204.76.35 - - [21/Nov/2025:19:30:12 +0330] "GET /getPublicSessions?isPrivate=false HTTP/2" 200 188 "https://app.optimyar.com/" "Mozilla/5.0 (Windows NT 10.0; Win64; x64) AppleWebKit/537.36 (KHTML, like Gecko) Chrome/142.0.0.0 Safari/537.36 Edg/142.0.0.0"
86.57.1.173 - - [21/Nov/2025:19:30:20 +0330] "GET /companies?version=3000.99 HTTP/2" 200 700 "https://app.optimyar.com/" "Mozilla/5.0 (Windows NT 10.0; Win64; x64) AppleWebKit/537.36 (KHTML, like Gecko) Chrome/142.0.0.0 Safari/537.36"
86.57.1.173 - - [21/Nov/2025:19:30:20 +0330] "GET /getPublicSessions?isPrivate=false HTTP/2" 200 188 "https://app.optimyar.com/" "Mozilla/5.0 (Windows NT 10.0; Win64; x64) AppleWebKit/537.36 (KHTML, like Gecko) Chrome/142.0.0.0 Safari/537.36"
2.147.34.156 - - [21/Nov/2025:19:30:28 +0330] "OPTIONS /startPublicSession HTTP/1.1" 204 0 "https://app.optimyar.com/" "Mozilla/5.0 (Linux; Android 11; K) AppleWebKit/537.36 (KHTML, like Gecko) Chrome/142.0.7444.171 Mobile Safari/537.36"
2.147.34.156 - - [21/Nov/2025:19:30:28 +0330] "POST /startPublicSession HTTP/1.1" 200 224 "https://app.optimyar.com/" "Mozilla/5.0 (Linux; Android 11; K) AppleWebKit/537.36 (KHTML, like Gecko) Chrome/142.0.7444.171 Mobile Safari/537.36"
194.199.84.86 - - [21/Nov/2025:19:30:29 +0330] "GET /companies?version=3000.99 HTTP/2" 200 700 "https://app.optimyar.com/" "Mozilla/5.0 (Macintosh; Intel Mac OS X 10_15_7) AppleWebKit/605.1.15 (KHTML, like Gecko) Version/26.1 Safari/605.1.15"
194.199.84.86 - - [21/Nov/2025:19:30:29 +0330] "GET /getPublicSessions?isPrivate=false HTTP/2" 200 188 "https://app.optimyar.com/" "Mozilla/5.0 (Macintosh; Intel Mac OS X 10_15_7) AppleWebKit/605.1.15 (KHTML, like Gecko) Version/26.1 Safari/605.1.15"
2.147.34.156 - - [21/Nov/2025:19:30:38 +0330] "GET /getMeetingInfoByInteralId/3efa903ac9a02637a99b227bc25ccb7d1b27a9f9-1763740276621 HTTP/1.1" 200 1591 "https://b3.optimyar.com/" "Mozilla/5.0 (Linux; Android 11; K) AppleWebKit/537.36 (KHTML, like Gecko) Chrome/142.0.7444.171 Mobile Safari/537.36"
203.132.71.38 - - [21/Nov/2025:19:30:46 +0330] "GET /companies?version=3000.99 HTTP/2" 200 700 "https://app.optimyar.com/" "Mozilla/5.0 (Windows NT 10.0; Win64; x64) AppleWebKit/537.36 (KHTML, like Gecko) Chrome/142.0.0.0 Safari/537.36"
203.132.71.38 - - [21/Nov/2025:19:30:46 +0330] "GET /getPublicSessions?isPrivate=false HTTP/2" 200 188 "https://app.optimyar.com/" "Mozilla/5.0 (Windows NT 10.0; Win64; x64) AppleWebKit/537.36 (KHTML, like Gecko) Chrome/142.0.0.0 Safari/537.36"
86.57.1.173 - - [21/Nov/2025:19:30:51 +0330] "OPTIONS /startPublicSession HTTP/2" 204 0 "https://app.optimyar.com/" "Mozilla/5.0 (Windows NT 10.0; Win64; x64) AppleWebKit/537.36 (KHTML, like Gecko) Chrome/142.0.0.0 Safari/537.36"
194.199.84.86 - - [21/Nov/2025:19:30:52 +0330] "OPTIONS /startPublicSession HTTP/2" 204 0 "https://app.optimyar.com/" "Mozilla/5.0 (Macintosh; Intel Mac OS X 10_15_7) AppleWebKit/605.1.15 (KHTML, like Gecko) Version/26.1 Safari/605.1.15"
194.199.84.86 - - [21/Nov/2025:19:30:52 +0330] "POST /startPublicSession HTTP/2" 200 191 "https://app.optimyar.com/" "Mozilla/5.0 (Macintosh; Intel Mac OS X 10_15_7) AppleWebKit/605.1.15 (KHTML, like Gecko) Version/26.1 Safari/605.1.15"
203.132.71.38 - - [21/Nov/2025:19:30:57 +0330] "POST /startPublicSession HTTP/1.1" 200 194 "https://app.optimyar.com/" "Mozilla/5.0 (Windows NT 10.0; Win64; x64) AppleWebKit/537.36 (KHTML, like Gecko) Chrome/142.0.0.0 Safari/537.36"
151.238.127.26 - - [21/Nov/2025:19:30:42 +0330] "GET /getMeetingInfoByInteralId/3efa903ac9a02637a99b227bc25ccb7d1b27a9f9-1763740276621 HTTP/2" 200 1591 "https://b3.optimyar.com/" "Mozilla/5.0 (Linux; Android 16; K) AppleWebKit/537.36 (KHTML, like Gecko) Chrome/142.0.7444.102 Mobile Safari/537.36"
85.185.32.237 - - [21/Nov/2025:19:30:45 +0330] "GET /getMeetingInfoByInteralId/3efa903ac9a02637a99b227bc25ccb7d1b27a9f9-1763740276621 HTTP/2" 200 1599 "https://b3.optimyar.com/" "Mozilla/5.0 (Linux; Android 13; K) AppleWebKit/537.36 (KHTML, like Gecko) Chrome/141.0.7390.122 Mobile Safari/537.36"
178.131.7.132 - - [21/Nov/2025:19:30:47 +0330] "GET /getMeetingInfoByInteralId/3efa903ac9a02637a99b227bc25ccb7d1b27a9f9-1763740276621 HTTP/2" 200 1599 "https://b3.optimyar.com/" "Mozilla/5.0 (Windows NT 10.0; Win64; x64) AppleWebKit/537.36 (KHTML, like Gecko) Chrome/142.0.0.0 Safari/537.36"
73.204.76.35 - - [21/Nov/2025:19:30:49 +0330] "OPTIONS /startPublicSession HTTP/1.1" 204 0 "https://app.optimyar.com/" "Mozilla/5.0 (Windows NT 10.0; Win64; x64) AppleWebKit/537.36 (KHTML, like Gecko) Chrome/142.0.0.0 Safari/537.36 Edg/142.0.0.0"
73.204.76.35 - - [21/Nov/2025:19:30:49 +0330] "POST /startPublicSession HTTP/1.1" 200 197 "https://app.optimyar.com/" "Mozilla/5.0 (Windows NT 10.0; Win64; x64) AppleWebKit/537.36 (KHTML, like Gecko) Chrome/142.0.0.0 Safari/537.36 Edg/142.0.0.0"
86.57.1.173 - - [21/Nov/2025:19:30:51 +0330] "POST /startPublicSession HTTP/1.1" 200 222 "https://app.optimyar.com/" "Mozilla/5.0 (Windows NT 10.0; Win64; x64) AppleWebKit/537.36 (KHTML, like Gecko) Chrome/142.0.0.0 Safari/537.36"
86.57.1.173 - - [21/Nov/2025:19:31:02 +0330] "GET /getMeetingInfoByInteralId/3efa903ac9a02637a99b227bc25ccb7d1b27a9f9-1763740276621 HTTP/1.1" 200 1703 "https://b3.optimyar.com/" "Mozilla/5.0 (Windows NT 10.0; Win64; x64) AppleWebKit/537.36 (KHTML, like Gecko) Chrome/142.0.0.0 Safari/537.36"
73.204.76.35 - - [21/Nov/2025:19:31:04 +0330] "GET /getMeetingInfoByInteralId/3efa903ac9a02637a99b227bc25ccb7d1b27a9f9-1763740276621 HTTP/1.1" 200 1725 "https://b3.optimyar.com/" "Mozilla/5.0 (Windows NT 10.0; Win64; x64) AppleWebKit/537.36 (KHTML, like Gecko) Chrome/142.0.0.0 Safari/537.36 Edg/142.0.0.0"
137.208.45.102 - - [21/Nov/2025:19:31:20 +0330] "POST /startPublicSession HTTP/1.1" 200 188 "https://app.optimyar.com/" "Mozilla/5.0 (Windows NT 10.0; Win64; x64; rv:140.0) Gecko/20100101 Firefox/140.0"
137.208.45.102 - - [21/Nov/2025:19:31:27 +0330] "GET /getMeetingInfoByInteralId/3efa903ac9a02637a99b227bc25ccb7d1b27a9f9-1763740276621 HTTP/1.1" 200 1756 "https://b3.optimyar.com/" "Mozilla/5.0 (Windows NT 10.0; Win64; x64; rv:140.0) Gecko/20100101 Firefox/140.0"
5.125.231.147 - - [21/Nov/2025:19:31:30 +0330] "GET /companies?version=3000.99 HTTP/2" 200 700 "https://app.optimyar.com/" "Mozilla/5.0 (Windows NT 10.0; Win64; x64) AppleWebKit/537.36 (KHTML, like Gecko) Chrome/142.0.0.0 Safari/537.36 Edg/142.0.0.0"
5.125.231.147 - - [21/Nov/2025:19:31:30 +0330] "GET /getPublicSessions?isPrivate=false HTTP/2" 200 188 "https://app.optimyar.com/" "Mozilla/5.0 (Windows NT 10.0; Win64; x64) AppleWebKit/537.36 (KHTML, like Gecko) Chrome/142.0.0.0 Safari/537.36 Edg/142.0.0.0"
93.117.44.179 - - [21/Nov/2025:19:31:36 +0330] "GET /getPublicSessions?isPrivate=false HTTP/1.1" 200 188 "https://app.optimyar.com/" "Mozilla/5.0 (Windows NT 10.0; Win64; x64; rv:145.0) Gecko/20100101 Firefox/145.0"
2.183.140.248 - - [21/Nov/2025:19:31:41 +0330] "GET /companies?version=3000.99 HTTP/2" 200 700 "https://app.optimyar.com/" "Mozilla/5.0 (Windows NT 10.0; Win64; x64) AppleWebKit/537.36 (KHTML, like Gecko) Chrome/142.0.0.0 Safari/537.36"
2.183.140.248 - - [21/Nov/2025:19:31:41 +0330] "GET /getPublicSessions?isPrivate=false HTTP/2" 200 188 "https://app.optimyar.com/" "Mozilla/5.0 (Windows NT 10.0; Win64; x64) AppleWebKit/537.36 (KHTML, like Gecko) Chrome/142.0.0.0 Safari/537.36"
164.215.161.201 - - [21/Nov/2025:19:31:00 +0330] "POST /startPublicSession HTTP/1.1" 200 240 "https://app.optimyar.com/" "Mozilla/5.0 (Linux; Android 16; K) AppleWebKit/537.36 (KHTML, like Gecko) Chrome/142.0.7444.102 Mobile Safari/537.36"
194.199.84.86 - - [21/Nov/2025:19:31:00 +0330] "GET /getMeetingInfoByInteralId/3efa903ac9a02637a99b227bc25ccb7d1b27a9f9-1763740276621 HTTP/2" 200 1664 "https://b3.optimyar.com/" "Mozilla/5.0 (Macintosh; Intel Mac OS X 10_15_7) AppleWebKit/605.1.15 (KHTML, like Gecko) Version/26.1 Safari/605.1.15"
137.208.45.102 - - [21/Nov/2025:19:31:05 +0330] "GET /companies?version=3000.99 HTTP/2" 200 700 "https://app.optimyar.com/" "Mozilla/5.0 (Windows NT 10.0; Win64; x64; rv:140.0) Gecko/20100101 Firefox/140.0"
137.208.45.102 - - [21/Nov/2025:19:31:05 +0330] "GET /getPublicSessions?isPrivate=false HTTP/2" 200 188 "https://app.optimyar.com/" "Mozilla/5.0 (Windows NT 10.0; Win64; x64; rv:140.0) Gecko/20100101 Firefox/140.0"
203.132.71.38 - - [21/Nov/2025:19:31:06 +0330] "GET /getMeetingInfoByInteralId/3efa903ac9a02637a99b227bc25ccb7d1b27a9f9-1763740276621 HTTP/1.1" 200 1719 "https://b3.optimyar.com/" "Mozilla/5.0 (Windows NT 10.0; Win64; x64) AppleWebKit/537.36 (KHTML, like Gecko) Chrome/142.0.0.0 Safari/537.36"
164.215.161.201 - - [21/Nov/2025:19:31:07 +0330] "GET /getMeetingInfoByInteralId/3efa903ac9a02637a99b227bc25ccb7d1b27a9f9-1763740276621 HTTP/1.1" 200 1719 "https://b3.optimyar.com/" "Mozilla/5.0 (Linux; Android 16; K) AppleWebKit/537.36 (KHTML, like Gecko) Chrome/142.0.7444.102 Mobile Safari/537.36"
45.130.83.118 - - [21/Nov/2025:19:31:12 +0330] "GET /companies?version=3000.99 HTTP/2" 200 700 "https://app.optimyar.com/" "Mozilla/5.0 (Windows NT 10.0; Win64; x64) AppleWebKit/537.36 (KHTML, like Gecko) Chrome/142.0.0.0 Safari/537.36"
45.130.83.118 - - [21/Nov/2025:19:31:12 +0330] "GET /getPublicSessions?isPrivate=false HTTP/2" 200 188 "https://app.optimyar.com/" "Mozilla/5.0 (Windows NT 10.0; Win64; x64) AppleWebKit/537.36 (KHTML, like Gecko) Chrome/142.0.0.0 Safari/537.36"
137.208.45.102 - - [21/Nov/2025:19:31:20 +0330] "OPTIONS /startPublicSession HTTP/2" 204 0 "https://app.optimyar.com/" "Mozilla/5.0 (Windows NT 10.0; Win64; x64; rv:140.0) Gecko/20100101 Firefox/140.0"
192.167.31.3 - - [21/Nov/2025:19:31:23 +0330] "GET /companies?version=3000.99 HTTP/2" 200 700 "https://app.optimyar.com/" "Mozilla/5.0 (Windows NT 10.0; Win64; x64) AppleWebKit/537.36 (KHTML, like Gecko) Chrome/142.0.0.0 Safari/537.36"
192.167.31.3 - - [21/Nov/2025:19:31:23 +0330] "GET /getPublicSessions?isPrivate=false HTTP/2" 200 188 "https://app.optimyar.com/" "Mozilla/5.0 (Windows NT 10.0; Win64; x64) AppleWebKit/537.36 (KHTML, like Gecko) Chrome/142.0.0.0 Safari/537.36"
45.130.83.118 - - [21/Nov/2025:19:31:23 +0330] "OPTIONS /startPublicSession HTTP/2" 204 0 "https://app.optimyar.com/" "Mozilla/5.0 (Windows NT 10.0; Win64; x64) AppleWebKit/537.36 (KHTML, like Gecko) Chrome/142.0.0.0 Safari/537.36"
45.130.83.118 - - [21/Nov/2025:19:31:23 +0330] "POST /startPublicSession HTTP/2" 200 219 "https://app.optimyar.com/" "Mozilla/5.0 (Windows NT 10.0; Win64; x64) AppleWebKit/537.36 (KHTML, like Gecko) Chrome/142.0.0.0 Safari/537.36"
46.41.225.25 - - [21/Nov/2025:19:31:34 +0330] "GET /getPublicSessions?isPrivate=false HTTP/2" 200 188 "https://app.optimyar.com/" "Mozilla/5.0 (Windows NT 10.0; Win64; x64) AppleWebKit/537.36 (KHTML, like Gecko) Chrome/109.0.0.0 Safari/537.36"
46.41.225.25 - - [21/Nov/2025:19:31:34 +0330] "GET /companies?version=3000.99 HTTP/2" 200 700 "https://app.optimyar.com/" "Mozilla/5.0 (Windows NT 10.0; Win64; x64) AppleWebKit/537.36 (KHTML, like Gecko) Chrome/109.0.0.0 Safari/537.36"
45.130.83.118 - - [21/Nov/2025:19:31:46 +0330] "GET /getMeetingInfoByInteralId/3efa903ac9a02637a99b227bc25ccb7d1b27a9f9-1763740276621 HTTP/2" 200 1784 "https://b3.optimyar.com/" "Mozilla/5.0 (Windows NT 10.0; Win64; x64) AppleWebKit/537.36 (KHTML, like Gecko) Chrome/142.0.0.0 Safari/537.36"
192.167.31.3 - - [21/Nov/2025:19:31:44 +0330] "OPTIONS /startPublicSession HTTP/1.1" 204 0 "https://app.optimyar.com/" "Mozilla/5.0 (Windows NT 10.0; Win64; x64) AppleWebKit/537.36 (KHTML, like Gecko) Chrome/142.0.0.0 Safari/537.36"
192.167.31.3 - - [21/Nov/2025:19:31:44 +0330] "POST /startPublicSession HTTP/1.1" 200 196 "https://app.optimyar.com/" "Mozilla/5.0 (Windows NT 10.0; Win64; x64) AppleWebKit/537.36 (KHTML, like Gecko) Chrome/142.0.0.0 Safari/537.36"
46.41.225.25 - - [21/Nov/2025:19:31:52 +0330] "POST /startPublicSession HTTP/1.1" 200 223 "https://app.optimyar.com/" "Mozilla/5.0 (Windows NT 10.0; Win64; x64) AppleWebKit/537.36 (KHTML, like Gecko) Chrome/109.0.0.0 Safari/537.36"
192.167.31.3 - - [21/Nov/2025:19:31:53 +0330] "GET /getMeetingInfoByInteralId/3efa903ac9a02637a99b227bc25ccb7d1b27a9f9-1763740276621 HTTP/1.1" 200 1824 "https://b3.optimyar.com/" "Mozilla/5.0 (Windows NT 10.0; Win64; x64) AppleWebKit/537.36 (KHTML, like Gecko) Chrome/142.0.0.0 Safari/537.36"
5.125.231.147 - - [21/Nov/2025:19:31:56 +0330] "OPTIONS /startPublicSession HTTP/2" 204 0 "https://app.optimyar.com/" "Mozilla/5.0 (Windows NT 10.0; Win64; x64) AppleWebKit/537.36 (KHTML, like Gecko) Chrome/142.0.0.0 Safari/537.36 Edg/142.0.0.0"
5.125.231.147 - - [21/Nov/2025:19:31:56 +0330] "POST /startPublicSession HTTP/2" 200 226 "https://app.optimyar.com/" "Mozilla/5.0 (Windows NT 10.0; Win64; x64) AppleWebKit/537.36 (KHTML, like Gecko) Chrome/142.0.0.0 Safari/537.36 Edg/142.0.0.0"
93.117.44.179 - - [21/Nov/2025:19:32:00 +0330] "OPTIONS /startPublicSession HTTP/1.1" 204 0 "https://app.optimyar.com/" "Mozilla/5.0 (Windows NT 10.0; Win64; x64; rv:145.0) Gecko/20100101 Firefox/145.0"
93.117.44.179 - - [21/Nov/2025:19:32:00 +0330] "POST /startPublicSession HTTP/1.1" 200 235 "https://app.optimyar.com/" "Mozilla/5.0 (Windows NT 10.0; Win64; x64; rv:145.0) Gecko/20100101 Firefox/145.0"
2.177.61.223 - - [21/Nov/2025:19:32:01 +0330] "OPTIONS /startPublicSession HTTP/2" 204 0 "https://app.optimyar.com/" "Mozilla/5.0 (Windows NT 10.0; Win64; x64) AppleWebKit/537.36 (KHTML, like Gecko) Chrome/141.0.0.0 Safari/537.36"
