40.160.58.34 - - [21/Nov/2025:19:01:59 +0330] "GET /captchas/make?version=3000.99 HTTP/2" 200 6445 "https://app.optimyar.com/" "Mozilla/5.0 (Linux; Android 13; K) AppleWebKit/537.36 (KHTML, like Gecko) Chrome/141.0.7390.122 Mobile Safari/537.36"
40.160.58.34 - - [21/Nov/2025:19:02:34 +0330] "GET /captchas/make?version=3000.99 HTTP/2" 200 5270 "https://app.optimyar.com/" "Mozilla/5.0 (Linux; Android 13; K) AppleWebKit/537.36 (KHTML, like Gecko) Chrome/141.0.7390.122 Mobile Safari/537.36"
40.160.58.34 - - [21/Nov/2025:19:02:36 +0330] "GET /captchas/make?version=3000.99 HTTP/2" 200 5195 "https://app.optimyar.com/" "Mozilla/5.0 (Linux; Android 13; K) AppleWebKit/537.36 (KHTML, like Gecko) Chrome/141.0.7390.122 Mobile Safari/537.36"
198.98.53.33 - - [21/Nov/2025:19:07:13 +0330] "GET /companies?version=3000.99 HTTP/2" 200 700 "https://app.optimyar.com/" "Mozilla/5.0 (Linux; Android 11; K) AppleWebKit/537.36 (KHTML, like Gecko) Chrome/142.0.7444.171 Mobile Safari/537.36"
198.98.53.33 - - [21/Nov/2025:19:07:13 +0330] "GET /getPublicSessions?isPrivate=false HTTP/2" 200 15 "https://app.optimyar.com/" "Mozilla/5.0 (Linux; Android 11; K) AppleWebKit/537.36 (KHTML, like Gecko) Chrome/142.0.7444.171 Mobile Safari/537.36"
89.199.49.28 - - [21/Nov/2025:19:07:44 +0330] "GET /companies?version=3000.99 HTTP/1.1" 200 700 "https://app.optimyar.com/" "Mozilla/5.0 (Windows NT 10.0; Win64; x64) AppleWebKit/537.36 (KHTML, like Gecko) Chrome/142.0.0.0 Safari/537.36"
89.199.49.28 - - [21/Nov/2025:19:07:44 +0330] "GET /getPublicSessions?isPrivate=false HTTP/1.1" 200 15 "https://app.optimyar.com/" "Mozilla/5.0 (Windows NT 10.0; Win64; x64) AppleWebKit/537.36 (KHTML, like Gecko) Chrome/142.0.0.0 Safari/537.36"
5.122.236.247 - - [21/Nov/2025:19:09:03 +0330] "GET /companies?version=3000.99 HTTP/2" 200 700 "https://app.optimyar.com/" "Mozilla/5.0 (Windows NT 10.0; Win64; x64) AppleWebKit/537.36 (KHTML, like Gecko) Chrome/142.0.0.0 Safari/537.36 Edg/142.0.0.0"
5.122.236.247 - - [21/Nov/2025:19:09:03 +0330] "GET /getPublicSessions?isPrivate=false HTTP/2" 200 15 "https://app.optimyar.com/" "Mozilla/5.0 (Windows NT 10.0; Win64; x64) AppleWebKit/537.36 (KHTML, like Gecko) Chrome/142.0.0.0 Safari/537.36 Edg/142.0.0.0"
5.122.236.247 - - [21/Nov/2025:19:09:16 +0330] "GET /captchas/make?version=3000.99 HTTP/2" 200 5934 "https://app.optimyar.com/" "Mozilla/5.0 (Windows NT 10.0; Win64; x64) AppleWebKit/537.36 (KHTML, like Gecko) Chrome/142.0.0.0 Safari/537.36 Edg/142.0.0.0"
5.122.236.247 - - [21/Nov/2025:19:09:16 +0330] "GET /uploads/minilogo7_fd0c99920b.png HTTP/1.1" 200 25203 "https://app.optimyar.com/" "Mozilla/5.0 (Windows NT 10.0; Win64; x64) AppleWebKit/537.36 (KHTML, like Gecko) Chrome/142.0.0.0 Safari/537.36 Edg/142.0.0.0"
5.122.236.247 - - [21/Nov/2025:19:09:46 +0330] "GET /captchas/make?version=3000.99 HTTP/2" 200 6126 "https://app.optimyar.com/" "Mozilla/5.0 (Windows NT 10.0; Win64; x64) AppleWebKit/537.36 (KHTML, like Gecko) Chrome/142.0.0.0 Safari/537.36 Edg/142.0.0.0"
5.122.236.247 - - [21/Nov/2025:19:10:00 +0330] "OPTIONS /captchas/sendToPhone HTTP/2" 204 0 "https://app.optimyar.com/" "Mozilla/5.0 (Windows NT 10.0; Win64; x64) AppleWebKit/537.36 (KHTML, like Gecko) Chrome/142.0.0.0 Safari/537.36 Edg/142.0.0.0"
5.122.236.247 - - [21/Nov/2025:19:10:00 +0330] "POST /captchas/sendToPhone HTTP/2" 400 117 "https://app.optimyar.com/" "Mozilla/5.0 (Windows NT 10.0; Win64; x64) AppleWebKit/537.36 (KHTML, like Gecko) Chrome/142.0.0.0 Safari/537.36 Edg/142.0.0.0"
5.122.236.247 - - [21/Nov/2025:19:10:01 +0330] "GET /captchas/make?version=3000.99 HTTP/2" 200 4521 "https://app.optimyar.com/" "Mozilla/5.0 (Windows NT 10.0; Win64; x64) AppleWebKit/537.36 (KHTML, like Gecko) Chrome/142.0.0.0 Safari/537.36 Edg/142.0.0.0"
78.159.110.63 - - [21/Nov/2025:19:10:30 +0330] "GET /companies?version=3000.99 HTTP/2" 200 700 "https://app.optimyar.com/" "Mozilla/5.0 (Windows NT 10.0; Win64; x64) AppleWebKit/537.36 (KHTML, like Gecko) Chrome/142.0.0.0 Safari/537.36 Edg/142.0.0.0"
78.159.110.63 - - [21/Nov/2025:19:10:30 +0330] "GET /getPublicSessions?isPrivate=false HTTP/2" 200 15 "https://app.optimyar.com/" "Mozilla/5.0 (Windows NT 10.0; Win64; x64) AppleWebKit/537.36 (KHTML, like Gecko) Chrome/142.0.0.0 Safari/537.36 Edg/142.0.0.0"
5.122.236.247 - - [21/Nov/2025:19:10:39 +0330] "POST /captchas/sendToPhone HTTP/2" 400 117 "https://app.optimyar.com/" "Mozilla/5.0 (Windows NT 10.0; Win64; x64) AppleWebKit/537.36 (KHTML, like Gecko) Chrome/142.0.0.0 Safari/537.36 Edg/142.0.0.0"
5.122.236.247 - - [21/Nov/2025:19:10:39 +0330] "GET /captchas/make?version=3000.99 HTTP/2" 200 4853 "https://app.optimyar.com/" "Mozilla/5.0 (Windows NT 10.0; Win64; x64) AppleWebKit/537.36 (KHTML, like Gecko) Chrome/142.0.0.0 Safari/537.36 Edg/142.0.0.0"
5.122.236.247 - - [21/Nov/2025:19:10:47 +0330] "GET /captchas/make?version=3000.99 HTTP/2" 200 5356 "https://app.optimyar.com/" "Mozilla/5.0 (Windows NT 10.0; Win64; x64) AppleWebKit/537.36 (KHTML, like Gecko) Chrome/142.0.0.0 Safari/537.36 Edg/142.0.0.0"
5.122.236.247 - - [21/Nov/2025:19:11:05 +0330] "OPTIONS /auth/local HTTP/2" 204 0 "https://app.optimyar.com/" "Mozilla/5.0 (Windows NT 10.0; Win64; x64) AppleWebKit/537.36 (KHTML, like Gecko) Chrome/142.0.0.0 Safari/537.36 Edg/142.0.0.0"
5.122.236.247 - - [21/Nov/2025:19:11:05 +0330] "POST /auth/local HTTP/2" 400 121 "https://app.optimyar.com/" "Mozilla/5.0 (Windows NT 10.0; Win64; x64) AppleWebKit/537.36 (KHTML, like Gecko) Chrome/142.0.0.0 Safari/537.36 Edg/142.0.0.0"
5.122.236.247 - - [21/Nov/2025:19:11:06 +0330] "GET /captchas/make?version=3000.99 HTTP/2" 200 5858 "https://app.optimyar.com/" "Mozilla/5.0 (Windows NT 10.0; Win64; x64) AppleWebKit/537.36 (KHTML, like Gecko) Chrome/142.0.0.0 Safari/537.36 Edg/142.0.0.0"
5.122.236.247 - - [21/Nov/2025:19:11:08 +0330] "GET /captchas/make?version=3000.99 HTTP/2" 200 5233 "https://app.optimyar.com/" "Mozilla/5.0 (Windows NT 10.0; Win64; x64) AppleWebKit/537.36 (KHTML, like Gecko) Chrome/142.0.0.0 Safari/537.36 Edg/142.0.0.0"
91.107.142.78 - - [21/Nov/2025:19:11:53 +0330] "GET /uploads/minilogo7_fd0c99920b.png HTTP/2" 200 25203 "https://app.optimyar.com/" "Mozilla/5.0 (Windows NT 10.0; Win64; x64) AppleWebKit/537.36 (KHTML, like Gecko) Chrome/142.0.0.0 Safari/537.36 Edg/142.0.0.0"
5.122.236.247 - - [21/Nov/2025:19:12:01 +0330] "POST /captchas/sendToPhone HTTP/2" 200 33 "https://app.optimyar.com/" "Mozilla/5.0 (Windows NT 10.0; Win64; x64) AppleWebKit/537.36 (KHTML, like Gecko) Chrome/142.0.0.0 Safari/537.36 Edg/142.0.0.0"
5.122.236.247 - - [21/Nov/2025:19:12:14 +0330] "OPTIONS /auth/local/register HTTP/2" 204 0 "https://app.optimyar.com/" "Mozilla/5.0 (Windows NT 10.0; Win64; x64) AppleWebKit/537.36 (KHTML, like Gecko) Chrome/142.0.0.0 Safari/537.36 Edg/142.0.0.0"
5.122.236.247 - - [21/Nov/2025:19:12:14 +0330] "POST /auth/local/register HTTP/2" 400 121 "https://app.optimyar.com/" "Mozilla/5.0 (Windows NT 10.0; Win64; x64) AppleWebKit/537.36 (KHTML, like Gecko) Chrome/142.0.0.0 Safari/537.36 Edg/142.0.0.0"
5.122.236.247 - - [21/Nov/2025:19:12:19 +0330] "GET /captchas/make?version=3000.99 HTTP/2" 200 5900 "https://app.optimyar.com/" "Mozilla/5.0 (Windows NT 10.0; Win64; x64) AppleWebKit/537.36 (KHTML, like Gecko) Chrome/142.0.0.0 Safari/537.36 Edg/142.0.0.0"
5.122.236.247 - - [21/Nov/2025:19:12:27 +0330] "POST /auth/local HTTP/2" 400 121 "https://app.optimyar.com/" "Mozilla/5.0 (Windows NT 10.0; Win64; x64) AppleWebKit/537.36 (KHTML, like Gecko) Chrome/142.0.0.0 Safari/537.36 Edg/142.0.0.0"
5.122.236.247 - - [21/Nov/2025:19:12:28 +0330] "GET /captchas/make?version=3000.99 HTTP/2" 200 5355 "https://app.optimyar.com/" "Mozilla/5.0 (Windows NT 10.0; Win64; x64) AppleWebKit/537.36 (KHTML, like Gecko) Chrome/142.0.0.0 Safari/537.36 Edg/142.0.0.0"
5.122.236.247 - - [21/Nov/2025:19:12:47 +0330] "POST /auth/local HTTP/2" 400 121 "https://app.optimyar.com/" "Mozilla/5.0 (Windows NT 10.0; Win64; x64) AppleWebKit/537.36 (KHTML, like Gecko) Chrome/142.0.0.0 Safari/537.36 Edg/142.0.0.0"
5.122.236.247 - - [21/Nov/2025:19:12:47 +0330] "GET /captchas/make?version=3000.99 HTTP/2" 200 5027 "https://app.optimyar.com/" "Mozilla/5.0 (Windows NT 10.0; Win64; x64) AppleWebKit/537.36 (KHTML, like Gecko) Chrome/142.0.0.0 Safari/537.36 Edg/142.0.0.0"
5.122.236.247 - - [21/Nov/2025:19:12:58 +0330] "GET /companies?version=3000.99 HTTP/2" 200 700 "https://app.optimyar.com/" "Mozilla/5.0 (Windows NT 10.0; Win64; x64) AppleWebKit/537.36 (KHTML, like Gecko) Chrome/142.0.0.0 Safari/537.36 Edg/142.0.0.0"
5.122.236.247 - - [21/Nov/2025:19:12:58 +0330] "GET /getPublicSessions?isPrivate=false HTTP/2" 200 15 "https://app.optimyar.com/" "Mozilla/5.0 (Windows NT 10.0; Win64; x64) AppleWebKit/537.36 (KHTML, like Gecko) Chrome/142.0.0.0 Safari/537.36 Edg/142.0.0.0"
78.159.110.63 - - [21/Nov/2025:19:08:36 +0330] "GET /companies?version=3000.99 HTTP/2" 200 700 "https://app.optimyar.com/" "Mozilla/5.0 (Windows NT 10.0; Win64; x64) AppleWebKit/537.36 (KHTML, like Gecko) Chrome/142.0.0.0 Safari/537.36 Edg/142.0.0.0"
78.159.110.63 - - [21/Nov/2025:19:08:36 +0330] "GET /getPublicSessions?isPrivate=false HTTP/2" 200 15 "https://app.optimyar.com/" "Mozilla/5.0 (Windows NT 10.0; Win64; x64) AppleWebKit/537.36 (KHTML, like Gecko) Chrome/142.0.0.0 Safari/537.36 Edg/142.0.0.0"
31.205.132.68 - - [21/Nov/2025:19:10:10 +0330] "GET /companies?version=3000.99 HTTP/2" 200 700 "https://app.optimyar.com/" "Mozilla/5.0 (Macintosh; Intel Mac OS X 10_15_7) AppleWebKit/605.1.15 (KHTML, like Gecko) Version/18.3 Safari/605.1.15"
31.205.132.68 - - [21/Nov/2025:19:10:10 +0330] "GET /getPublicSessions?isPrivate=false HTTP/2" 200 15 "https://app.optimyar.com/" "Mozilla/5.0 (Macintosh; Intel Mac OS X 10_15_7) AppleWebKit/605.1.15 (KHTML, like Gecko) Version/18.3 Safari/605.1.15"
31.205.132.68 - - [21/Nov/2025:19:10:14 +0330] "GET /companies?version=3000.99 HTTP/2" 200 700 "https://app.optimyar.com/" "Mozilla/5.0 (Macintosh; Intel Mac OS X 10_15_7) AppleWebKit/605.1.15 (KHTML, like Gecko) Version/18.3 Safari/605.1.15"
31.205.132.68 - - [21/Nov/2025:19:10:14 +0330] "GET /captchas/make?version=3000.99 HTTP/2" 200 6975 "https://app.optimyar.com/" "Mozilla/5.0 (Macintosh; Intel Mac OS X 10_15_7) AppleWebKit/605.1.15 (KHTML, like Gecko) Version/18.3 Safari/605.1.15"
31.205.132.68 - - [21/Nov/2025:19:10:14 +0330] "GET /uploads/minilogo7_fd0c99920b.png HTTP/2" 200 25203 "https://app.optimyar.com/" "Mozilla/5.0 (Macintosh; Intel Mac OS X 10_15_7) AppleWebKit/605.1.15 (KHTML, like Gecko) Version/18.3 Safari/605.1.15"
37.10.109.250 - - [21/Nov/2025:19:11:16 +0330] "GET /companies?version=3000.99 HTTP/2" 200 700 "https://app.optimyar.com/" "Mozilla/5.0 (Linux; Android 12; K) AppleWebKit/537.36 (KHTML, like Gecko) Chrome/141.0.7390.122 Mobile Safari/537.36"
37.10.109.250 - - [21/Nov/2025:19:11:16 +0330] "GET /getPublicSessions?isPrivate=false HTTP/2" 200 15 "https://app.optimyar.com/" "Mozilla/5.0 (Linux; Android 12; K) AppleWebKit/537.36 (KHTML, like Gecko) Chrome/141.0.7390.122 Mobile Safari/537.36"
91.107.142.78 - - [21/Nov/2025:19:11:53 +0330] "GET /captchas/make?version=3000.99 HTTP/2" 200 5780 "https://app.optimyar.com/" "Mozilla/5.0 (Windows NT 10.0; Win64; x64) AppleWebKit/537.36 (KHTML, like Gecko) Chrome/142.0.0.0 Safari/537.36 Edg/142.0.0.0"
5.122.236.247 - - [21/Nov/2025:19:13:34 +0330] "GET /uploads/minilogo7_fd0c99920b.png HTTP/2" 200 25203 "https://app.optimyar.com/" "Mozilla/5.0 (Windows NT 10.0; Win64; x64) AppleWebKit/537.36 (KHTML, like Gecko) Chrome/142.0.0.0 Safari/537.36 Edg/142.0.0.0"
2.177.76.249 - - [21/Nov/2025:19:14:58 +0330] "GET /companies?version=3000.99 HTTP/2" 200 700 "https://app.optimyar.com/" "Mozilla/5.0 (Linux; Android 10; K) AppleWebKit/537.36 (KHTML, like Gecko) SamsungBrowser/29.0 Chrome/136.0.0.0 Mobile Safari/537.36"
2.177.76.249 - - [21/Nov/2025:19:14:58 +0330] "GET /getPublicSessions?isPrivate=false HTTP/2" 200 15 "https://app.optimyar.com/" "Mozilla/5.0 (Linux; Android 10; K) AppleWebKit/537.36 (KHTML, like Gecko) SamsungBrowser/29.0 Chrome/136.0.0.0 Mobile Safari/537.36"
109.95.65.71 - - [21/Nov/2025:19:16:04 +0330] "GET /companies?version=3000.99 HTTP/2" 200 700 "https://app.optimyar.com/" "Mozilla/5.0 (Linux; Android 15; K) AppleWebKit/537.36 (KHTML, like Gecko) Chrome/142.0.7444.102 Mobile Safari/537.36"
109.95.65.71 - - [21/Nov/2025:19:16:04 +0330] "GET /getPublicSessions?isPrivate=false HTTP/2" 200 15 "https://app.optimyar.com/" "Mozilla/5.0 (Linux; Android 15; K) AppleWebKit/537.36 (KHTML, like Gecko) Chrome/142.0.7444.102 Mobile Safari/537.36"
109.95.65.71 - - [21/Nov/2025:19:16:10 +0330] "GET /companies?version=3000.99 HTTP/2" 200 700 "https://app.optimyar.com/" "Mozilla/5.0 (Linux; Android 15; K) AppleWebKit/537.36 (KHTML, like Gecko) Chrome/142.0.7444.102 Mobile Safari/537.36"
109.95.65.71 - - [21/Nov/2025:19:16:10 +0330] "GET /captchas/make?version=3000.99 HTTP/2" 200 6213 "https://app.optimyar.com/" "Mozilla/5.0 (Linux; Android 15; K) AppleWebKit/537.36 (KHTML, like Gecko) Chrome/142.0.7444.102 Mobile Safari/537.36"
85.185.32.237 - - [21/Nov/2025:19:16:42 +0330] "GET /companies?version=3000.99 HTTP/2" 200 700 "https://app.optimyar.com/" "Mozilla/5.0 (Linux; Android 13; K) AppleWebKit/537.36 (KHTML, like Gecko) Chrome/141.0.7390.122 Mobile Safari/537.36"
85.185.32.237 - - [21/Nov/2025:19:16:42 +0330] "GET /getPublicSessions?isPrivate=false HTTP/2" 200 15 "https://app.optimyar.com/" "Mozilla/5.0 (Linux; Android 13; K) AppleWebKit/537.36 (KHTML, like Gecko) Chrome/141.0.7390.122 Mobile Safari/537.36"
193.108.119.167 - - [21/Nov/2025:19:16:54 +0330] "GET /companies?version=3000.99 HTTP/2" 200 700 "https://app.optimyar.com/" "Mozilla/5.0 (Windows NT 10.0; Win64; x64) AppleWebKit/537.36 (KHTML, like Gecko) Chrome/142.0.0.0 Safari/537.36"
193.108.119.167 - - [21/Nov/2025:19:16:54 +0330] "GET /getPublicSessions?isPrivate=false HTTP/2" 200 15 "https://app.optimyar.com/" "Mozilla/5.0 (Windows NT 10.0; Win64; x64) AppleWebKit/537.36 (KHTML, like Gecko) Chrome/142.0.0.0 Safari/537.36"
85.185.32.237 - - [21/Nov/2025:19:17:03 +0330] "GET /companies?version=3000.99 HTTP/1.1" 200 700 "https://app.optimyar.com/" "Mozilla/5.0 (Linux; Android 13; K) AppleWebKit/537.36 (KHTML, like Gecko) Chrome/141.0.7390.122 Mobile Safari/537.36"
85.185.32.237 - - [21/Nov/2025:19:17:03 +0330] "GET /getPublicSessions?isPrivate=false HTTP/1.1" 200 15 "https://app.optimyar.com/" "Mozilla/5.0 (Linux; Android 13; K) AppleWebKit/537.36 (KHTML, like Gecko) Chrome/141.0.7390.122 Mobile Safari/537.36"
193.108.119.167 - - [21/Nov/2025:19:17:04 +0330] "GET /uploads/minilogo7_fd0c99920b.png HTTP/1.1" 200 25203 "https://app.optimyar.com/" "Mozilla/5.0 (Windows NT 10.0; Win64; x64) AppleWebKit/537.36 (KHTML, like Gecko) Chrome/142.0.0.0 Safari/537.36"
193.108.119.167 - - [21/Nov/2025:19:17:04 +0330] "GET /captchas/make?version=3000.99 HTTP/1.1" 200 4444 "https://app.optimyar.com/" "Mozilla/5.0 (Windows NT 10.0; Win64; x64) AppleWebKit/537.36 (KHTML, like Gecko) Chrome/142.0.0.0 Safari/537.36"
85.185.32.237 - - [21/Nov/2025:19:17:08 +0330] "GET /captchas/make?version=3000.99 HTTP/1.1" 200 5234 "https://app.optimyar.com/" "Mozilla/5.0 (Linux; Android 13; K) AppleWebKit/537.36 (KHTML, like Gecko) Chrome/141.0.7390.122 Mobile Safari/537.36"
85.185.32.237 - - [21/Nov/2025:19:17:08 +0330] "GET /uploads/minilogo7_fd0c99920b.png HTTP/1.1" 200 25203 "https://app.optimyar.com/" "Mozilla/5.0 (Linux; Android 13; K) AppleWebKit/537.36 (KHTML, like Gecko) Chrome/141.0.7390.122 Mobile Safari/537.36"
193.108.119.167 - - [21/Nov/2025:19:17:09 +0330] "GET /captchas/make?version=3000.99 HTTP/1.1" 200 5175 "https://app.optimyar.com/" "Mozilla/5.0 (Windows NT 10.0; Win64; x64) AppleWebKit/537.36 (KHTML, like Gecko) Chrome/142.0.0.0 Safari/537.36"
193.108.119.167 - - [21/Nov/2025:19:17:40 +0330] "OPTIONS /captchas/sendToPhone HTTP/2" 204 0 "https://app.optimyar.com/" "Mozilla/5.0 (Windows NT 10.0; Win64; x64) AppleWebKit/537.36 (KHTML, like Gecko) Chrome/142.0.0.0 Safari/537.36"
193.108.119.167 - - [21/Nov/2025:19:17:40 +0330] "POST /captchas/sendToPhone HTTP/2" 200 33 "https://app.optimyar.com/" "Mozilla/5.0 (Windows NT 10.0; Win64; x64) AppleWebKit/537.36 (KHTML, like Gecko) Chrome/142.0.0.0 Safari/537.36"
85.185.32.237 - - [21/Nov/2025:19:17:41 +0330] "GET /captchas/make?version=3000.99 HTTP/1.1" 200 5637 "https://app.optimyar.com/" "Mozilla/5.0 (Linux; Android 13; K) AppleWebKit/537.36 (KHTML, like Gecko) Chrome/141.0.7390.122 Mobile Safari/537.36"
2.145.151.245 - - [21/Nov/2025:19:17:50 +0330] "GET /companies?version=3000.99 HTTP/2" 200 700 "https://app.optimyar.com/" "Mozilla/5.0 (Macintosh; Intel Mac OS X 10_15_7) AppleWebKit/537.36 (KHTML, like Gecko) Chrome/142.0.0.0 Safari/537.36"
5.122.236.247 - - [21/Nov/2025:19:13:26 +0330] "GET /companies?version=3000.99 HTTP/2" 200 700 "https://app.optimyar.com/" "Mozilla/5.0 (Windows NT 10.0; Win64; x64) AppleWebKit/537.36 (KHTML, like Gecko) Chrome/142.0.0.0 Safari/537.36 Edg/142.0.0.0"
5.122.236.247 - - [21/Nov/2025:19:13:26 +0330] "GET /getPublicSessions?isPrivate=false HTTP/2" 200 15 "https://app.optimyar.com/" "Mozilla/5.0 (Windows NT 10.0; Win64; x64) AppleWebKit/537.36 (KHTML, like Gecko) Chrome/142.0.0.0 Safari/537.36 Edg/142.0.0.0"
5.122.236.247 - - [21/Nov/2025:19:13:34 +0330] "GET /captchas/make?version=3000.99 HTTP/2" 200 6739 "https://app.optimyar.com/" "Mozilla/5.0 (Windows NT 10.0; Win64; x64) AppleWebKit/537.36 (KHTML, like Gecko) Chrome/142.0.0.0 Safari/537.36 Edg/142.0.0.0"
5.122.236.247 - - [21/Nov/2025:19:13:39 +0330] "GET /getPublicSessions?isPrivate=false HTTP/2" 200 15 "https://app.optimyar.com/" "Mozilla/5.0 (Windows NT 10.0; Win64; x64) AppleWebKit/537.36 (KHTML, like Gecko) Chrome/142.0.0.0 Safari/537.36 Edg/142.0.0.0"
109.95.65.71 - - [21/Nov/2025:19:16:10 +0330] "GET /uploads/minilogo7_fd0c99920b.png HTTP/2" 200 25203 "https://app.optimyar.com/" "Mozilla/5.0 (Linux; Android 15; K) AppleWebKit/537.36 (KHTML, like Gecko) Chrome/142.0.7444.102 Mobile Safari/537.36"
193.108.119.167 - - [21/Nov/2025:19:17:56 +0330] "OPTIONS /auth/local/register HTTP/1.1" 204 0 "https://app.optimyar.com/" "Mozilla/5.0 (Windows NT 10.0; Win64; x64) AppleWebKit/537.36 (KHTML, like Gecko) Chrome/142.0.0.0 Safari/537.36"
193.108.119.167 - - [21/Nov/2025:19:17:57 +0330] "POST /auth/local/register HTTP/1.1" 200 309 "https://app.optimyar.com/" "Mozilla/5.0 (Windows NT 10.0; Win64; x64) AppleWebKit/537.36 (KHTML, like Gecko) Chrome/142.0.0.0 Safari/537.36"
193.108.119.167 - - [21/Nov/2025:19:18:04 +0330] "OPTIONS /user-courses?isConfirm=true&_sort=buyDate:DESC&version=3000.99 HTTP/1.1" 204 0 "https://app.optimyar.com/" "Mozilla/5.0 (Windows NT 10.0; Win64; x64) AppleWebKit/537.36 (KHTML, like Gecko) Chrome/142.0.0.0 Safari/537.36"
193.108.119.167 - - [21/Nov/2025:19:18:05 +0330] "GET /user-courses?isConfirm=true&_sort=buyDate:DESC&version=3000.99 HTTP/1.1" 200 2 "https://app.optimyar.com/" "Mozilla/5.0 (Windows NT 10.0; Win64; x64) AppleWebKit/537.36 (KHTML, like Gecko) Chrome/142.0.0.0 Safari/537.36"
193.108.119.167 - - [21/Nov/2025:19:18:15 +0330] "OPTIONS /certifications/getCertifications HTTP/1.1" 204 0 "https://app.optimyar.com/" "Mozilla/5.0 (Windows NT 10.0; Win64; x64) AppleWebKit/537.36 (KHTML, like Gecko) Chrome/142.0.0.0 Safari/537.36"
193.108.119.167 - - [21/Nov/2025:19:18:15 +0330] "POST /certifications/getCertifications HTTP/1.1" 200 89 "https://app.optimyar.com/" "Mozilla/5.0 (Windows NT 10.0; Win64; x64) AppleWebKit/537.36 (KHTML, like Gecko) Chrome/142.0.0.0 Safari/537.36"
164.215.161.201 - - [21/Nov/2025:19:18:17 +0330] "GET /companies?version=3000.99 HTTP/2" 200 700 "https://app.optimyar.com/" "Mozilla/5.0 (Linux; Android 16; K) AppleWebKit/537.36 (KHTML, like Gecko) Chrome/142.0.7444.102 Mobile Safari/537.36"
164.215.161.201 - - [21/Nov/2025:19:18:17 +0330] "GET /getPublicSessions?isPrivate=false HTTP/2" 200 15 "https://app.optimyar.com/" "Mozilla/5.0 (Linux; Android 16; K) AppleWebKit/537.36 (KHTML, like Gecko) Chrome/142.0.7444.102 Mobile Safari/537.36"
193.108.119.167 - - [21/Nov/2025:19:18:28 +0330] "GET /captchas/make?version=3000.99 HTTP/1.1" 200 5571 "https://app.optimyar.com/" "Mozilla/5.0 (Windows NT 10.0; Win64; x64) AppleWebKit/537.36 (KHTML, like Gecko) Chrome/142.0.0.0 Safari/537.36"
193.108.119.167 - - [21/Nov/2025:19:18:28 +0330] "GET /companies?version=3000.99 HTTP/1.1" 200 700 "https://app.optimyar.com/" "Mozilla/5.0 (Windows NT 10.0; Win64; x64) AppleWebKit/537.36 (KHTML, like Gecko) Chrome/142.0.0.0 Safari/537.36"
193.108.119.167 - - [21/Nov/2025:19:18:29 +0330] "GET /uploads/minilogo7_fd0c99920b.png HTTP/2" 200 25203 "https://app.optimyar.com/" "Mozilla/5.0 (Windows NT 10.0; Win64; x64) AppleWebKit/537.36 (KHTML, like Gecko) Chrome/142.0.0.0 Safari/537.36"
2.145.151.245 - - [21/Nov/2025:19:17:50 +0330] "GET /captchas/make?version=3000.99 HTTP/2" 200 5338 "https://app.optimyar.com/" "Mozilla/5.0 (Macintosh; Intel Mac OS X 10_15_7) AppleWebKit/537.36 (KHTML, like Gecko) Chrome/142.0.0.0 Safari/537.36"
2.145.151.245 - - [21/Nov/2025:19:17:50 +0330] "GET /uploads/minilogo7_fd0c99920b.png HTTP/1.1" 200 25203 "https://app.optimyar.com/" "Mozilla/5.0 (Macintosh; Intel Mac OS X 10_15_7) AppleWebKit/537.36 (KHTML, like Gecko) Chrome/142.0.0.0 Safari/537.36"
85.185.32.237 - - [21/Nov/2025:19:17:54 +0330] "POST /captchas/sendToPhone HTTP/1.1" 400 115 "https://app.optimyar.com/" "Mozilla/5.0 (Linux; Android 13; K) AppleWebKit/537.36 (KHTML, like Gecko) Chrome/141.0.7390.122 Mobile Safari/537.36"
85.185.32.237 - - [21/Nov/2025:19:17:54 +0330] "GET /captchas/make?version=3000.99 HTTP/1.1" 200 4969 "https://app.optimyar.com/" "Mozilla/5.0 (Linux; Android 13; K) AppleWebKit/537.36 (KHTML, like Gecko) Chrome/141.0.7390.122 Mobile Safari/537.36"
85.185.32.237 - - [21/Nov/2025:19:18:01 +0330] "POST /captchas/sendToPhone HTTP/1.1" 200 33 "https://app.optimyar.com/" "Mozilla/5.0 (Linux; Android 13; K) AppleWebKit/537.36 (KHTML, like Gecko) Chrome/141.0.7390.122 Mobile Safari/537.36"
85.185.32.237 - - [21/Nov/2025:19:18:35 +0330] "OPTIONS /auth/forgot-password HTTP/2" 204 0 "https://app.optimyar.com/" "Mozilla/5.0 (Linux; Android 13; K) AppleWebKit/537.36 (KHTML, like Gecko) Chrome/141.0.7390.122 Mobile Safari/537.36"
85.185.32.237 - - [21/Nov/2025:19:18:35 +0330] "POST /auth/forgot-password HTTP/2" 200 11 "https://app.optimyar.com/" "Mozilla/5.0 (Linux; Android 13; K) AppleWebKit/537.36 (KHTML, like Gecko) Chrome/141.0.7390.122 Mobile Safari/537.36"
85.185.32.237 - - [21/Nov/2025:19:18:35 +0330] "GET /captchas/make?version=3000.99 HTTP/2" 200 5312 "https://app.optimyar.com/" "Mozilla/5.0 (Linux; Android 13; K) AppleWebKit/537.36 (KHTML, like Gecko) Chrome/141.0.7390.122 Mobile Safari/537.36"
85.185.32.237 - - [21/Nov/2025:19:18:50 +0330] "POST /auth/local HTTP/2" 200 295 "https://app.optimyar.com/" "Mozilla/5.0 (Linux; Android 13; K) AppleWebKit/537.36 (KHTML, like Gecko) Chrome/141.0.7390.122 Mobile Safari/537.36"
85.185.32.237 - - [21/Nov/2025:19:18:50 +0330] "OPTIONS /user-courses?isConfirm=true&_sort=buyDate:DESC&version=3000.99 HTTP/2" 204 0 "https://app.optimyar.com/" "Mozilla/5.0 (Linux; Android 13; K) AppleWebKit/537.36 (KHTML, like Gecko) Chrome/141.0.7390.122 Mobile Safari/537.36"
85.185.32.237 - - [21/Nov/2025:19:18:50 +0330] "GET /user-courses?isConfirm=true&_sort=buyDate:DESC&version=3000.99 HTTP/2" 200 2 "https://app.optimyar.com/" "Mozilla/5.0 (Linux; Android 13; K) AppleWebKit/537.36 (KHTML, like Gecko) Chrome/141.0.7390.122 Mobile Safari/537.36"
2.145.151.245 - - [21/Nov/2025:19:18:51 +0330] "GET /companies?version=3000.99 HTTP/2" 200 700 "https://app.optimyar.com/" "Mozilla/5.0 (Macintosh; Intel Mac OS X 10_15_7) AppleWebKit/537.36 (KHTML, like Gecko) Chrome/142.0.0.0 Safari/537.36"
2.145.151.245 - - [21/Nov/2025:19:18:51 +0330] "GET /getPublicSessions?isPrivate=false HTTP/2" 200 15 "https://app.optimyar.com/" "Mozilla/5.0 (Macintosh; Intel Mac OS X 10_15_7) AppleWebKit/537.36 (KHTML, like Gecko) Chrome/142.0.0.0 Safari/537.36"
89.199.49.28 - - [21/Nov/2025:19:19:00 +0330] "GET /companies?version=3000.99 HTTP/1.1" 200 700 "https://app.optimyar.com/" "Mozilla/5.0 (Windows NT 10.0; Win64; x64) AppleWebKit/537.36 (KHTML, like Gecko) Chrome/142.0.0.0 Safari/537.36"
89.199.49.28 - - [21/Nov/2025:19:19:00 +0330] "GET /captchas/make?version=3000.99 HTTP/1.1" 200 5474 "https://app.optimyar.com/" "Mozilla/5.0 (Windows NT 10.0; Win64; x64) AppleWebKit/537.36 (KHTML, like Gecko) Chrome/142.0.0.0 Safari/537.36"
85.185.32.237 - - [21/Nov/2025:19:19:26 +0330] "OPTIONS /getPublicSessions?isPrivate=false HTTP/2" 204 0 "https://app.optimyar.com/" "Mozilla/5.0 (Linux; Android 13; K) AppleWebKit/537.36 (KHTML, like Gecko) Chrome/141.0.7390.122 Mobile Safari/537.36"
89.199.49.28 - - [21/Nov/2025:19:19:03 +0330] "GET /uploads/minilogo7_fd0c99920b.png HTTP/1.1" 200 25203 "https://app.optimyar.com/" "Mozilla/5.0 (Windows NT 10.0; Win64; x64) AppleWebKit/537.36 (KHTML, like Gecko) Chrome/142.0.0.0 Safari/537.36"
89.199.49.28 - - [21/Nov/2025:19:19:38 +0330] "GET /companies?version=3000.99 HTTP/1.1" 200 700 "https://app.optimyar.com/" "Mozilla/5.0 (Windows NT 10.0; Win64; x64) AppleWebKit/537.36 (KHTML, like Gecko) Chrome/142.0.0.0 Safari/537.36"
89.199.49.28 - - [21/Nov/2025:19:19:38 +0330] "GET /captchas/make?version=3000.99 HTTP/1.1" 200 4779 "https://app.optimyar.com/" "Mozilla/5.0 (Windows NT 10.0; Win64; x64) AppleWebKit/537.36 (KHTML, like Gecko) Chrome/142.0.0.0 Safari/537.36"
89.199.49.28 - - [21/Nov/2025:19:19:39 +0330] "GET /uploads/minilogo7_fd0c99920b.png HTTP/1.1" 200 25203 "https://app.optimyar.com/" "Mozilla/5.0 (Windows NT 10.0; Win64; x64) AppleWebKit/537.36 (KHTML, like Gecko) Chrome/142.0.0.0 Safari/537.36"
89.199.49.28 - - [21/Nov/2025:19:19:45 +0330] "OPTIONS /auth/local HTTP/1.1" 204 0 "https://app.optimyar.com/" "Mozilla/5.0 (Windows NT 10.0; Win64; x64) AppleWebKit/537.36 (KHTML, like Gecko) Chrome/142.0.0.0 Safari/537.36"
89.199.49.28 - - [21/Nov/2025:19:19:45 +0330] "POST /auth/local HTTP/1.1" 200 293 "https://app.optimyar.com/" "Mozilla/5.0 (Windows NT 10.0; Win64; x64) AppleWebKit/537.36 (KHTML, like Gecko) Chrome/142.0.0.0 Safari/537.36"
93.117.44.179 - - [21/Nov/2025:19:20:16 +0330] "GET /getPublicSessions?isPrivate=false HTTP/2" 200 15 "https://app.optimyar.com/" "Mozilla/5.0 (Windows NT 10.0; Win64; x64; rv:145.0) Gecko/20100101 Firefox/145.0"
93.117.44.179 - - [21/Nov/2025:19:20:17 +0330] "GET /companies?version=3000.99 HTTP/2" 200 700 "https://app.optimyar.com/" "Mozilla/5.0 (Windows NT 10.0; Win64; x64; rv:145.0) Gecko/20100101 Firefox/145.0"
89.199.49.28 - - [21/Nov/2025:19:20:59 +0330] "GET /companies?version=3000.99 HTTP/1.1" 200 700 "https://app.optimyar.com/" "Mozilla/5.0 (Windows NT 10.0; Win64; x64) AppleWebKit/537.36 (KHTML, like Gecko) Chrome/142.0.0.0 Safari/537.36"
89.199.49.28 - - [21/Nov/2025:19:21:16 +0330] "OPTIONS /sessions HTTP/1.1" 204 0 "https://app.optimyar.com/" "Mozilla/5.0 (Windows NT 10.0; Win64; x64) AppleWebKit/537.36 (KHTML, like Gecko) Chrome/142.0.0.0 Safari/537.36"
89.199.49.28 - - [21/Nov/2025:19:21:16 +0330] "POST /sessions HTTP/1.1" 200 222 "https://app.optimyar.com/" "Mozilla/5.0 (Windows NT 10.0; Win64; x64) AppleWebKit/537.36 (KHTML, like Gecko) Chrome/142.0.0.0 Safari/537.36"
85.185.32.237 - - [21/Nov/2025:19:21:29 +0330] "GET /companies?version=3000.99 HTTP/2" 200 700 "https://app.optimyar.com/" "Mozilla/5.0 (Linux; Android 13; K) AppleWebKit/537.36 (KHTML, like Gecko) Chrome/141.0.7390.122 Mobile Safari/537.36"
85.185.32.237 - - [21/Nov/2025:19:21:29 +0330] "GET /getPublicSessions?isPrivate=false HTTP/2" 200 188 "https://app.optimyar.com/" "Mozilla/5.0 (Linux; Android 13; K) AppleWebKit/537.36 (KHTML, like Gecko) Chrome/141.0.7390.122 Mobile Safari/537.36"
89.199.49.28 - - [21/Nov/2025:19:21:38 +0330] "GET /companies?version=3000.99 HTTP/1.1" 200 700 "https://app.optimyar.com/" "Mozilla/5.0 (Linux; Android 10; K) AppleWebKit/537.36 (KHTML, like Gecko) Chrome/142.0.0.0 Mobile Safari/537.36"
89.199.49.28 - - [21/Nov/2025:19:21:38 +0330] "GET /getPublicSessions?isPrivate=false HTTP/1.1" 200 188 "https://app.optimyar.com/" "Mozilla/5.0 (Linux; Android 10; K) AppleWebKit/537.36 (KHTML, like Gecko) Chrome/142.0.0.0 Mobile Safari/537.36"
2.145.151.245 - - [21/Nov/2025:19:22:01 +0330] "GET /companies?version=3000.99 HTTP/2" 200 700 "https://app.optimyar.com/" "Mozilla/5.0 (Macintosh; Intel Mac OS X 10_15_7) AppleWebKit/537.36 (KHTML, like Gecko) Chrome/142.0.0.0 Safari/537.36"
2.145.151.245 - - [21/Nov/2025:19:22:01 +0330] "GET /getPublicSessions?isPrivate=false HTTP/2" 200 188 "https://app.optimyar.com/" "Mozilla/5.0 (Macintosh; Intel Mac OS X 10_15_7) AppleWebKit/537.36 (KHTML, like Gecko) Chrome/142.0.0.0 Safari/537.36"
85.185.32.237 - - [21/Nov/2025:19:19:26 +0330] "GET /getPublicSessions?isPrivate=false HTTP/2" 200 15 "https://app.optimyar.com/" "Mozilla/5.0 (Linux; Android 13; K) AppleWebKit/537.36 (KHTML, like Gecko) Chrome/141.0.7390.122 Mobile Safari/537.36"
93.127.180.54 - - [21/Nov/2025:19:19:55 +0330] "GET /companies?version=3000.99 HTTP/2" 200 700 "https://app.optimyar.com/" "Mozilla/5.0 (Linux; Android 10; K) AppleWebKit/537.36 (KHTML, like Gecko) Chrome/111.0.0.0 Mobile Safari/537.36"
93.127.180.54 - - [21/Nov/2025:19:19:55 +0330] "GET /getPublicSessions?isPrivate=false HTTP/2" 200 15 "https://app.optimyar.com/" "Mozilla/5.0 (Linux; Android 10; K) AppleWebKit/537.36 (KHTML, like Gecko) Chrome/111.0.0.0 Mobile Safari/537.36"
37.98.62.118 - - [21/Nov/2025:19:20:22 +0330] "GET /companies?version=3000.99 HTTP/2" 200 700 "https://app.optimyar.com/" "Mozilla/5.0 (Linux; Android 12; K) AppleWebKit/537.36 (KHTML, like Gecko) Chrome/142.0.7444.102 Mobile Safari/537.36"
37.98.62.118 - - [21/Nov/2025:19:20:22 +0330] "GET /getPublicSessions?isPrivate=false HTTP/2" 200 15 "https://app.optimyar.com/" "Mozilla/5.0 (Linux; Android 12; K) AppleWebKit/537.36 (KHTML, like Gecko) Chrome/142.0.7444.102 Mobile Safari/537.36"
85.185.32.237 - - [21/Nov/2025:19:20:45 +0330] "GET /companies?version=3000.99 HTTP/2" 200 700 "https://app.optimyar.com/" "Mozilla/5.0 (Linux; Android 13; K) AppleWebKit/537.36 (KHTML, like Gecko) Chrome/141.0.7390.122 Mobile Safari/537.36"
85.185.32.237 - - [21/Nov/2025:19:20:45 +0330] "GET /user-courses?isConfirm=true&_sort=buyDate:DESC&version=3000.99 HTTP/2" 200 2 "https://app.optimyar.com/" "Mozilla/5.0 (Linux; Android 13; K) AppleWebKit/537.36 (KHTML, like Gecko) Chrome/141.0.7390.122 Mobile Safari/537.36"
85.185.32.237 - - [21/Nov/2025:19:21:12 +0330] "GET /getPublicSessions?isPrivate=false HTTP/2" 200 15 "https://app.optimyar.com/" "Mozilla/5.0 (Linux; Android 13; K) AppleWebKit/537.36 (KHTML, like Gecko) Chrome/141.0.7390.122 Mobile Safari/537.36"
85.185.32.237 - - [21/Nov/2025:19:21:24 +0330] "GET /user-courses?isConfirm=true&_sort=buyDate:DESC&version=3000.99 HTTP/2" 200 2 "https://app.optimyar.com/" "Mozilla/5.0 (Linux; Android 13; K) AppleWebKit/537.36 (KHTML, like Gecko) Chrome/141.0.7390.122 Mobile Safari/537.36"
80.210.51.199 - - [21/Nov/2025:19:22:07 +0330] "GET /companies?version=3000.99 HTTP/2" 200 700 "https://app.optimyar.com/" "Mozilla/5.0 (Windows NT 10.0; Win64; x64) AppleWebKit/537.36 (KHTML, like Gecko) Chrome/142.0.0.0 Safari/537.36"
80.210.51.199 - - [21/Nov/2025:19:22:07 +0330] "GET /getPublicSessions?isPrivate=false HTTP/2" 200 188 "https://app.optimyar.com/" "Mozilla/5.0 (Windows NT 10.0; Win64; x64) AppleWebKit/537.36 (KHTML, like Gecko) Chrome/142.0.0.0 Safari/537.36"
80.210.51.199 - - [21/Nov/2025:19:22:59 +0330] "OPTIONS /startPublicSession HTTP/1.1" 204 0 "https://app.optimyar.com/" "Mozilla/5.0 (Windows NT 10.0; Win64; x64) AppleWebKit/537.36 (KHTML, like Gecko) Chrome/142.0.0.0 Safari/537.36"
80.210.51.199 - - [21/Nov/2025:19:22:59 +0330] "POST /startPublicSession HTTP/1.1" 200 225 "https://app.optimyar.com/" "Mozilla/5.0 (Windows NT 10.0; Win64; x64) AppleWebKit/537.36 (KHTML, like Gecko) Chrome/142.0.0.0 Safari/537.36"
80.210.51.199 - - [21/Nov/2025:19:23:07 +0330] "GET /getMeetingInfoByInteralId/3efa903ac9a02637a99b227bc25ccb7d1b27a9f9-1763740276621 HTTP/1.1" 200 799 "https://b3.optimyar.com/" "Mozilla/5.0 (Windows NT 10.0; Win64; x64) AppleWebKit/537.36 (KHTML, like Gecko) Chrome/142.0.0.0 Safari/537.36"
5.112.235.169 - - [21/Nov/2025:19:23:44 +0330] "GET /companies?version=3000.99 HTTP/2" 200 700 "https://app.optimyar.com/" "Mozilla/5.0 (Windows NT 10.0; Win64; x64) AppleWebKit/537.36 (KHTML, like Gecko) Chrome/142.0.0.0 Safari/537.36"
5.112.235.169 - - [21/Nov/2025:19:23:44 +0330] "GET /getPublicSessions?isPrivate=false HTTP/2" 200 188 "https://app.optimyar.com/" "Mozilla/5.0 (Windows NT 10.0; Win64; x64) AppleWebKit/537.36 (KHTML, like Gecko) Chrome/142.0.0.0 Safari/537.36"
85.185.32.237 - - [21/Nov/2025:19:22:07 +0330] "OPTIONS /startPublicSession HTTP/2" 204 0 "https://app.optimyar.com/" "Mozilla/5.0 (Linux; Android 13; K) AppleWebKit/537.36 (KHTML, like Gecko) Chrome/141.0.7390.122 Mobile Safari/537.36"
85.185.32.237 - - [21/Nov/2025:19:22:07 +0330] "POST /startPublicSession HTTP/2" 200 218 "https://app.optimyar.com/" "Mozilla/5.0 (Linux; Android 13; K) AppleWebKit/537.36 (KHTML, like Gecko) Chrome/141.0.7390.122 Mobile Safari/537.36"
2.145.151.245 - - [21/Nov/2025:19:22:14 +0330] "OPTIONS /startPublicSession HTTP/2" 204 0 "https://app.optimyar.com/" "Mozilla/5.0 (Macintosh; Intel Mac OS X 10_15_7) AppleWebKit/537.36 (KHTML, like Gecko) Chrome/142.0.0.0 Safari/537.36"
2.145.151.245 - - [21/Nov/2025:19:22:14 +0330] "POST /startPublicSession HTTP/2" 200 240 "https://app.optimyar.com/" "Mozilla/5.0 (Macintosh; Intel Mac OS X 10_15_7) AppleWebKit/537.36 (KHTML, like Gecko) Chrome/142.0.0.0 Safari/537.36"
85.185.32.237 - - [21/Nov/2025:19:22:15 +0330] "GET /getMeetingInfoByInteralId/3efa903ac9a02637a99b227bc25ccb7d1b27a9f9-1763740276621 HTTP/2" 200 690 "https://b3.optimyar.com/" "Mozilla/5.0 (Linux; Android 13; K) AppleWebKit/537.36 (KHTML, like Gecko) Chrome/141.0.7390.122 Mobile Safari/537.36"
50.7.230.5 - - [21/Nov/2025:19:22:26 +0330] "GET /companies?version=3000.99 HTTP/2" 200 700 "https://app.optimyar.com/" "Mozilla/5.0 (Linux; Android 16; K) AppleWebKit/537.36 (KHTML, like Gecko) Chrome/142.0.7444.102 Mobile Safari/537.36"
50.7.230.5 - - [21/Nov/2025:19:22:26 +0330] "GET /getPublicSessions?isPrivate=false HTTP/2" 200 188 "https://app.optimyar.com/" "Mozilla/5.0 (Linux; Android 16; K) AppleWebKit/537.36 (KHTML, like Gecko) Chrome/142.0.7444.102 Mobile Safari/537.36"
2.145.151.245 - - [21/Nov/2025:19:22:28 +0330] "GET /getMeetingInfoByInteralId/3efa903ac9a02637a99b227bc25ccb7d1b27a9f9-1763740276621 HTTP/2" 200 756 "https://b3.optimyar.com/" "Mozilla/5.0 (Macintosh; Intel Mac OS X 10_15_7) AppleWebKit/537.36 (KHTML, like Gecko) Chrome/142.0.0.0 Safari/537.36"
193.108.119.167 - - [21/Nov/2025:19:24:43 +0330] "GET /companies?version=3000.99 HTTP/1.1" 200 700 "https://app.optimyar.com/" "Mozilla/5.0 (Windows NT 10.0; Win64; x64) AppleWebKit/537.36 (KHTML, like Gecko) Chrome/142.0.0.0 Safari/537.36"
193.108.119.167 - - [21/Nov/2025:19:24:43 +0330] "GET /getPublicSessions?isPrivate=false HTTP/1.1" 200 188 "https://app.optimyar.com/" "Mozilla/5.0 (Windows NT 10.0; Win64; x64) AppleWebKit/537.36 (KHTML, like Gecko) Chrome/142.0.0.0 Safari/537.36"
37.98.62.118 - - [21/Nov/2025:19:25:03 +0330] "OPTIONS /startPublicSession HTTP/2" 204 0 "https://app.optimyar.com/" "Mozilla/5.0 (Linux; Android 12; K) AppleWebKit/537.36 (KHTML, like Gecko) Chrome/142.0.7444.102 Mobile Safari/537.36"
37.98.62.118 - - [21/Nov/2025:19:25:03 +0330] "POST /startPublicSession HTTP/2" 200 194 "https://app.optimyar.com/" "Mozilla/5.0 (Linux; Android 12; K) AppleWebKit/537.36 (KHTML, like Gecko) Chrome/142.0.7444.102 Mobile Safari/537.36"
37.98.62.118 - - [21/Nov/2025:19:25:15 +0330] "GET /getMeetingInfoByInteralId/3efa903ac9a02637a99b227bc25ccb7d1b27a9f9-1763740276621 HTTP/2" 200 889 "https://b3.optimyar.com/" "Mozilla/5.0 (Linux; Android 12; K) AppleWebKit/537.36 (KHTML, like Gecko) Chrome/142.0.7444.102 Mobile Safari/537.36"
2.145.151.245 - - [21/Nov/2025:19:25:27 +0330] "GET /getMeetingInfoByInteralId/3efa903ac9a02637a99b227bc25ccb7d1b27a9f9-1763740276621 HTTP/2" 200 889 "https://b3.optimyar.com/" "Mozilla/5.0 (Macintosh; Intel Mac OS X 10_15_7) AppleWebKit/537.36 (KHTML, like Gecko) Chrome/142.0.0.0 Safari/537.36"
93.127.180.54 - - [21/Nov/2025:19:25:51 +0330] "GET /companies?version=3000.99 HTTP/2" 200 700 "https://app.optimyar.com/" "Mozilla/5.0 (Linux; Android 10; K) AppleWebKit/537.36 (KHTML, like Gecko) Chrome/111.0.0.0 Mobile Safari/537.36"
93.127.180.54 - - [21/Nov/2025:19:25:51 +0330] "GET /getPublicSessions?isPrivate=false HTTP/2" 200 188 "https://app.optimyar.com/" "Mozilla/5.0 (Linux; Android 10; K) AppleWebKit/537.36 (KHTML, like Gecko) Chrome/111.0.0.0 Mobile Safari/537.36"
85.185.32.237 - - [21/Nov/2025:19:26:01 +0330] "OPTIONS /getPublicSessions?isPrivate=false HTTP/2" 204 0 "https://app.optimyar.com/" "Mozilla/5.0 (Linux; Android 13; K) AppleWebKit/537.36 (KHTML, like Gecko) Chrome/141.0.7390.122 Mobile Safari/537.36"
85.185.32.237 - - [21/Nov/2025:19:26:01 +0330] "GET /companies?version=3000.99 HTTP/2" 200 700 "https://app.optimyar.com/" "Mozilla/5.0 (Linux; Android 13; K) AppleWebKit/537.36 (KHTML, like Gecko) Chrome/141.0.7390.122 Mobile Safari/537.36"
85.185.32.237 - - [21/Nov/2025:19:26:01 +0330] "GET /getPublicSessions?isPrivate=false HTTP/2" 200 188 "https://app.optimyar.com/" "Mozilla/5.0 (Linux; Android 13; K) AppleWebKit/537.36 (KHTML, like Gecko) Chrome/141.0.7390.122 Mobile Safari/537.36"
141.227.140.63 - - [21/Nov/2025:19:26:03 +0330] "GET /companies?version=3000.99 HTTP/2" 200 700 "https://app.optimyar.com/" "Mozilla/5.0 (Linux; Android 10; K) AppleWebKit/537.36 (KHTML, like Gecko) Chrome/142.0.0.0 Mobile Safari/537.36"
141.227.140.63 - - [21/Nov/2025:19:26:03 +0330] "GET /getPublicSessions?isPrivate=false HTTP/2" 200 188 "https://app.optimyar.com/" "Mozilla/5.0 (Linux; Android 10; K) AppleWebKit/537.36 (KHTML, like Gecko) Chrome/142.0.0.0 Mobile Safari/537.36"
85.185.32.237 - - [21/Nov/2025:19:26:04 +0330] "OPTIONS /startPublicSession HTTP/2" 204 0 "https://app.optimyar.com/" "Mozilla/5.0 (Linux; Android 13; K) AppleWebKit/537.36 (KHTML, like Gecko) Chrome/141.0.7390.122 Mobile Safari/537.36"
85.185.32.237 - - [21/Nov/2025:19:26:04 +0330] "POST /startPublicSession HTTP/2" 200 218 "https://app.optimyar.com/" "Mozilla/5.0 (Linux; Android 13; K) AppleWebKit/537.36 (KHTML, like Gecko) Chrome/141.0.7390.122 Mobile Safari/537.36"
85.185.32.237 - - [21/Nov/2025:19:26:10 +0330] "GET /getMeetingInfoByInteralId/3efa903ac9a02637a99b227bc25ccb7d1b27a9f9-1763740276621 HTTP/2" 200 900 "https://b3.optimyar.com/" "Mozilla/5.0 (Linux; Android 13; K) AppleWebKit/537.36 (KHTML, like Gecko) Chrome/141.0.7390.122 Mobile Safari/537.36"
5.112.235.169 - - [21/Nov/2025:19:24:05 +0330] "OPTIONS /startPublicSession HTTP/2" 204 0 "https://app.optimyar.com/" "Mozilla/5.0 (Windows NT 10.0; Win64; x64) AppleWebKit/537.36 (KHTML, like Gecko) Chrome/142.0.0.0 Safari/537.36"
5.112.235.169 - - [21/Nov/2025:19:24:05 +0330] "POST /startPublicSession HTTP/2" 200 211 "https://app.optimyar.com/" "Mozilla/5.0 (Windows NT 10.0; Win64; x64) AppleWebKit/537.36 (KHTML, like Gecko) Chrome/142.0.0.0 Safari/537.36"
37.98.62.118 - - [21/Nov/2025:19:24:30 +0330] "GET /companies?version=3000.99 HTTP/1.1" 200 700 "https://app.optimyar.com/" "Mozilla/5.0 (Linux; Android 12; K) AppleWebKit/537.36 (KHTML, like Gecko) Chrome/142.0.7444.102 Mobile Safari/537.36"
37.98.62.118 - - [21/Nov/2025:19:24:30 +0330] "GET /getPublicSessions?isPrivate=false HTTP/1.1" 200 188 "https://app.optimyar.com/" "Mozilla/5.0 (Linux; Android 12; K) AppleWebKit/537.36 (KHTML, like Gecko) Chrome/142.0.7444.102 Mobile Safari/537.36"
85.185.32.237 - - [21/Nov/2025:19:24:43 +0330] "GET /companies?version=3000.99 HTTP/2" 200 700 "https://app.optimyar.com/" "Mozilla/5.0 (Linux; Android 13; K) AppleWebKit/537.36 (KHTML, like Gecko) Chrome/141.0.7390.122 Mobile Safari/537.36"
85.185.32.237 - - [21/Nov/2025:19:24:43 +0330] "GET /getPublicSessions?isPrivate=false HTTP/2" 200 188 "https://app.optimyar.com/" "Mozilla/5.0 (Linux; Android 13; K) AppleWebKit/537.36 (KHTML, like Gecko) Chrome/141.0.7390.122 Mobile Safari/537.36"
85.185.32.237 - - [21/Nov/2025:19:24:46 +0330] "POST /startPublicSession HTTP/2" 200 218 "https://app.optimyar.com/" "Mozilla/5.0 (Linux; Android 13; K) AppleWebKit/537.36 (KHTML, like Gecko) Chrome/141.0.7390.122 Mobile Safari/537.36"
85.185.32.237 - - [21/Nov/2025:19:24:53 +0330] "GET /getMeetingInfoByInteralId/3efa903ac9a02637a99b227bc25ccb7d1b27a9f9-1763740276621 HTTP/1.1" 200 811 "https://b3.optimyar.com/" "Mozilla/5.0 (Linux; Android 13; K) AppleWebKit/537.36 (KHTML, like Gecko) Chrome/141.0.7390.122 Mobile Safari/537.36"
5.112.235.169 - - [21/Nov/2025:19:25:07 +0330] "GET /getMeetingInfoByInteralId/3efa903ac9a02637a99b227bc25ccb7d1b27a9f9-1763740276621 HTTP/2" 200 846 "https://b3.optimyar.com/" "Mozilla/5.0 (Windows NT 10.0; Win64; x64) AppleWebKit/537.36 (KHTML, like Gecko) Chrome/142.0.0.0 Safari/537.36"
85.185.32.237 - - [21/Nov/2025:19:25:09 +0330] "POST /startPublicSession HTTP/1.1" 200 218 "https://app.optimyar.com/" "Mozilla/5.0 (Linux; Android 13; K) AppleWebKit/537.36 (KHTML, like Gecko) Chrome/141.0.7390.122 Mobile Safari/537.36"
85.185.32.237 - - [21/Nov/2025:19:25:15 +0330] "GET /getMeetingInfoByInteralId/3efa903ac9a02637a99b227bc25ccb7d1b27a9f9-1763740276621 HTTP/1.1" 200 889 "https://b3.optimyar.com/" "Mozilla/5.0 (Linux; Android 13; K) AppleWebKit/537.36 (KHTML, like Gecko) Chrome/141.0.7390.122 Mobile Safari/537.36"
193.108.119.167 - - [21/Nov/2025:19:25:19 +0330] "OPTIONS /startPublicSession HTTP/1.1" 204 0 "https://app.optimyar.com/" "Mozilla/5.0 (Windows NT 10.0; Win64; x64) AppleWebKit/537.36 (KHTML, like Gecko) Chrome/142.0.0.0 Safari/537.36"
193.108.119.167 - - [21/Nov/2025:19:25:19 +0330] "POST /startPublicSession HTTP/1.1" 200 226 "https://app.optimyar.com/" "Mozilla/5.0 (Windows NT 10.0; Win64; x64) AppleWebKit/537.36 (KHTML, like Gecko) Chrome/142.0.0.0 Safari/537.36"
31.205.132.68 - - [21/Nov/2025:19:25:43 +0330] "GET /companies?version=3000.99 HTTP/1.1" 200 700 "https://app.optimyar.com/" "Mozilla/5.0 (Macintosh; Intel Mac OS X 10_15_7) AppleWebKit/605.1.15 (KHTML, like Gecko) Version/18.3 Safari/605.1.15"
31.205.132.68 - - [21/Nov/2025:19:25:43 +0330] "GET /getPublicSessions?isPrivate=false HTTP/1.1" 200 188 "https://app.optimyar.com/" "Mozilla/5.0 (Macintosh; Intel Mac OS X 10_15_7) AppleWebKit/605.1.15 (KHTML, like Gecko) Version/18.3 Safari/605.1.15"
85.185.32.237 - - [21/Nov/2025:19:25:49 +0330] "POST /startPublicSession HTTP/2" 200 218 "https://app.optimyar.com/" "Mozilla/5.0 (Linux; Android 13; K) AppleWebKit/537.36 (KHTML, like Gecko) Chrome/141.0.7390.122 Mobile Safari/537.36"
93.127.180.54 - - [21/Nov/2025:19:26:18 +0330] "OPTIONS /startPublicSession HTTP/2" 204 0 "https://app.optimyar.com/" "Mozilla/5.0 (Linux; Android 10; K) AppleWebKit/537.36 (KHTML, like Gecko) Chrome/111.0.0.0 Mobile Safari/537.36"
93.127.180.54 - - [21/Nov/2025:19:26:19 +0330] "POST /startPublicSession HTTP/2" 200 243 "https://app.optimyar.com/" "Mozilla/5.0 (Linux; Android 10; K) AppleWebKit/537.36 (KHTML, like Gecko) Chrome/111.0.0.0 Mobile Safari/537.36"
5.112.235.169 - - [21/Nov/2025:19:26:19 +0330] "GET /getMeetingInfoByInteralId/3efa903ac9a02637a99b227bc25ccb7d1b27a9f9-1763740276621 HTTP/2" 200 900 "https://b3.optimyar.com/" "Mozilla/5.0 (Windows NT 10.0; Win64; x64) AppleWebKit/537.36 (KHTML, like Gecko) Chrome/142.0.0.0 Safari/537.36"
31.205.132.68 - - [21/Nov/2025:19:26:29 +0330] "OPTIONS /startPublicSession HTTP/1.1" 204 0 "https://app.optimyar.com/" "Mozilla/5.0 (Macintosh; Intel Mac OS X 10_15_7) AppleWebKit/605.1.15 (KHTML, like Gecko) Version/18.3 Safari/605.1.15"
31.205.132.68 - - [21/Nov/2025:19:26:29 +0330] "POST /startPublicSession HTTP/1.1" 200 243 "https://app.optimyar.com/" "Mozilla/5.0 (Macintosh; Intel Mac OS X 10_15_7) AppleWebKit/605.1.15 (KHTML, like Gecko) Version/18.3 Safari/605.1.15"
93.127.180.54 - - [21/Nov/2025:19:26:34 +0330] "GET /getMeetingInfoByInteralId/3efa903ac9a02637a99b227bc25ccb7d1b27a9f9-1763740276621 HTTP/2" 200 1007 "https://b3.optimyar.com/" "Mozilla/5.0 (Linux; Android 10; K) AppleWebKit/537.36 (KHTML, like Gecko) Chrome/111.0.0.0 Mobile Safari/537.36"
31.205.132.68 - - [21/Nov/2025:19:26:38 +0330] "GET /getMeetingInfoByInteralId/3efa903ac9a02637a99b227bc25ccb7d1b27a9f9-1763740276621 HTTP/1.1" 200 1011 "https://b3.optimyar.com/" "Mozilla/5.0 (Macintosh; Intel Mac OS X 10_15_7) AppleWebKit/605.1.15 (KHTML, like Gecko) Version/18.3 Safari/605.1.15"
2.177.76.249 - - [21/Nov/2025:19:26:47 +0330] "GET /companies?version=3000.99 HTTP/2" 200 700 "https://app.optimyar.com/" "Mozilla/5.0 (Linux; Android 10; K) AppleWebKit/537.36 (KHTML, like Gecko) SamsungBrowser/29.0 Chrome/136.0.0.0 Mobile Safari/537.36"
2.177.76.249 - - [21/Nov/2025:19:26:47 +0330] "GET /getPublicSessions?isPrivate=false HTTP/2" 200 188 "https://app.optimyar.com/" "Mozilla/5.0 (Linux; Android 10; K) AppleWebKit/537.36 (KHTML, like Gecko) SamsungBrowser/29.0 Chrome/136.0.0.0 Mobile Safari/537.36"
164.215.161.201 - - [21/Nov/2025:19:26:55 +0330] "GET /companies?version=3000.99 HTTP/2" 200 700 "https://app.optimyar.com/" "Mozilla/5.0 (Linux; Android 16; K) AppleWebKit/537.36 (KHTML, like Gecko) Chrome/142.0.7444.102 Mobile Safari/537.36"
164.215.161.201 - - [21/Nov/2025:19:26:55 +0330] "GET /getPublicSessions?isPrivate=false HTTP/2" 200 188 "https://app.optimyar.com/" "Mozilla/5.0 (Linux; Android 16; K) AppleWebKit/537.36 (KHTML, like Gecko) Chrome/142.0.7444.102 Mobile Safari/537.36"
5.211.219.139 - - [21/Nov/2025:19:27:11 +0330] "OPTIONS /startPublicSession HTTP/2" 204 0 "https://app.optimyar.com/" "Mozilla/5.0 (Windows NT 10.0; Win64; x64) AppleWebKit/537.36 (KHTML, like Gecko) Chrome/142.0.0.0 Safari/537.36 Edg/142.0.0.0"
5.121.82.206 - - [21/Nov/2025:19:27:12 +0330] "GET /admin HTTP/1.1" 200 460 "-" "Mozilla/5.0 (Windows NT 10.0; Win64; x64; rv:145.0) Gecko/20100101 Firefox/145.0"
5.121.82.206 - - [21/Nov/2025:19:27:12 +0330] "GET /admin/runtime~main.ab2b9172.js HTTP/1.1" 200 1118 "https://api.optimyar.com/admin" "Mozilla/5.0 (Windows NT 10.0; Win64; x64; rv:145.0) Gecko/20100101 Firefox/145.0"
5.121.82.206 - - [21/Nov/2025:19:27:12 +0330] "GET /admin/main.d2b772d8.chunk.js HTTP/1.1" 200 2623947 "https://api.optimyar.com/admin" "Mozilla/5.0 (Windows NT 10.0; Win64; x64; rv:145.0) Gecko/20100101 Firefox/145.0"
5.121.82.206 - - [21/Nov/2025:19:27:14 +0330] "GET /admin/init HTTP/1.1" 200 72 "https://api.optimyar.com/admin" "Mozilla/5.0 (Windows NT 10.0; Win64; x64; rv:145.0) Gecko/20100101 Firefox/145.0"
141.227.140.63 - - [21/Nov/2025:19:26:25 +0330] "GET /companies?version=3000.99 HTTP/2" 200 700 "https://app.optimyar.com/" "Mozilla/5.0 (Linux; Android 10; K) AppleWebKit/537.36 (KHTML, like Gecko) Chrome/142.0.0.0 Mobile Safari/537.36"
141.227.140.63 - - [21/Nov/2025:19:26:25 +0330] "GET /getPublicSessions?isPrivate=false HTTP/2" 200 188 "https://app.optimyar.com/" "Mozilla/5.0 (Linux; Android 10; K) AppleWebKit/537.36 (KHTML, like Gecko) Chrome/142.0.0.0 Mobile Safari/537.36"
93.117.44.179 - - [21/Nov/2025:19:26:35 +0330] "GET /uploads/minilogo7_fd0c99920b.png HTTP/1.1" 200 25203 "https://app.optimyar.com/" "Mozilla/5.0 (Windows NT 10.0; Win64; x64; rv:145.0) Gecko/20100101 Firefox/145.0"
93.117.44.179 - - [21/Nov/2025:19:26:35 +0330] "GET /captchas/make?version=3000.99 HTTP/1.1" 200 5914 "https://app.optimyar.com/" "Mozilla/5.0 (Windows NT 10.0; Win64; x64; rv:145.0) Gecko/20100101 Firefox/145.0"
91.107.142.78 - - [21/Nov/2025:19:26:54 +0330] "GET /companies?version=3000.99 HTTP/2" 200 700 "https://app.optimyar.com/" "Mozilla/5.0 (Windows NT 10.0; Win64; x64) AppleWebKit/537.36 (KHTML, like Gecko) Chrome/142.0.0.0 Safari/537.36 Edg/142.0.0.0"
91.107.142.78 - - [21/Nov/2025:19:26:54 +0330] "GET /getPublicSessions?isPrivate=false HTTP/2" 200 188 "https://app.optimyar.com/" "Mozilla/5.0 (Windows NT 10.0; Win64; x64) AppleWebKit/537.36 (KHTML, like Gecko) Chrome/142.0.0.0 Safari/537.36 Edg/142.0.0.0"
209.25.185.61 - - [21/Nov/2025:19:26:59 +0330] "GET /companies?version=3000.99 HTTP/2" 200 700 "https://app.optimyar.com/" "Mozilla/5.0 (Macintosh; Intel Mac OS X 10_15_7) AppleWebKit/537.36 (KHTML, like Gecko) Chrome/142.0.0.0 Safari/537.36"
209.25.185.61 - - [21/Nov/2025:19:26:59 +0330] "GET /getPublicSessions?isPrivate=false HTTP/2" 200 188 "https://app.optimyar.com/" "Mozilla/5.0 (Macintosh; Intel Mac OS X 10_15_7) AppleWebKit/537.36 (KHTML, like Gecko) Chrome/142.0.0.0 Safari/537.36"
37.98.62.118 - - [21/Nov/2025:19:27:00 +0330] "POST /startPublicSession HTTP/2" 200 194 "https://app.optimyar.com/" "Mozilla/5.0 (Linux; Android 12; K) AppleWebKit/537.36 (KHTML, like Gecko) Chrome/142.0.7444.102 Mobile Safari/537.36"
37.98.62.118 - - [21/Nov/2025:19:27:09 +0330] "GET /getMeetingInfoByInteralId/3efa903ac9a02637a99b227bc25ccb7d1b27a9f9-1763740276621 HTTP/2" 200 1019 "https://b3.optimyar.com/" "Mozilla/5.0 (Linux; Android 12; K) AppleWebKit/537.36 (KHTML, like Gecko) Chrome/142.0.7444.102 Mobile Safari/537.36"
5.211.219.139 - - [21/Nov/2025:19:27:11 +0330] "POST /startPublicSession HTTP/1.1" 200 227 "https://app.optimyar.com/" "Mozilla/5.0 (Windows NT 10.0; Win64; x64) AppleWebKit/537.36 (KHTML, like Gecko) Chrome/142.0.0.0 Safari/537.36 Edg/142.0.0.0"
178.131.7.132 - - [21/Nov/2025:19:27:13 +0330] "OPTIONS /auth/local HTTP/1.1" 204 0 "https://app.optimyar.com/" "Mozilla/5.0 (Windows NT 10.0; Win64; x64) AppleWebKit/537.36 (KHTML, like Gecko) Chrome/142.0.0.0 Safari/537.36"
178.131.7.132 - - [21/Nov/2025:19:27:13 +0330] "POST /auth/local HTTP/1.1" 400 115 "https://app.optimyar.com/" "Mozilla/5.0 (Windows NT 10.0; Win64; x64) AppleWebKit/537.36 (KHTML, like Gecko) Chrome/142.0.0.0 Safari/537.36"
178.131.7.132 - - [21/Nov/2025:19:27:13 +0330] "GET /captchas/make?version=3000.99 HTTP/1.1" 200 5036 "https://app.optimyar.com/" "Mozilla/5.0 (Windows NT 10.0; Win64; x64) AppleWebKit/537.36 (KHTML, like Gecko) Chrome/142.0.0.0 Safari/537.36"
