2.177.61.223 - - [21/Nov/2025:19:32:01 +0330] "POST /startPublicSession HTTP/2" 200 255 "https://app.optimyar.com/" "Mozilla/5.0 (Windows NT 10.0; Win64; x64) AppleWebKit/537.36 (KHTML, like Gecko) Chrome/141.0.0.0 Safari/537.36"
46.41.225.25 - - [21/Nov/2025:19:32:06 +0330] "GET /getMeetingInfoByInteralId/3efa903ac9a02637a99b227bc25ccb7d1b27a9f9-1763740276621 HTTP/1.1" 200 1887 "https://b3.optimyar.com/" "Mozilla/5.0 (Windows NT 10.0; Win64; x64) AppleWebKit/537.36 (KHTML, like Gecko) Chrome/109.0.0.0 Safari/537.36"
5.125.231.147 - - [21/Nov/2025:19:32:10 +0330] "GET /getMeetingInfoByInteralId/3efa903ac9a02637a99b227bc25ccb7d1b27a9f9-1763740276621 HTTP/2" 200 1934 "https://b3.optimyar.com/" "Mozilla/5.0 (Windows NT 10.0; Win64; x64) AppleWebKit/537.36 (KHTML, like Gecko) Chrome/142.0.0.0 Safari/537.36 Edg/142.0.0.0"
5.112.14.151 - - [21/Nov/2025:19:32:11 +0330] "GET /companies?version=3000.99 HTTP/1.1" 200 700 "https://app.optimyar.com/" "Mozilla/5.0 (iPhone; CPU iPhone OS 18_7 like Mac OS X) AppleWebKit/605.1.15 (KHTML, like Gecko) Version/26.0.1 Mobile/23A355 Safari/604.1"
5.112.14.151 - - [21/Nov/2025:19:32:11 +0330] "GET /getPublicSessions?isPrivate=false HTTP/1.1" 200 188 "https://app.optimyar.com/" "Mozilla/5.0 (iPhone; CPU iPhone OS 18_7 like Mac OS X) AppleWebKit/605.1.15 (KHTML, like Gecko) Version/26.0.1 Mobile/23A355 Safari/604.1"
93.117.44.179 - - [21/Nov/2025:19:32:11 +0330] "GET /getMeetingInfoByInteralId/3efa903ac9a02637a99b227bc25ccb7d1b27a9f9-1763740276621 HTTP/1.1" 200 1967 "https://b3.optimyar.com/" "Mozilla/5.0 (Windows NT 10.0; Win64; x64; rv:145.0) Gecko/20100101 Firefox/145.0"
2.177.61.223 - - [21/Nov/2025:19:32:15 +0330] "GET /getMeetingInfoByInteralId/3efa903ac9a02637a99b227bc25ccb7d1b27a9f9-1763740276621 HTTP/2" 200 1965 "https://b3.optimyar.com/" "Mozilla/5.0 (Windows NT 10.0; Win64; x64) AppleWebKit/537.36 (KHTML, like Gecko) Chrome/141.0.0.0 Safari/537.36"
2.183.140.248 - - [21/Nov/2025:19:32:18 +0330] "OPTIONS /startPublicSession HTTP/2" 204 0 "https://app.optimyar.com/" "Mozilla/5.0 (Windows NT 10.0; Win64; x64) AppleWebKit/537.36 (KHTML, like Gecko) Chrome/142.0.0.0 Safari/537.36"
2.183.140.248 - - [21/Nov/2025:19:32:18 +0330] "POST /startPublicSession HTTP/2" 200 216 "https://app.optimyar.com/" "Mozilla/5.0 (Windows NT 10.0; Win64; x64) AppleWebKit/537.36 (KHTML, like Gecko) Chrome/142.0.0.0 Safari/537.36"
5.112.14.151 - - [21/Nov/2025:19:32:29 +0330] "POST /startPublicSession HTTP/1.1" 200 190 "https://app.optimyar.com/" "Mozilla/5.0 (iPhone; CPU iPhone OS 18_7 like Mac OS X) AppleWebKit/605.1.15 (KHTML, like Gecko) Version/26.0.1 Mobile/23A355 Safari/604.1"
5.52.106.247 - - [21/Nov/2025:19:32:30 +0330] "POST /startPublicSession HTTP/2" 200 230 "https://app.optimyar.com/" "Mozilla/5.0 (Linux; Android 10; K) AppleWebKit/537.36 (KHTML, like Gecko) SamsungBrowser/29.0 Chrome/136.0.0.0 Mobile Safari/537.36"
5.122.236.247 - - [21/Nov/2025:19:32:34 +0330] "GET /companies?version=3000.99 HTTP/2" 200 700 "https://app.optimyar.com/" "Mozilla/5.0 (Windows NT 10.0; Win64; x64) AppleWebKit/537.36 (KHTML, like Gecko) Chrome/142.0.0.0 Safari/537.36 Edg/142.0.0.0"
5.122.236.247 - - [21/Nov/2025:19:32:34 +0330] "GET /getPublicSessions?isPrivate=false HTTP/2" 200 188 "https://app.optimyar.com/" "Mozilla/5.0 (Windows NT 10.0; Win64; x64) AppleWebKit/537.36 (KHTML, like Gecko) Chrome/142.0.0.0 Safari/537.36 Edg/142.0.0.0"
37.10.109.250 - - [21/Nov/2025:19:32:34 +0330] "GET /uploads/minilogo7_fd0c99920b.png HTTP/2" 200 25203 "https://localhost/" "Mozilla/5.0 (Linux; Android 12; SM-M325F Build/SP1A.210812.016; wv) AppleWebKit/537.36 (KHTML, like Gecko) Version/4.0 Chrome/141.0.7390.122 Mobile Safari/537.36"
5.112.14.151 - - [21/Nov/2025:19:32:35 +0330] "GET /getMeetingInfoByInteralId/3efa903ac9a02637a99b227bc25ccb7d1b27a9f9-1763740276621 HTTP/1.1" 200 1983 "https://b3.optimyar.com/" "Mozilla/5.0 (iPhone; CPU iPhone OS 18_7 like Mac OS X) AppleWebKit/605.1.15 (KHTML, like Gecko) Version/26.0.1 Mobile/23A355 Safari/604.1"
164.215.161.201 - - [21/Nov/2025:19:32:37 +0330] "POST /startPublicSession HTTP/1.1" 200 240 "https://app.optimyar.com/" "Mozilla/5.0 (Linux; Android 16; K) AppleWebKit/537.36 (KHTML, like Gecko) Chrome/142.0.7444.102 Mobile Safari/537.36"
5.52.106.247 - - [21/Nov/2025:19:32:40 +0330] "GET /getMeetingInfoByInteralId/3efa903ac9a02637a99b227bc25ccb7d1b27a9f9-1763740276621 HTTP/2" 200 2021 "https://b3.optimyar.com/" "Mozilla/5.0 (Linux; Android 10; K) AppleWebKit/537.36 (KHTML, like Gecko) SamsungBrowser/29.0 Chrome/136.0.0.0 Mobile Safari/537.36"
164.215.161.201 - - [21/Nov/2025:19:32:43 +0330] "GET /getMeetingInfoByInteralId/3efa903ac9a02637a99b227bc25ccb7d1b27a9f9-1763740276621 HTTP/1.1" 200 2018 "https://b3.optimyar.com/" "Mozilla/5.0 (Linux; Android 16; K) AppleWebKit/537.36 (KHTML, like Gecko) Chrome/142.0.7444.102 Mobile Safari/537.36"
2.183.140.248 - - [21/Nov/2025:19:32:44 +0330] "GET /getMeetingInfoByInteralId/3efa903ac9a02637a99b227bc25ccb7d1b27a9f9-1763740276621 HTTP/2" 200 2018 "https://b3.optimyar.com/" "Mozilla/5.0 (Windows NT 10.0; Win64; x64) AppleWebKit/537.36 (KHTML, like Gecko) Chrome/142.0.0.0 Safari/537.36"
89.198.7.181 - - [21/Nov/2025:19:32:45 +0330] "GET /companies?version=3000.99 HTTP/2" 200 700 "https://app.optimyar.com/" "Mozilla/5.0 (Linux; Android 12; K) AppleWebKit/537.36 (KHTML, like Gecko) Chrome/142.0.7444.102 Mobile Safari/537.36"
89.198.7.181 - - [21/Nov/2025:19:32:45 +0330] "GET /getPublicSessions?isPrivate=false HTTP/2" 200 188 "https://app.optimyar.com/" "Mozilla/5.0 (Linux; Android 12; K) AppleWebKit/537.36 (KHTML, like Gecko) Chrome/142.0.7444.102 Mobile Safari/537.36"
151.238.127.26 - - [21/Nov/2025:19:32:45 +0330] "GET /companies?version=3000.99 HTTP/2" 200 700 "https://app.optimyar.com/" "Mozilla/5.0 (Windows NT 10.0; Win64; x64) AppleWebKit/537.36 (KHTML, like Gecko) Chrome/142.0.0.0 Safari/537.36"
5.121.82.206 - - [21/Nov/2025:19:31:49 +0330] "PUT /content-manager/collection-types/application::session.session/69204e90a0f0fa6ff2ba7ff4 HTTP/1.1" 200 502 "https://api.optimyar.com/admin/plugins/content-manager/collectionType/application::session.session/69204e90a0f0fa6ff2ba7ff4" "Mozilla/5.0 (Windows NT 10.0; Win64; x64; rv:145.0) Gecko/20100101 Firefox/145.0"
46.41.225.25 - - [21/Nov/2025:19:31:52 +0330] "OPTIONS /startPublicSession HTTP/2" 204 0 "https://app.optimyar.com/" "Mozilla/5.0 (Windows NT 10.0; Win64; x64) AppleWebKit/537.36 (KHTML, like Gecko) Chrome/109.0.0.0 Safari/537.36"
151.234.200.210 - - [21/Nov/2025:19:32:29 +0330] "GET /companies?version=3000.99 HTTP/1.1" 200 700 "https://app.optimyar.com/" "Mozilla/5.0 (Windows NT 10.0; Win64; x64) AppleWebKit/537.36 (KHTML, like Gecko) Chrome/142.0.0.0 Safari/537.36"
151.234.200.210 - - [21/Nov/2025:19:32:29 +0330] "GET /getPublicSessions?isPrivate=false HTTP/1.1" 200 188 "https://app.optimyar.com/" "Mozilla/5.0 (Windows NT 10.0; Win64; x64) AppleWebKit/537.36 (KHTML, like Gecko) Chrome/142.0.0.0 Safari/537.36"
37.10.109.250 - - [21/Nov/2025:19:32:33 +0330] "GET /companies?version=2022.06.03 HTTP/2" 200 700 "https://localhost/" "Mozilla/5.0 (Linux; Android 12; SM-M325F Build/SP1A.210812.016; wv) AppleWebKit/537.36 (KHTML, like Gecko) Version/4.0 Chrome/141.0.7390.122 Mobile Safari/537.36"
37.10.109.250 - - [21/Nov/2025:19:32:33 +0330] "GET /captchas/make?version=2022.06.03 HTTP/2" 200 5399 "https://localhost/" "Mozilla/5.0 (Linux; Android 12; SM-M325F Build/SP1A.210812.016; wv) AppleWebKit/537.36 (KHTML, like Gecko) Version/4.0 Chrome/141.0.7390.122 Mobile Safari/537.36"
151.234.200.210 - - [21/Nov/2025:19:32:42 +0330] "OPTIONS /startPublicSession HTTP/1.1" 204 0 "https://app.optimyar.com/" "Mozilla/5.0 (Windows NT 10.0; Win64; x64) AppleWebKit/537.36 (KHTML, like Gecko) Chrome/142.0.0.0 Safari/537.36"
151.234.200.210 - - [21/Nov/2025:19:32:42 +0330] "POST /startPublicSession HTTP/1.1" 200 229 "https://app.optimyar.com/" "Mozilla/5.0 (Windows NT 10.0; Win64; x64) AppleWebKit/537.36 (KHTML, like Gecko) Chrome/142.0.0.0 Safari/537.36"
192.167.31.3 - - [21/Nov/2025:19:32:50 +0330] "GET /companies?version=3000.99 HTTP/1.1" 200 700 "https://app.optimyar.com/" "Mozilla/5.0 (Windows NT 10.0; Win64; x64) AppleWebKit/537.36 (KHTML, like Gecko) Chrome/142.0.0.0 Safari/537.36"
192.167.31.3 - - [21/Nov/2025:19:32:50 +0330] "GET /getPublicSessions?isPrivate=false HTTP/1.1" 200 188 "https://app.optimyar.com/" "Mozilla/5.0 (Windows NT 10.0; Win64; x64) AppleWebKit/537.36 (KHTML, like Gecko) Chrome/142.0.0.0 Safari/537.36"
151.234.200.210 - - [21/Nov/2025:19:32:57 +0330] "GET /getMeetingInfoByInteralId/3efa903ac9a02637a99b227bc25ccb7d1b27a9f9-1763740276621 HTTP/1.1" 200 2061 "https://b3.optimyar.com/" "Mozilla/5.0 (Windows NT 10.0; Win64; x64) AppleWebKit/537.36 (KHTML, like Gecko) Chrome/142.0.0.0 Safari/537.36"
192.167.31.3 - - [21/Nov/2025:19:32:58 +0330] "OPTIONS /startPublicSession HTTP/1.1" 204 0 "https://app.optimyar.com/" "Mozilla/5.0 (Windows NT 10.0; Win64; x64) AppleWebKit/537.36 (KHTML, like Gecko) Chrome/142.0.0.0 Safari/537.36"
192.167.31.3 - - [21/Nov/2025:19:32:58 +0330] "POST /startPublicSession HTTP/1.1" 200 196 "https://app.optimyar.com/" "Mozilla/5.0 (Windows NT 10.0; Win64; x64) AppleWebKit/537.36 (KHTML, like Gecko) Chrome/142.0.0.0 Safari/537.36"
89.198.7.181 - - [21/Nov/2025:19:33:02 +0330] "POST /startPublicSession HTTP/1.1" 200 240 "https://app.optimyar.com/" "Mozilla/5.0 (Linux; Android 12; K) AppleWebKit/537.36 (KHTML, like Gecko) Chrome/142.0.7444.102 Mobile Safari/537.36"
151.238.127.26 - - [21/Nov/2025:19:33:03 +0330] "OPTIONS /startPublicSession HTTP/2" 204 0 "https://app.optimyar.com/" "Mozilla/5.0 (Windows NT 10.0; Win64; x64) AppleWebKit/537.36 (KHTML, like Gecko) Chrome/142.0.0.0 Safari/537.36"
151.238.127.26 - - [21/Nov/2025:19:33:03 +0330] "POST /startPublicSession HTTP/2" 200 223 "https://app.optimyar.com/" "Mozilla/5.0 (Windows NT 10.0; Win64; x64) AppleWebKit/537.36 (KHTML, like Gecko) Chrome/142.0.0.0 Safari/537.36"
192.167.31.3 - - [21/Nov/2025:19:33:04 +0330] "GET /getMeetingInfoByInteralId/3efa903ac9a02637a99b227bc25ccb7d1b27a9f9-1763740276621 HTTP/1.1" 200 2070 "https://b3.optimyar.com/" "Mozilla/5.0 (Windows NT 10.0; Win64; x64) AppleWebKit/537.36 (KHTML, like Gecko) Chrome/142.0.0.0 Safari/537.36"
89.198.7.181 - - [21/Nov/2025:19:33:13 +0330] "GET /getMeetingInfoByInteralId/3efa903ac9a02637a99b227bc25ccb7d1b27a9f9-1763740276621 HTTP/1.1" 200 2105 "https://b3.optimyar.com/" "Mozilla/5.0 (Linux; Android 12; K) AppleWebKit/537.36 (KHTML, like Gecko) Chrome/142.0.7444.102 Mobile Safari/537.36"
151.238.127.26 - - [21/Nov/2025:19:33:16 +0330] "GET /getMeetingInfoByInteralId/3efa903ac9a02637a99b227bc25ccb7d1b27a9f9-1763740276621 HTTP/2" 200 2105 "https://b3.optimyar.com/" "Mozilla/5.0 (Windows NT 10.0; Win64; x64) AppleWebKit/537.36 (KHTML, like Gecko) Chrome/142.0.0.0 Safari/537.36"
93.127.180.54 - - [21/Nov/2025:19:33:39 +0330] "GET /getMeetingInfoByInteralId/3efa903ac9a02637a99b227bc25ccb7d1b27a9f9-1763740276621 HTTP/2" 200 2112 "https://b3.optimyar.com/" "Mozilla/5.0 (Linux; Android 10; K) AppleWebKit/537.36 (KHTML, like Gecko) Chrome/111.0.0.0 Mobile Safari/537.36"
5.121.82.206 - - [21/Nov/2025:19:34:03 +0330] "GET /companies?version=3000.99 HTTP/1.1" 200 700 "https://app.optimyar.com/" "Mozilla/5.0 (Windows NT 10.0; Win64; x64; rv:145.0) Gecko/20100101 Firefox/145.0"
5.121.82.206 - - [21/Nov/2025:19:34:03 +0330] "GET /getPublicSessions?isPrivate=false HTTP/1.1" 200 188 "https://app.optimyar.com/" "Mozilla/5.0 (Windows NT 10.0; Win64; x64; rv:145.0) Gecko/20100101 Firefox/145.0"
90.240.3.40 - - [21/Nov/2025:19:34:21 +0330] "GET /companies?version=3000.99 HTTP/2" 200 700 "https://app.optimyar.com/" "Mozilla/5.0 (Linux; Android 15; K) AppleWebKit/537.36 (KHTML, like Gecko) Chrome/142.0.7444.173 Mobile Safari/537.36"
90.240.3.40 - - [21/Nov/2025:19:34:21 +0330] "GET /getPublicSessions?isPrivate=false HTTP/2" 200 188 "https://app.optimyar.com/" "Mozilla/5.0 (Linux; Android 15; K) AppleWebKit/537.36 (KHTML, like Gecko) Chrome/142.0.7444.173 Mobile Safari/537.36"
192.167.31.3 - - [21/Nov/2025:19:34:33 +0330] "GET /companies?version=3000.99 HTTP/1.1" 200 700 "https://app.optimyar.com/" "Mozilla/5.0 (Windows NT 10.0; Win64; x64) AppleWebKit/537.36 (KHTML, like Gecko) Chrome/142.0.0.0 Safari/537.36"
192.167.31.3 - - [21/Nov/2025:19:34:33 +0330] "GET /getPublicSessions?isPrivate=false HTTP/1.1" 200 188 "https://app.optimyar.com/" "Mozilla/5.0 (Windows NT 10.0; Win64; x64) AppleWebKit/537.36 (KHTML, like Gecko) Chrome/142.0.0.0 Safari/537.36"
90.240.3.40 - - [21/Nov/2025:19:34:38 +0330] "OPTIONS /startPublicSession HTTP/2" 204 0 "https://app.optimyar.com/" "Mozilla/5.0 (Linux; Android 15; K) AppleWebKit/537.36 (KHTML, like Gecko) Chrome/142.0.7444.173 Mobile Safari/537.36"
90.240.3.40 - - [21/Nov/2025:19:34:38 +0330] "POST /startPublicSession HTTP/2" 200 245 "https://app.optimyar.com/" "Mozilla/5.0 (Linux; Android 15; K) AppleWebKit/537.36 (KHTML, like Gecko) Chrome/142.0.7444.173 Mobile Safari/537.36"
192.167.31.3 - - [21/Nov/2025:19:34:42 +0330] "POST /startPublicSession HTTP/1.1" 200 196 "https://app.optimyar.com/" "Mozilla/5.0 (Windows NT 10.0; Win64; x64) AppleWebKit/537.36 (KHTML, like Gecko) Chrome/142.0.0.0 Safari/537.36"
90.240.3.40 - - [21/Nov/2025:19:34:47 +0330] "GET /getMeetingInfoByInteralId/3efa903ac9a02637a99b227bc25ccb7d1b27a9f9-1763740276621 HTTP/2" 200 2169 "https://b3.optimyar.com/" "Mozilla/5.0 (Linux; Android 15; K) AppleWebKit/537.36 (KHTML, like Gecko) Chrome/142.0.7444.173 Mobile Safari/537.36"
192.167.31.3 - - [21/Nov/2025:19:34:48 +0330] "GET /getMeetingInfoByInteralId/3efa903ac9a02637a99b227bc25ccb7d1b27a9f9-1763740276621 HTTP/1.1" 200 2169 "https://b3.optimyar.com/" "Mozilla/5.0 (Windows NT 10.0; Win64; x64) AppleWebKit/537.36 (KHTML, like Gecko) Chrome/142.0.0.0 Safari/537.36"
5.121.82.206 - - [21/Nov/2025:19:35:00 +0330] "OPTIONS /startPublicSession HTTP/1.1" 204 0 "https://app.optimyar.com/" "Mozilla/5.0 (Windows NT 10.0; Win64; x64; rv:145.0) Gecko/20100101 Firefox/145.0"
5.121.82.206 - - [21/Nov/2025:19:35:00 +0330] "POST /startPublicSession HTTP/1.1" 200 192 "https://app.optimyar.com/" "Mozilla/5.0 (Windows NT 10.0; Win64; x64; rv:145.0) Gecko/20100101 Firefox/145.0"
164.215.161.201 - - [21/Nov/2025:19:35:01 +0330] "GET /companies?version=3000.99 HTTP/1.1" 200 700 "https://app.optimyar.com/" "Mozilla/5.0 (Linux; Android 16; K) AppleWebKit/537.36 (KHTML, like Gecko) Chrome/142.0.7444.102 Mobile Safari/537.36"
164.215.161.201 - - [21/Nov/2025:19:35:01 +0330] "GET /getPublicSessions?isPrivate=false HTTP/1.1" 200 188 "https://app.optimyar.com/" "Mozilla/5.0 (Linux; Android 16; K) AppleWebKit/537.36 (KHTML, like Gecko) Chrome/142.0.7444.102 Mobile Safari/537.36"
5.121.82.206 - - [21/Nov/2025:19:35:08 +0330] "GET /getMeetingInfoByInteralId/3efa903ac9a02637a99b227bc25ccb7d1b27a9f9-1763740276621 HTTP/1.1" 200 2191 "https://b3.optimyar.com/" "Mozilla/5.0 (Windows NT 10.0; Win64; x64; rv:145.0) Gecko/20100101 Firefox/145.0"
78.242.125.147 - - [21/Nov/2025:19:35:11 +0330] "GET /getPublicSessions?isPrivate=false HTTP/2" 200 188 "https://app.optimyar.com/" "Mozilla/5.0 (iPhone; CPU iPhone OS 18_7_1 like Mac OS X) AppleWebKit/605.1.15 (KHTML, like Gecko) Version/18.7.1 Mobile/22H31 Safari/604.1"
78.242.125.147 - - [21/Nov/2025:19:35:11 +0330] "GET /companies?version=3000.99 HTTP/2" 200 700 "https://app.optimyar.com/" "Mozilla/5.0 (iPhone; CPU iPhone OS 18_7_1 like Mac OS X) AppleWebKit/605.1.15 (KHTML, like Gecko) Version/18.7.1 Mobile/22H31 Safari/604.1"
164.215.161.201 - - [21/Nov/2025:19:35:23 +0330] "POST /startPublicSession HTTP/1.1" 200 237 "https://app.optimyar.com/" "Mozilla/5.0 (Linux; Android 16; K) AppleWebKit/537.36 (KHTML, like Gecko) Chrome/142.0.7444.102 Mobile Safari/537.36"
37.98.62.118 - - [21/Nov/2025:19:35:27 +0330] "GET /companies?version=3000.99 HTTP/2" 200 700 "https://app.optimyar.com/" "Mozilla/5.0 (Linux; Android 12; K) AppleWebKit/537.36 (KHTML, like Gecko) Chrome/142.0.7444.102 Mobile Safari/537.36"
37.98.62.118 - - [21/Nov/2025:19:35:27 +0330] "GET /getPublicSessions?isPrivate=false HTTP/2" 200 188 "https://app.optimyar.com/" "Mozilla/5.0 (Linux; Android 12; K) AppleWebKit/537.36 (KHTML, like Gecko) Chrome/142.0.7444.102 Mobile Safari/537.36"
164.215.161.201 - - [21/Nov/2025:19:35:31 +0330] "GET /getMeetingInfoByInteralId/3efa903ac9a02637a99b227bc25ccb7d1b27a9f9-1763740276621 HTTP/1.1" 200 2211 "https://b3.optimyar.com/" "Mozilla/5.0 (Linux; Android 16; K) AppleWebKit/537.36 (KHTML, like Gecko) Chrome/142.0.7444.102 Mobile Safari/537.36"
78.242.125.147 - - [21/Nov/2025:19:35:39 +0330] "OPTIONS /startPublicSession HTTP/1.1" 204 0 "https://app.optimyar.com/" "Mozilla/5.0 (iPhone; CPU iPhone OS 18_7_1 like Mac OS X) AppleWebKit/605.1.15 (KHTML, like Gecko) Version/18.7.1 Mobile/22H31 Safari/604.1"
78.242.125.147 - - [21/Nov/2025:19:35:39 +0330] "POST /startPublicSession HTTP/2" 200 217 "https://app.optimyar.com/" "Mozilla/5.0 (iPhone; CPU iPhone OS 18_7_1 like Mac OS X) AppleWebKit/605.1.15 (KHTML, like Gecko) Version/18.7.1 Mobile/22H31 Safari/604.1"
90.240.3.40 - - [21/Nov/2025:19:35:42 +0330] "POST /startPublicSession HTTP/2" 200 245 "https://app.optimyar.com/" "Mozilla/5.0 (Linux; Android 15; K) AppleWebKit/537.36 (KHTML, like Gecko) Chrome/142.0.7444.173 Mobile Safari/537.36"
90.240.3.40 - - [21/Nov/2025:19:35:48 +0330] "GET /getMeetingInfoByInteralId/3efa903ac9a02637a99b227bc25ccb7d1b27a9f9-1763740276621 HTTP/2" 200 2269 "https://b3.optimyar.com/" "Mozilla/5.0 (Linux; Android 15; K) AppleWebKit/537.36 (KHTML, like Gecko) Chrome/142.0.7444.173 Mobile Safari/537.36"
78.242.125.147 - - [21/Nov/2025:19:35:49 +0330] "GET /getMeetingInfoByInteralId/3efa903ac9a02637a99b227bc25ccb7d1b27a9f9-1763740276621 HTTP/2" 200 2269 "https://b3.optimyar.com/" "Mozilla/5.0 (iPhone; CPU iPhone OS 18_7_1 like Mac OS X) AppleWebKit/605.1.15 (KHTML, like Gecko) Version/18.7.1 Mobile/22H31 Safari/604.1"
151.238.127.26 - - [21/Nov/2025:19:32:45 +0330] "GET /getPublicSessions?isPrivate=false HTTP/2" 200 188 "https://app.optimyar.com/" "Mozilla/5.0 (Windows NT 10.0; Win64; x64) AppleWebKit/537.36 (KHTML, like Gecko) Chrome/142.0.0.0 Safari/537.36"
5.122.236.247 - - [21/Nov/2025:19:32:46 +0330] "POST /startPublicSession HTTP/2" 200 222 "https://app.optimyar.com/" "Mozilla/5.0 (Windows NT 10.0; Win64; x64) AppleWebKit/537.36 (KHTML, like Gecko) Chrome/142.0.0.0 Safari/537.36 Edg/142.0.0.0"
5.122.236.247 - - [21/Nov/2025:19:32:55 +0330] "GET /getMeetingInfoByInteralId/3efa903ac9a02637a99b227bc25ccb7d1b27a9f9-1763740276621 HTTP/2" 200 2061 "https://b3.optimyar.com/" "Mozilla/5.0 (Windows NT 10.0; Win64; x64) AppleWebKit/537.36 (KHTML, like Gecko) Chrome/142.0.0.0 Safari/537.36 Edg/142.0.0.0"
89.198.7.181 - - [21/Nov/2025:19:33:02 +0330] "OPTIONS /startPublicSession HTTP/2" 204 0 "https://app.optimyar.com/" "Mozilla/5.0 (Linux; Android 12; K) AppleWebKit/537.36 (KHTML, like Gecko) Chrome/142.0.7444.102 Mobile Safari/537.36"
164.215.161.201 - - [21/Nov/2025:19:34:01 +0330] "GET /companies?version=3000.99 HTTP/1.1" 200 700 "https://app.optimyar.com/" "Mozilla/5.0 (Linux; Android 16; K) AppleWebKit/537.36 (KHTML, like Gecko) Chrome/142.0.7444.102 Mobile Safari/537.36"
164.215.161.201 - - [21/Nov/2025:19:34:01 +0330] "GET /getPublicSessions?isPrivate=false HTTP/1.1" 200 188 "https://app.optimyar.com/" "Mozilla/5.0 (Linux; Android 16; K) AppleWebKit/537.36 (KHTML, like Gecko) Chrome/142.0.7444.102 Mobile Safari/537.36"
89.198.7.181 - - [21/Nov/2025:19:35:11 +0330] "POST /startPublicSession HTTP/1.1" 200 231 "https://app.optimyar.com/" "Mozilla/5.0 (Linux; Android 12; K) AppleWebKit/537.36 (KHTML, like Gecko) Chrome/142.0.7444.102 Mobile Safari/537.36"
89.198.7.181 - - [21/Nov/2025:19:35:17 +0330] "GET /getMeetingInfoByInteralId/3efa903ac9a02637a99b227bc25ccb7d1b27a9f9-1763740276621 HTTP/1.1" 200 2200 "https://b3.optimyar.com/" "Mozilla/5.0 (Linux; Android 12; K) AppleWebKit/537.36 (KHTML, like Gecko) Chrome/142.0.7444.102 Mobile Safari/537.36"
37.98.62.118 - - [21/Nov/2025:19:35:46 +0330] "OPTIONS /startPublicSession HTTP/1.1" 204 0 "https://app.optimyar.com/" "Mozilla/5.0 (Linux; Android 12; K) AppleWebKit/537.36 (KHTML, like Gecko) Chrome/142.0.7444.102 Mobile Safari/537.36"
37.98.62.118 - - [21/Nov/2025:19:35:46 +0330] "POST /startPublicSession HTTP/1.1" 200 196 "https://app.optimyar.com/" "Mozilla/5.0 (Linux; Android 12; K) AppleWebKit/537.36 (KHTML, like Gecko) Chrome/142.0.7444.102 Mobile Safari/537.36"
37.98.62.118 - - [21/Nov/2025:19:35:54 +0330] "GET /getMeetingInfoByInteralId/3efa903ac9a02637a99b227bc25ccb7d1b27a9f9-1763740276621 HTTP/1.1" 200 2244 "https://b3.optimyar.com/" "Mozilla/5.0 (Linux; Android 12; K) AppleWebKit/537.36 (KHTML, like Gecko) Chrome/142.0.7444.102 Mobile Safari/537.36"
85.185.32.237 - - [21/Nov/2025:19:35:55 +0330] "POST /startPublicSession HTTP/2" 200 218 "https://app.optimyar.com/" "Mozilla/5.0 (Linux; Android 13; K) AppleWebKit/537.36 (KHTML, like Gecko) Chrome/141.0.7390.122 Mobile Safari/537.36"
85.185.32.237 - - [21/Nov/2025:19:36:02 +0330] "GET /getMeetingInfoByInteralId/3efa903ac9a02637a99b227bc25ccb7d1b27a9f9-1763740276621 HTTP/2" 200 2248 "https://b3.optimyar.com/" "Mozilla/5.0 (Linux; Android 13; K) AppleWebKit/537.36 (KHTML, like Gecko) Chrome/141.0.7390.122 Mobile Safari/537.36"
5.117.76.243 - - [21/Nov/2025:19:37:22 +0330] "GET /getMeetingInfoByInteralId/null HTTP/1.1" 400 125 "https://b3.optimyar.com/" "Mozilla/5.0 (Linux; Android 10; JNY-LX1; HMSCore 6.15.4.322) AppleWebKit/537.36 (KHTML, like Gecko) Chrome/114.0.5735.196 HuaweiBrowser/16.0.6.300 Mobile Safari/537.36"
5.117.76.243 - - [21/Nov/2025:19:37:26 +0330] "GET /getPublicSessions?isPrivate=false HTTP/1.1" 200 188 "https://app.optimyar.com/" "Mozilla/5.0 (Linux; Android 10; JNY-LX1; HMSCore 6.15.4.322) AppleWebKit/537.36 (KHTML, like Gecko) Chrome/114.0.5735.196 HuaweiBrowser/16.0.6.300 Mobile Safari/537.36"
86.57.1.173 - - [21/Nov/2025:19:35:50 +0330] "GET /companies?version=3000.99 HTTP/2" 200 700 "https://app.optimyar.com/" "Mozilla/5.0 (Windows NT 10.0; Win64; x64) AppleWebKit/537.36 (KHTML, like Gecko) Chrome/142.0.0.0 Safari/537.36"
86.57.1.173 - - [21/Nov/2025:19:35:50 +0330] "GET /getPublicSessions?isPrivate=false HTTP/2" 200 188 "https://app.optimyar.com/" "Mozilla/5.0 (Windows NT 10.0; Win64; x64) AppleWebKit/537.36 (KHTML, like Gecko) Chrome/142.0.0.0 Safari/537.36"
86.57.1.173 - - [21/Nov/2025:19:35:58 +0330] "POST /startPublicSession HTTP/2" 200 222 "https://app.optimyar.com/" "Mozilla/5.0 (Windows NT 10.0; Win64; x64) AppleWebKit/537.36 (KHTML, like Gecko) Chrome/142.0.0.0 Safari/537.36"
86.57.1.173 - - [21/Nov/2025:19:36:05 +0330] "GET /getMeetingInfoByInteralId/3efa903ac9a02637a99b227bc25ccb7d1b27a9f9-1763740276621 HTTP/2" 200 2248 "https://b3.optimyar.com/" "Mozilla/5.0 (Windows NT 10.0; Win64; x64) AppleWebKit/537.36 (KHTML, like Gecko) Chrome/142.0.0.0 Safari/537.36"
89.198.7.181 - - [21/Nov/2025:19:36:54 +0330] "POST /startPublicSession HTTP/1.1" 200 241 "https://app.optimyar.com/" "Mozilla/5.0 (Linux; Android 12; K) AppleWebKit/537.36 (KHTML, like Gecko) Chrome/142.0.7444.102 Mobile Safari/537.36"
89.198.7.181 - - [21/Nov/2025:19:37:00 +0330] "GET /getMeetingInfoByInteralId/3efa903ac9a02637a99b227bc25ccb7d1b27a9f9-1763740276621 HTTP/1.1" 200 2290 "https://b3.optimyar.com/" "Mozilla/5.0 (Linux; Android 12; K) AppleWebKit/537.36 (KHTML, like Gecko) Chrome/142.0.7444.102 Mobile Safari/537.36"
164.215.161.201 - - [21/Nov/2025:19:37:05 +0330] "GET /companies?version=3000.99 HTTP/2" 200 700 "https://app.optimyar.com/" "Mozilla/5.0 (Windows NT 10.0; Win64; x64) AppleWebKit/537.36 (KHTML, like Gecko) Chrome/141.0.0.0 Safari/537.36"
164.215.161.201 - - [21/Nov/2025:19:37:05 +0330] "GET /getPublicSessions?isPrivate=false HTTP/2" 200 188 "https://app.optimyar.com/" "Mozilla/5.0 (Windows NT 10.0; Win64; x64) AppleWebKit/537.36 (KHTML, like Gecko) Chrome/141.0.0.0 Safari/537.36"
37.98.62.118 - - [21/Nov/2025:19:37:13 +0330] "POST /startPublicSession HTTP/1.1" 200 196 "https://app.optimyar.com/" "Mozilla/5.0 (Linux; Android 12; K) AppleWebKit/537.36 (KHTML, like Gecko) Chrome/142.0.7444.102 Mobile Safari/537.36"
37.98.62.118 - - [21/Nov/2025:19:37:21 +0330] "GET /getMeetingInfoByInteralId/3efa903ac9a02637a99b227bc25ccb7d1b27a9f9-1763740276621 HTTP/1.1" 200 2293 "https://b3.optimyar.com/" "Mozilla/5.0 (Linux; Android 12; K) AppleWebKit/537.36 (KHTML, like Gecko) Chrome/142.0.7444.102 Mobile Safari/537.36"
164.215.161.201 - - [21/Nov/2025:19:37:25 +0330] "OPTIONS /startPublicSession HTTP/1.1" 204 0 "https://app.optimyar.com/" "Mozilla/5.0 (Windows NT 10.0; Win64; x64) AppleWebKit/537.36 (KHTML, like Gecko) Chrome/141.0.0.0 Safari/537.36"
164.215.161.201 - - [21/Nov/2025:19:37:25 +0330] "POST /startPublicSession HTTP/1.1" 200 224 "https://app.optimyar.com/" "Mozilla/5.0 (Windows NT 10.0; Win64; x64) AppleWebKit/537.36 (KHTML, like Gecko) Chrome/141.0.0.0 Safari/537.36"
164.215.161.201 - - [21/Nov/2025:19:37:57 +0330] "GET /getMeetingInfoByInteralId/3efa903ac9a02637a99b227bc25ccb7d1b27a9f9-1763740276621 HTTP/2" 200 2320 "https://b3.optimyar.com/" "Mozilla/5.0 (Windows NT 10.0; Win64; x64) AppleWebKit/537.36 (KHTML, like Gecko) Chrome/141.0.0.0 Safari/537.36"
176.200.110.4 - - [21/Nov/2025:19:39:23 +0330] "GET /companies?version=3000.99 HTTP/2" 200 700 "https://app.optimyar.com/" "Mozilla/5.0 (Linux; Android 10; K) AppleWebKit/537.36 (KHTML, like Gecko) Chrome/142.0.0.0 Mobile Safari/537.36"
176.200.110.4 - - [21/Nov/2025:19:39:23 +0330] "GET /getPublicSessions?isPrivate=false HTTP/2" 200 188 "https://app.optimyar.com/" "Mozilla/5.0 (Linux; Android 10; K) AppleWebKit/537.36 (KHTML, like Gecko) Chrome/142.0.0.0 Mobile Safari/537.36"
176.200.110.4 - - [21/Nov/2025:19:39:40 +0330] "OPTIONS /startPublicSession HTTP/2" 204 0 "https://app.optimyar.com/" "Mozilla/5.0 (Linux; Android 10; K) AppleWebKit/537.36 (KHTML, like Gecko) Chrome/142.0.0.0 Mobile Safari/537.36"
176.200.110.4 - - [21/Nov/2025:19:39:40 +0330] "POST /startPublicSession HTTP/2" 200 197 "https://app.optimyar.com/" "Mozilla/5.0 (Linux; Android 10; K) AppleWebKit/537.36 (KHTML, like Gecko) Chrome/142.0.0.0 Mobile Safari/537.36"
37.98.62.118 - - [21/Nov/2025:19:39:44 +0330] "POST /startPublicSession HTTP/1.1" 200 196 "https://app.optimyar.com/" "Mozilla/5.0 (Linux; Android 12; K) AppleWebKit/537.36 (KHTML, like Gecko) Chrome/142.0.7444.102 Mobile Safari/537.36"
2.147.34.156 - - [21/Nov/2025:19:39:49 +0330] "POST /startPublicSession HTTP/1.1" 200 224 "https://app.optimyar.com/" "Mozilla/5.0 (Linux; Android 11; K) AppleWebKit/537.36 (KHTML, like Gecko) Chrome/142.0.7444.171 Mobile Safari/537.36"
176.200.110.4 - - [21/Nov/2025:19:39:52 +0330] "GET /getMeetingInfoByInteralId/3efa903ac9a02637a99b227bc25ccb7d1b27a9f9-1763740276621 HTTP/1.1" 200 2343 "https://b3.optimyar.com/" "Mozilla/5.0 (Linux; Android 10; K) AppleWebKit/537.36 (KHTML, like Gecko) Chrome/142.0.0.0 Mobile Safari/537.36"
2.147.34.156 - - [21/Nov/2025:19:39:57 +0330] "GET /getMeetingInfoByInteralId/3efa903ac9a02637a99b227bc25ccb7d1b27a9f9-1763740276621 HTTP/1.1" 200 2351 "https://b3.optimyar.com/" "Mozilla/5.0 (Linux; Android 11; K) AppleWebKit/537.36 (KHTML, like Gecko) Chrome/142.0.7444.171 Mobile Safari/537.36"
37.98.62.118 - - [21/Nov/2025:19:39:59 +0330] "GET /getMeetingInfoByInteralId/3efa903ac9a02637a99b227bc25ccb7d1b27a9f9-1763740276621 HTTP/1.1" 200 2351 "https://b3.optimyar.com/" "Mozilla/5.0 (Linux; Android 12; K) AppleWebKit/537.36 (KHTML, like Gecko) Chrome/142.0.7444.102 Mobile Safari/537.36"
5.112.14.151 - - [21/Nov/2025:19:40:08 +0330] "POST /startPublicSession HTTP/1.1" 200 193 "https://app.optimyar.com/" "Mozilla/5.0 (iPhone; CPU iPhone OS 18_7 like Mac OS X) AppleWebKit/605.1.15 (KHTML, like Gecko) Version/26.0.1 Mobile/23A355 Safari/604.1"
5.112.14.151 - - [21/Nov/2025:19:40:14 +0330] "GET /getMeetingInfoByInteralId/3efa903ac9a02637a99b227bc25ccb7d1b27a9f9-1763740276621 HTTP/1.1" 200 2367 "https://b3.optimyar.com/" "Mozilla/5.0 (iPhone; CPU iPhone OS 18_7 like Mac OS X) AppleWebKit/605.1.15 (KHTML, like Gecko) Version/26.0.1 Mobile/23A355 Safari/604.1"
5.52.106.247 - - [21/Nov/2025:19:40:32 +0330] "GET /companies?version=3000.99 HTTP/2" 200 700 "https://app.optimyar.com/" "Mozilla/5.0 (Linux; Android 10; K) AppleWebKit/537.36 (KHTML, like Gecko) Chrome/142.0.0.0 Mobile Safari/537.36"
5.52.106.247 - - [21/Nov/2025:19:40:32 +0330] "GET /captchas/make?version=3000.99 HTTP/2" 200 5454 "https://app.optimyar.com/" "Mozilla/5.0 (Linux; Android 10; K) AppleWebKit/537.36 (KHTML, like Gecko) Chrome/142.0.0.0 Mobile Safari/537.36"
5.117.76.243 - - [21/Nov/2025:19:37:26 +0330] "GET /companies?version=3000.99 HTTP/1.1" 200 700 "https://app.optimyar.com/" "Mozilla/5.0 (Linux; Android 10; JNY-LX1; HMSCore 6.15.4.322) AppleWebKit/537.36 (KHTML, like Gecko) Chrome/114.0.5735.196 HuaweiBrowser/16.0.6.300 Mobile Safari/537.36"
199.47.189.197 - - [21/Nov/2025:19:37:40 +0330] "GET /companies?version=3000.99 HTTP/2" 200 700 "https://app.optimyar.com/" "Mozilla/5.0 (Windows NT 10.0; Win64; x64) AppleWebKit/537.36 (KHTML, like Gecko) Chrome/142.0.0.0 Safari/537.36"
199.47.189.197 - - [21/Nov/2025:19:37:40 +0330] "GET /getPublicSessions?isPrivate=false HTTP/2" 200 188 "https://app.optimyar.com/" "Mozilla/5.0 (Windows NT 10.0; Win64; x64) AppleWebKit/537.36 (KHTML, like Gecko) Chrome/142.0.0.0 Safari/537.36"
85.185.32.237 - - [21/Nov/2025:19:37:48 +0330] "POST /startPublicSession HTTP/1.1" 200 218 "https://app.optimyar.com/" "Mozilla/5.0 (Linux; Android 13; K) AppleWebKit/537.36 (KHTML, like Gecko) Chrome/141.0.7390.122 Mobile Safari/537.36"
5.117.76.243 - - [21/Nov/2025:19:37:51 +0330] "OPTIONS /startPublicSession HTTP/1.1" 204 0 "https://app.optimyar.com/" "Mozilla/5.0 (Linux; Android 10; JNY-LX1; HMSCore 6.15.4.322) AppleWebKit/537.36 (KHTML, like Gecko) Chrome/114.0.5735.196 HuaweiBrowser/16.0.6.300 Mobile Safari/537.36"
5.117.76.243 - - [21/Nov/2025:19:37:52 +0330] "POST /startPublicSession HTTP/1.1" 200 227 "https://app.optimyar.com/" "Mozilla/5.0 (Linux; Android 10; JNY-LX1; HMSCore 6.15.4.322) AppleWebKit/537.36 (KHTML, like Gecko) Chrome/114.0.5735.196 HuaweiBrowser/16.0.6.300 Mobile Safari/537.36"
85.185.32.237 - - [21/Nov/2025:19:37:55 +0330] "GET /getMeetingInfoByInteralId/3efa903ac9a02637a99b227bc25ccb7d1b27a9f9-1763740276621 HTTP/1.1" 200 2320 "https://b3.optimyar.com/" "Mozilla/5.0 (Linux; Android 13; K) AppleWebKit/537.36 (KHTML, like Gecko) Chrome/141.0.7390.122 Mobile Safari/537.36"
5.117.76.243 - - [21/Nov/2025:19:37:58 +0330] "GET /getMeetingInfoByInteralId/3efa903ac9a02637a99b227bc25ccb7d1b27a9f9-1763740276621 HTTP/1.1" 200 2320 "https://b3.optimyar.com/" "Mozilla/5.0 (Linux; Android 10; JNY-LX1; HMSCore 6.15.4.322) AppleWebKit/537.36 (KHTML, like Gecko) Chrome/114.0.5735.196 HuaweiBrowser/16.0.6.300 Mobile Safari/537.36"
5.112.14.151 - - [21/Nov/2025:19:40:08 +0330] "OPTIONS /startPublicSession HTTP/1.1" 204 0 "https://app.optimyar.com/" "Mozilla/5.0 (iPhone; CPU iPhone OS 18_7 like Mac OS X) AppleWebKit/605.1.15 (KHTML, like Gecko) Version/26.0.1 Mobile/23A355 Safari/604.1"
5.52.106.247 - - [21/Nov/2025:19:41:02 +0330] "OPTIONS /startPublicSession HTTP/2" 204 0 "https://app.optimyar.com/" "Mozilla/5.0 (Linux; Android 10; K) AppleWebKit/537.36 (KHTML, like Gecko) Chrome/142.0.0.0 Mobile Safari/537.36"
5.52.106.247 - - [21/Nov/2025:19:41:02 +0330] "POST /startPublicSession HTTP/2" 200 236 "https://app.optimyar.com/" "Mozilla/5.0 (Linux; Android 10; K) AppleWebKit/537.36 (KHTML, like Gecko) Chrome/142.0.0.0 Mobile Safari/537.36"
137.208.45.102 - - [21/Nov/2025:19:41:08 +0330] "GET /getMeetingInfoByInteralId/3efa903ac9a02637a99b227bc25ccb7d1b27a9f9-1763740276621 HTTP/1.1" 200 2363 "https://b3.optimyar.com/" "Mozilla/5.0 (Windows NT 10.0; Win64; x64; rv:140.0) Gecko/20100101 Firefox/140.0"
178.131.7.132 - - [21/Nov/2025:19:42:45 +0330] "GET /companies?version=3000.99 HTTP/2" 200 700 "https://app.optimyar.com/" "Mozilla/5.0 (Linux; Android 15; K) AppleWebKit/537.36 (KHTML, like Gecko) Chrome/142.0.7444.102 Mobile Safari/537.36"
178.131.7.132 - - [21/Nov/2025:19:42:45 +0330] "GET /getPublicSessions?isPrivate=false HTTP/2" 200 188 "https://app.optimyar.com/" "Mozilla/5.0 (Linux; Android 15; K) AppleWebKit/537.36 (KHTML, like Gecko) Chrome/142.0.7444.102 Mobile Safari/537.36"
73.204.76.35 - - [21/Nov/2025:19:45:08 +0330] "GET /companies?version=3000.99 HTTP/1.1" 200 700 "https://app.optimyar.com/" "Mozilla/5.0 (Windows NT 10.0; Win64; x64) AppleWebKit/537.36 (KHTML, like Gecko) Chrome/142.0.0.0 Safari/537.36 Edg/142.0.0.0"
73.204.76.35 - - [21/Nov/2025:19:45:08 +0330] "GET /getPublicSessions?isPrivate=false HTTP/1.1" 200 188 "https://app.optimyar.com/" "Mozilla/5.0 (Windows NT 10.0; Win64; x64) AppleWebKit/537.36 (KHTML, like Gecko) Chrome/142.0.0.0 Safari/537.36 Edg/142.0.0.0"
73.204.76.35 - - [21/Nov/2025:19:45:16 +0330] "POST /startPublicSession HTTP/1.1" 200 197 "https://app.optimyar.com/" "Mozilla/5.0 (Windows NT 10.0; Win64; x64) AppleWebKit/537.36 (KHTML, like Gecko) Chrome/142.0.0.0 Safari/537.36 Edg/142.0.0.0"
73.204.76.35 - - [21/Nov/2025:19:45:24 +0330] "GET /getMeetingInfoByInteralId/3efa903ac9a02637a99b227bc25ccb7d1b27a9f9-1763740276621 HTTP/1.1" 200 2384 "https://b3.optimyar.com/" "Mozilla/5.0 (Windows NT 10.0; Win64; x64) AppleWebKit/537.36 (KHTML, like Gecko) Chrome/142.0.0.0 Safari/537.36 Edg/142.0.0.0"
85.185.32.237 - - [21/Nov/2025:19:45:51 +0330] "GET /companies?version=3000.99 HTTP/2" 200 700 "https://app.optimyar.com/" "Mozilla/5.0 (Linux; Android 13; K) AppleWebKit/537.36 (KHTML, like Gecko) Chrome/141.0.7390.122 Mobile Safari/537.36"
85.185.32.237 - - [21/Nov/2025:19:45:51 +0330] "GET /getPublicSessions?isPrivate=false HTTP/2" 200 188 "https://app.optimyar.com/" "Mozilla/5.0 (Linux; Android 13; K) AppleWebKit/537.36 (KHTML, like Gecko) Chrome/141.0.7390.122 Mobile Safari/537.36"
85.185.32.237 - - [21/Nov/2025:19:45:54 +0330] "POST /startPublicSession HTTP/2" 200 218 "https://app.optimyar.com/" "Mozilla/5.0 (Linux; Android 13; K) AppleWebKit/537.36 (KHTML, like Gecko) Chrome/141.0.7390.122 Mobile Safari/537.36"
85.185.32.237 - - [21/Nov/2025:19:46:01 +0330] "GET /getMeetingInfoByInteralId/3efa903ac9a02637a99b227bc25ccb7d1b27a9f9-1763740276621 HTTP/2" 200 2382 "https://b3.optimyar.com/" "Mozilla/5.0 (Linux; Android 13; K) AppleWebKit/537.36 (KHTML, like Gecko) Chrome/141.0.7390.122 Mobile Safari/537.36"
85.185.32.237 - - [21/Nov/2025:19:46:07 +0330] "POST /startPublicSession HTTP/2" 200 218 "https://app.optimyar.com/" "Mozilla/5.0 (Linux; Android 13; K) AppleWebKit/537.36 (KHTML, like Gecko) Chrome/141.0.7390.122 Mobile Safari/537.36"
85.185.32.237 - - [21/Nov/2025:19:46:13 +0330] "GET /getMeetingInfoByInteralId/3efa903ac9a02637a99b227bc25ccb7d1b27a9f9-1763740276621 HTTP/2" 200 2378 "https://b3.optimyar.com/" "Mozilla/5.0 (Linux; Android 13; K) AppleWebKit/537.36 (KHTML, like Gecko) Chrome/141.0.7390.122 Mobile Safari/537.36"
85.185.32.237 - - [21/Nov/2025:19:46:31 +0330] "POST /startPublicSession HTTP/2" 200 218 "https://app.optimyar.com/" "Mozilla/5.0 (Linux; Android 13; K) AppleWebKit/537.36 (KHTML, like Gecko) Chrome/141.0.7390.122 Mobile Safari/537.36"
5.52.106.247 - - [21/Nov/2025:19:40:34 +0330] "GET /companies?version=3000.99 HTTP/2" 200 700 "https://app.optimyar.com/" "Mozilla/5.0 (Linux; Android 10; K) AppleWebKit/537.36 (KHTML, like Gecko) Chrome/142.0.0.0 Mobile Safari/537.36"
5.52.106.247 - - [21/Nov/2025:19:40:34 +0330] "GET /getPublicSessions?isPrivate=false HTTP/2" 200 188 "https://app.optimyar.com/" "Mozilla/5.0 (Linux; Android 10; K) AppleWebKit/537.36 (KHTML, like Gecko) Chrome/142.0.0.0 Mobile Safari/537.36"
5.117.76.243 - - [21/Nov/2025:19:41:11 +0330] "GET /getMeetingInfoByInteralId/3efa903ac9a02637a99b227bc25ccb7d1b27a9f9-1763740276621 HTTP/1.1" 200 2363 "https://b3.optimyar.com/" "Mozilla/5.0 (Linux; Android 10; JNY-LX1; HMSCore 6.15.4.322) AppleWebKit/537.36 (KHTML, like Gecko) Chrome/114.0.5735.196 HuaweiBrowser/16.0.6.300 Mobile Safari/537.36"
5.52.106.247 - - [21/Nov/2025:19:41:20 +0330] "GET /getMeetingInfoByInteralId/3efa903ac9a02637a99b227bc25ccb7d1b27a9f9-1763740276621 HTTP/2" 200 2377 "https://b3.optimyar.com/" "Mozilla/5.0 (Linux; Android 10; K) AppleWebKit/537.36 (KHTML, like Gecko) Chrome/142.0.0.0 Mobile Safari/537.36"
90.240.3.40 - - [21/Nov/2025:19:43:37 +0330] "POST /startPublicSession HTTP/2" 200 245 "https://app.optimyar.com/" "Mozilla/5.0 (Linux; Android 15; K) AppleWebKit/537.36 (KHTML, like Gecko) Chrome/142.0.7444.173 Mobile Safari/537.36"
90.240.3.40 - - [21/Nov/2025:19:43:43 +0330] "GET /getMeetingInfoByInteralId/3efa903ac9a02637a99b227bc25ccb7d1b27a9f9-1763740276621 HTTP/2" 200 2373 "https://b3.optimyar.com/" "Mozilla/5.0 (Linux; Android 15; K) AppleWebKit/537.36 (KHTML, like Gecko) Chrome/142.0.7444.173 Mobile Safari/537.36"
85.185.32.237 - - [21/Nov/2025:19:44:24 +0330] "GET /companies?version=3000.99 HTTP/1.1" 200 700 "https://app.optimyar.com/" "Mozilla/5.0 (Linux; Android 13; K) AppleWebKit/537.36 (KHTML, like Gecko) Chrome/141.0.7390.122 Mobile Safari/537.36"
85.185.32.237 - - [21/Nov/2025:19:44:24 +0330] "GET /getPublicSessions?isPrivate=false HTTP/1.1" 200 188 "https://app.optimyar.com/" "Mozilla/5.0 (Linux; Android 13; K) AppleWebKit/537.36 (KHTML, like Gecko) Chrome/141.0.7390.122 Mobile Safari/537.36"
85.185.32.237 - - [21/Nov/2025:19:44:26 +0330] "POST /startPublicSession HTTP/1.1" 200 218 "https://app.optimyar.com/" "Mozilla/5.0 (Linux; Android 13; K) AppleWebKit/537.36 (KHTML, like Gecko) Chrome/141.0.7390.122 Mobile Safari/537.36"
85.185.32.237 - - [21/Nov/2025:19:44:33 +0330] "GET /getMeetingInfoByInteralId/3efa903ac9a02637a99b227bc25ccb7d1b27a9f9-1763740276621 HTTP/1.1" 200 2374 "https://b3.optimyar.com/" "Mozilla/5.0 (Linux; Android 13; K) AppleWebKit/537.36 (KHTML, like Gecko) Chrome/141.0.7390.122 Mobile Safari/537.36"
5.52.106.247 - - [21/Nov/2025:19:46:22 +0330] "POST /startPublicSession HTTP/2" 200 230 "https://app.optimyar.com/" "Mozilla/5.0 (Linux; Android 10; K) AppleWebKit/537.36 (KHTML, like Gecko) Chrome/142.0.0.0 Mobile Safari/537.36"
5.52.106.247 - - [21/Nov/2025:19:46:48 +0330] "GET /getMeetingInfoByInteralId/3efa903ac9a02637a99b227bc25ccb7d1b27a9f9-1763740276621 HTTP/2" 200 2395 "https://b3.optimyar.com/" "Mozilla/5.0 (Linux; Android 10; K) AppleWebKit/537.36 (KHTML, like Gecko) Chrome/142.0.0.0 Mobile Safari/537.36"
137.208.45.96 - - [21/Nov/2025:19:48:12 +0330] "GET /companies?version=3000.99 HTTP/2" 200 700 "https://app.optimyar.com/" "Mozilla/5.0 (iPhone; CPU iPhone OS 18_5 like Mac OS X) AppleWebKit/605.1.15 (KHTML, like Gecko) Version/18.5 Mobile/22F76 Safari/604.1"
137.208.45.96 - - [21/Nov/2025:19:48:12 +0330] "GET /getPublicSessions?isPrivate=false HTTP/2" 200 188 "https://app.optimyar.com/" "Mozilla/5.0 (iPhone; CPU iPhone OS 18_5 like Mac OS X) AppleWebKit/605.1.15 (KHTML, like Gecko) Version/18.5 Mobile/22F76 Safari/604.1"
137.208.45.96 - - [21/Nov/2025:19:48:44 +0330] "OPTIONS /startPublicSession HTTP/1.1" 204 0 "https://app.optimyar.com/" "Mozilla/5.0 (iPhone; CPU iPhone OS 18_5 like Mac OS X) AppleWebKit/605.1.15 (KHTML, like Gecko) Version/18.5 Mobile/22F76 Safari/604.1"
85.185.32.237 - - [21/Nov/2025:19:46:37 +0330] "GET /getMeetingInfoByInteralId/3efa903ac9a02637a99b227bc25ccb7d1b27a9f9-1763740276621 HTTP/2" 200 2372 "https://b3.optimyar.com/" "Mozilla/5.0 (Linux; Android 13; K) AppleWebKit/537.36 (KHTML, like Gecko) Chrome/141.0.7390.122 Mobile Safari/537.36"
137.208.45.96 - - [21/Nov/2025:19:48:45 +0330] "POST /startPublicSession HTTP/2" 200 192 "https://app.optimyar.com/" "Mozilla/5.0 (iPhone; CPU iPhone OS 18_5 like Mac OS X) AppleWebKit/605.1.15 (KHTML, like Gecko) Version/18.5 Mobile/22F76 Safari/604.1"
137.208.45.96 - - [21/Nov/2025:19:48:51 +0330] "GET /getMeetingInfoByInteralId/3efa903ac9a02637a99b227bc25ccb7d1b27a9f9-1763740276621 HTTP/2" 200 2412 "https://b3.optimyar.com/" "Mozilla/5.0 (iPhone; CPU iPhone OS 18_5 like Mac OS X) AppleWebKit/605.1.15 (KHTML, like Gecko) Version/18.5 Mobile/22F76 Safari/604.1"
31.94.2.152 - - [21/Nov/2025:19:51:07 +0330] "POST /startPublicSession HTTP/2" 200 245 "https://app.optimyar.com/" "Mozilla/5.0 (Linux; Android 15; K) AppleWebKit/537.36 (KHTML, like Gecko) Chrome/142.0.7444.173 Mobile Safari/537.36"
31.94.2.152 - - [21/Nov/2025:19:51:14 +0330] "GET /getMeetingInfoByInteralId/3efa903ac9a02637a99b227bc25ccb7d1b27a9f9-1763740276621 HTTP/2" 200 2415 "https://b3.optimyar.com/" "Mozilla/5.0 (Linux; Android 15; K) AppleWebKit/537.36 (KHTML, like Gecko) Chrome/142.0.7444.173 Mobile Safari/537.36"
5.232.181.255 - - [21/Nov/2025:19:53:11 +0330] "GET /getPublicSessions?isPrivate=false HTTP/2" 200 188 "https://app.optimyar.com/" "Mozilla/5.0 (Linux; Android 10; K) AppleWebKit/537.36 (KHTML, like Gecko) Chrome/142.0.0.0 Mobile Safari/537.36"
5.232.181.255 - - [21/Nov/2025:19:53:16 +0330] "OPTIONS /startPublicSession HTTP/2" 204 0 "https://app.optimyar.com/" "Mozilla/5.0 (Linux; Android 10; K) AppleWebKit/537.36 (KHTML, like Gecko) Chrome/142.0.0.0 Mobile Safari/537.36"
5.232.181.255 - - [21/Nov/2025:19:53:16 +0330] "POST /startPublicSession HTTP/2" 200 227 "https://app.optimyar.com/" "Mozilla/5.0 (Linux; Android 10; K) AppleWebKit/537.36 (KHTML, like Gecko) Chrome/142.0.0.0 Mobile Safari/537.36"
5.112.14.151 - - [21/Nov/2025:19:53:23 +0330] "GET /companies?version=3000.99 HTTP/2" 200 700 "https://app.optimyar.com/" "Mozilla/5.0 (iPhone; CPU iPhone OS 18_7 like Mac OS X) AppleWebKit/605.1.15 (KHTML, like Gecko) Version/26.0.1 Mobile/15E148 Safari/604.1"
5.112.14.151 - - [21/Nov/2025:19:53:23 +0330] "GET /getPublicSessions?isPrivate=false HTTP/2" 200 188 "https://app.optimyar.com/" "Mozilla/5.0 (iPhone; CPU iPhone OS 18_7 like Mac OS X) AppleWebKit/605.1.15 (KHTML, like Gecko) Version/26.0.1 Mobile/15E148 Safari/604.1"
5.232.181.255 - - [21/Nov/2025:19:53:24 +0330] "GET /getMeetingInfoByInteralId/3efa903ac9a02637a99b227bc25ccb7d1b27a9f9-1763740276621 HTTP/2" 200 2453 "https://b3.optimyar.com/" "Mozilla/5.0 (Linux; Android 10; K) AppleWebKit/537.36 (KHTML, like Gecko) Chrome/142.0.0.0 Mobile Safari/537.36"
151.234.200.210 - - [21/Nov/2025:19:54:06 +0330] "GET /getMeetingInfoByInteralId/3efa903ac9a02637a99b227bc25ccb7d1b27a9f9-1763740276621 HTTP/1.1" 200 2456 "https://b3.optimyar.com/" "Mozilla/5.0 (Windows NT 10.0; Win64; x64) AppleWebKit/537.36 (KHTML, like Gecko) Chrome/142.0.0.0 Safari/537.36"
5.112.14.151 - - [21/Nov/2025:19:54:19 +0330] "OPTIONS /startPublicSession HTTP/2" 204 0 "https://app.optimyar.com/" "Mozilla/5.0 (iPhone; CPU iPhone OS 18_7 like Mac OS X) AppleWebKit/605.1.15 (KHTML, like Gecko) Version/26.0.1 Mobile/15E148 Safari/604.1"
5.112.14.151 - - [21/Nov/2025:19:54:19 +0330] "POST /startPublicSession HTTP/2" 200 193 "https://app.optimyar.com/" "Mozilla/5.0 (iPhone; CPU iPhone OS 18_7 like Mac OS X) AppleWebKit/605.1.15 (KHTML, like Gecko) Version/26.0.1 Mobile/15E148 Safari/604.1"
5.112.14.151 - - [21/Nov/2025:19:54:26 +0330] "GET /getMeetingInfoByInteralId/3efa903ac9a02637a99b227bc25ccb7d1b27a9f9-1763740276621 HTTP/2" 200 2452 "https://b3.optimyar.com/" "Mozilla/5.0 (iPhone; CPU iPhone OS 18_7 like Mac OS X) AppleWebKit/605.1.15 (KHTML, like Gecko) Version/26.0.1 Mobile/15E148 Safari/604.1"
5.112.14.151 - - [21/Nov/2025:19:55:28 +0330] "GET /companies?version=3000.99 HTTP/1.1" 200 700 "https://app.optimyar.com/" "Mozilla/5.0 (iPhone; CPU iPhone OS 18_7 like Mac OS X) AppleWebKit/605.1.15 (KHTML, like Gecko) Version/26.0.1 Mobile/23A355 Safari/604.1"
5.112.14.151 - - [21/Nov/2025:19:55:28 +0330] "GET /getPublicSessions?isPrivate=false HTTP/1.1" 200 188 "https://app.optimyar.com/" "Mozilla/5.0 (iPhone; CPU iPhone OS 18_7 like Mac OS X) AppleWebKit/605.1.15 (KHTML, like Gecko) Version/26.0.1 Mobile/23A355 Safari/604.1"
5.52.106.247 - - [21/Nov/2025:19:51:05 +0330] "POST /startPublicSession HTTP/1.1" 200 230 "https://app.optimyar.com/" "Mozilla/5.0 (Linux; Android 10; K) AppleWebKit/537.36 (KHTML, like Gecko) Chrome/142.0.0.0 Mobile Safari/537.36"
5.52.106.247 - - [21/Nov/2025:19:51:17 +0330] "GET /getMeetingInfoByInteralId/3efa903ac9a02637a99b227bc25ccb7d1b27a9f9-1763740276621 HTTP/1.1" 200 2415 "https://b3.optimyar.com/" "Mozilla/5.0 (Linux; Android 10; K) AppleWebKit/537.36 (KHTML, like Gecko) Chrome/142.0.0.0 Mobile Safari/537.36"
151.234.200.210 - - [21/Nov/2025:19:52:27 +0330] "GET /getMeetingInfoByInteralId/null HTTP/1.1" 400 125 "https://b3.optimyar.com/" "Mozilla/5.0 (Windows NT 10.0; Win64; x64) AppleWebKit/537.36 (KHTML, like Gecko) Chrome/142.0.0.0 Safari/537.36"
151.234.200.210 - - [21/Nov/2025:19:52:57 +0330] "GET /getMeetingInfoByInteralId/3efa903ac9a02637a99b227bc25ccb7d1b27a9f9-1763740276621 HTTP/1.1" 200 2432 "https://b3.optimyar.com/" "Mozilla/5.0 (Windows NT 10.0; Win64; x64) AppleWebKit/537.36 (KHTML, like Gecko) Chrome/142.0.0.0 Safari/537.36"
5.112.14.151 - - [21/Nov/2025:19:53:14 +0330] "GET /companies?version=3000.99 HTTP/1.1" 200 700 "https://app.optimyar.com/" "Mozilla/5.0 (iPhone; CPU iPhone OS 18_7 like Mac OS X) AppleWebKit/605.1.15 (KHTML, like Gecko) Version/26.0.1 Mobile/23A355 Safari/604.1"
5.112.14.151 - - [21/Nov/2025:19:53:14 +0330] "GET /getPublicSessions?isPrivate=false HTTP/1.1" 200 188 "https://app.optimyar.com/" "Mozilla/5.0 (iPhone; CPU iPhone OS 18_7 like Mac OS X) AppleWebKit/605.1.15 (KHTML, like Gecko) Version/26.0.1 Mobile/23A355 Safari/604.1"
85.185.32.237 - - [21/Nov/2025:19:59:45 +0330] "GET /companies?version=3000.99 HTTP/2" 200 700 "https://app.optimyar.com/" "Mozilla/5.0 (Linux; Android 13; K) AppleWebKit/537.36 (KHTML, like Gecko) Chrome/141.0.7390.122 Mobile Safari/537.36"
85.185.32.237 - - [21/Nov/2025:19:59:45 +0330] "GET /getPublicSessions?isPrivate=false HTTP/2" 200 188 "https://app.optimyar.com/" "Mozilla/5.0 (Linux; Android 13; K) AppleWebKit/537.36 (KHTML, like Gecko) Chrome/141.0.7390.122 Mobile Safari/537.36"
85.185.32.237 - - [21/Nov/2025:19:59:49 +0330] "POST /startPublicSession HTTP/2" 200 218 "https://app.optimyar.com/" "Mozilla/5.0 (Linux; Android 13; K) AppleWebKit/537.36 (KHTML, like Gecko) Chrome/141.0.7390.122 Mobile Safari/537.36"
185.209.196.169 - - [21/Nov/2025:20:00:54 +0330] "GET /companies?version=3000.99 HTTP/2" 200 700 "https://app.optimyar.com/" "Mozilla/5.0 (Windows NT 10.0; Win64; x64) AppleWebKit/537.36 (KHTML, like Gecko) Chrome/142.0.0.0 Safari/537.36 Edg/142.0.0.0"
185.209.196.169 - - [21/Nov/2025:20:00:54 +0330] "GET /getPublicSessions?isPrivate=false HTTP/2" 200 188 "https://app.optimyar.com/" "Mozilla/5.0 (Windows NT 10.0; Win64; x64) AppleWebKit/537.36 (KHTML, like Gecko) Chrome/142.0.0.0 Safari/537.36 Edg/142.0.0.0"
85.185.32.237 - - [21/Nov/2025:20:00:55 +0330] "OPTIONS /startPublicSession HTTP/1.1" 204 0 "https://app.optimyar.com/" "Mozilla/5.0 (Linux; Android 13; K) AppleWebKit/537.36 (KHTML, like Gecko) Chrome/141.0.7390.122 Mobile Safari/537.36"
85.185.32.237 - - [21/Nov/2025:20:00:55 +0330] "POST /startPublicSession HTTP/1.1" 200 218 "https://app.optimyar.com/" "Mozilla/5.0 (Linux; Android 13; K) AppleWebKit/537.36 (KHTML, like Gecko) Chrome/141.0.7390.122 Mobile Safari/537.36"
46.41.239.200 - - [21/Nov/2025:20:01:02 +0330] "GET /companies?version=2022.06.03 HTTP/1.1" 200 700 "-" "Mozilla/5.0 (Windows NT 10.0; WOW64) AppleWebKit/537.36 (KHTML, like Gecko) optimyar-app/2022.6.3 Chrome/98.0.4758.141 Electron/17.4.7 Safari/537.36"
46.41.239.200 - - [21/Nov/2025:20:01:02 +0330] "GET /captchas/make?version=2022.06.03 HTTP/1.1" 200 6175 "-" "Mozilla/5.0 (Windows NT 10.0; WOW64) AppleWebKit/537.36 (KHTML, like Gecko) optimyar-app/2022.6.3 Chrome/98.0.4758.141 Electron/17.4.7 Safari/537.36"
46.41.239.200 - - [21/Nov/2025:20:01:02 +0330] "GET /uploads/minilogo7_fd0c99920b.png HTTP/1.1" 200 25203 "-" "Mozilla/5.0 (Windows NT 10.0; WOW64) AppleWebKit/537.36 (KHTML, like Gecko) optimyar-app/2022.6.3 Chrome/98.0.4758.141 Electron/17.4.7 Safari/537.36"
85.185.32.237 - - [21/Nov/2025:20:01:02 +0330] "GET /getMeetingInfoByInteralId/3efa903ac9a02637a99b227bc25ccb7d1b27a9f9-1763740276621 HTTP/1.1" 200 2368 "https://b3.optimyar.com/" "Mozilla/5.0 (Linux; Android 13; K) AppleWebKit/537.36 (KHTML, like Gecko) Chrome/141.0.7390.122 Mobile Safari/537.36"
185.209.196.169 - - [21/Nov/2025:20:01:20 +0330] "OPTIONS /startPublicSession HTTP/2" 204 0 "https://app.optimyar.com/" "Mozilla/5.0 (Windows NT 10.0; Win64; x64) AppleWebKit/537.36 (KHTML, like Gecko) Chrome/142.0.0.0 Safari/537.36 Edg/142.0.0.0"
185.209.196.169 - - [21/Nov/2025:20:01:21 +0330] "POST /startPublicSession HTTP/2" 200 238 "https://app.optimyar.com/" "Mozilla/5.0 (Windows NT 10.0; Win64; x64) AppleWebKit/537.36 (KHTML, like Gecko) Chrome/142.0.0.0 Safari/537.36 Edg/142.0.0.0"
46.41.239.200 - - [21/Nov/2025:20:01:27 +0330] "POST /auth/local HTTP/1.1" 200 295 "-" "Mozilla/5.0 (Windows NT 10.0; WOW64) AppleWebKit/537.36 (KHTML, like Gecko) optimyar-app/2022.6.3 Chrome/98.0.4758.141 Electron/17.4.7 Safari/537.36"
46.41.239.200 - - [21/Nov/2025:20:01:27 +0330] "GET /user-sessions/e8:fb:1c:a2:4d:45 HTTP/1.1" 200 478 "-" "Mozilla/5.0 (Windows NT 10.0; WOW64) AppleWebKit/537.36 (KHTML, like Gecko) optimyar-app/2022.6.3 Chrome/98.0.4758.141 Electron/17.4.7 Safari/537.36"
46.41.239.200 - - [21/Nov/2025:20:01:28 +0330] "GET /user-courses?isConfirm=true&_sort=buyDate:DESC&version=2022.06.03 HTTP/1.1" 200 621 "-" "Mozilla/5.0 (Windows NT 10.0; WOW64) AppleWebKit/537.36 (KHTML, like Gecko) optimyar-app/2022.6.3 Chrome/98.0.4758.141 Electron/17.4.7 Safari/537.36"
46.41.239.200 - - [21/Nov/2025:20:01:28 +0330] "GET /user-courses/isCourseLive/68ec184d1fd0cc82fb4fcfeb HTTP/1.1" 200 61 "-" "Mozilla/5.0 (Windows NT 10.0; WOW64) AppleWebKit/537.36 (KHTML, like Gecko) optimyar-app/2022.6.3 Chrome/98.0.4758.141 Electron/17.4.7 Safari/537.36"
46.41.239.200 - - [21/Nov/2025:20:01:30 +0330] "GET /sessions/getResourcesForLevel/68e67cfd1fd0cc82fb4fcd43 HTTP/1.1" 200 1522 "-" "Mozilla/5.0 (Windows NT 10.0; WOW64) AppleWebKit/537.36 (KHTML, like Gecko) optimyar-app/2022.6.3 Chrome/98.0.4758.141 Electron/17.4.7 Safari/537.36"
