130.240.153.173 - - [06/Nov/2025:17:06:19 +0330] "GET /paper/ HTTP/1.1" 200 22393 "https://optimyar.com/" "Mozilla/5.0 (Windows NT 10.0; Win64; x64) AppleWebKit/537.36 (KHTML, like Gecko) Chrome/141.0.0.0 Safari/537.36"
130.240.153.173 - - [06/Nov/2025:17:06:21 +0330] "GET /wp-content/uploads/elementor/css/post-31523.css?ver=1761948879 HTTP/1.1" 200 1553 "https://optimyar.com/paper/" "Mozilla/5.0 (Windows NT 10.0; Win64; x64) AppleWebKit/537.36 (KHTML, like Gecko) Chrome/141.0.0.0 Safari/537.36"
130.240.153.173 - - [06/Nov/2025:17:06:21 +0330] "GET /wp-content/uploads/elementor/google-fonts/css/almarai.css?ver=1744107102 HTTP/1.1" 200 533 "https://optimyar.com/paper/" "Mozilla/5.0 (Windows NT 10.0; Win64; x64) AppleWebKit/537.36 (KHTML, like Gecko) Chrome/141.0.0.0 Safari/537.36"
130.240.153.173 - - [06/Nov/2025:17:06:21 +0330] "GET /wp-content/uploads/elementor/google-fonts/fonts/almarai-tsstapxbaigk_hnnq12fow.woff2 HTTP/1.1" 200 17468 "https://optimyar.com/wp-content/uploads/elementor/google-fonts/css/almarai.css?ver=1744107102" "Mozilla/5.0 (Windows NT 10.0; Win64; x64) AppleWebKit/537.36 (KHTML, like Gecko) Chrome/141.0.0.0 Safari/537.36"
130.240.153.173 - - [06/Nov/2025:17:06:21 +0330] "GET /wp-content/uploads/2024/08/open-access-articles.jpeg HTTP/1.1" 200 624656 "https://optimyar.com/paper/" "Mozilla/5.0 (Windows NT 10.0; Win64; x64) AppleWebKit/537.36 (KHTML, like Gecko) Chrome/141.0.0.0 Safari/537.36"
130.240.153.173 - - [06/Nov/2025:17:06:27 +0330] "GET /wp-content/uploads/2025/01/DeWatermark.ai_1738245594413.png HTTP/1.1" 200 1397922 "https://optimyar.com/" "Mozilla/5.0 (Windows NT 10.0; Win64; x64) AppleWebKit/537.36 (KHTML, like Gecko) Chrome/141.0.0.0 Safari/537.36"
103.186.30.230 - - [06/Nov/2025:17:08:29 +0330] "GET /layouts HTTP/1.1" 404 15058 "https://www.google.com/" "Mozilla/5.0 (Macintosh; Intel Mac OS X 14_5) AppleWebKit/605.1.15 (KHTML, like Gecko) Version/18.5 Safari/605.1.15"
103.186.30.230 - - [06/Nov/2025:17:11:32 +0330] "GET /components/com_* HTTP/1.1" 404 15058 "https://yandex.com/" "Mozilla/5.0 (Windows NT 10.0; Win64; x64) AppleWebKit/537.36 (KHTML, like Gecko) Chrome/134.0.0.0 Safari/537.36 Edg/134.0.0.0"
66.249.66.1 - - [06/Nov/2025:17:14:16 +0330] "GET /robots.txt HTTP/1.1" 200 123 "-" "Mozilla/5.0 (compatible; Googlebot/2.1; +http://www.google.com/bot.html)"
103.186.30.230 - - [06/Nov/2025:17:15:29 +0330] "GET /dbscripts HTTP/1.1" 404 15058 "https://search.yahoo.com/" "Mozilla/5.0 (Macintosh; Intel Mac OS X 14.5; rv:138.0) Gecko/20100101 Firefox/138.0"
31.214.174.196 - - [06/Nov/2025:17:15:38 +0330] "POST /wp-cron.php?doing_wp_cron=1762436738.9548320770263671875000 HTTP/1.1" 200 20 "-" "WordPress/6.8.3; https://optimyar.com"
103.186.30.230 - - [06/Nov/2025:17:17:30 +0330] "GET /plugins/importexport HTTP/1.1" 404 15058 "https://www.bing.com/" "Mozilla/5.0 (Windows NT 10.0; Win64; x64) AppleWebKit/537.36 (KHTML, like Gecko) Chrome/135.0.0.0 Safari/537.36 Edg/135.0.0.0"
31.214.174.196 - - [06/Nov/2025:17:18:03 +0330] "POST /wp-cron.php?doing_wp_cron=1762436883.1753380298614501953125 HTTP/1.1" 200 20 "-" "WordPress/6.8.3; https://optimyar.com"
103.186.30.230 - - [06/Nov/2025:17:18:45 +0330] "GET /plugins/citationFormats HTTP/1.1" 404 15058 "https://duckduckgo.com/" "Mozilla/5.0 (Macintosh; Intel Mac OS X 14_5) AppleWebKit/605.1.15 (KHTML, like Gecko) Version/18.5 Safari/605.1.15"
103.186.30.230 - - [06/Nov/2025:17:19:13 +0330] "GET /plugins/paymethod HTTP/1.1" 404 15059 "https://duckduckgo.com/" "Mozilla/5.0 (Linux; Android 15; Pixel 7) AppleWebKit/537.36 (KHTML, like Gecko) Chrome/136.0.0.0 Mobile Safari/537.36 OPR/110.0.0.0"
103.186.30.230 - - [06/Nov/2025:17:20:25 +0330] "GET /bootstrap HTTP/1.1" 404 15058 "https://duckduckgo.com/" "Mozilla/5.0 (Windows NT 10.0; Win64; x64; rv:136.0) Gecko/20100101 Firefox/136.0"
220.181.51.113 - - [06/Nov/2025:17:23:40 +0330] "GET /robots.txt HTTP/1.1" 200 123 "-" "Mozilla/5.0 (Windows NT 10.0; WOW64) AppleWebKit/537.36 (KHTML, like Gecko) Chrome/48.0.2564.116 Safari/537.36"
103.186.30.230 - - [06/Nov/2025:17:25:28 +0330] "GET /app/Listeners HTTP/1.1" 404 15059 "https://search.yahoo.com/" "Mozilla/5.0 (iPad; CPU OS 18_5 like Mac OS X) AppleWebKit/605.1.15 (KHTML, like Gecko) Version/18.5 Mobile/15E148 Safari/604.1"
31.214.174.196 - - [06/Nov/2025:17:26:19 +0330] "POST /wp-cron.php?doing_wp_cron=1762437379.1556448936462402343750 HTTP/1.1" 200 20 "-" "WordPress/6.8.3; https://optimyar.com"
129.226.213.145 - - [06/Nov/2025:17:29:07 +0330] "GET / HTTP/1.1" 200 32395 "http://www.optimyar.com" "Mozilla/5.0 (iPhone; CPU iPhone OS 13_2_3 like Mac OS X) AppleWebKit/605.1.15 (KHTML, like Gecko) Version/13.0.3 Mobile/15E148 Safari/604.1"
103.186.30.230 - - [06/Nov/2025:17:30:08 +0330] "GET /resources/js HTTP/1.1" 404 15059 "https://www.bing.com/" "Mozilla/5.0 (iPad; CPU OS 18_4 like Mac OS X) AppleWebKit/605.1.15 (KHTML, like Gecko) Version/18.4 Mobile/15E148 Safari/604.1"
162.144.234.153 - - [06/Nov/2025:17:32:45 +0330] "POST /xmlrpc.php HTTP/2" 503 7593 "-" "Mozilla/5.0 (Windows NT 10.0; Win64; x64) AppleWebKit/537.36 (KHTML, like Gecko) Chrome/65.0.3325.181 Safari/537.36 OPR/52.0.2871.64"
162.144.234.153 - - [06/Nov/2025:17:32:49 +0330] "POST /xmlrpc.php HTTP/2" 503 7593 "-" "Mozilla/5.0 (Windows NT 10.0; Win64; x64) AppleWebKit/537.36 (KHTML, like Gecko) Chrome/65.0.3325.181 Safari/537.36 OPR/52.0.2871.64"
103.186.30.230 - - [06/Nov/2025:17:32:53 +0330] "GET /database/migrations HTTP/1.1" 404 15059 "https://yandex.com/" "Mozilla/5.0 (iPad; CPU OS 18_4 like Mac OS X) AppleWebKit/605.1.15 (KHTML, like Gecko) Version/18.4 Mobile/15E148 Safari/604.1"
162.144.234.153 - - [06/Nov/2025:17:32:58 +0330] "POST /xmlrpc.php HTTP/2" 503 7593 "-" "Mozilla/5.0 (Windows NT 10.0; Win64; x64) AppleWebKit/537.36 (KHTML, like Gecko) Chrome/65.0.3325.181 Safari/537.36 OPR/52.0.2871.64"
31.214.174.196 - - [06/Nov/2025:17:34:09 +0330] "POST /wp-cron.php?doing_wp_cron=1762437849.8039729595184326171875 HTTP/1.1" 200 20 "-" "WordPress/6.8.3; https://optimyar.com"
31.214.174.196 - - [06/Nov/2025:17:36:45 +0330] "POST /wp-cron.php?doing_wp_cron=1762438005.7940049171447753906250 HTTP/1.1" 200 20 "-" "WordPress/6.8.3; https://optimyar.com"
54.39.203.12 - - [06/Nov/2025:17:37:01 +0330] "GET /robots.txt HTTP/2" 500 123 "-" "Mozilla/5.0 (compatible; AhrefsBot/7.0; +http://ahrefs.com/robot/)"
220.181.108.105 - - [06/Nov/2025:17:22:53 +0330] "GET /%D8%A7%D8%B1%D8%AA%D8%A8%D8%A7%D8%B7-%D8%A8%D8%A7-%D8%B5%D9%86%D8%B9%D8%AA/ HTTP/1.1" 404 15058 "-" "Mozilla/5.0 (compatible; Baiduspider/2.0; +http://www.baidu.com/search/spider.html)"
66.249.66.15 - - [06/Nov/2025:17:26:17 +0330] "GET /courses/optimization-and-operations-research/ HTTP/1.1" 200 142554 "-" "Mozilla/5.0 (compatible; Googlebot/2.1; +http://www.google.com/bot.html)"
103.186.30.230 - - [06/Nov/2025:17:26:36 +0330] "GET /app/Policies HTTP/1.1" 404 15058 "https://www.bing.com/" "Mozilla/5.0 (Windows NT 10.0; Win64; x64; rv:138.0) Gecko/20100101 Firefox/138.0"
31.214.174.196 - - [06/Nov/2025:17:27:10 +0330] "POST /wp-cron.php?doing_wp_cron=1762437430.6614789962768554687500 HTTP/1.1" 200 20 "-" "WordPress/6.8.3; https://optimyar.com"
103.186.30.230 - - [06/Nov/2025:17:27:07 +0330] "GET /app/Rules HTTP/1.1" 404 15059 "https://yandex.com/" "Mozilla/5.0 (iPhone; CPU iPhone OS 18_3 like Mac OS X) AppleWebKit/605.1.15 (KHTML, like Gecko) Version/18.3 Mobile/15E148 Safari/604.1"
103.186.30.230 - - [06/Nov/2025:17:27:46 +0330] "GET /app/Broadcasting HTTP/1.1" 404 15058 "https://duckduckgo.com/" "Mozilla/5.0 (Windows NT 10.0; Win64; x64) AppleWebKit/537.36 (KHTML, like Gecko) Chrome/135.0.0.0 Safari/537.36 OPR/109.0.0.0"
162.144.234.153 - - [06/Nov/2025:17:32:37 +0330] "POST /xmlrpc.php HTTP/2" 503 7593 "-" "Mozilla/5.0 (Windows NT 10.0; Win64; x64) AppleWebKit/537.36 (KHTML, like Gecko) Chrome/65.0.3325.181 Safari/537.36 OPR/52.0.2871.64"
162.144.234.153 - - [06/Nov/2025:17:32:42 +0330] "POST /xmlrpc.php HTTP/2" 503 7592 "-" "Mozilla/5.0 (Windows NT 10.0; Win64; x64) AppleWebKit/537.36 (KHTML, like Gecko) Chrome/65.0.3325.181 Safari/537.36 OPR/52.0.2871.64"
162.144.234.153 - - [06/Nov/2025:17:32:52 +0330] "POST /xmlrpc.php HTTP/2" 503 7593 "-" "Mozilla/5.0 (Windows NT 10.0; Win64; x64) AppleWebKit/537.36 (KHTML, like Gecko) Chrome/65.0.3325.181 Safari/537.36 OPR/52.0.2871.64"
162.144.234.153 - - [06/Nov/2025:17:32:55 +0330] "POST /xmlrpc.php HTTP/2" 503 7593 "-" "Mozilla/5.0 (Windows NT 10.0; Win64; x64) AppleWebKit/537.36 (KHTML, like Gecko) Chrome/65.0.3325.181 Safari/537.36 OPR/52.0.2871.64"
162.144.234.153 - - [06/Nov/2025:17:33:02 +0330] "POST /xmlrpc.php HTTP/2" 503 7594 "-" "Mozilla/5.0 (Windows NT 10.0; Win64; x64) AppleWebKit/537.36 (KHTML, like Gecko) Chrome/65.0.3325.181 Safari/537.36 OPR/52.0.2871.64"
192.121.134.92 - - [06/Nov/2025:17:34:08 +0330] "GET / HTTP/1.1" 200 32394 "http://optimyar.com/" "Mozilla/5.0 (Windows NT 10.0; Win64; x64; rv:123.0) Gecko/20100101 Firefox/123"
185.12.250.58 - - [06/Nov/2025:17:34:11 +0330] "GET /sevices/%d8%af%d9%88%d8%b1%d9%87-%d9%87%d8%a7%db%8c-%d8%a2%d9%85%d9%88%d8%b2%d8%b4%db%8c-%d8%a2%d9%be%d8%aa%db%8c%d9%85-%db%8c%d8%a7%d8%b1/ HTTP/1.1" 200 22698 "-" "Mozilla/5.0 (Windows NT 10.0; Win64; x64; rv:123.0) Gecko/20100101 Firefox/123"
141.138.213.100 - - [06/Nov/2025:17:34:14 +0330] "GET /%d8%a7%d8%b1%d8%aa%d8%a8%d8%a7%d8%b7-%d8%a8%d8%a7-%d8%b5%d9%86%d8%b9%d8%aa/ HTTP/1.1" 404 15058 "-" "Mozilla/5.0 (Windows NT 10.0; Win64; x64; rv:123.0) Gecko/20100101 Firefox/123"
93.158.71.185 - - [06/Nov/2025:17:34:18 +0330] "GET /%d8%a7%d8%b1%d8%aa%d8%a8%d8%a7%d8%b7-%d8%a8%d8%a7-%d8%b5%d9%86%d8%b9%d8%aa/ HTTP/1.1" 404 15058 "http://optimyar.com/%d8%a7%d8%b1%d8%aa%d8%a8%d8%a7%d8%b7-%d8%a8%d8%a7-%d8%b5%d9%86%d8%b9%d8%aa/" "Mozilla/5.0 (Windows NT 10.0; Win64; x64; rv:123.0) Gecko/20100101 Firefox/123"
103.186.30.230 - - [06/Nov/2025:17:36:43 +0330] "GET /application/helpers HTTP/1.1" 404 15058 "https://www.google.com/" "Mozilla/5.0 (Windows NT 10.0; Win64; x64; rv:137.0) Gecko/20100101 Firefox/137.0"
31.214.174.196 - - [06/Nov/2025:17:38:51 +0330] "POST /wp-cron.php?doing_wp_cron=1762438131.6419289112091064453125 HTTP/1.1" 200 20 "-" "WordPress/6.8.3; https://optimyar.com"
176.183.137.217 - - [06/Nov/2025:17:39:00 +0330] "POST /xmlrpc.php HTTP/1.1" 500 132 "-" "Apache-HttpClient/4.5.13 (Java/11.0.28)"
176.183.137.217 - - [06/Nov/2025:17:39:05 +0330] "POST /xmlrpc.php HTTP/1.1" 500 206 "-" "Apache-HttpClient/4.5.13 (Java/11.0.28)"
176.183.137.217 - - [06/Nov/2025:17:39:09 +0330] "GET /wp-login.php HTTP/1.1" 302 20 "https://www.google.com" "Mozilla/5.0 (X11; Linux x86_64) AppleWebKit/537.36 (KHTML, like Gecko) Chrome/119.0.0.0 Safari/537.36"
176.183.137.217 - - [06/Nov/2025:17:39:17 +0330] "GET /not-found/ HTTP/1.1" 404 15546 "https://www.google.com" "Mozilla/5.0 (X11; Linux x86_64) AppleWebKit/537.36 (KHTML, like Gecko) Chrome/119.0.0.0 Safari/537.36"
176.183.137.217 - - [06/Nov/2025:17:39:25 +0330] "GET /wp-login.php HTTP/1.1" 302 20 "https://www.google.com" "Mozilla/5.0 (X11; Linux x86_64) AppleWebKit/537.36 (KHTML, like Gecko) Chrome/119.0.0.0 Safari/537.36"
176.183.137.217 - - [06/Nov/2025:17:39:47 +0330] "GET /not-found/ HTTP/1.1" 404 15546 "https://www.google.com" "Mozilla/5.0 (X11; Linux x86_64) AppleWebKit/537.36 (KHTML, like Gecko) Chrome/119.0.0.0 Safari/537.36"
123.55.56.220 - - [06/Nov/2025:17:41:15 +0330] "GET /courses/optimization-and-operations-research/ HTTP/2" 200 0 "-" "Mozilla/5.0 (Macintosh; Intel Mac OS X 13_0_0) AppleWebKit/537.36 (KHTML, like Gecko) Chrome/131.0.0 Safari/537.36 Edg/131.0.0"
42.226.82.26 - - [06/Nov/2025:17:41:16 +0330] "GET /courses/optimization-and-operations-research/ HTTP/2" 200 0 "-" "Mozilla/5.0 (Windows NT 11.0; Win64; x64) AppleWebKit/537.36 (KHTML, like Gecko) Chrome/134.0.0 Safari/537.36 Edg/134.0.0"
112.42.59.116 - - [06/Nov/2025:17:41:17 +0330] "GET /courses/optimization-and-operations-research/ HTTP/2" 200 0 "-" "Mozilla/5.0 (Macintosh; Intel Mac OS X 10_15_7) AppleWebKit/537.36 (KHTML, like Gecko) Chrome/135.0.0 Safari/537.36 Edg/135.0.0"
103.186.30.230 - - [06/Nov/2025:17:43:30 +0330] "GET /comment HTTP/1.1" 404 15058 "https://search.yahoo.com/" "Mozilla/5.0 (Windows NT 10.0; Win64; x64) AppleWebKit/537.36 (KHTML, like Gecko) Chrome/135.0.0.0 Safari/537.36 Edg/135.0.0.0"
13.221.172.241 - - [06/Nov/2025:17:44:13 +0330] "GET / HTTP/1.1" 301 0 "-" "Mozilla/5.0 (Windows; U; Windows NT 6.1; en-US) AppleWebKit/533.20.25 (KHTML, like Gecko) Version/5.0.4 Safari/533.20.27"
13.221.172.241 - - [06/Nov/2025:17:44:16 +0330] "GET / HTTP/1.1" 200 279547 "-" "Mozilla/5.0 (Windows; U; Windows NT 6.1; en-US) AppleWebKit/533.20.25 (KHTML, like Gecko) Version/5.0.4 Safari/533.20.27"
103.186.30.230 - - [06/Nov/2025:17:49:03 +0330] "GET /filter HTTP/1.1" 404 15059 "https://yandex.com/" "Mozilla/5.0 (Linux; Android 15; Pixel 8 Pro) AppleWebKit/537.36 (KHTML, like Gecko) Chrome/136.0.0.0 Mobile Safari/537.36"
103.186.30.230 - - [06/Nov/2025:17:49:34 +0330] "GET /grade HTTP/1.1" 404 15058 "https://www.google.com/" "Mozilla/5.0 (Windows NT 10.0; Win64; x64) AppleWebKit/537.36 (KHTML, like Gecko) Chrome/136.0.0.0 Safari/537.36"
103.186.30.230 - - [06/Nov/2025:17:49:46 +0330] "GET /group HTTP/1.1" 404 15058 "https://duckduckgo.com/" "Mozilla/5.0 (Windows NT 10.0; Win64; x64) AppleWebKit/537.36 (KHTML, like Gecko) Chrome/135.0.0.0 Safari/537.36"
103.186.30.230 - - [06/Nov/2025:17:50:05 +0330] "GET /h5p HTTP/1.1" 404 15058 "https://search.yahoo.com/" "Mozilla/5.0 (Macintosh; Intel Mac OS X 14_5) AppleWebKit/537.36 (KHTML, like Gecko) Chrome/135.0.0.0 Safari/537.36"
103.186.30.230 - - [06/Nov/2025:17:50:20 +0330] "GET /iplookup HTTP/1.1" 404 15059 "https://duckduckgo.com/" "Mozilla/5.0 (iPhone; CPU iPhone OS 18_5 like Mac OS X) AppleWebKit/605.1.15 (KHTML, like Gecko) CriOS/136.0.0.0 Mobile/15E148 Safari/604.1"
31.214.174.196 - - [06/Nov/2025:17:54:02 +0330] "POST /wp-cron.php?doing_wp_cron=1762439041.8793499469757080078125 HTTP/1.1" 200 20 "-" "WordPress/6.8.3; https://optimyar.com"
176.183.137.217 - - [06/Nov/2025:17:38:49 +0330] "GET /wp-json/wp/v2/users HTTP/1.1" 401 166 "https://www.google.com" "Mozilla/5.0 (X11; Linux x86_64) AppleWebKit/537.36 (KHTML, like Gecko) Chrome/119.0.0.0 Safari/537.36"
176.183.137.217 - - [06/Nov/2025:17:38:57 +0330] "GET /?author=1 HTTP/1.1" 404 20 "https://www.google.com" "Mozilla/5.0 (X11; Linux x86_64) AppleWebKit/537.36 (KHTML, like Gecko) Chrome/119.0.0.0 Safari/537.36"
103.186.30.230 - - [06/Nov/2025:17:39:07 +0330] "GET /application/core HTTP/1.1" 404 15058 "https://duckduckgo.com/" "Mozilla/5.0 (X11; Linux x86_64; rv:137.0) Gecko/20100101 Firefox/137.0"
176.183.137.217 - - [06/Nov/2025:17:39:14 +0330] "GET /not-found HTTP/1.1" 301 20 "https://www.google.com" "Mozilla/5.0 (X11; Linux x86_64) AppleWebKit/537.36 (KHTML, like Gecko) Chrome/119.0.0.0 Safari/537.36"
176.183.137.217 - - [06/Nov/2025:17:39:42 +0330] "GET /not-found HTTP/1.1" 301 20 "https://www.google.com" "Mozilla/5.0 (X11; Linux x86_64) AppleWebKit/537.36 (KHTML, like Gecko) Chrome/119.0.0.0 Safari/537.36"
93.158.90.71 - - [06/Nov/2025:17:39:53 +0330] "GET /robots.txt HTTP/1.1" 500 123 "http://optimyar.com/robots.txt" "Mozilla/5.0 (Linux; Android 12; SAMSUNG SM-A415F) AppleWebKit/537.36 (KHTML, like Gecko) SamsungBrowser/23.0 Chrome/115.0.0.0 Mobile Safari/537.3"
93.158.90.72 - - [06/Nov/2025:17:39:58 +0330] "GET / HTTP/1.1" 200 32395 "http://optimyar.com/" "Mozilla/5.0 (Linux; Android 12; SAMSUNG SM-A415F) AppleWebKit/537.36 (KHTML, like Gecko) SamsungBrowser/23.0 Chrome/115.0.0.0 Mobile Safari/537.3"
148.253.226.25 - - [06/Nov/2025:17:41:01 +0330] "GET /courses/optimization-and-operations-research/ HTTP/2" 200 213280 "-" "Mozilla/5.0 (Macintosh; Intel Mac OS X 10_15_7) AppleWebKit/537.36 (KHTML, like Gecko) Chrome/120.0.0.0 Safari/537.36"
163.171.165.52 - - [06/Nov/2025:17:41:03 +0330] "GET /courses/optimization-and-operations-research/ HTTP/2" 200 0 "-" "Mozilla/5.0 (Macintosh; Intel Mac OS X 10_15_7) AppleWebKit/537.36 (KHTML, like Gecko) Chrome/120.0.0.0 Safari/537.36"
121.225.138.218 - - [06/Nov/2025:17:41:14 +0330] "GET /courses/optimization-and-operations-research/ HTTP/2" 200 0 "-" "Mozilla/5.0 (Macintosh; Intel Mac OS X 13_0_0) AppleWebKit/537.36 (KHTML, like Gecko) Chrome/134.0.1 Safari/537.36 Edg/134.0.1"
159.65.243.231 - - [06/Nov/2025:17:44:47 +0330] "GET /robots.txt HTTP/1.1" 500 123 "-" "Mozilla/5.0 (compatible; SaaSBrowserBot/1.0; +https://saasbrowser.com/bot)"
159.65.243.231 - - [06/Nov/2025:17:44:49 +0330] "GET / HTTP/1.1" 200 32394 "-" "Mozilla/5.0 (compatible; SaaSBrowserBot/1.0; +https://saasbrowser.com/bot)"
103.186.30.230 - - [06/Nov/2025:17:46:17 +0330] "GET /contribute HTTP/1.1" 404 15059 "https://www.bing.com/" "Mozilla/5.0 (Linux; Android 15; Pixel 7) AppleWebKit/537.36 (KHTML, like Gecko) Chrome/136.0.0.0 Mobile Safari/537.36 OPR/110.0.0.0"
103.186.30.230 - - [06/Nov/2025:17:48:47 +0330] "GET /favourites HTTP/1.1" 404 15058 "https://www.bing.com/" "Mozilla/5.0 (Windows NT 10.0; Win64; x64) AppleWebKit/537.36 (KHTML, like Gecko) Chrome/134.0.0.0 Safari/537.36"
103.186.30.230 - - [06/Nov/2025:17:50:51 +0330] "GET /l10n HTTP/1.1" 404 15058 "https://yandex.com/" "Mozilla/5.0 (Windows NT 10.0; Win64; x64; rv:137.0) Gecko/20100101 Firefox/137.0"
103.186.30.230 - - [06/Nov/2025:17:51:09 +0330] "GET /lang HTTP/1.1" 404 15058 "https://yandex.com/" "Mozilla/5.0 (Windows NT 10.0; Win64; x64) AppleWebKit/537.36 (KHTML, like Gecko) Chrome/135.0.0.0 Safari/537.36 OPR/109.0.0.0"
103.186.30.230 - - [06/Nov/2025:17:53:59 +0330] "GET /mysite HTTP/1.1" 404 15058 "https://search.yahoo.com/" "Mozilla/5.0 (Macintosh; Intel Mac OS X 14.5; rv:138.0) Gecko/20100101 Firefox/138.0"
103.186.30.230 - - [06/Nov/2025:17:54:28 +0330] "GET /notes HTTP/1.1" 404 15058 "https://www.google.com/" "Mozilla/5.0 (Macintosh; Intel Mac OS X 14.5; rv:138.0) Gecko/20100101 Firefox/138.0"
31.214.174.196 - - [06/Nov/2025:17:59:45 +0330] "POST /wp-cron.php?doing_wp_cron=1762439385.9065580368041992187500 HTTP/1.1" 200 20 "-" "WordPress/6.8.3; https://optimyar.com"
103.186.30.230 - - [06/Nov/2025:18:03:20 +0330] "GET /trash HTTP/1.1" 404 15059 "https://search.yahoo.com/" "Mozilla/5.0 (Android 15; Mobile; rv:138.0) Gecko/138.0 Firefox/138.0"
85.208.96.211 - - [06/Nov/2025:18:05:31 +0330] "GET /academic-co-working/ HTTP/1.1" 200 21980 "-" "Mozilla/5.0 (compatible; SemrushBot/7~bl; +http://www.semrush.com/bot.html)"
103.186.30.230 - - [06/Nov/2025:18:06:14 +0330] "GET /blocks HTTP/1.1" 404 15059 "https://www.bing.com/" "Mozilla/5.0 (Android 15; Mobile; rv:138.0) Gecko/138.0 Firefox/138.0"
103.186.30.230 - - [06/Nov/2025:17:56:14 +0330] "GET /pmd HTTP/1.1" 404 15059 "https://www.bing.com/" "Mozilla/5.0 (iPhone; CPU iPhone OS 18_3 like Mac OS X) AppleWebKit/605.1.15 (KHTML, like Gecko) Version/18.3 Mobile/15E148 Safari/604.1"
103.186.30.230 - - [06/Nov/2025:17:59:43 +0330] "GET /reportbuilder HTTP/1.1" 404 15058 "https://duckduckgo.com/" "Mozilla/5.0 (X11; Linux x86_64) AppleWebKit/537.36 (KHTML, like Gecko) Chrome/135.0.0.0 Safari/537.36 OPR/109.0.0.0"
103.186.30.230 - - [06/Nov/2025:18:01:39 +0330] "GET /search HTTP/1.1" 404 15058 "https://www.bing.com/" "Mozilla/5.0 (Windows NT 10.0; Win64; x64; rv:137.0) Gecko/20100101 Firefox/137.0"
185.65.134.232 - - [06/Nov/2025:18:06:28 +0330] "GET / HTTP/1.0" 200 279547 "https://optimyar.com/" "Mozilla/5.0 (Windows NT 6.1; Win64; x64) AppleWebKit/537.36 (KHTML, like Gecko) Chrome/103.0.5060.66 Safari/537.36"
185.65.134.232 - - [06/Nov/2025:18:06:34 +0330] "POST /wp-admin/admin-ajax.php HTTP/1.0" 500 607 "https://optimyar.com/" "Mozilla/5.0 (Windows NT 6.1; Win64; x64) AppleWebKit/537.36 (KHTML, like Gecko) Chrome/103.0.5060.66 Safari/537.36"
208.84.101.48 - - [06/Nov/2025:18:08:41 +0330] "GET /wp-content/plugins/fix/up.php HTTP/1.1" 404 15119 "http://optimyar.com/wp-content/plugins/fix/up.php" "Mozilla/5.0 (Windows NT 10.0; Win64; x64) AppleWebKit/537.36 (KHTML, like Gecko)"
103.186.30.230 - - [06/Nov/2025:18:11:37 +0330] "GET /pub/media HTTP/1.1" 404 15058 "https://www.bing.com/" "Mozilla/5.0 (Macintosh; Intel Mac OS X 14.5; rv:138.0) Gecko/20100101 Firefox/138.0"
103.186.30.230 - - [06/Nov/2025:18:14:21 +0330] "GET /app/design/adminhtml HTTP/1.1" 404 15119 "https://www.bing.com/" "Mozilla/5.0 (Windows NT 10.0; Win64; x64; rv:136.0) Gecko/20100101 Firefox/136.0"
162.214.229.171 - - [06/Nov/2025:18:14:24 +0330] "GET /wp-login.php HTTP/2" 302 20 "http://optimyar.com/wp-login.php" "Mozilla/5.0 (Windows NT 10.0; Win64; x64; rv:144.0) Gecko/20100101 Firefox/144.0"
104.28.240.84 - - [06/Nov/2025:18:15:36 +0330] "GET /wp-login.php HTTP/1.1" 302 20 "-" "Mozilla/5.0 (X11; Ubuntu; Linux x86_64) AppleWebKit/605.1.15 (KHTML, like Gecko) Version/16.0 Safari/605.1.15"
104.28.240.84 - - [06/Nov/2025:18:15:38 +0330] "GET /wp-admin/ HTTP/1.1" 302 20 "-" "Mozilla/5.0 (Windows NT 10.0; Win64; x64) AppleWebKit/537.36 (KHTML, like Gecko) Chrome/115.0.1873.206 Safari/537.36 Edg/115.0.1873.206"
103.186.30.230 - - [06/Nov/2025:18:16:13 +0330] "GET /config HTTP/1.1" 404 15058 "https://yandex.com/" "Mozilla/5.0 (Windows NT 10.0; Win64; x64; rv:138.0) Gecko/20100101 Firefox/138.0"
202.155.8.15 - - [06/Nov/2025:18:20:01 +0330] "GET /ss.php?f_c=1 HTTP/2" 404 15058 "http://optimyar.com/ss.php?f_c=1" "Go-http-client/2.0"
202.155.8.15 - - [06/Nov/2025:18:20:06 +0330] "GET /ss.php?f_c=1 HTTP/2" 404 15058 "http://optimyar.com/ss.php?f_c=1" "Go-http-client/2.0"
103.186.30.230 - - [06/Nov/2025:18:23:29 +0330] "GET /sites HTTP/1.1" 404 15059 "https://duckduckgo.com/" "Mozilla/5.0 (iPhone; CPU iPhone OS 18_5 like Mac OS X) AppleWebKit/605.1.15 (KHTML, like Gecko) Version/18.5 Mobile/15E148 Safari/604.1"
103.186.30.230 - - [06/Nov/2025:18:25:33 +0330] "GET /web/modules HTTP/1.1" 404 15058 "https://www.bing.com/" "Mozilla/5.0 (X11; Linux x86_64; rv:138.0) Gecko/20100101 Firefox/138.0"
72.211.46.124 - - [06/Nov/2025:18:26:21 +0330] "GET / HTTP/1.0" 200 279547 "https://optimyar.com/" "Mozilla/5.0 (Windows NT 10.0; Win64; x64) AppleWebKit/537.36 (KHTML, like Gecko) Chrome/129.0.0.0 Safari/537.36"
103.186.30.230 - - [06/Nov/2025:18:26:31 +0330] "GET /modules HTTP/1.1" 404 15058 "https://www.google.com/" "Mozilla/5.0 (Windows NT 10.0; Win64; x64) AppleWebKit/537.36 (KHTML, like Gecko) Chrome/135.0.0.0 Safari/537.36 Edg/135.0.0.0"
103.186.30.230 - - [06/Nov/2025:18:26:50 +0330] "GET /themes HTTP/1.1" 404 15058 "https://duckduckgo.com/" "Mozilla/5.0 (Windows NT 10.0; Win64; x64; rv:137.0) Gecko/20100101 Firefox/137.0"
31.214.174.196 - - [06/Nov/2025:18:27:11 +0330] "POST /wp-cron.php?doing_wp_cron=1762441031.8128800392150878906250 HTTP/1.1" 200 20 "-" "WordPress/6.8.3; https://optimyar.com"
103.186.30.230 - - [06/Nov/2025:18:27:09 +0330] "GET /sites/default/settings HTTP/1.1" 404 15119 "https://yandex.com/" "Mozilla/5.0 (Windows NT 10.0; Win64; x64; rv:137.0) Gecko/20100101 Firefox/137.0"
103.186.30.230 - - [06/Nov/2025:18:28:10 +0330] "GET /themes/contrib HTTP/1.1" 404 15058 "https://duckduckgo.com/" "Mozilla/5.0 (Windows NT 10.0; Win64; x64; rv:137.0) Gecko/20100101 Firefox/137.0"
103.186.30.230 - - [06/Nov/2025:18:13:10 +0330] "GET /var/page_cache HTTP/1.1" 404 15058 "https://search.yahoo.com/" "Mozilla/5.0 (Windows NT 10.0; Win64; x64) AppleWebKit/537.36 (KHTML, like Gecko) Chrome/136.0.0.0 Safari/537.36 OPR/110.0.0.0"
31.214.174.196 - - [06/Nov/2025:18:15:35 +0330] "POST /wp-cron.php?doing_wp_cron=1762440335.5579130649566650390625 HTTP/1.1" 200 20 "-" "WordPress/6.8.3; https://optimyar.com"
103.186.30.230 - - [06/Nov/2025:18:15:33 +0330] "GET /AdminPrestaShop HTTP/1.1" 404 15059 "https://duckduckgo.com/" "Mozilla/5.0 (Linux; Android 14; SM-G998B) AppleWebKit/537.36 (KHTML, like Gecko) Chrome/134.0.0.0 Mobile Safari/537.36"
103.186.30.230 - - [06/Nov/2025:18:17:56 +0330] "GET /localization HTTP/1.1" 404 15058 "https://yandex.com/" "Mozilla/5.0 (Windows NT 10.0; Win64; x64) AppleWebKit/537.36 (KHTML, like Gecko) Chrome/134.0.0.0 Safari/537.36"
103.186.30.230 - - [06/Nov/2025:18:21:49 +0330] "GET /override/classes HTTP/1.1" 404 15058 "https://www.bing.com/" "Mozilla/5.0 (Windows NT 10.0; Win64; x64; rv:138.0) Gecko/20100101 Firefox/138.0"
103.186.30.230 - - [06/Nov/2025:18:22:12 +0330] "GET /override/controllers HTTP/1.1" 404 15058 "https://yandex.com/" "Mozilla/5.0 (Macintosh; Intel Mac OS X 10_15_7) AppleWebKit/537.36 (KHTML, like Gecko) Chrome/136.0.0.0 Safari/537.36"
103.186.30.230 - - [06/Nov/2025:18:23:01 +0330] "GET /img/m HTTP/1.1" 301 20 "https://duckduckgo.com/" "Mozilla/5.0 (Windows NT 10.0; Win64; x64; rv:138.0) Gecko/20100101 Firefox/138.0"
103.186.30.230 - - [06/Nov/2025:18:23:04 +0330] "GET /materials/ HTTP/1.1" 200 20633 "https://duckduckgo.com/" "Mozilla/5.0 (Windows NT 10.0; Win64; x64; rv:138.0) Gecko/20100101 Firefox/138.0"
162.120.187.30 - - [06/Nov/2025:18:25:47 +0330] "GET /courses/benders-decomposition-and-lagrangian-relaxation-methods/ HTTP/2" 200 0 "https://www.google.com/" "Mozilla/5.0 (Windows NT 10.0; Win64; x64) AppleWebKit/537.36 (KHTML, like Gecko) Chrome/141.0.0.0 Safari/537.36"
66.249.93.131 - - [06/Nov/2025:18:25:46 +0330] "GET /.well-known/traffic-advice HTTP/1.1" 404 15058 "-" "Chrome Privacy Preserving Prefetch Proxy"
72.211.46.124 - - [06/Nov/2025:18:26:13 +0330] "GET / HTTP/1.0" 200 279547 "https://optimyar.com/" "Mozilla/5.0 (Windows NT 10.0; Win64; x64) AppleWebKit/537.36 (KHTML, like Gecko) Chrome/129.0.0.0 Safari/537.36"
72.211.46.124 - - [06/Nov/2025:18:26:34 +0330] "GET / HTTP/1.0" 200 279547 "https://optimyar.com/" "Mozilla/5.0 (Windows NT 10.0; Win64; x64) AppleWebKit/537.36 (KHTML, like Gecko) Chrome/129.0.0.0 Safari/537.36"
45.89.70.31 - - [06/Nov/2025:18:28:20 +0330] "GET / HTTP/1.0" 200 279547 "https://optimyar.com/" "Mozilla/5.0 (Windows NT 10.0; Win64; x64) AppleWebKit/537.36 (KHTML, like Gecko) Chrome/130.0.0.0 Safari/537.36"
45.89.70.31 - - [06/Nov/2025:18:28:24 +0330] "POST /wp-admin/admin-ajax.php HTTP/1.0" 500 607 "https://optimyar.com/" "Mozilla/5.0 (Windows NT 10.0; Win64; x64) AppleWebKit/537.36 (KHTML, like Gecko) Chrome/130.0.0.0 Safari/537.36"
31.214.174.196 - - [06/Nov/2025:18:30:13 +0330] "POST /wp-cron.php?doing_wp_cron=1762441213.8598089218139648437500 HTTP/1.1" 200 20 "-" "WordPress/6.8.3; https://optimyar.com"
103.186.30.230 - - [06/Nov/2025:18:30:11 +0330] "GET /catalog HTTP/1.1" 404 15059 "https://duckduckgo.com/" "Mozilla/5.0 (iPhone; CPU iPhone OS 18_4 like Mac OS X) AppleWebKit/605.1.15 (KHTML, like Gecko) Version/18.4 Mobile/15E148 Safari/604.1"
63.92.68.76 - - [06/Nov/2025:18:35:38 +0330] "GET / HTTP/2" 301 20 "-" "Mozilla/5.0 (Macintosh; Intel Mac OS X 10_15_7) AppleWebKit/605.1.15 (KHTML, like Gecko) Version/26.0 Safari/605.1.15"
63.92.68.76 - - [06/Nov/2025:18:35:42 +0330] "GET / HTTP/2" 200 32394 "-" "Mozilla/5.0 (Macintosh; Intel Mac OS X 10.15; rv:135.0) Gecko/20100101 Firefox/135.0"
63.92.68.92 - - [06/Nov/2025:18:35:50 +0330] "GET / HTTP/2" 200 32394 "-" "Mozilla/5.0 (Windows NT 10.0; Win64; x64; rv:135.0) Gecko/20100101 Firefox/135.0"
63.92.68.92 - - [06/Nov/2025:18:35:53 +0330] "GET /wp-content/themes/skelementor/style.css?ver=6.8.3 HTTP/2" 200 820 "https://optimyar.com/" "Mozilla/5.0 (Windows NT 10.0; Win64; x64; rv:135.0) Gecko/20100101 Firefox/135.0"
63.92.68.92 - - [06/Nov/2025:18:35:53 +0330] "GET /wp-content/plugins/elementor/assets/css/frontend-rtl.min.css?ver=3.32.5 HTTP/2" 200 6537 "https://optimyar.com/" "Mozilla/5.0 (Windows NT 10.0; Win64; x64; rv:135.0) Gecko/20100101 Firefox/135.0"
63.92.68.92 - - [06/Nov/2025:18:35:53 +0330] "GET /wp-content/plugins/elementor/assets/css/widget-image-rtl.min.css?ver=3.32.5 HTTP/2" 200 119 "https://optimyar.com/" "Mozilla/5.0 (Windows NT 10.0; Win64; x64; rv:135.0) Gecko/20100101 Firefox/135.0"
63.92.68.92 - - [06/Nov/2025:18:35:53 +0330] "GET /wp-content/plugins/elementor-pro/assets/css/widget-nav-menu-rtl.min.css?ver=3.32.3 HTTP/2" 200 3246 "https://optimyar.com/" "Mozilla/5.0 (Windows NT 10.0; Win64; x64; rv:135.0) Gecko/20100101 Firefox/135.0"
63.92.68.92 - - [06/Nov/2025:18:35:53 +0330] "GET /wp-content/plugins/elementor/assets/lib/animations/styles/e-animation-grow.min.css?ver=3.32.5 HTTP/2" 200 198 "https://optimyar.com/" "Mozilla/5.0 (Windows NT 10.0; Win64; x64; rv:135.0) Gecko/20100101 Firefox/135.0"
63.92.68.92 - - [06/Nov/2025:18:35:53 +0330] "GET /wp-content/plugins/elementor-pro/assets/css/modules/sticky.min.css?ver=3.32.3 HTTP/2" 200 162 "https://optimyar.com/" "Mozilla/5.0 (Windows NT 10.0; Win64; x64; rv:135.0) Gecko/20100101 Firefox/135.0"
63.92.68.92 - - [06/Nov/2025:18:35:53 +0330] "GET /wp-content/plugins/elementor/assets/css/widget-heading-rtl.min.css?ver=3.32.5 HTTP/2" 200 154 "https://optimyar.com/" "Mozilla/5.0 (Windows NT 10.0; Win64; x64; rv:135.0) Gecko/20100101 Firefox/135.0"
63.92.68.92 - - [06/Nov/2025:18:35:53 +0330] "GET /wp-content/plugins/elementor/assets/css/widget-spacer-rtl.min.css?ver=3.32.5 HTTP/2" 200 312 "https://optimyar.com/" "Mozilla/5.0 (Windows NT 10.0; Win64; x64; rv:135.0) Gecko/20100101 Firefox/135.0"
63.92.68.92 - - [06/Nov/2025:18:35:53 +0330] "GET /wp-content/plugins/elementor/assets/css/widget-icon-list-rtl.min.css?ver=3.32.5 HTTP/2" 200 962 "https://optimyar.com/" "Mozilla/5.0 (Windows NT 10.0; Win64; x64; rv:135.0) Gecko/20100101 Firefox/135.0"
63.92.68.92 - - [06/Nov/2025:18:35:53 +0330] "GET /wp-content/plugins/elementor/assets/css/widget-google_maps-rtl.min.css?ver=3.32.5 HTTP/2" 200 116 "https://optimyar.com/" "Mozilla/5.0 (Windows NT 10.0; Win64; x64; rv:135.0) Gecko/20100101 Firefox/135.0"
63.92.68.92 - - [06/Nov/2025:18:35:53 +0330] "GET /wp-content/plugins/elementor/assets/css/widget-social-icons-rtl.min.css?ver=3.32.5 HTTP/2" 200 1069 "https://optimyar.com/" "Mozilla/5.0 (Windows NT 10.0; Win64; x64; rv:135.0) Gecko/20100101 Firefox/135.0"
63.92.68.92 - - [06/Nov/2025:18:35:53 +0330] "GET /wp-content/plugins/elementor/assets/css/conditionals/apple-webkit.min.css?ver=3.32.5 HTTP/2" 200 472 "https://optimyar.com/" "Mozilla/5.0 (Windows NT 10.0; Win64; x64; rv:135.0) Gecko/20100101 Firefox/135.0"
63.92.68.92 - - [06/Nov/2025:18:35:53 +0330] "GET /wp-content/plugins/elementor-pro/assets/css/widget-form-rtl.min.css?ver=3.32.3 HTTP/2" 200 1408 "https://optimyar.com/" "Mozilla/5.0 (Windows NT 10.0; Win64; x64; rv:135.0) Gecko/20100101 Firefox/135.0"
63.92.68.92 - - [06/Nov/2025:18:35:53 +0330] "GET /wp-content/plugins/elementor-pro/assets/css/conditionals/popup.min.css?ver=3.32.3 HTTP/2" 200 328 "https://optimyar.com/" "Mozilla/5.0 (Windows NT 10.0; Win64; x64; rv:135.0) Gecko/20100101 Firefox/135.0"
63.92.68.92 - - [06/Nov/2025:18:35:53 +0330] "GET /wp-content/plugins/persian-elementor/includes/icons/efaicons/style.css?ver=2.13.9 HTTP/2" 200 706 "https://optimyar.com/" "Mozilla/5.0 (Windows NT 10.0; Win64; x64; rv:135.0) Gecko/20100101 Firefox/135.0"
63.92.68.92 - - [06/Nov/2025:18:35:53 +0330] "GET /wp-content/uploads/elementor/css/custom-jet-blocks-rtl.css?ver=1.3.21 HTTP/2" 200 5366 "https://optimyar.com/" "Mozilla/5.0 (Windows NT 10.0; Win64; x64; rv:135.0) Gecko/20100101 Firefox/135.0"
63.92.68.92 - - [06/Nov/2025:18:35:53 +0330] "GET /wp-content/plugins/elementor/assets/lib/eicons/css/elementor-icons.min.css?ver=5.44.0 HTTP/2" 200 3997 "https://optimyar.com/" "Mozilla/5.0 (Windows NT 10.0; Win64; x64; rv:135.0) Gecko/20100101 Firefox/135.0"
63.92.68.92 - - [06/Nov/2025:18:35:53 +0330] "GET /wp-content/uploads/elementor/css/post-34.css?ver=1761943441 HTTP/2" 200 811 "https://optimyar.com/" "Mozilla/5.0 (Windows NT 10.0; Win64; x64; rv:135.0) Gecko/20100101 Firefox/135.0"
63.92.68.92 - - [06/Nov/2025:18:35:54 +0330] "GET /wp-content/plugins/persian-elementor/assets/css/font.css?ver=2.13.9 HTTP/2" 200 1874 "https://optimyar.com/" "Mozilla/5.0 (Windows NT 10.0; Win64; x64; rv:135.0) Gecko/20100101 Firefox/135.0"
63.92.68.92 - - [06/Nov/2025:18:35:54 +0330] "GET /wp-content/plugins/jet-tabs/assets/css/jet-tabs-frontend.css?ver=2.2.11 HTTP/2" 200 3769 "https://optimyar.com/" "Mozilla/5.0 (Windows NT 10.0; Win64; x64; rv:135.0) Gecko/20100101 Firefox/135.0"
63.92.68.92 - - [06/Nov/2025:18:35:54 +0330] "GET /wp-content/plugins/elementor/assets/lib/font-awesome/css/all.min.css?ver=3.32.5 HTTP/2" 200 12380 "https://optimyar.com/" "Mozilla/5.0 (Windows NT 10.0; Win64; x64; rv:135.0) Gecko/20100101 Firefox/135.0"
63.92.68.92 - - [06/Nov/2025:18:35:54 +0330] "GET /wp-content/plugins/elementor/assets/lib/font-awesome/css/v4-shims.min.css?ver=3.32.5 HTTP/2" 200 3987 "https://optimyar.com/" "Mozilla/5.0 (Windows NT 10.0; Win64; x64; rv:135.0) Gecko/20100101 Firefox/135.0"
63.92.68.92 - - [06/Nov/2025:18:35:54 +0330] "GET /wp-content/plugins/elementor-extras/assets/lib/nicons/css/nicons.css?ver=2.2.52 HTTP/2" 200 1153 "https://optimyar.com/" "Mozilla/5.0 (Windows NT 10.0; Win64; x64; rv:135.0) Gecko/20100101 Firefox/135.0"
63.92.68.92 - - [06/Nov/2025:18:35:54 +0330] "GET /wp-content/plugins/elementor/assets/lib/animations/styles/slideInDown.min.css?ver=3.32.5 HTTP/2" 200 153 "https://optimyar.com/" "Mozilla/5.0 (Windows NT 10.0; Win64; x64; rv:135.0) Gecko/20100101 Firefox/135.0"
63.92.68.92 - - [06/Nov/2025:18:35:54 +0330] "GET /wp-content/plugins/elementor/assets/lib/animations/styles/fadeInDown.min.css?ver=3.32.5 HTTP/2" 200 137 "https://optimyar.com/" "Mozilla/5.0 (Windows NT 10.0; Win64; x64; rv:135.0) Gecko/20100101 Firefox/135.0"
63.92.68.92 - - [06/Nov/2025:18:35:54 +0330] "GET /wp-content/plugins/elementor/assets/lib/animations/styles/slideInLeft.min.css?ver=3.32.5 HTTP/2" 200 153 "https://optimyar.com/" "Mozilla/5.0 (Windows NT 10.0; Win64; x64; rv:135.0) Gecko/20100101 Firefox/135.0"
63.92.68.92 - - [06/Nov/2025:18:35:54 +0330] "GET /wp-content/plugins/elementor/assets/lib/animations/styles/fadeIn.min.css?ver=3.32.5 HTTP/2" 200 77 "https://optimyar.com/" "Mozilla/5.0 (Windows NT 10.0; Win64; x64; rv:135.0) Gecko/20100101 Firefox/135.0"
63.92.68.92 - - [06/Nov/2025:18:35:54 +0330] "GET /wp-content/plugins/jet-elements/assets/css/jet-elements-rtl.css?ver=2.7.12.1 HTTP/2" 200 2887 "https://optimyar.com/" "Mozilla/5.0 (Windows NT 10.0; Win64; x64; rv:135.0) Gecko/20100101 Firefox/135.0"
63.92.68.92 - - [06/Nov/2025:18:35:54 +0330] "GET /wp-content/plugins/jet-elements/assets/css/addons/jet-carousel-rtl.css?ver=2.7.12.1 HTTP/2" 200 717 "https://optimyar.com/" "Mozilla/5.0 (Windows NT 10.0; Win64; x64; rv:135.0) Gecko/20100101 Firefox/135.0"
63.92.68.92 - - [06/Nov/2025:18:35:54 +0330] "GET /wp-content/plugins/jet-elements/assets/css/skin/jet-carousel-rtl.css?ver=2.7.12.1 HTTP/2" 200 192 "https://optimyar.com/" "Mozilla/5.0 (Windows NT 10.0; Win64; x64; rv:135.0) Gecko/20100101 Firefox/135.0"
63.92.68.92 - - [06/Nov/2025:18:35:54 +0330] "GET /wp-content/plugins/jet-elements/assets/css/addons/jet-banner-rtl.css?ver=2.7.12.1 HTTP/2" 200 1840 "https://optimyar.com/" "Mozilla/5.0 (Windows NT 10.0; Win64; x64; rv:135.0) Gecko/20100101 Firefox/135.0"
63.92.68.92 - - [06/Nov/2025:18:35:54 +0330] "GET /wp-content/plugins/elementor/assets/lib/animations/styles/flash.min.css?ver=3.32.5 HTTP/2" 200 86 "https://optimyar.com/" "Mozilla/5.0 (Windows NT 10.0; Win64; x64; rv:135.0) Gecko/20100101 Firefox/135.0"
63.92.68.92 - - [06/Nov/2025:18:35:54 +0330] "GET /wp-content/plugins/elementor-pro/assets/css/widget-call-to-action-rtl.min.css?ver=3.32.3 HTTP/2" 200 1211 "https://optimyar.com/" "Mozilla/5.0 (Windows NT 10.0; Win64; x64; rv:135.0) Gecko/20100101 Firefox/135.0"
63.92.68.92 - - [06/Nov/2025:18:35:54 +0330] "GET /wp-content/plugins/elementor-pro/assets/css/conditionals/transitions.min.css?ver=3.32.3 HTTP/2" 200 599 "https://optimyar.com/" "Mozilla/5.0 (Windows NT 10.0; Win64; x64; rv:135.0) Gecko/20100101 Firefox/135.0"
63.92.68.92 - - [06/Nov/2025:18:35:54 +0330] "GET /wp-content/plugins/elementor/assets/css/widget-menu-anchor-rtl.min.css?ver=3.32.5 HTTP/2" 200 109 "https://optimyar.com/" "Mozilla/5.0 (Windows NT 10.0; Win64; x64; rv:135.0) Gecko/20100101 Firefox/135.0"
63.92.68.92 - - [06/Nov/2025:18:35:54 +0330] "GET /wp-content/plugins/elementor/assets/css/widget-divider-rtl.min.css?ver=3.32.5 HTTP/2" 200 705 "https://optimyar.com/" "Mozilla/5.0 (Windows NT 10.0; Win64; x64; rv:135.0) Gecko/20100101 Firefox/135.0"
63.92.68.92 - - [06/Nov/2025:18:35:54 +0330] "GET /wp-content/uploads/elementor/css/post-14103.css?ver=1761943458 HTTP/2" 200 7090 "https://optimyar.com/" "Mozilla/5.0 (Windows NT 10.0; Win64; x64; rv:135.0) Gecko/20100101 Firefox/135.0"
63.92.68.92 - - [06/Nov/2025:18:35:54 +0330] "GET /wp-content/uploads/elementor/css/post-55.css?ver=1761943458 HTTP/2" 200 1734 "https://optimyar.com/" "Mozilla/5.0 (Windows NT 10.0; Win64; x64; rv:135.0) Gecko/20100101 Firefox/135.0"
63.92.68.92 - - [06/Nov/2025:18:35:54 +0330] "GET /wp-content/uploads/elementor/css/post-171.css?ver=1761943459 HTTP/2" 200 4869 "https://optimyar.com/" "Mozilla/5.0 (Windows NT 10.0; Win64; x64; rv:135.0) Gecko/20100101 Firefox/135.0"
63.92.68.92 - - [06/Nov/2025:18:35:54 +0330] "GET /wp-content/plugins/elementor-extras/assets/css/frontend-rtl.min.css?ver=2.2.52 HTTP/2" 200 23590 "https://optimyar.com/" "Mozilla/5.0 (Windows NT 10.0; Win64; x64; rv:135.0) Gecko/20100101 Firefox/135.0"
63.92.68.92 - - [06/Nov/2025:18:35:54 +0330] "GET /wp-content/uploads/elementor/css/post-26457.css?ver=1761943442 HTTP/2" 200 1000 "https://optimyar.com/" "Mozilla/5.0 (Windows NT 10.0; Win64; x64; rv:135.0) Gecko/20100101 Firefox/135.0"
63.92.68.92 - - [06/Nov/2025:18:35:54 +0330] "GET /wp-content/uploads/elementor/css/post-26343.css?ver=1761943442 HTTP/2" 200 1000 "https://optimyar.com/" "Mozilla/5.0 (Windows NT 10.0; Win64; x64; rv:135.0) Gecko/20100101 Firefox/135.0"
63.92.68.92 - - [06/Nov/2025:18:35:54 +0330] "GET /wp-content/uploads/elementor/css/post-26339.css?ver=1761943442 HTTP/2" 200 1000 "https://optimyar.com/" "Mozilla/5.0 (Windows NT 10.0; Win64; x64; rv:135.0) Gecko/20100101 Firefox/135.0"
63.92.68.92 - - [06/Nov/2025:18:35:54 +0330] "GET /wp-content/uploads/elementor/css/post-26319.css?ver=1761943442 HTTP/2" 200 999 "https://optimyar.com/" "Mozilla/5.0 (Windows NT 10.0; Win64; x64; rv:135.0) Gecko/20100101 Firefox/135.0"
63.92.68.92 - - [06/Nov/2025:18:35:54 +0330] "GET /wp-content/uploads/elementor/css/post-25858.css?ver=1761943442 HTTP/2" 200 955 "https://optimyar.com/" "Mozilla/5.0 (Windows NT 10.0; Win64; x64; rv:135.0) Gecko/20100101 Firefox/135.0"
63.92.68.92 - - [06/Nov/2025:18:35:54 +0330] "GET /wp-content/plugins/elementskit-lite/widgets/init/assets/css/responsive.css?ver=3.7.5 HTTP/2" 200 2859 "https://optimyar.com/" "Mozilla/5.0 (Windows NT 10.0; Win64; x64; rv:135.0) Gecko/20100101 Firefox/135.0"
63.92.68.92 - - [06/Nov/2025:18:35:54 +0330] "GET /wp-content/plugins/elementskit-lite/widgets/init/assets/css/rtl.css?ver=3.7.5 HTTP/2" 200 1082 "https://optimyar.com/" "Mozilla/5.0 (Windows NT 10.0; Win64; x64; rv:135.0) Gecko/20100101 Firefox/135.0"
63.92.68.92 - - [06/Nov/2025:18:35:54 +0330] "GET /wp-content/plugins/essential-addons-for-elementor-lite/assets/front-end/css/view/general.min.css?ver=6.4.0 HTTP/2" 200 1420 "https://optimyar.com/" "Mozilla/5.0 (Windows NT 10.0; Win64; x64; rv:135.0) Gecko/20100101 Firefox/135.0"
63.92.68.92 - - [06/Nov/2025:18:35:54 +0330] "GET /wp-content/plugins/elementor/assets/lib/font-awesome/css/fontawesome.min.css?ver=5.15.3 HTTP/2" 200 12164 "https://optimyar.com/" "Mozilla/5.0 (Windows NT 10.0; Win64; x64; rv:135.0) Gecko/20100101 Firefox/135.0"
63.92.68.92 - - [06/Nov/2025:18:35:54 +0330] "GET /wp-content/plugins/elementor/assets/lib/font-awesome/css/solid.min.css?ver=5.15.3 HTTP/2" 200 286 "https://optimyar.com/" "Mozilla/5.0 (Windows NT 10.0; Win64; x64; rv:135.0) Gecko/20100101 Firefox/135.0"
63.92.68.92 - - [06/Nov/2025:18:35:54 +0330] "GET /wp-content/plugins/elementor/assets/lib/font-awesome/css/regular.min.css?ver=5.15.3 HTTP/2" 200 283 "https://optimyar.com/" "Mozilla/5.0 (Windows NT 10.0; Win64; x64; rv:135.0) Gecko/20100101 Firefox/135.0"
63.92.68.92 - - [06/Nov/2025:18:35:54 +0330] "GET /wp-content/plugins/elementskit-lite/modules/elementskit-icon-pack/assets/css/ekiticons.css?ver=3.7.5 HTTP/2" 200 9681 "https://optimyar.com/" "Mozilla/5.0 (Windows NT 10.0; Win64; x64; rv:135.0) Gecko/20100101 Firefox/135.0"
63.92.68.92 - - [06/Nov/2025:18:35:54 +0330] "GET /wp-content/uploads/elementor/custom-icons/myic4/css/myic4.css?ver=1.0.0 HTTP/2" 200 948 "https://optimyar.com/" "Mozilla/5.0 (Windows NT 10.0; Win64; x64; rv:135.0) Gecko/20100101 Firefox/135.0"
63.92.68.92 - - [06/Nov/2025:18:35:54 +0330] "GET /wp-content/plugins/elementor/assets/lib/font-awesome/css/brands.min.css?ver=5.15.3 HTTP/2" 200 284 "https://optimyar.com/" "Mozilla/5.0 (Windows NT 10.0; Win64; x64; rv:135.0) Gecko/20100101 Firefox/135.0"
63.92.68.92 - - [06/Nov/2025:18:35:54 +0330] "GET /wp-includes/js/jquery/jquery.min.js?ver=3.7.1 HTTP/2" 200 29744 "https://optimyar.com/" "Mozilla/5.0 (Windows NT 10.0; Win64; x64; rv:135.0) Gecko/20100101 Firefox/135.0"
63.92.68.92 - - [06/Nov/2025:18:35:54 +0330] "GET /wp-includes/js/jquery/jquery-migrate.min.js?ver=3.4.1 HTTP/2" 200 4678 "https://optimyar.com/" "Mozilla/5.0 (Windows NT 10.0; Win64; x64; rv:135.0) Gecko/20100101 Firefox/135.0"
63.92.68.92 - - [06/Nov/2025:18:35:54 +0330] "GET /wp-content/plugins/elementor/assets/lib/font-awesome/js/v4-shims.min.js?ver=3.32.5 HTTP/2" 200 4042 "https://optimyar.com/" "Mozilla/5.0 (Windows NT 10.0; Win64; x64; rv:135.0) Gecko/20100101 Firefox/135.0"
63.92.68.92 - - [06/Nov/2025:18:35:54 +0330] "GET /wp-content/plugins/elementor/assets/js/webpack.runtime.min.js?ver=3.32.5 HTTP/2" 200 2321 "https://optimyar.com/" "Mozilla/5.0 (Windows NT 10.0; Win64; x64; rv:135.0) Gecko/20100101 Firefox/135.0"
63.92.68.92 - - [06/Nov/2025:18:35:54 +0330] "GET /wp-content/plugins/elementor/assets/js/frontend-modules.min.js?ver=3.32.5 HTTP/2" 200 17961 "https://optimyar.com/" "Mozilla/5.0 (Windows NT 10.0; Win64; x64; rv:135.0) Gecko/20100101 Firefox/135.0"
63.92.68.92 - - [06/Nov/2025:18:35:54 +0330] "GET /wp-includes/js/jquery/ui/core.min.js?ver=1.13.3 HTTP/2" 200 6812 "https://optimyar.com/" "Mozilla/5.0 (Windows NT 10.0; Win64; x64; rv:135.0) Gecko/20100101 Firefox/135.0"
63.92.68.92 - - [06/Nov/2025:18:35:54 +0330] "GET /wp-content/plugins/elementor/assets/js/frontend.min.js?ver=3.32.5 HTTP/2" 200 10164 "https://optimyar.com/" "Mozilla/5.0 (Windows NT 10.0; Win64; x64; rv:135.0) Gecko/20100101 Firefox/135.0"
63.92.68.92 - - [06/Nov/2025:18:35:54 +0330] "GET /wp-content/plugins/elementor-pro/assets/lib/smartmenus/jquery.smartmenus.min.js?ver=1.2.1 HTTP/2" 200 6867 "https://optimyar.com/" "Mozilla/5.0 (Windows NT 10.0; Win64; x64; rv:135.0) Gecko/20100101 Firefox/135.0"
63.92.68.92 - - [06/Nov/2025:18:35:54 +0330] "GET /wp-content/plugins/elementor-pro/assets/lib/sticky/jquery.sticky.min.js?ver=3.32.3 HTTP/2" 200 1442 "https://optimyar.com/" "Mozilla/5.0 (Windows NT 10.0; Win64; x64; rv:135.0) Gecko/20100101 Firefox/135.0"
63.92.68.92 - - [06/Nov/2025:18:35:54 +0330] "GET /wp-content/plugins/elementskit-lite/widgets/init/assets/css/widget-styles.css?ver=3.7.5 HTTP/2" 200 48850 "https://optimyar.com/" "Mozilla/5.0 (Windows NT 10.0; Win64; x64; rv:135.0) Gecko/20100101 Firefox/135.0"
63.92.68.92 - - [06/Nov/2025:18:35:54 +0330] "GET /wp-content/plugins/jet-elements/assets/js/lib/slick/slick.min.js?ver=1.8.1 HTTP/2" 200 10097 "https://optimyar.com/" "Mozilla/5.0 (Windows NT 10.0; Win64; x64; rv:135.0) Gecko/20100101 Firefox/135.0"
63.92.68.92 - - [06/Nov/2025:18:35:54 +0330] "GET /wp-content/plugins/elementskit-lite/libs/framework/assets/js/frontend-script.js?ver=3.7.5 HTTP/2" 200 40 "https://optimyar.com/" "Mozilla/5.0 (Windows NT 10.0; Win64; x64; rv:135.0) Gecko/20100101 Firefox/135.0"
63.92.68.92 - - [06/Nov/2025:18:35:54 +0330] "GET /wp-content/plugins/essential-addons-for-elementor-lite/assets/front-end/js/view/general.min.js?ver=6.4.0 HTTP/2" 200 3899 "https://optimyar.com/" "Mozilla/5.0 (Windows NT 10.0; Win64; x64; rv:135.0) Gecko/20100101 Firefox/135.0"
63.92.68.92 - - [06/Nov/2025:18:35:54 +0330] "GET /wp-content/plugins/elementor-pro/assets/js/webpack-pro.runtime.min.js?ver=3.32.3 HTTP/2" 200 2622 "https://optimyar.com/" "Mozilla/5.0 (Windows NT 10.0; Win64; x64; rv:135.0) Gecko/20100101 Firefox/135.0"
63.92.68.92 - - [06/Nov/2025:18:35:54 +0330] "GET /wp-includes/js/dist/hooks.min.js?ver=4d63a3d491d11ffd8ac6 HTTP/2" 200 1571 "https://optimyar.com/" "Mozilla/5.0 (Windows NT 10.0; Win64; x64; rv:135.0) Gecko/20100101 Firefox/135.0"
63.92.68.92 - - [06/Nov/2025:18:35:54 +0330] "GET /wp-includes/js/dist/i18n.min.js?ver=5e580eb46a90c2b997e6 HTTP/2" 200 3542 "https://optimyar.com/" "Mozilla/5.0 (Windows NT 10.0; Win64; x64; rv:135.0) Gecko/20100101 Firefox/135.0"
63.92.68.92 - - [06/Nov/2025:18:35:54 +0330] "GET /wp-content/plugins/elementor-pro/assets/js/frontend.min.js?ver=3.32.3 HTTP/2" 200 6321 "https://optimyar.com/" "Mozilla/5.0 (Windows NT 10.0; Win64; x64; rv:135.0) Gecko/20100101 Firefox/135.0"
63.92.68.92 - - [06/Nov/2025:18:35:54 +0330] "GET /wp-content/plugins/elementor-pro/assets/js/elements-handlers.min.js?ver=3.32.3 HTTP/2" 200 10180 "https://optimyar.com/" "Mozilla/5.0 (Windows NT 10.0; Win64; x64; rv:135.0) Gecko/20100101 Firefox/135.0"
63.92.68.92 - - [06/Nov/2025:18:35:54 +0330] "GET /wp-content/plugins/jet-blocks/assets/js/lib/jsticky/jquery.jsticky.min.js?ver=1.1.0 HTTP/2" 200 571 "https://optimyar.com/" "Mozilla/5.0 (Windows NT 10.0; Win64; x64; rv:135.0) Gecko/20100101 Firefox/135.0"
63.92.68.92 - - [06/Nov/2025:18:35:54 +0330] "GET /wp-content/plugins/jet-blocks/assets/js/jet-blocks.min.js?ver=1.3.21 HTTP/2" 200 5609 "https://optimyar.com/" "Mozilla/5.0 (Windows NT 10.0; Win64; x64; rv:135.0) Gecko/20100101 Firefox/135.0"
63.92.68.92 - - [06/Nov/2025:18:35:54 +0330] "GET /wp-content/plugins/jet-elements/assets/js/jet-elements.min.js?ver=2.7.12.1 HTTP/2" 200 25019 "https://optimyar.com/" "Mozilla/5.0 (Windows NT 10.0; Win64; x64; rv:135.0) Gecko/20100101 Firefox/135.0"
63.92.68.92 - - [06/Nov/2025:18:35:54 +0330] "GET /wp-content/plugins/jet-tabs/assets/js/jet-tabs-frontend.min.js?ver=2.2.11 HTTP/2" 200 6073 "https://optimyar.com/" "Mozilla/5.0 (Windows NT 10.0; Win64; x64; rv:135.0) Gecko/20100101 Firefox/135.0"
63.92.68.92 - - [06/Nov/2025:18:35:54 +0330] "GET /wp-content/plugins/elementskit-lite/widgets/init/assets/js/animate-circle.min.js?ver=3.7.5 HTTP/2" 200 393 "https://optimyar.com/" "Mozilla/5.0 (Windows NT 10.0; Win64; x64; rv:135.0) Gecko/20100101 Firefox/135.0"
63.92.68.92 - - [06/Nov/2025:18:35:54 +0330] "GET /wp-content/plugins/elementskit-lite/widgets/init/assets/js/elementor.js?ver=3.7.5 HTTP/2" 200 5700 "https://optimyar.com/" "Mozilla/5.0 (Windows NT 10.0; Win64; x64; rv:135.0) Gecko/20100101 Firefox/135.0"
63.92.68.92 - - [06/Nov/2025:18:35:54 +0330] "GET /wp-content/plugins/elementor-extras/assets/js/frontend.min.js?ver=2.2.52 HTTP/2" 200 17222 "https://optimyar.com/" "Mozilla/5.0 (Windows NT 10.0; Win64; x64; rv:135.0) Gecko/20100101 Firefox/135.0"
63.92.68.92 - - [06/Nov/2025:18:35:54 +0330] "GET /wp-content/plugins/elementor-extras/assets/lib/parallax-gallery/parallax-gallery.min.js?ver=1.0.0 HTTP/2" 200 814 "https://optimyar.com/" "Mozilla/5.0 (Windows NT 10.0; Win64; x64; rv:135.0) Gecko/20100101 Firefox/135.0"
63.92.68.92 - - [06/Nov/2025:18:35:54 +0330] "GET /wp-content/plugins/elementor-extras/assets/lib/hotips/hotips.min.js?ver=1.1.0 HTTP/2" 200 2121 "https://optimyar.com/" "Mozilla/5.0 (Windows NT 10.0; Win64; x64; rv:135.0) Gecko/20100101 Firefox/135.0"
63.92.68.92 - - [06/Nov/2025:18:35:54 +0330] "GET /wp-content/plugins/shortcodes-ultimate/includes/css/rtl-shortcodes.css?ver=7.4.5 HTTP/2" 200 348 "https://optimyar.com/" "Mozilla/5.0 (Windows NT 10.0; Win64; x64; rv:135.0) Gecko/20100101 Firefox/135.0"
63.92.68.92 - - [06/Nov/2025:18:35:54 +0330] "GET /wp-content/plugins/elementskit-lite/widgets/init/assets/js/widget-scripts.js?ver=3.7.5 HTTP/2" 200 35012 "https://optimyar.com/" "Mozilla/5.0 (Windows NT 10.0; Win64; x64; rv:135.0) Gecko/20100101 Firefox/135.0"
63.92.68.92 - - [06/Nov/2025:18:35:54 +0330] "GET /wp-content/plugins/persian-elementor/assets/css/font/Parastoo/Parastoo-Bold.woff2 HTTP/2" 200 48268 "https://optimyar.com/wp-content/plugins/persian-elementor/assets/css/font.css?ver=2.13.9" "Mozilla/5.0 (Windows NT 10.0; Win64; x64; rv:135.0) Gecko/20100101 Firefox/135.0"
63.92.68.92 - - [06/Nov/2025:18:35:54 +0330] "GET /wp-content/plugins/persian-elementor/assets/css/font/IRANYekanX/IRANYekanX-Bold.woff2 HTTP/2" 200 40348 "https://optimyar.com/wp-content/plugins/persian-elementor/assets/css/font.css?ver=2.13.9" "Mozilla/5.0 (Windows NT 10.0; Win64; x64; rv:135.0) Gecko/20100101 Firefox/135.0"
63.92.68.92 - - [06/Nov/2025:18:35:54 +0330] "GET /wp-content/plugins/persian-elementor/assets/css/font/IRANSansX/IRANSansX-Regular.woff2 HTTP/2" 200 40852 "https://optimyar.com/wp-content/plugins/persian-elementor/assets/css/font.css?ver=2.13.9" "Mozilla/5.0 (Windows NT 10.0; Win64; x64; rv:135.0) Gecko/20100101 Firefox/135.0"
63.92.68.92 - - [06/Nov/2025:18:35:54 +0330] "GET /wp-content/plugins/persian-elementor/assets/css/font/IRANYekanX/IRANYekanX-Medium.woff2 HTTP/2" 200 39256 "https://optimyar.com/wp-content/plugins/persian-elementor/assets/css/font.css?ver=2.13.9" "Mozilla/5.0 (Windows NT 10.0; Win64; x64; rv:135.0) Gecko/20100101 Firefox/135.0"
63.92.68.92 - - [06/Nov/2025:18:35:54 +0330] "GET /wp-content/plugins/elementor/assets/lib/font-awesome/webfonts/fa-solid-900.woff2 HTTP/2" 200 78196 "https://optimyar.com/wp-content/plugins/elementor/assets/lib/font-awesome/css/solid.min.css?ver=5.15.3" "Mozilla/5.0 (Windows NT 10.0; Win64; x64; rv:135.0) Gecko/20100101 Firefox/135.0"
63.92.68.92 - - [06/Nov/2025:18:35:54 +0330] "GET /wp-content/plugins/elementor/assets/lib/font-awesome/webfonts/fa-regular-400.woff2 HTTP/2" 200 13276 "https://optimyar.com/wp-content/plugins/elementor/assets/lib/font-awesome/css/regular.min.css?ver=5.15.3" "Mozilla/5.0 (Windows NT 10.0; Win64; x64; rv:135.0) Gecko/20100101 Firefox/135.0"
