芝麻web文件管理V1.00
编辑当前文件:/home/freeclou/access-logs/optimyar.ir.freecloudservices.ir-ssl_log
66.249.79.232 - - [01/Nov/2025:15:39:56 +0330] "GET /?p=96232182166608&channel=62f176&from=product.php%3Fid%3D1821666-16066%26name%3DDIOR+HOMME+%E3%83%87%E3%82%A3%E3%82%AA%E3%83%BC%E3%83%AB%E3%82%AA%E3%83%A0%E3%80%80%E3%82%B7%E3%83%A7%E3%83%AB%E3%83%80%E3%83%BC%E3%83%90%E3%83%83%E3%82%B0%E3%80%80%E6%AD%A3%E8%A6%8F%E5%93%81 HTTP/1.1" 200 684 "-" "Mozilla/5.0 (Linux; Android 6.0.1; Nexus 5X Build/MMB29P) AppleWebKit/537.36 (KHTML, like Gecko) Chrome/141.0.7390.122 Mobile Safari/537.36 (compatible; Googlebot/2.1; +http://www.google.com/bot.html)"
66.249.79.199 - - [01/Nov/2025:15:40:59 +0330] "GET /?p=50588117397806&channel=1cd5c9&from=brands.php%3Fid%3D1173978-24951%26name%3D%E3%82%BF%E3%83%AF%E3%83%BC+%E8%93%8B%E4%BB%98%E3%81%8D%E5%8D%93%E4%B8%8A%E6%B0%B4%E5%88%87%E3%82%8A%E3%83%88%E3%83%AC%E3%83%BC+%E8%A7%92%E5%9E%8B+%E3%83%9B%E3%83%AF%E3%82%A4%E3%83%88+4911+%E3%83%96%E3%83%A9%E3%83%83%E3%82%AF+4912+%E5%B1%B1%E5%B4%8E%E5%AE%9F%E6%A5%AD+tower+yamazaki+%E3%82%BF%E3%83%AF%E3%83%BC%E3%82%B7%E3%83%AA%E3%83%BC%E3%82%BA HTTP/1.1" 200 680 "-" "Mozilla/5.0 (Linux; Android 6.0.1; Nexus 5X Build/MMB29P) AppleWebKit/537.36 (KHTML, like Gecko) Chrome/141.0.7390.122 Mobile Safari/537.36 (compatible; Googlebot/2.1; +http://www.google.com/bot.html)"
66.249.79.197 - - [01/Nov/2025:15:42:16 +0330] "GET /761784514.shtml HTTP/1.1" 404 796 "-" "Mozilla/5.0 (Linux; Android 6.0.1; Nexus 5X Build/MMB29P) AppleWebKit/537.36 (KHTML, like Gecko) Chrome/141.0.7390.122 Mobile Safari/537.36 (compatible; Googlebot/2.1; +http://www.google.com/bot.html)"
57.141.0.62 - - [01/Nov/2025:15:43:27 +0330] "GET /?p=23972165077100& HTTP/2" 200 1363 "-" "meta-externalagent/1.1 (+https://developers.facebook.com/docs/sharing/webmasters/crawler)"
66.249.79.197 - - [01/Nov/2025:15:45:10 +0330] "GET /?p=9307121450806&channel=fc72ad&from=pin.php%3Fid%3D214508-3161%26name%3D%E3%80%90%E6%9C%80%E7%B5%82%E5%80%A4%E4%B8%8B%E3%81%92%E3%80%91Scena+D%27uno%E3%80%80%E3%82%B7%E3%82%A7%E3%83%BC%E3%83%8A%E3%83%BB%E3%83%89%E3%82%A5%E3%83%BC%E3%83%8E%E3%80%80%E3%82%A6%E3%82%A7%E3%83%87%E3%82%A3%E3%83%B3%E3%82%B0%E3%83%89%E3%83%AC%E3%82%B9+%E7%84%A1%E6%84%8F%E5%91%B3 HTTP/1.1" 200 680 "-" "Mozilla/5.0 (Linux; Android 6.0.1; Nexus 5X Build/MMB29P) AppleWebKit/537.36 (KHTML, like Gecko) Chrome/141.0.7390.122 Mobile Safari/537.36 (compatible; Googlebot/2.1; +http://www.google.com/bot.html)"
66.249.79.231 - - [01/Nov/2025:15:46:14 +0330] "GET /?p=5357719429500&channel=a5e3c2&from=product.php%3Fid%3D194295-2103%26name%3D10PA17C+%E3%82%A8%E3%82%A2%E3%82%B3%E3%83%B3+AC+%E3%82%B3%E3%83%B3%E3%83%97%E3%83%AC%E3%83%83%E3%82%B5%E3%83%BC+IVECO+TRUCKS+Stralis+4471705430+99488569+5 HTTP/1.1" 200 684 "-" "Mozilla/5.0 (Linux; Android 6.0.1; Nexus 5X Build/MMB29P) AppleWebKit/537.36 (KHTML, like Gecko) Chrome/141.0.7390.122 Mobile Safari/537.36 (compatible; Googlebot/2.1; +http://www.google.com/bot.html)"
66.249.79.198 - - [01/Nov/2025:15:49:14 +0330] "GET /?p=79777274208&channel=e221f4&from=form.php%3Fid%3D2742-9%26name%3D%E3%83%86%E3%82%A3%E3%82%A8%E3%83%B3%E3%83%9D+%E3%83%AC%E3%82%B8%E3%82%A7%E3%83%B3%E3%83%89+%E3%81%97%E3%81%8A+10+%E3%82%A8%E3%83%AA%E3%83%BC%E3%83%88+fg+%E5%87%BA%E5%93%81 HTTP/1.1" 200 680 "-" "Mozilla/5.0 (Linux; Android 6.0.1; Nexus 5X Build/MMB29P) AppleWebKit/537.36 (KHTML, like Gecko) Chrome/141.0.7390.122 Mobile Safari/537.36 (compatible; Googlebot/2.1; +http://www.google.com/bot.html)"
66.249.79.232 - - [01/Nov/2025:15:49:18 +0330] "GET /?p=97628199835006&channel=d2b51b&from=article.php%3Fid%3D1998350-7855%26name%3D%E8%87%AA%E5%8B%95%E8%BB%8A%E7%94%A8%E3%82%B9%E3%82%BF%E3%83%BC%E3%83%86%E3%82%A3%E3%83%B3%E3%82%B0%E3%82%A4%E3%82%B0%E3%83%8B%E3%83%83%E3%82%B7%E3%83%A7%E3%83%B3%E3%82%B3%E3%82%A4%E3%83%AB+%E6%97%A5%E7%94%A3%E7%94%A8%E3%82%A4%E3%82%B0%E3%83%8B%E3%83%83%E3%82%B7%E3%83%A7%E3%83%B3%E3%82%B3%E3%82%A4%E3%83%AB+Quest+for+Xterra+for+Quest+for HTTP/1.1" 200 684 "-" "Mozilla/5.0 (Linux; Android 6.0.1; Nexus 5X Build/MMB29P) AppleWebKit/537.36 (KHTML, like Gecko) Chrome/141.0.7390.122 Mobile Safari/537.36 (compatible; Googlebot/2.1; +http://www.google.com/bot.html)"
66.249.79.198 - - [01/Nov/2025:15:43:42 +0330] "GET /?p=2011798737904&channel=76b8fb&from=form.php%3Fid%3D987379-7133%26name%3DFJALL+RAVEN+%E3%83%8F%E3%83%83%E3%83%88+%E5%A4%96%E3%82%8C%E3%82%8C HTTP/1.1" 200 680 "-" "Mozilla/5.0 (Linux; Android 6.0.1; Nexus 5X Build/MMB29P) AppleWebKit/537.36 (KHTML, like Gecko) Chrome/141.0.7390.122 Mobile Safari/537.36 (compatible; Googlebot/2.1; +http://www.google.com/bot.html)"
66.249.79.198 - - [01/Nov/2025:15:44:16 +0330] "GET /?p=53977185112601&channel=edda28&from=category-info.php%3Fid%3D1851126-7143%26name%3DGHETBO+%E6%9C%A8%E8%A3%BD%E3%81%AE%E3%83%AF%E3%82%A4%E3%83%B3%E3%83%A9%E3%83%83%E3%82%AF3%E3%83%9C%E3%83%88%E3%83%AB%E3%83%A9%E3%83%83%E3%82%AF%E3%83%90%E3%83%BC%E3%83%87%E3%82%A3%E3%82%B9%E3%83%97%E3%83%AC%E3%82%A4%E6%8A%98%E3%82%8A%E3%81%9F%E3%81%9F%E3%81%BF%E6%9C%A8%E8%A3%BD%E3%83%AF%E3%82%A4%E3%83%B3%E3%83%A9%E3%83%83%E3%82%AF%E3%83%AF%E3%82%A4%E3%83%B3%E3%83%9C%E3%83%88%E3%83%AB%E3%83%A9%E3%83%83%E3%82%AF%28A%29 HTTP/1.1" 200 680 "-" "Mozilla/5.0 (Linux; Android 6.0.1; Nexus 5X Build/MMB29P) AppleWebKit/537.36 (KHTML, like Gecko) Chrome/141.0.7390.122 Mobile Safari/537.36 (compatible; Googlebot/2.1; +http://www.google.com/bot.html)"
66.249.79.199 - - [01/Nov/2025:15:44:19 +0330] "GET /449443654.shtml HTTP/1.1" 404 796 "-" "Mozilla/5.0 (Linux; Android 6.0.1; Nexus 5X Build/MMB29P) AppleWebKit/537.36 (KHTML, like Gecko) Chrome/141.0.7390.122 Mobile Safari/537.36 (compatible; Googlebot/2.1; +http://www.google.com/bot.html)"
66.249.79.198 - - [01/Nov/2025:15:44:45 +0330] "GET /357708634.shtml HTTP/1.1" 404 796 "-" "Mozilla/5.0 (Linux; Android 6.0.1; Nexus 5X Build/MMB29P) AppleWebKit/537.36 (KHTML, like Gecko) Chrome/141.0.7390.122 Mobile Safari/537.36 (compatible; Googlebot/2.1; +http://www.google.com/bot.html)"
66.249.79.197 - - [01/Nov/2025:15:46:32 +0330] "GET /?p=35254160204701&channel=88e5ae&from=brands.php%3Fid%3D1602047-7257%26name%3D%E6%96%B0%E5%93%81%E6%9C%AA%E4%BD%BF%E7%94%A8%E3%80%80%E9%A2%A8%E5%91%82%E6%95%B7%E3%80%80%E3%81%8B%E3%81%8C%E3%81%A4%E3%82%80%E3%81%8E%E3%80%8070cm HTTP/1.1" 200 680 "-" "Mozilla/5.0 (Linux; Android 6.0.1; Nexus 5X Build/MMB29P) AppleWebKit/537.36 (KHTML, like Gecko) Chrome/141.0.7390.122 Mobile Safari/537.36 (compatible; Googlebot/2.1; +http://www.google.com/bot.html)"
66.249.79.199 - - [01/Nov/2025:15:47:44 +0330] "GET /?p=1696148882810&channel=00b974&from=info.php%3Fid%3D488828-14706%26name%3D%28%E6%97%A9%E3%81%84%E8%80%85%E5%8B%9D%E3%81%A1%EF%BC%81%EF%BC%81%29North+Face+21L HTTP/1.1" 200 680 "-" "Mozilla/5.0 (Linux; Android 6.0.1; Nexus 5X Build/MMB29P) AppleWebKit/537.36 (KHTML, like Gecko) Chrome/141.0.7390.122 Mobile Safari/537.36 (compatible; Googlebot/2.1; +http://www.google.com/bot.html)"
57.141.0.12 - - [01/Nov/2025:15:48:14 +0330] "GET /?p=18091160019900& HTTP/2" 200 1363 "-" "meta-externalagent/1.1 (+https://developers.facebook.com/docs/sharing/webmasters/crawler)"
66.249.79.199 - - [01/Nov/2025:15:48:34 +0330] "GET /?p=35601165064700&channel=8d4904&from=goods.php%3Fid%3D1650647-29044%26name%3D%2A%E4%B8%AD%E5%8F%A4%E5%93%81+hakuba+mc+skylight%281b%29+82mm+%E3%83%95%E3%82%A3%E3%83%AB%E3%82%BF-%2A HTTP/1.1" 200 680 "-" "Mozilla/5.0 (Linux; Android 6.0.1; Nexus 5X Build/MMB29P) AppleWebKit/537.36 (KHTML, like Gecko) Chrome/141.0.7390.122 Mobile Safari/537.36 (compatible; Googlebot/2.1; +http://www.google.com/bot.html)"
66.249.79.197 - - [01/Nov/2025:15:48:45 +0330] "GET /?p=62992197369301&channel=11ff3f&from=blog.php%3Fid%3D1973693-836%26name%3D%E4%B8%89%E8%8F%B1%E9%89%9B%E7%AD%86+%E3%83%A6%E3%83%8B%E3%83%9C%E3%83%BC%E3%83%AB%E3%83%AF%E3%83%B3+%E3%82%AF%E3%83%AA%E3%82%A8%E3%82%A4%E3%83%86%E3%82%A3%E3%83%96%E3%82%AB%E3%83%A9%E3%83%BC+0.38mm+%E9%80%80%E3%81%8B+%E9%87%91+UMNSC38.25 HTTP/1.1" 200 680 "-" "Mozilla/5.0 (Linux; Android 6.0.1; Nexus 5X Build/MMB29P) AppleWebKit/537.36 (KHTML, like Gecko) Chrome/141.0.7390.122 Mobile Safari/537.36 (compatible; Googlebot/2.1; +http://www.google.com/bot.html)"
66.249.79.197 - - [01/Nov/2025:15:49:47 +0330] "GET /?p=4697073441417&channel=3c4e5d&from=article.php%3Fid%3D734414-12266%26name%3D%E5%B8%AF%E6%8F%9A%E3%81%92%E3%80%80%E9%87%8D%E8%A1%BF%E3%80%80%E5%B8%AF%E7%B7%A0%E3%82%81+%E8%A6%8B%E3%82%8C%E3%82%8C+%E5%8D%8A%E8%A1%BF%E3%80%80%E4%BA%BA%E6%B0%97%E3%83%90%E3%82%A4%E3%82%AB%E3%83%A9%E3%83%BC%E3%80%80%E6%B5%81%E8%A1%8C%E3%82%8A%E9%BB%92%E3%80%804%E7%82%B9%E6%96%B0%E5%93%81%E3%80%801203%E2%91%A6 HTTP/1.1" 200 680 "-" "Mozilla/5.0 (Linux; Android 6.0.1; Nexus 5X Build/MMB29P) AppleWebKit/537.36 (KHTML, like Gecko) Chrome/141.0.7390.122 Mobile Safari/537.36 (compatible; Googlebot/2.1; +http://www.google.com/bot.html)"
66.249.79.197 - - [01/Nov/2025:15:50:20 +0330] "GET /?p=0412569244610&channel=d4b32c&from=goods.php%3Fid%3D692446-13285%26name%3D90%E2%80%99s+%E4%B8%8B%E3%81%95%E3%82%8B+old+STUSSY+nylon+flight+cap+USA%E8%A3%BD HTTP/1.1" 200 680 "-" "Mozilla/5.0 (Linux; Android 6.0.1; Nexus 5X Build/MMB29P) AppleWebKit/537.36 (KHTML, like Gecko) Chrome/141.0.7390.122 Mobile Safari/537.36 (compatible; Googlebot/2.1; +http://www.google.com/bot.html)"
57.141.0.18 - - [01/Nov/2025:15:50:25 +0330] "GET /?p=20719171941200& HTTP/2" 200 1363 "-" "meta-externalagent/1.1 (+https://developers.facebook.com/docs/sharing/webmasters/crawler)"
66.249.79.230 - - [01/Nov/2025:15:50:45 +0330] "GET /?p=1792388407604&channel=9a7c1a&from=jp.php%3Fid%3D884076-11003%26name%3D%E5%A4%A7%E3%81%8D%E3%81%84%E3%82%B5%E3%82%A4%E3%82%BA+%E3%83%92%E3%83%A4%E3%82%B1%E3%83%9C%E3%82%A6%E3%82%B7+%E3%82%AB%E3%82%B8%E3%83%A5%E3%82%A2%E3%83%AB+%E6%8A%98%E3%82%8A%E7%95%B3%E3%81%BF+%E3%82%AD%E3%83%A3%E3%83%83%E3%83%97+%E8%87%AA%E8%A1%9B%E9%9A%8A+%E3%83%8B%E3%83%83%E3%83%88+%E3%82%B5%E3%83%9E%E3%83%BC+%E5%A4%A7%E3%81%8D%E3%82%81+%E3%82%AB%E3%83%83%E3%83%88+%E9%BA%A6%E3%82%8F%E3%82%89+%E3%83%8F%E3%83%83%E3%83%88+%E5%B8%BD%E5%AD%90+%E9%98%B2%E5%AF%92+%E5%A4%8F HTTP/1.1" 200 684 "-" "Mozilla/5.0 (Linux; Android 6.0.1; Nexus 5X Build/MMB29P) AppleWebKit/537.36 (KHTML, like Gecko) Chrome/141.0.7390.122 Mobile Safari/537.36 (compatible; Googlebot/2.1; +http://www.google.com/bot.html)"
66.249.79.231 - - [01/Nov/2025:15:52:29 +0330] "GET /?p=28848117205904&channel=d6b055&from=article.php%3Fid%3D1172059-22091%26name%3DNestle+Coffee+Mate+Powder+Coffee+Creamer+Vanilla+Caramel+%2F+%E3%83%8D%E3%82%B9%E3%83%AC+%E3%82%B3%E3%83%BC%E3%83%92%E3%83%BC%E3%83%A1%E3%82%A4%E3%83%88+%E3%82%B3%E3%83%BC%E3%83%92%E3%83%BC%E3%82%AF%E3%83%AA%E3%83%BC%E3%83%9E%E3%83%BC%EF%BC%88%E3%83%91%E3%82%A6%E3%83%80%E3%83%BC%EF%BC%89+%E3%83%90%E3%83%8B%E3%83%A9%E3%82%AD%E3%83%A3%E3%83%A9%E3%83%A1%E3%83%AB+10.2oz HTTP/1.1" 200 684 "-" "Mozilla/5.0 (Linux; Android 6.0.1; Nexus 5X Build/MMB29P) AppleWebKit/537.36 (KHTML, like Gecko) Chrome/141.0.7390.122 Mobile Safari/537.36 (compatible; Googlebot/2.1; +http://www.google.com/bot.html)"
57.141.0.74 - - [01/Nov/2025:15:53:24 +0330] "GET /?p=1951515698800& HTTP/2" 200 1363 "-" "meta-externalagent/1.1 (+https://developers.facebook.com/docs/sharing/webmasters/crawler)"
57.141.0.5 - - [01/Nov/2025:15:53:31 +0330] "GET /?p=80444104552603& HTTP/2" 200 1363 "-" "meta-externalagent/1.1 (+https://developers.facebook.com/docs/sharing/webmasters/crawler)"
66.249.79.230 - - [01/Nov/2025:15:53:50 +0330] "GET /?p=8738638745800&channel=f254d3&from=brands.php%3Fid%3D387458-15576%26name%3D%E3%83%9E%E3%83%AB%E3%82%AB%E3%83%B3CASA%E3%82%BB%E3%83%AC%E3%82%AF%E3%83%88%E3%82%B1%E3%83%BC%E3%82%B8Rabbit80 HTTP/1.1" 200 684 "-" "Mozilla/5.0 (Linux; Android 6.0.1; Nexus 5X Build/MMB29P) AppleWebKit/537.36 (KHTML, like Gecko) Chrome/141.0.7390.122 Mobile Safari/537.36 (compatible; Googlebot/2.1; +http://www.google.com/bot.html)"
57.141.0.29 - - [01/Nov/2025:15:50:45 +0330] "GET /?p=23799125841002& HTTP/2" 200 1363 "-" "meta-externalagent/1.1 (+https://developers.facebook.com/docs/sharing/webmasters/crawler)"
66.249.79.198 - - [01/Nov/2025:15:52:49 +0330] "GET /?p=0470140007804&channel=785166&from=form.php%3Fid%3D400078-9510%26name%3D48770-0R010+RAV4%E3%81%AB%E4%BA%92%E6%8F%9B%E6%80%A7%E3%81%AE%E3%81%82%E3%82%8B%E3%83%AA%E3%82%A2%E3%82%AD%E3%83%A3%E3%83%B3%E3%83%90%E3%83%BC%E3%82%B3%E3%83%B3%E3%83%88%E3%83%AD%E3%83%BC%E3%83%AB%E3%82%A2%E3%83%BC%E3%83%A0Harrier+Vanguard+48770-4204 HTTP/1.1" 200 680 "-" "Mozilla/5.0 (Linux; Android 6.0.1; Nexus 5X Build/MMB29P) AppleWebKit/537.36 (KHTML, like Gecko) Chrome/141.0.7390.122 Mobile Safari/537.36 (compatible; Googlebot/2.1; +http://www.google.com/bot.html)"
57.141.0.66 - - [01/Nov/2025:15:52:51 +0330] "GET /?p=22106195521702& HTTP/2" 200 1363 "-" "meta-externalagent/1.1 (+https://developers.facebook.com/docs/sharing/webmasters/crawler)"
66.249.79.198 - - [01/Nov/2025:15:53:32 +0330] "GET /?p=7279762092403&channel=74805c&from=blog.php%3Fid%3D620924-8742%26name%3D3+18K+%E3%83%95%E3%83%AB%E3%82%AB%E3%83%BC%E3%83%9C%E3%83%B3%E3%83%95%E3%82%A1%E3%82%A4%E3%83%90%E3%83%BC%E3%82%A4%E3%83%B3%E3%83%8A%E3%83%BC%E3%82%B5%E3%82%A4%E3%83%89%E3%83%95%E3%82%A7%E3%82%A2%E3%83%AA%E3%83%B3%E3%82%B0%E3%82%AA%E3%83%BC%E3%83%88%E3%83%90%E3%82%A4%E3%83%9C%E3%83%87%E3%82%A3%E3%82%B5%E3%82%A4%E3%83%89%E3%83%91%E3%83%8D%E3%83%AB%E3%82%A2%E3%82%AF%E3%82%BB%E3%82%B5%E3%83%AA%E3%83%BC%E3%83%91%E3%83%BC%E3%83%84%E3%82%AD%E3%83%83%E3%83%88%E3%82%A2%E3%83%97%E3%83%AA%E3%83%AA%E3%82%A2+RSV4 HTTP/1.1" 200 680 "-" "Mozilla/5.0 (Linux; Android 6.0.1; Nexus 5X Build/MMB29P) AppleWebKit/537.36 (KHTML, like Gecko) Chrome/141.0.7390.122 Mobile Safari/537.36 (compatible; Googlebot/2.1; +http://www.google.com/bot.html)"
66.249.79.199 - - [01/Nov/2025:15:54:30 +0330] "GET /?p=8976131243004&channel=3a2c67&from=category-info.php%3Fid%3D312430-11095%26name%3DAVIREX%E2%98%85%E7%89%9B%E9%9D%A9+%E3%83%AA%E3%82%A2%E3%83%AB%E3%83%AC%E3%82%B6%E3%83%BC+%E3%83%AF%E3%83%83%E3%83%9A%E3%83%B3%E4%BB%98%E3%81%8D+%E3%83%AC%E3%82%B6%E3%83%BC%E3%82%B8%E3%83%A3%E3%82%B1%E3%83%83%E3%83%88+%E8%8C%B6+L HTTP/1.1" 200 680 "-" "Mozilla/5.0 (Linux; Android 6.0.1; Nexus 5X Build/MMB29P) AppleWebKit/537.36 (KHTML, like Gecko) Chrome/141.0.7390.122 Mobile Safari/537.36 (compatible; Googlebot/2.1; +http://www.google.com/bot.html)"
66.249.79.198 - - [01/Nov/2025:15:54:37 +0330] "GET /?p=7380310314801&channel=01fafa&from=form.php%3Fid%3D103148-6995%26name%3D%E3%83%A9%E3%82%B0+%E3%82%AB%E3%83%BC%E3%83%9A%E3%83%83%E3%83%88%E3%80%81%E5%B9%BE%E4%BD%95%E5%AD%A6%E7%9A%84%E3%81%AA%E8%8F%B1%E5%BD%A2%E3%82%A8%E3%82%B9%E3%83%8B%E3%83%83%E3%82%AF+%E3%82%B9%E3%82%BF%E3%82%A4%E3%83%AB+%E3%83%8E%E3%83%B3%E3%82%B9%E3%83%AA%E3%83%83%E3%83%97+%E3%82%AB%E3%83%BC%E3%83%9A%E3%83%83%E3%83%88+%E3%83%9E%E3%83%83%E3%83%88%E3%80%81%E5%AF%9D%E5%AE%A4%E3%80%81%E3%83%99%E3%83%83%E3%83%89%E3%82%B5%E3%82%A4%E3%83%89%E3%80%81%E3%83%AA%E3%83%93%E3%83%B3%E3%82%B0+%E3%83%AB%E3%83%BC%E3%83%A0%E3%80%81%E8%A3%85%E9%A3%BE%E7%94%A8 HTTP/1.1" 200 680 "-" "Mozilla/5.0 (Linux; Android 6.0.1; Nexus 5X Build/MMB29P) AppleWebKit/537.36 (KHTML, like Gecko) Chrome/141.0.7390.122 Mobile Safari/537.36 (compatible; Googlebot/2.1; +http://www.google.com/bot.html)"
66.249.79.197 - - [01/Nov/2025:15:55:45 +0330] "GET /?p=88003100394109&channel=d537be&from=info.php%3Fid%3D1003941-7543%26name%3D%E5%8E%9A%E5%BA%95%E3%83%88%E3%83%B3%E3%82%B0%E3%83%9F%E3%83%A5%E3%83%BC%E3%83%AB%E3%82%B5%E3%83%B3%E3%83%80%E3%83%AB HTTP/1.1" 200 680 "-" "Mozilla/5.0 (Linux; Android 6.0.1; Nexus 5X Build/MMB29P) AppleWebKit/537.36 (KHTML, like Gecko) Chrome/141.0.7390.122 Mobile Safari/537.36 (compatible; Googlebot/2.1; +http://www.google.com/bot.html)"
66.249.79.199 - - [01/Nov/2025:15:56:01 +0330] "GET /?p=06001172914706&channel=80f8e4&from=product.php%3Fid%3D1729147-4416%26name%3D%E3%80%90%E3%83%81%E3%83%A3%E3%83%83%E3%83%97%E6%A7%98%E7%94%A8%E3%80%91%E3%83%8B%E3%82%B3%E3%83%B3%E3%80%80D4s HTTP/1.1" 200 680 "-" "Mozilla/5.0 (Linux; Android 6.0.1; Nexus 5X Build/MMB29P) AppleWebKit/537.36 (KHTML, like Gecko) Chrome/141.0.7390.122 Mobile Safari/537.36 (compatible; Googlebot/2.1; +http://www.google.com/bot.html)"
66.249.79.197 - - [01/Nov/2025:15:56:14 +0330] "GET /?p=9273885953702&channel=e24648&from=category-info.php%3Fid%3D859537-8403%26name%3D%E3%83%9E%E3%83%83%E3%83%89%E3%82%AC%E3%83%BC%E3%83%89+%E7%94%A8+%E3%83%9E%E3%83%84%E3%83%80+3+BK+2003-2009+%E3%82%BB%E3%83%80%E3%83%B3+%E3%82%B5%E3%83%AB%E3%83%BC%E3%83%B3+%E3%81%BB%E3%81%A9%E3%81%84+%E3%83%9E%E3%83%83%E3%83%89%E3%82%AC%E3%83%BC%E3%83%89+%E3%83%9E%E3%83%83%E3%83%89%E3%83%95%E3%83%A9%E3%83%83%E3%83%97+%E3%83%95%E3%82%A7%E3%83%B3%E3%83%80%E3%83%BC+%E3%83%95%E3%83%AD%E3%83%B3%E3%83%88+%E3%83%9E%E3%83%83%E3%83%89 HTTP/1.1" 200 680 "-" "Mozilla/5.0 (Linux; Android 6.0.1; Nexus 5X Build/MMB29P) AppleWebKit/537.36 (KHTML, like Gecko) Chrome/141.0.7390.122 Mobile Safari/537.36 (compatible; Googlebot/2.1; +http://www.google.com/bot.html)"
66.249.79.197 - - [01/Nov/2025:15:56:18 +0330] "GET /?p=9197742373203&channel=576a78&from=shop.php%3Fid%3D423732-6272%26name%3D%E5%A3%81%E3%81%AE%E7%85%A7%E6%98%8E+%E3%81%8B%E3%81%99%E3%82%8C%E3%82%8B+%2C+%E3%83%8E%E3%83%AB%E3%83%87%E3%82%A3%E3%83%83%E3%82%AF%E3%83%9B%E3%83%86%E3%83%AB%E3%82%AB%E3%83%95%E3%82%A7%E3%83%AA%E3%83%93%E3%83%B3%E3%82%B0%E3%83%AB%E3%83%BC%E3%83%A0%E3%83%90%E3%83%BC%E3%82%A6%E3%82%A9%E3%83%BC%E3%83%AB%E3%83%A9%E3%83%B3%E3%83%97%E3%80%81%E5%A3%81%E8%A3%85%E9%A3%BE%E3%83%A9%E3%83%B3%E3%83%97%E3%80%81%E3%83%AC%E3%83%88%E3%83%AD%E3%82%A6%E3%82%A9%E3%83%BC%E3%83%AB%E3%83%A9%E3%83%B3%E3%83%97%E3%82%AE%E3%82%A2%E3%82%A2%E3%83%A1%E3%83%AA%E3%82%AB%E3%83%B3%E3%82%A6%E3%82%A9%E3%83%BC%E3%82%BF%E3%83%BC%E3%83%91 HTTP/1.1" 200 680 "-" "Mozilla/5.0 (Linux; Android 6.0.1; Nexus 5X Build/MMB29P) AppleWebKit/537.36 (KHTML, like Gecko) Chrome/141.0.7390.122 Mobile Safari/537.36 (compatible; Googlebot/2.1; +http://www.google.com/bot.html)"
57.141.0.16 - - [01/Nov/2025:15:56:40 +0330] "GET /?p=87679150110402& HTTP/2" 200 1363 "-" "meta-externalagent/1.1 (+https://developers.facebook.com/docs/sharing/webmasters/crawler)"
66.249.79.197 - - [01/Nov/2025:15:57:07 +0330] "GET /?p=20308117742907&channel=9a18c3&from=shop.php%3Fid%3D1177429-16107%26name%3D%E3%82%B0%E3%83%AA%E3%83%AB%E3%83%9E%E3%83%83%E3%83%88%E3%80%81%E3%83%8E%E3%83%B3%E3%82%B9%E3%83%86%E3%82%A3%E3%83%83%E3%82%AF%E3%83%99%E3%83%BC%E3%82%AD%E3%83%B3%E3%82%B0%E3%83%9E%E3%83%83%E3%83%88+%E3%82%AB%E3%83%83%E3%83%88%E5%8F%AF%E8%83%BD%E3%81%AA%E3%83%90%E3%83%BC%E3%83%99%E3%82%AD%E3%83%A5%E3%83%BC%E3%82%AF%E3%83%83%E3%82%AD%E3%83%B3%E3%82%B0%E3%83%9E%E3%83%83%E3%83%88+%E3%82%AA%E3%83%BC%E3%83%96%E3%83%B3%E3%83%97%E3%83%AD%E3%83%86%E3%82%AF%E3%82%BF%E3%83%BC+%E3%83%90%E3%83%BC%E3%83%99%E3%82%AD%E3%83%A5%E3%83%BC%E3%82%A2%E3%82%AF%E3%82%BB%E3%82%B5%E3%83%AA HTTP/1.1" 200 680 "-" "Mozilla/5.0 (Linux; Android 6.0.1; Nexus 5X Build/MMB29P) AppleWebKit/537.36 (KHTML, like Gecko) Chrome/141.0.7390.122 Mobile Safari/537.36 (compatible; Googlebot/2.1; +http://www.google.com/bot.html)"
66.249.79.197 - - [01/Nov/2025:15:57:15 +0330] "GET /?p=6201089647001&channel=837f36&from=news.php%3Fid%3D896470-12725%26name%3D%E3%83%80%E3%82%A4%E3%82%B4%E3%83%BC%E3%80%803D%E3%83%9D%E3%82%B9%E3%83%88%E3%82%AB%E3%83%BC%E3%83%89+%E3%82%B9%E3%82%A4%E3%83%BC%E3%83%88%E3%83%89%E3%83%AA%E3%83%BC%E3%83%A0+S4732+%E7%9D%80 HTTP/1.1" 200 680 "-" "Mozilla/5.0 (Linux; Android 6.0.1; Nexus 5X Build/MMB29P) AppleWebKit/537.36 (KHTML, like Gecko) Chrome/141.0.7390.122 Mobile Safari/537.36 (compatible; Googlebot/2.1; +http://www.google.com/bot.html)"
66.249.79.197 - - [01/Nov/2025:15:53:58 +0330] "GET /?p=7702131388403&channel=64076c&from=jp.php%3Fid%3D313884-4156%26name%3D%E8%BB%8A%E3%81%AE%E3%83%95%E3%83%AD%E3%83%B3%E3%83%88%E3%83%98%E3%83%83%E3%83%89%E3%83%A9%E3%82%A4%E3%83%88%E3%82%AB%E3%83%90%E3%83%BC+%E3%83%92%E3%83%A5%E3%83%B3%E3%83%80%E3%82%A4%E3%81%AE%E5%A0%B4%E5%90%88+IX35%E7%94%A8+2018+2019+2020+%E3%81%82%E3%82%89%E3%81%86+%E3%83%A9%E3%83%B3%E3%83%97%E3%82%B7%E3%82%A7%E3%83%BC%E3%83%89%E3%83%98%E3%83%83%E3%83%89%E3%83%A9%E3%83%B3%E3%83%97%E3%83%A9%E3%82%A4%E3%83%88%E3%82%AB%E3%83%90%E3%83%BC%E3%82%B7 HTTP/1.1" 200 680 "-" "Mozilla/5.0 (Linux; Android 6.0.1; Nexus 5X Build/MMB29P) AppleWebKit/537.36 (KHTML, like Gecko) Chrome/141.0.7390.122 Mobile Safari/537.36 (compatible; Googlebot/2.1; +http://www.google.com/bot.html)"
66.249.79.197 - - [01/Nov/2025:15:56:44 +0330] "GET /?p=7028524259802&channel=bafcd6&from=form.php%3Fid%3D242598-4955%26name%3Dm+14+%E9%80%9F%E4%B9%BE+t%E3%82%B7%E3%83%A3%E3%83%84+%E3%83%A1%E3%83%B3%E3%82%BA+%E3%83%93%E3%83%B3%E3%83%86%E3%83%BC%E3%82%B8+%E3%82%B9%E3%82%A6%E3%82%A7%E3%83%83%E3%83%88+%E5%86%AC+%E3%82%BA%E3%83%9C%E3%83%B3+%E3%82%B5%E3%82%A6%E3%83%8A+%E6%9C%AC+%E3%83%95%E3%82%A6%E3%82%A7%E3%82%A2+%E3%83%A1%E3%83%B3%E3%82%BA+%E5%A4%A7%E3%81%8D%E3%81%84%E3%82%B5%E3%82%A4%E3%82%BA+%E9%95%B7%E9%9D%B4+%E3%82%A4%E3%83%B3%E3%83%8A%E3%83%BC+%E9%98%B2 HTTP/1.1" 200 680 "-" "Mozilla/5.0 (Linux; Android 6.0.1; Nexus 5X Build/MMB29P) AppleWebKit/537.36 (KHTML, like Gecko) Chrome/141.0.7390.122 Mobile Safari/537.36 (compatible; Googlebot/2.1; +http://www.google.com/bot.html)"
66.249.79.232 - - [01/Nov/2025:15:56:57 +0330] "GET /?p=27109177891904&channel=6b25b5&from=shared.php%3Fid%3D1778919-3936%26name%3D%E3%82%BB%E3%83%AB%E3%83%A2%E3%83%BC%E3%82%BF%E3%83%BC+3+%E3%83%9C%E3%83%AB%E3%83%88+50cc+70+Cc+90cc+100+Cc+110cc+125+Cc+%E3%83%80%E3%83%BC%E3%83%88%E3%83%90%E3%82%A4%E3%82%AF%E7%94%A8%E3%82%B4%E3%83%BC%E3%82%AB%E3%83%BC%E3%83%88+ATV HTTP/1.1" 200 684 "-" "Mozilla/5.0 (Linux; Android 6.0.1; Nexus 5X Build/MMB29P) AppleWebKit/537.36 (KHTML, like Gecko) Chrome/141.0.7390.122 Mobile Safari/537.36 (compatible; Googlebot/2.1; +http://www.google.com/bot.html)"
66.249.79.231 - - [01/Nov/2025:15:57:23 +0330] "GET /?p=7137276526604&channel=7e3146&from=info.php%3Fid%3D765266-19430%26name%3DVaguelly+4%E5%80%8B+%E3%83%96%E3%83%AC%E3%83%83%E3%83%89%E3%83%9C%E3%83%BC%E3%83%89%E3%82%AD%E3%83%83%E3%83%88+%E3%83%96%E3%83%AC%E3%83%83%E3%83%89%E3%83%9C%E3%83%BC%E3%83%89%E9%9B%BB%E5%AD%90+%E5%9B%9E%E8%B7%AF%E3%83%96%E3%83%AC%E3%83%83%E3%83%89%E3%83%9C%E3%83%BC%E3%83%89+DIY%E7%94%A8%E6%8E%A5%E7%B6%9A%E3%82%B1%E3%83%BC%E3%83%96%E3%83%AB+%E3%82%A8%E3%83%AC%E3%82%AF%E3%83%88%E3%83%AD%E3%83%8B%E3%82%AF%E3%82%B9%E3%83%96%E3%83%AC%E3%83%83%E3%83%89 HTTP/1.1" 200 684 "-" "Mozilla/5.0 (Linux; Android 6.0.1; Nexus 5X Build/MMB29P) AppleWebKit/537.36 (KHTML, like Gecko) Chrome/141.0.7390.122 Mobile Safari/537.36 (compatible; Googlebot/2.1; +http://www.google.com/bot.html)"
66.249.79.197 - - [01/Nov/2025:15:57:34 +0330] "GET /?p=87783160885903&channel=8983a9&from=blog.php%3Fid%3D1608859-14027%26name%3DS.H.Figuarts+%E7%9C%9F%E9%AA%A8%E5%BD%AB%E3%80%80%E3%82%A6%E3%83%AB%E3%83%88%E3%83%A9%E3%83%9E%E3%83%B3%E3%83%86%E3%82%A3%E3%82%AC%26%E3%83%80%E3%82%A4%E3%83%8A%E3%80%80%E9%AD%82STAGE%E3%82%BB%E3%83%83%E3%83%88 HTTP/1.1" 200 680 "-" "Mozilla/5.0 (Linux; Android 6.0.1; Nexus 5X Build/MMB29P) AppleWebKit/537.36 (KHTML, like Gecko) Chrome/141.0.7390.122 Mobile Safari/537.36 (compatible; Googlebot/2.1; +http://www.google.com/bot.html)"
66.249.79.197 - - [01/Nov/2025:15:57:58 +0330] "GET /?p=55023165432801&channel=5546b2&from=pin.php%3Fid%3D1654328-2827%26name%3D%E3%81%82%E3%81%BF%E3%81%90%E3%82%8B%E3%81%BF%E3%80%80%E3%82%B5%E3%83%9C%E3%83%86%E3%83%B3%E3%80%80%E6%89%8B%E7%B7%A8%E3%81%BF+%E8%A2%AB%E3%81%95%E3%82%89 HTTP/1.1" 200 680 "-" "Mozilla/5.0 (Linux; Android 6.0.1; Nexus 5X Build/MMB29P) AppleWebKit/537.36 (KHTML, like Gecko) Chrome/141.0.7390.122 Mobile Safari/537.36 (compatible; Googlebot/2.1; +http://www.google.com/bot.html)"
57.141.0.55 - - [01/Nov/2025:15:58:28 +0330] "GET /?p=72471131447300& HTTP/2" 200 1367 "-" "meta-externalagent/1.1 (+https://developers.facebook.com/docs/sharing/webmasters/crawler)"
66.249.79.231 - - [01/Nov/2025:15:58:35 +0330] "GET /?p=18523113174002&channel=986969&from=pin.php%3Fid%3D1131740-1005%26name%3DDC+12v+%E5%B0%8F%E5%9E%8B+%E6%B0%B4%E4%B8%AD%E3%83%9D%E3%83%B3%E3%83%97+%E8%BE%B2%E6%A5%AD+%E7%81%8C%E6%BC%91+%E3%83%A8%E3%83%83%E3%83%88+%E3%83%9C%E3%83%BC%E3%83%88+%5B%E4%B8%A6%E8%A1%8C%E8%BC%B8%E5%85%A5%E5%93%81%5D HTTP/1.1" 200 684 "-" "Mozilla/5.0 (Linux; Android 6.0.1; Nexus 5X Build/MMB29P) AppleWebKit/537.36 (KHTML, like Gecko) Chrome/141.0.7390.122 Mobile Safari/537.36 (compatible; Googlebot/2.1; +http://www.google.com/bot.html)"
66.249.79.232 - - [01/Nov/2025:15:59:12 +0330] "GET /?p=90102135556900&channel=ce4ae1&from=form.php%3Fid%3D1355569-13900%26name%3Du%2Ar%E6%A7%98+%5BRAID%E6%A9%9F%E8%83%BD%5DYottamaster+%284Bay%29+HDD%E3%82%B1%E3%83%BC%E3%82%B9 HTTP/1.1" 200 684 "-" "Mozilla/5.0 (Linux; Android 6.0.1; Nexus 5X Build/MMB29P) AppleWebKit/537.36 (KHTML, like Gecko) Chrome/141.0.7390.122 Mobile Safari/537.36 (compatible; Googlebot/2.1; +http://www.google.com/bot.html)"
57.141.0.72 - - [01/Nov/2025:16:00:19 +0330] "GET /?p=14010172663005& HTTP/2" 200 1363 "-" "meta-externalagent/1.1 (+https://developers.facebook.com/docs/sharing/webmasters/crawler)"
57.141.0.21 - - [01/Nov/2025:16:01:01 +0330] "GET /?p=54049120258900& HTTP/2" 200 1363 "-" "meta-externalagent/1.1 (+https://developers.facebook.com/docs/sharing/webmasters/crawler)"
66.249.79.198 - - [01/Nov/2025:16:01:02 +0330] "GET /?p=73702119745402&channel=7c2dd5&from=shop.php%3Fid%3D1197454-5417%26name%3DDior+Sauvage+10ml+%E3%83%87%E3%82%A3%E3%82%AA%E3%83%BC%E3%83%AB%E3%80%80%E3%82%BD%E3%83%B4%E3%82%A1%E3%83%BC%E3%82%B8%E3%83%A5%E3%80%80%E3%82%AA%E3%83%BC%E3%83%89%E3%82%A5%E3%83%88%E3%83%AF%E3%83%ACwp HTTP/1.1" 200 680 "-" "Mozilla/5.0 (Linux; Android 6.0.1; Nexus 5X Build/MMB29P) AppleWebKit/537.36 (KHTML, like Gecko) Chrome/141.0.7390.122 Mobile Safari/537.36 (compatible; Googlebot/2.1; +http://www.google.com/bot.html)"
66.249.79.198 - - [01/Nov/2025:16:01:15 +0330] "GET /?p=4271885807801&channel=07b150&from=pin.php%3Fid%3D858078-8471%26name%3D%E3%82%B9%E3%83%91%E3%83%BC%E3%82%AF%E3%83%AB%E3%83%A9%E3%83%A1+150m%E5%B7%BB%E3%81%8D+%E3%83%9F%E3%82%B7%E3%83%B3%E7%B3%B8+%E9%A3%BE%E3%82%8A%E7%B3%B8+%E8%A3%85%E9%A3%BE%E7%94%A8+%E9%A3%BE%E3%82%8A%E3%81%A4%E3%81%91+%E6%89%8B%E7%B8%AB%E3%81%84%E5%8F%AF%E8%83%BD HTTP/1.1" 200 680 "-" "Mozilla/5.0 (Linux; Android 6.0.1; Nexus 5X Build/MMB29P) AppleWebKit/537.36 (KHTML, like Gecko) Chrome/141.0.7390.122 Mobile Safari/537.36 (compatible; Googlebot/2.1; +http://www.google.com/bot.html)"
66.249.79.199 - - [01/Nov/2025:16:02:20 +0330] "GET /327953194.shtml HTTP/1.1" 404 796 "-" "Mozilla/5.0 (Linux; Android 6.0.1; Nexus 5X Build/MMB29P) AppleWebKit/537.36 (KHTML, like Gecko) Chrome/141.0.7390.122 Mobile Safari/537.36 (compatible; Googlebot/2.1; +http://www.google.com/bot.html)"
66.249.79.230 - - [01/Nov/2025:16:04:55 +0330] "GET /?p=988582712900&channel=bfa9b8&from=goods.php%3Fid%3D27129-1981%26name%3DPlayStation+5+Digital+Edition HTTP/1.1" 200 684 "-" "Mozilla/5.0 (Linux; Android 6.0.1; Nexus 5X Build/MMB29P) AppleWebKit/537.36 (KHTML, like Gecko) Chrome/141.0.7390.122 Mobile Safari/537.36 (compatible; Googlebot/2.1; +http://www.google.com/bot.html)"
66.249.79.230 - - [01/Nov/2025:16:06:17 +0330] "GET /?p=76703192314501&channel=accf1d&from=news.php%3Fid%3D1923145-9088%26name%3D%E9%87%8D%E3%81%AD%E3%81%A6%E3%82%B9%E3%83%86%E3%83%B3%E3%82%B7%E3%83%AB%E5%A3%81%E7%94%BB%E3%82%B9%E3%82%AF%E3%83%A9%E3%83%83%E3%83%97%E3%83%96%E3%83%83%E3%82%AF%E3%81%AC%E3%82%8A%E3%81%88%E3%82%A8%E3%83%B3%E3%83%9C%E3%82%B9%E3%82%A2%E3%83%AB%E3%83%90%E3%83%A0%E8%A3%85%E9%A3%BE%E3%83%86%E3%83%B3%E3%83%97%E3%83%AC%E3%83%BC%E3%83%88%E5%A3%81%E7%94%BB%E3%80%82 HTTP/1.1" 200 684 "-" "Mozilla/5.0 (Linux; Android 6.0.1; Nexus 5X Build/MMB29P) AppleWebKit/537.36 (KHTML, like Gecko) Chrome/141.0.7390.122 Mobile Safari/537.36 (compatible; Googlebot/2.1; +http://www.google.com/bot.html)"
66.249.79.231 - - [01/Nov/2025:16:06:32 +0330] "GET /?p=69312135479401&channel=69f83a&from=shop.php%3Fid%3D1354794-6918%26name%3DPure+Garden+50-LG1038+%E3%83%91%E3%83%86%E3%82%A3%E3%82%AA%E5%82%98+%E7%89%87%E6%8C%81%E3%81%A1%E5%BC%8F%E3%83%8F%E3%83%B3%E3%82%AE%E3%83%B3%E3%82%B0%E3%82%A2%E3%82%A6%E3%83%88%E3%83%89%E3%82%A2%E3%82%B7%E3%82%A7%E3%83%BC%E3%83%89+10%E3%83%95%E3%82%A3%E3%83%BC%E3%83%88+%E3%83%8F%E3%83%B3%E3%82%BF%E3%83%BC%E3%82%B0%E3%83%AA%E3%83%BC%E3%83%B3 HTTP/1.1" 200 684 "-" "Mozilla/5.0 (Linux; Android 6.0.1; Nexus 5X Build/MMB29P) AppleWebKit/537.36 (KHTML, like Gecko) Chrome/141.0.7390.122 Mobile Safari/537.36 (compatible; Googlebot/2.1; +http://www.google.com/bot.html)"
66.249.79.197 - - [01/Nov/2025:16:06:42 +0330] "GET /?p=7072763854802&channel=679f89&from=shared.php%3Fid%3D638548-11415%26name%3D%E3%83%A9%E3%82%A4%E3%82%BB%E3%83%B3%E3%82%B9%E3%83%97%E3%83%AC%E3%83%BC%E3%83%88%E3%83%9B%E3%83%AB%E3%83%80%E3%83%BC+%E3%83%90%E3%82%A4%E3%82%AF%E7%94%A8%E3%83%8A%E3%83%B3%E3%83%90%E3%83%BC%E3%83%97%E3%83%AC%E3%83%BC%E3%83%88%E3%83%9B%E3%83%AB%E3%83%80%E3%83%BC+CB400+SF%E7%94%A8+VTEC%E7%94%A8+1992-1998+CB+400+%E3%83%9E%E3%83%83 HTTP/1.1" 200 680 "-" "Mozilla/5.0 (Linux; Android 6.0.1; Nexus 5X Build/MMB29P) AppleWebKit/537.36 (KHTML, like Gecko) Chrome/141.0.7390.122 Mobile Safari/537.36 (compatible; Googlebot/2.1; +http://www.google.com/bot.html)"
66.249.79.230 - - [01/Nov/2025:16:06:47 +0330] "GET /?p=87859195475200&channel=cc613f&from=form.php%3Fid%3D1954752-13661%26name%3D%E2%98%8541+%E6%97%A5%E7%94%A3+GT-R+R35+GTR+2012+%E5%9B%BD%E7%94%A3%E5%90%8D%E8%BB%8A%E3%82%B3%E3%83%AC%E3%82%AF%E3%82%B7%E3%83%A7%E3%83%B3+1%2F24+%E3%82%A2%E3%82%B7%E3%82%A7%E3%83%83%E3%83%88+%E3%83%96%E3%83%AA%E3%82%B9%E3%82%BF%E3%83%BC%E9%96%8B%E5%B0%81%E6%B8%88%E3%81%BF HTTP/1.1" 200 684 "-" "Mozilla/5.0 (Linux; Android 6.0.1; Nexus 5X Build/MMB29P) AppleWebKit/537.36 (KHTML, like Gecko) Chrome/141.0.7390.122 Mobile Safari/537.36 (compatible; Googlebot/2.1; +http://www.google.com/bot.html)"
66.249.79.230 - - [01/Nov/2025:16:06:54 +0330] "GET /?p=22471114178910&channel=74c5e0&from=article.php%3Fid%3D1141789-24536%26name%3D%E3%80%90%E9%9D%9E%E5%A3%B2%E5%93%81%E3%80%91JUMP+SUPER+STARS+%E5%BA%97%E9%A0%AD%E3%83%9D%E3%83%83%E3%83%97 HTTP/1.1" 200 684 "-" "Mozilla/5.0 (Linux; Android 6.0.1; Nexus 5X Build/MMB29P) AppleWebKit/537.36 (KHTML, like Gecko) Chrome/141.0.7390.122 Mobile Safari/537.36 (compatible; Googlebot/2.1; +http://www.google.com/bot.html)"
66.249.79.197 - - [01/Nov/2025:16:07:01 +0330] "GET /?p=9684957270105&channel=7be897&from=news.php%3Fid%3D572701-17815%26name%3D70+%E3%81%82%E3%82%89%E3%81%A3+75+80+100+115+170cm+%E9%80%8F%E6%98%8E%E3%83%97%E3%83%A9%E3%82%B9%E3%83%81%E3%83%83%E3%82%AF%E5%A3%81%E3%82%B3%E3%83%BC%E3%83%8A%E3%83%BC%E3%82%AC%E3%83%BC%E3%83%89%E3%80%81%E8%87%AA%E5%B7%B1%E7%B2%98%E7%9D%80%E3%83%AD%E3%83%B3%E3%82%B0%E3%82%B3%E3%83%BC%E3%83%8A%E3%83%BC%E3%82%A8%E3%83%83%E3%82%B8%E3%83%88%E3%83%AA%E3%83%A0%E3%82%B9%E3%83%88%E3%83%AA%E3%83%83%E3%83%97%E3%82%B3%E3%83%BC%E3%83%8A%E3%83%BC HTTP/1.1" 200 680 "-" "Mozilla/5.0 (Linux; Android 6.0.1; Nexus 5X Build/MMB29P) AppleWebKit/537.36 (KHTML, like Gecko) Chrome/141.0.7390.122 Mobile Safari/537.36 (compatible; Googlebot/2.1; +http://www.google.com/bot.html)"
66.249.79.198 - - [01/Nov/2025:15:58:22 +0330] "GET /?p=47647186755419&channel=17e0e3&from=brands.php%3Fid%3D1867554-5663%26name%3D2%E5%80%8B%E5%85%A5%E3%82%8A+%E3%83%98%E3%82%A2%E3%82%AF%E3%83%AA%E3%83%83%E3%83%97+%E3%83%90%E3%83%B3%E3%82%B9%E3%82%AF%E3%83%AA%E3%83%83%E3%83%97+%E9%9F%93%E5%9B%BD+%E5%A4%A7%E3%81%8D%E3%82%81+%E3%83%98%E3%82%A2%E3%82%A2%E3%82%AF%E3%82%BB%E3%82%B5%E3%83%AA%E3%83%BC+%E3%83%AC%E3%83%87%E3%82%A3%E3%83%BC%E3%82%B9+%E3%82%A2%E3%82%AF%E3%82%BB%E3%82%B5%E3%83%AA%E3%83%BC+%E3%81%95%E3%81%B0%E3%81%8F+%E9%AB%AA%E9%A3%BE%E3%82%8A HTTP/1.1" 200 680 "-" "Mozilla/5.0 (Linux; Android 6.0.1; Nexus 5X Build/MMB29P) AppleWebKit/537.36 (KHTML, like Gecko) Chrome/141.0.7390.122 Mobile Safari/537.36 (compatible; Googlebot/2.1; +http://www.google.com/bot.html)"
66.249.79.230 - - [01/Nov/2025:15:59:44 +0330] "GET /?p=6641839682002&channel=899086&from=product.php%3Fid%3D396820-1700%26name%3D2T+%E3%82%A8%E3%83%B3%E3%82%B8%E3%83%B3+%E7%B4%94%E6%AD%A3%E3%83%91%E3%83%BC%E3%83%84+%E3%82%BB%E3%83%83%E3%83%88 HTTP/1.1" 200 684 "-" "Mozilla/5.0 (Linux; Android 6.0.1; Nexus 5X Build/MMB29P) AppleWebKit/537.36 (KHTML, like Gecko) Chrome/141.0.7390.122 Mobile Safari/537.36 (compatible; Googlebot/2.1; +http://www.google.com/bot.html)"
66.249.79.231 - - [01/Nov/2025:16:00:26 +0330] "GET /?p=1932099113001&channel=710f07&from=goods.php%3Fid%3D991130-8028%26name%3D%E8%BB%8A+%E3%82%B5%E3%83%B3%E3%83%90%E3%82%A4%E3%82%B6%E3%83%BC+%E8%BB%8A%E3%81%AE%E3%83%95%E3%83%AD%E3%83%B3%E3%83%88%E3%82%AC%E3%83%A9%E3%82%B9%E3%82%B5%E3%83%B3%E3%82%B7%E3%82%A7%E3%83%BC%E3%83%89%E3%82%AB%E3%83%90%E3%83%BC%E3%81%9F%E3%82%81%E3%81%AB+%E3%82%B7%E3%83%AB%E3%83%90%E3%83%A9%E3%83%BC%E3%83%89+GMC+%E3%82%B7%E3%82%A8%E3%83%A9+2014-2017+%E3%82%A4%E3%83%B3%E3%83%86%E3%83%AA%E3%82%A2%E3%82%A2%E3%82%AF%E3%82%BB%E3%82%B5%E3%83%AA HTTP/1.1" 200 684 "-" "Mozilla/5.0 (Linux; Android 6.0.1; Nexus 5X Build/MMB29P) AppleWebKit/537.36 (KHTML, like Gecko) Chrome/141.0.7390.122 Mobile Safari/537.36 (compatible; Googlebot/2.1; +http://www.google.com/bot.html)"
66.249.79.197 - - [01/Nov/2025:16:01:47 +0330] "GET /?p=85251138161110&channel=5795fd&from=form.php%3Fid%3D1381611-4920%26name%3DBUCK+%23110+50%E5%91%A8%E5%B9%B4%E8%A8%98%E5%BF%B5%E3%83%A2%E3%83%87%E3%83%AB+%E3%83%90%E3%83%83%E3%82%AF%E3%83%8A%E3%82%A4%E3%83%95 HTTP/1.1" 200 680 "-" "Mozilla/5.0 (Linux; Android 6.0.1; Nexus 5X Build/MMB29P) AppleWebKit/537.36 (KHTML, like Gecko) Chrome/141.0.7390.122 Mobile Safari/537.36 (compatible; Googlebot/2.1; +http://www.google.com/bot.html)"
66.249.79.197 - - [01/Nov/2025:16:05:32 +0330] "GET /?p=9911759920402&channel=be9951&from=product.php%3Fid%3D599204-480%26name%3DMIA+Prairie HTTP/1.1" 200 680 "-" "Mozilla/5.0 (Linux; Android 6.0.1; Nexus 5X Build/MMB29P) AppleWebKit/537.36 (KHTML, like Gecko) Chrome/141.0.7390.122 Mobile Safari/537.36 (compatible; Googlebot/2.1; +http://www.google.com/bot.html)"
66.249.79.197 - - [01/Nov/2025:16:05:36 +0330] "GET /?p=34740125032600&channel=e474ea&from=info.php%3Fid%3D1250326-17124%26name%3D%E6%B4%8B%E8%98%AD%E3%80%80%E8%83%A1%E8%9D%B6%E8%98%AD%E3%80%80GC.+Reyoung+Summer+%E8%8A%B1%E8%8A%BD2 HTTP/1.1" 200 680 "-" "Mozilla/5.0 (Linux; Android 6.0.1; Nexus 5X Build/MMB29P) AppleWebKit/537.36 (KHTML, like Gecko) Chrome/141.0.7390.122 Mobile Safari/537.36 (compatible; Googlebot/2.1; +http://www.google.com/bot.html)"
57.141.0.32 - - [01/Nov/2025:16:06:46 +0330] "GET /?p=880191153113& HTTP/2" 200 1367 "-" "meta-externalagent/1.1 (+https://developers.facebook.com/docs/sharing/webmasters/crawler)"
66.249.79.230 - - [01/Nov/2025:16:07:51 +0330] "GET /?p=1721134711912&channel=ab4d36&from=category-info.php%3Fid%3D347119-3474%26name%3DFC-6750+%E3%81%A8%E3%82%A2%E3%82%A6%E3%82%BF%E3%83%BC%E3%82%AE%E3%82%A2 HTTP/1.1" 200 684 "-" "Mozilla/5.0 (Linux; Android 6.0.1; Nexus 5X Build/MMB29P) AppleWebKit/537.36 (KHTML, like Gecko) Chrome/141.0.7390.122 Mobile Safari/537.36 (compatible; Googlebot/2.1; +http://www.google.com/bot.html)"
66.249.79.231 - - [01/Nov/2025:16:08:06 +0330] "GET /?p=25714192233204&channel=68d3ee&from=shop.php%3Fid%3D1922332-4811%26name%3D%E3%82%A4%E3%83%BC%E3%82%B9%E3%82%BF%E3%83%BC%E8%A3%85%E9%A3%BE%E3%82%A4%E3%83%BC%E3%82%B9%E3%82%BF%E3%83%BC%E3%82%A4%E3%83%BC%E3%82%B9%E3%82%BF%E3%83%BC%E3%82%A8%E3%83%83%E3%82%B0%E3%83%90%E3%83%8B%E3%83%BC%E3%81%AE%E7%BD%AE%E7%89%A9%E6%98%A5%E3%81%AE%E8%A3%85%E9%A3%BE%E3%82%A2%E3%82%AF%E3%83%AA%E3%83%AB%E3%82%A6%E3%82%B5%E3%82%AE%E5%83%8F%E5%BD%AB%E5%83%8F%E5%AE%B6%E3%81%AE%E8%BE%B2%E5%AE%B6%E3%83%86%E3%83%BC%E3%83%96%E3%83%AB%E3%83%88%E3%83%83%E3%83%97%E8%A3%85%E9%A3%BE HTTP/1.1" 200 684 "-" "Mozilla/5.0 (Linux; Android 6.0.1; Nexus 5X Build/MMB29P) AppleWebKit/537.36 (KHTML, like Gecko) Chrome/141.0.7390.122 Mobile Safari/537.36 (compatible; Googlebot/2.1; +http://www.google.com/bot.html)"
66.249.79.230 - - [01/Nov/2025:16:08:25 +0330] "GET /?p=8330072055404&channel=3b180a&from=form.php%3Fid%3D720554-19068%26name%3DMICHAEL+KORS%28%E3%83%9E%E3%82%A4%E3%82%B1%E3%83%AB%E3%83%BB%E3%82%B3%E3%83%BC%E3%82%B9%29+%E3%82%AD%E3%83%AB%E3%83%86%E3%82%A3%E3%83%B3%E3%82%B0+%E3%82%AF%E3%83%AD%E3%82%B9%E3%83%90%E3%83%83%E3%82%B0 HTTP/1.1" 200 684 "-" "Mozilla/5.0 (Linux; Android 6.0.1; Nexus 5X Build/MMB29P) AppleWebKit/537.36 (KHTML, like Gecko) Chrome/141.0.7390.122 Mobile Safari/537.36 (compatible; Googlebot/2.1; +http://www.google.com/bot.html)"
66.249.79.197 - - [01/Nov/2025:16:08:32 +0330] "GET /?p=2219149921100&channel=8cd35f&from=goods.php%3Fid%3D499211-12603%26name%3D%E3%82%BF%E3%83%BC%E3%83%9C%E3%83%81%E3%83%A3%E3%83%BC%E3%82%B8%E3%83%A3%E3%83%BC+10123119+%E8%BB%8A%E3%81%AE%E3%82%B9%E3%83%BC%E3%83%91%E3%83%BC%E3%83%81%E3%83%A3%E3%83%BC%E3%82%B8%E3%83%A3%E3%83%BC HTTP/1.1" 200 680 "-" "Mozilla/5.0 (Linux; Android 6.0.1; Nexus 5X Build/MMB29P) AppleWebKit/537.36 (KHTML, like Gecko) Chrome/141.0.7390.122 Mobile Safari/537.36 (compatible; Googlebot/2.1; +http://www.google.com/bot.html)"
66.249.79.197 - - [01/Nov/2025:16:09:05 +0330] "GET /?p=6111572033708&channel=b32a68&from=jp.php%3Fid%3D720337-5603%26name%3DBARNEYS+NEWYORK+%E3%82%B9%E3%83%BC%E3%83%84+3B HTTP/1.1" 200 680 "-" "Mozilla/5.0 (Linux; Android 6.0.1; Nexus 5X Build/MMB29P) AppleWebKit/537.36 (KHTML, like Gecko) Chrome/141.0.7390.122 Mobile Safari/537.36 (compatible; Googlebot/2.1; +http://www.google.com/bot.html)"
57.141.0.35 - - [01/Nov/2025:16:10:15 +0330] "GET /?p=0991641626606& HTTP/2" 200 1367 "-" "meta-externalagent/1.1 (+https://developers.facebook.com/docs/sharing/webmasters/crawler)"
57.141.0.67 - - [01/Nov/2025:16:10:33 +0330] "GET /?p=09563184787900& HTTP/2" 200 1363 "-" "meta-externalagent/1.1 (+https://developers.facebook.com/docs/sharing/webmasters/crawler)"
66.249.79.231 - - [01/Nov/2025:16:11:49 +0330] "GET /?p=3200425854803&channel=f0fb09&from=form.php%3Fid%3D258548-11620%26name%3D%E3%82%B8%E3%83%A7%E3%83%BC%E3%82%AB%E3%83%BC90%E3%82%A8%E3%83%B3%E3%82%B8%E3%83%B3%E3%80%80HF09%E3%82%AD%E3%83%A3%E3%83%96%E3%83%AC%E3%82%BF%E3%83%BC%E3%80%80%E3%82%BB%E3%83%83%E3%83%88+%E3%83%AA%E3%83%BC%E3%83%89%E3%80%80%E3%83%87%E3%82%A3%E3%82%AA%E3%81%AA%E3%81%A9%E3%81%AB HTTP/1.1" 200 684 "-" "Mozilla/5.0 (Linux; Android 6.0.1; Nexus 5X Build/MMB29P) AppleWebKit/537.36 (KHTML, like Gecko) Chrome/141.0.7390.122 Mobile Safari/537.36 (compatible; Googlebot/2.1; +http://www.google.com/bot.html)"
66.249.79.230 - - [01/Nov/2025:16:11:53 +0330] "GET /?p=7993248022600&channel=cfb2bd&from=brands.php%3Fid%3D480226-8855%26name%3DEQIVA%28%E5%B0%8F%E3%81%95%E3%81%AA%E5%BA%97%29+%E3%83%AA%E3%82%A2%E3%83%95%E3%82%A7%E3%83%B3%E3%83%80%E3%83%BC+For+CB500X+For+CB+500X+2022-+%E3%82%AA%E3%83%BC%E3%83%88%E3%83%90%E3%82%A4%E3%83%AA%E3%82%A2%E3%83%95%E3%82%A7%E3%83%B3%E3%83%80%E3%83%BC%E3%83%8F%E3%82%AC%E3%83%BC%E3%83%9E%E3%83%83 HTTP/1.1" 200 684 "-" "Mozilla/5.0 (Linux; Android 6.0.1; Nexus 5X Build/MMB29P) AppleWebKit/537.36 (KHTML, like Gecko) Chrome/141.0.7390.122 Mobile Safari/537.36 (compatible; Googlebot/2.1; +http://www.google.com/bot.html)"
66.249.79.231 - - [01/Nov/2025:16:07:08 +0330] "GET /?p=7442939890603&channel=1822f6&from=news.php%3Fid%3D398906-10208%26name%3D%E3%83%96%E3%83%A9%E3%83%83%E3%82%B7%E3%83%A5%E3%82%B4%E3%83%BC%E3%83%AB%E3%83%89%E3%82%B7%E3%83%A3%E3%83%AF%E3%83%BC%E6%B0%B4%E6%A0%93%E3%82%BB%E3%83%83%E3%83%88+%E3%83%87%E3%83%A5%E3%82%A2%E3%83%AB%E3%82%B7%E3%83%A3%E3%83%AF%E3%83%BC%E3%83%98%E3%83%83%E3%83%89%E3%81%A8%E3%83%8F%E3%83%B3%E3%83%89%E3%82%B7%E3%83%A3%E3%83%AF%E3%83%BC%E3%81%AE%E3%82%BB%E3%83%83%E3%83%88%E3%80%81+%E6%B5%B4%E6%A7%BD%E3%82%B9%E3%83%91%E3%82%A6%E3%83%88+%E3%83%88%E3%83%AA%E3%83%A0%E3%82%AD%E3%83%83%E3%83%88%E3%80%81+3%E3%82%B9%E3%83%97%E3%83%AC%E3%83%BC%E3%83%A2%E3%83%BC HTTP/1.1" 200 684 "-" "Mozilla/5.0 (Linux; Android 6.0.1; Nexus 5X Build/MMB29P) AppleWebKit/537.36 (KHTML, like Gecko) Chrome/141.0.7390.122 Mobile Safari/537.36 (compatible; Googlebot/2.1; +http://www.google.com/bot.html)"
66.249.79.232 - - [01/Nov/2025:16:11:24 +0330] "GET /?p=72988108358601&channel=5f1e98&from=goods.php%3Fid%3D1083586-14315%26name%3D%E3%83%9E%E3%83%84%E3%83%80CX7+CX9+CX-7+CX-9%E3%83%AA%E3%82%A2%E3%82%A6%E3%82%A3%E3%83%B3%E3%83%89%E3%82%A6%E7%94%A8%E3%83%95%E3%83%AD%E3%83%B3%E3%83%88%E3%82%AC%E3%83%A9%E3%82%B9%E3%83%AF%E3%82%A4%E3%83%91%E3%83%BC%E3%82%A2%E3%83%BC%E3%83%A0%E3%83%96%E3%83%AC%E3%83%BC%E3%83%892007+2008+2009+2010 HTTP/1.1" 200 684 "-" "Mozilla/5.0 (Linux; Android 6.0.1; Nexus 5X Build/MMB29P) AppleWebKit/537.36 (KHTML, like Gecko) Chrome/141.0.7390.122 Mobile Safari/537.36 (compatible; Googlebot/2.1; +http://www.google.com/bot.html)"
66.249.79.230 - - [01/Nov/2025:16:12:13 +0330] "GET /?p=19387101313107&channel=692edd&from=article.php%3Fid%3D1013131-5767%26name%3D%E3%83%8F%E3%82%A4%E3%82%B7%E3%83%A7%E3%82%AF%E3%83%AA%E3%83%96%E3%82%AB%E3%83%83%E3%83%88%E3%83%90%E3%83%AB%E3%83%BC%E3%83%B3%E3%83%AF%E3%83%B3%E3%83%94%E3%83%BC%E3%82%B9 HTTP/1.1" 200 684 "-" "Mozilla/5.0 (Linux; Android 6.0.1; Nexus 5X Build/MMB29P) AppleWebKit/537.36 (KHTML, like Gecko) Chrome/141.0.7390.122 Mobile Safari/537.36 (compatible; Googlebot/2.1; +http://www.google.com/bot.html)"
66.249.79.230 - - [01/Nov/2025:16:12:37 +0330] "GET /?p=2879112744700&channel=1cc40f&from=blog.php%3Fid%3D127447-8531%26name%3D%E8%92%B8%E3%81%97%E5%B8%83+%E3%80%90%E3%81%BE%E3%81%A8%E3%82%81%E8%B2%B7%E3%81%8460%E5%80%8B%E3%82%BB%E3%83%83%E3%83%88%E3%80%91+%E3%82%A8%E3%82%B3%E3%83%BC%E9%87%91%E5%B1%9E+%EF%BC%884991203142313%EF%BC%89 HTTP/1.1" 200 684 "-" "Mozilla/5.0 (Linux; Android 6.0.1; Nexus 5X Build/MMB29P) AppleWebKit/537.36 (KHTML, like Gecko) Chrome/141.0.7390.122 Mobile Safari/537.36 (compatible; Googlebot/2.1; +http://www.google.com/bot.html)"
57.141.0.68 - - [01/Nov/2025:16:14:16 +0330] "GET /?p=19817157488300& HTTP/2" 200 1363 "-" "meta-externalagent/1.1 (+https://developers.facebook.com/docs/sharing/webmasters/crawler)"
66.249.79.198 - - [01/Nov/2025:16:15:00 +0330] "GET /?p=1003843662601&channel=ca954c&from=article.php%3Fid%3D436626-9154%26name%3D%E7%80%AC%E6%88%B8%E7%84%BC%E3%80%80%E7%B9%94%E9%83%A8%E6%89%8B%E6%A1%B6%E3%80%8020.6cm%E3%80%80%E6%98%8E%E6%B2%BB%E6%9C%9F HTTP/1.1" 200 680 "-" "Mozilla/5.0 (Linux; Android 6.0.1; Nexus 5X Build/MMB29P) AppleWebKit/537.36 (KHTML, like Gecko) Chrome/141.0.7390.122 Mobile Safari/537.36 (compatible; Googlebot/2.1; +http://www.google.com/bot.html)"
66.249.79.198 - - [01/Nov/2025:16:16:50 +0330] "GET /?p=21437189049804&channel=e47870&from=shared.php%3Fid%3D1890498-1995%26name%3D%E3%83%8F%E3%82%A4%E3%83%93%E3%82%B9%E3%82%AB%E3%82%B9%E5%A4%A7%E8%BC%AA%E2%98%86%E6%8C%BF%E3%81%97%E6%9C%A8%E7%94%A8%E2%98%86%E3%83%94%E3%83%B3%E3%82%AF%E3%82%AF%E3%83%AA%E3%83%BC%E3%83%A0+%E3%80%802%E6%9C%AC%E3%82%BB%E3%83%83%E3%83%88%E3%80%80%E3%83%9F%E3%82%BB%E3%82%B9%E3%83%A6%E3%83%9F HTTP/1.1" 200 680 "-" "Mozilla/5.0 (Linux; Android 6.0.1; Nexus 5X Build/MMB29P) AppleWebKit/537.36 (KHTML, like Gecko) Chrome/141.0.7390.122 Mobile Safari/537.36 (compatible; Googlebot/2.1; +http://www.google.com/bot.html)"
66.249.79.231 - - [01/Nov/2025:16:12:06 +0330] "GET /?p=92042169293603&channel=4cdbe1&from=pin.php%3Fid%3D1692936-24798%26name%3DOEKBW-256+%E3%83%98%E3%82%A2%E3%82%A2%E3%82%AF%E3%82%BB%E3%82%B5%E3%83%AA%E3%83%BC%E9%BB%92%E3%81%A8%E7%99%BD%E3%81%AE%E5%88%BA%E7%B9%8D%E3%83%AC%E3%83%BC%E3%82%B9%E3%83%80%E3%82%A4%E3%83%A4%E3%83%A2%E3%83%B3%E3%83%89%E5%A4%A7%E3%81%8D%E3%81%AA%E3%83%AA%E3%83%B3%E3%82%B0%E3%83%98%E3%82%A2%E3%83%AD%E3%83%BC%E3%83%97%E3%83%98%E3%83%83%E3%83%89%E3%83%89%E3%83%AC%E3%82%B9%28B%29 HTTP/1.1" 200 684 "-" "Mozilla/5.0 (Linux; Android 6.0.1; Nexus 5X Build/MMB29P) AppleWebKit/537.36 (KHTML, like Gecko) Chrome/141.0.7390.122 Mobile Safari/537.36 (compatible; Googlebot/2.1; +http://www.google.com/bot.html)"
66.249.79.197 - - [01/Nov/2025:16:12:54 +0330] "GET /?p=7225140817601&channel=198172&from=shared.php%3Fid%3D408176-8965%26name%3D%E3%83%90%E3%83%8B%E3%83%86%E3%82%A3%E3%83%9F%E3%83%A9%E3%83%BC+%E3%83%A1%E3%82%A4%E3%82%AF%E3%82%A2%E3%83%83%E3%83%97%E3%83%9F%E3%83%A9%E3%83%BC+%E3%83%A9%E3%82%A4%E3%83%88%E4%BB%98%E3%81%8D+%E5%8C%96%E7%B2%A7%E9%8F%A1+8%E3%82%A4%E3%83%B3%E3%83%81+%E5%A3%81%E6%8E%9B%E3%81%91%E5%BC%8F+3%E5%80%8D%E6%8B%A1%E5%A4%A7%E9%8F%A1+%E6%B5%B4%E5%AE%A4%E3%83%9F%E3%83%A9%E3%83%BC+%E4%BC%B8%E7%B8%AE%E5%BC%8F+%E5%AF%9D%E5%AE%A4%E7%94%A8+%E3%82%B7%E3%82%A7%E3%83%BC%E3%83%93%E3%83%B3%E3%82%B0+%E3%83%97 HTTP/1.1" 200 680 "-" "Mozilla/5.0 (Linux; Android 6.0.1; Nexus 5X Build/MMB29P) AppleWebKit/537.36 (KHTML, like Gecko) Chrome/141.0.7390.122 Mobile Safari/537.36 (compatible; Googlebot/2.1; +http://www.google.com/bot.html)"
57.141.0.52 - - [01/Nov/2025:16:18:54 +0330] "GET /?p=0733689003600& HTTP/2" 200 1363 "-" "meta-externalagent/1.1 (+https://developers.facebook.com/docs/sharing/webmasters/crawler)"
57.141.0.28 - - [01/Nov/2025:16:20:46 +0330] "GET /?p=70083133402605& HTTP/2" 200 1363 "-" "meta-externalagent/1.1 (+https://developers.facebook.com/docs/sharing/webmasters/crawler)"
66.249.79.231 - - [01/Nov/2025:16:20:57 +0330] "GET /?p=815399056301&channel=13ddae&from=brands.php%3Fid%3D90563-4103%26name%3D%E3%83%96%E3%83%AC%E3%83%BC%E3%82%AD%E3%83%8F%E3%83%B3%E3%83%89%E3%83%AB%E3%83%AC%E3%83%90%E3%83%BC%E3%83%91%E3%83%BC%E3%83%81%E3%82%AF%E3%83%A9%E3%83%83%E3%83%81%E3%83%96%E3%83%AC%E3%83%BC%E3%82%AD%E3%83%AC%E3%83%90%E3%83%BC+BM%26amp%3BW+R+1250+GS+R1250GS+%E3%82%A2%E3%83%89%E3%83%99%E3%83%B3%E3%83%81%E3%83%A3%E3%83%BC+R1200 HTTP/1.1" 200 684 "-" "Mozilla/5.0 (Linux; Android 6.0.1; Nexus 5X Build/MMB29P) AppleWebKit/537.36 (KHTML, like Gecko) Chrome/141.0.7390.122 Mobile Safari/537.36 (compatible; Googlebot/2.1; +http://www.google.com/bot.html)"
57.141.0.46 - - [01/Nov/2025:16:21:10 +0330] "GET /?p=09990100622404& HTTP/2" 200 1363 "-" "meta-externalagent/1.1 (+https://developers.facebook.com/docs/sharing/webmasters/crawler)"
66.249.79.197 - - [01/Nov/2025:16:22:24 +0330] "GET /?p=26305192239502&channel=37bbc4&from=article.php%3Fid%3D1922395-8822%26name%3D%E3%83%87%E3%82%B9%E3%82%AF%E7%94%A8%E3%81%AE%E3%83%A9%E3%83%83%E3%83%97%E3%83%88%E3%83%83%E3%83%97%E3%82%B9%E3%82%BF%E3%83%B3%E3%83%89%E3%80%81%E4%BA%BA%E9%96%93%E5%B7%A5%E5%AD%A6%E3%81%AB%E5%9F%BA%E3%81%A5%E3%81%84%E3%81%9F%E3%83%A9%E3%83%83%E3%83%97%E3%83%88%E3%83%83%E3%83%97%E3%83%A9%E3%82%A4%E3%82%B6%E3%83%BC%2C+360%E5%BA%A6%E5%9B%9E%E8%BB%A2%E5%8F%AF%E8%83%BD%E3%81%AA%E8%AA%BF%E6%95%B4%E5%8F%AF%E8%83%BD%E3%81%AA%E3%82%BF%E3%83%96%E3%83%AC%E3%83%83%E3%83%88%E3%82%B9%E3%82%BF%E3%83%B3%E3%83%89%E5%86%B7%E5%8D%B4%E3%83%95%E3%82%A1%E3%83%B3%2C HTTP/1.1" 200 680 "-" "Mozilla/5.0 (Linux; Android 6.0.1; Nexus 5X Build/MMB29P) AppleWebKit/537.36 (KHTML, like Gecko) Chrome/141.0.7390.122 Mobile Safari/537.36 (compatible; Googlebot/2.1; +http://www.google.com/bot.html)"
57.141.0.75 - - [01/Nov/2025:16:22:29 +0330] "GET /?p=83181131019800& HTTP/2" 200 1363 "-" "meta-externalagent/1.1 (+https://developers.facebook.com/docs/sharing/webmasters/crawler)"
66.249.79.231 - - [01/Nov/2025:16:20:37 +0330] "GET /?p=2944215180805&channel=400195&from=info.php%3Fid%3D151808-7817%26name%3D%E8%BB%8A%E4%B8%AD%E6%B3%8A%E3%83%9E%E3%83%83%E3%83%88+%E3%81%AB%E9%81%A9%E7%94%A8+%E6%97%A5%E7%94%A3%E3%83%86%E3%83%A92018+2019+2020+%E3%81%B2%E3%81%A3%E3%81%8B%E3%81%84+2021%EF%BD%9E%E7%8F%BE%E8%A1%8C+%E5%A4%9A%E6%A9%9F%E8%83%BD%E3%82%A8%E3%82%A2%E3%83%BC%E3%83%9E%E3%83%83%E3%83%88+%E8%BB%8A%E4%B8%AD%E6%B3%8A%E3%83%9E%E3%83%83%E3%83%88+%E6%8A%98%E3%82%8A%E3%81%9F%E3%81%9F%E3%81%BF%E5%BC%8F%E8%BB%8A%E4%B8%AD%E6%B3%8A%E3%82%B0%E3%83%83 HTTP/1.1" 200 684 "-" "Mozilla/5.0 (Linux; Android 6.0.1; Nexus 5X Build/MMB29P) AppleWebKit/537.36 (KHTML, like Gecko) Chrome/141.0.7390.122 Mobile Safari/537.36 (compatible; Googlebot/2.1; +http://www.google.com/bot.html)"
57.141.0.66 - - [01/Nov/2025:16:20:43 +0330] "GET /?p=029397376504& HTTP/2" 200 1363 "-" "meta-externalagent/1.1 (+https://developers.facebook.com/docs/sharing/webmasters/crawler)"
66.249.79.230 - - [01/Nov/2025:16:22:42 +0330] "GET /?p=02934102484302&channel=b360d2&from=shared.php%3Fid%3D1024843-11692%26name%3D%E3%81%AB%E3%82%83%E3%81%8A%E6%A7%98%E3%81%94%E5%B0%82%E7%94%A8%E3%83%89%E3%82%A4%E3%83%84PM+FITLINE+%E3%83%AB%E3%83%86%E3%82%A4%E3%83%B3++%E4%BA%8C%E5%80%8B%E3%82%BB%E3%83%83%E3%83%88 HTTP/1.1" 200 684 "-" "Mozilla/5.0 (Linux; Android 6.0.1; Nexus 5X Build/MMB29P) AppleWebKit/537.36 (KHTML, like Gecko) Chrome/141.0.7390.122 Mobile Safari/537.36 (compatible; Googlebot/2.1; +http://www.google.com/bot.html)"
66.249.79.198 - - [01/Nov/2025:16:23:24 +0330] "GET /?p=2245522454001&channel=621b87&from=category-info.php%3Fid%3D224540-4167%26name%3D0AM927769D+DQ200+DSG7+TCU+%E3%83%97%E3%83%AD%E3%83%95%E3%82%A7%E3%83%83%E3%82%B7%E3%83%A7%E3%83%8A%E3%83%AB%E8%87%AA%E5%8B%95%E8%BB%8A%E9%83%A8%E5%93%81+%E3%83%88%E3%83%A9%E3%83%B3%E3%82%B9%E3%83%9F%E3%83%83%E3%82%B7%E3%83%A7%E3%83%B3%E3%82%B3%E3%83%B3%E3%83%88%E3%83%AD%E3%83%BC%E3%83%AB%E3%83%A2%E3%82%B8%E3%83%A5%E3%83%BC%E3%83%AB+%E3%83%80%E3%83%96%E3%83%AB%E3%82%AF HTTP/1.1" 200 680 "-" "Mozilla/5.0 (Linux; Android 6.0.1; Nexus 5X Build/MMB29P) AppleWebKit/537.36 (KHTML, like Gecko) Chrome/141.0.7390.122 Mobile Safari/537.36 (compatible; Googlebot/2.1; +http://www.google.com/bot.html)"
66.249.79.232 - - [01/Nov/2025:16:23:52 +0330] "GET /?p=31206108334806&channel=5f1e98&from=info.php%3Fid%3D1083348-14315%26name%3D16+%26%2334%3B%E3%83%AA%E3%82%A2%E3%83%AF%E3%82%A4%E3%83%91%E3%83%BC%E3%83%96%E3%83%AC%E3%83%BC%E3%83%89%E3%83%A9%E3%83%B3%E3%83%89%E3%83%AD%E3%83%BC%E3%83%90%E3%83%BC%E3%83%87%E3%82%A3%E3%82%B9%E3%82%AB%E3%83%90%E3%83%AA%E3%83%BC+3+LR3+2004-2009+%E3%83%95%E3%83%AD%E3%83%B3%E3%83%88%E3%82%AC%E3%83%A9%E3%82%B9%E3%83%95%E3%83%AD%E3%83%B3%E3%83%88%E3%82%AC%E3%83%A9%E3%82%B9%E3%83%86%E3%83%BC%E3%83%AB HTTP/1.1" 200 684 "-" "Mozilla/5.0 (Linux; Android 6.0.1; Nexus 5X Build/MMB29P) AppleWebKit/537.36 (KHTML, like Gecko) Chrome/141.0.7390.122 Mobile Safari/537.36 (compatible; Googlebot/2.1; +http://www.google.com/bot.html)"
