57.141.0.56 - - [01/Nov/2025:19:15:08 +0330] "GET /136787434.phtml HTTP/2" 200 4633 "-" "meta-externalagent/1.1 (+https://developers.facebook.com/docs/sharing/webmasters/crawler)"
57.141.0.72 - - [01/Nov/2025:19:15:09 +0330] "GET /62813866.phtml HTTP/2" 200 4633 "-" "meta-externalagent/1.1 (+https://developers.facebook.com/docs/sharing/webmasters/crawler)"
57.141.0.54 - - [01/Nov/2025:19:15:20 +0330] "GET /105746890.phtml HTTP/2" 200 4633 "-" "meta-externalagent/1.1 (+https://developers.facebook.com/docs/sharing/webmasters/crawler)"
57.141.0.50 - - [01/Nov/2025:19:15:32 +0330] "GET /105520090.phtml HTTP/2" 200 4633 "-" "meta-externalagent/1.1 (+https://developers.facebook.com/docs/sharing/webmasters/crawler)"
57.141.0.6 - - [01/Nov/2025:19:15:37 +0330] "GET /96133450.phtml HTTP/2" 200 4633 "-" "meta-externalagent/1.1 (+https://developers.facebook.com/docs/sharing/webmasters/crawler)"
105.159.228.71 - - [01/Nov/2025:19:15:43 +0330] "GET /wp-includes/css/ HTTP/1.1" 200 1837 "www.google.com" "Mozlila/5.0 (Linux; Android 7.0; SM-G892A Bulid/NRD90M; wv) AppleWebKit/537.36 (KHTML, like Gecko) Version/4.0 Chrome/60.0.3112.107 Moblie Safari/537.36"
57.141.0.56 - - [01/Nov/2025:19:15:46 +0330] "GET /28959898.phtml HTTP/2" 200 4633 "-" "meta-externalagent/1.1 (+https://developers.facebook.com/docs/sharing/webmasters/crawler)"
57.141.0.7 - - [01/Nov/2025:19:15:47 +0330] "GET /14644138.phtml HTTP/2" 200 4633 "-" "meta-externalagent/1.1 (+https://developers.facebook.com/docs/sharing/webmasters/crawler)"
57.141.0.14 - - [01/Nov/2025:19:15:55 +0330] "GET /122611114.phtml HTTP/2" 200 4633 "-" "meta-externalagent/1.1 (+https://developers.facebook.com/docs/sharing/webmasters/crawler)"
57.141.0.8 - - [01/Nov/2025:19:15:56 +0330] "GET /18141466.phtml HTTP/2" 200 4633 "-" "meta-externalagent/1.1 (+https://developers.facebook.com/docs/sharing/webmasters/crawler)"
57.141.0.60 - - [01/Nov/2025:19:16:14 +0330] "GET /101892826.phtml HTTP/2" 200 4633 "-" "meta-externalagent/1.1 (+https://developers.facebook.com/docs/sharing/webmasters/crawler)"
57.141.0.26 - - [01/Nov/2025:19:16:15 +0330] "GET /118268938.phtml HTTP/2" 200 4633 "-" "meta-externalagent/1.1 (+https://developers.facebook.com/docs/sharing/webmasters/crawler)"
57.141.0.12 - - [01/Nov/2025:19:16:25 +0330] "GET /89643754.phtml HTTP/2" 200 4633 "-" "meta-externalagent/1.1 (+https://developers.facebook.com/docs/sharing/webmasters/crawler)"
57.141.0.73 - - [01/Nov/2025:19:16:30 +0330] "GET /62574442.phtml HTTP/2" 200 4633 "-" "meta-externalagent/1.1 (+https://developers.facebook.com/docs/sharing/webmasters/crawler)"
57.141.0.24 - - [01/Nov/2025:19:16:35 +0330] "GET /93254602.phtml HTTP/2" 200 4633 "-" "meta-externalagent/1.1 (+https://developers.facebook.com/docs/sharing/webmasters/crawler)"
57.141.0.36 - - [01/Nov/2025:19:16:47 +0330] "GET /121007914.phtml HTTP/2" 200 4633 "-" "meta-externalagent/1.1 (+https://developers.facebook.com/docs/sharing/webmasters/crawler)"
57.141.0.26 - - [01/Nov/2025:19:16:51 +0330] "GET /103377418.phtml HTTP/2" 200 4633 "-" "meta-externalagent/1.1 (+https://developers.facebook.com/docs/sharing/webmasters/crawler)"
57.141.0.31 - - [01/Nov/2025:19:16:52 +0330] "GET /72569530.phtml HTTP/2" 200 4633 "-" "meta-externalagent/1.1 (+https://developers.facebook.com/docs/sharing/webmasters/crawler)"
57.141.0.11 - - [01/Nov/2025:19:17:06 +0330] "GET /92666986.phtml HTTP/2" 200 4633 "-" "meta-externalagent/1.1 (+https://developers.facebook.com/docs/sharing/webmasters/crawler)"
45.155.43.214 - - [01/Nov/2025:19:17:12 +0330] "GET /debug/default/view/ HTTP/1.1" 200 1837 "-" "python-requests/2.32.3"
57.141.0.68 - - [01/Nov/2025:19:17:18 +0330] "GET /130866634.phtml HTTP/2" 200 4633 "-" "meta-externalagent/1.1 (+https://developers.facebook.com/docs/sharing/webmasters/crawler)"
57.141.0.12 - - [01/Nov/2025:19:17:21 +0330] "GET /96334810.phtml HTTP/2" 200 4633 "-" "meta-externalagent/1.1 (+https://developers.facebook.com/docs/sharing/webmasters/crawler)"
57.141.0.59 - - [01/Nov/2025:19:17:29 +0330] "GET /117261802.phtml HTTP/2" 200 4633 "-" "meta-externalagent/1.1 (+https://developers.facebook.com/docs/sharing/webmasters/crawler)"
57.141.0.56 - - [01/Nov/2025:19:17:36 +0330] "GET /120371626.phtml HTTP/2" 200 4633 "-" "meta-externalagent/1.1 (+https://developers.facebook.com/docs/sharing/webmasters/crawler)"
57.141.0.63 - - [01/Nov/2025:19:17:37 +0330] "GET /60496234.phtml HTTP/2" 200 4633 "-" "meta-externalagent/1.1 (+https://developers.facebook.com/docs/sharing/webmasters/crawler)"
57.141.0.58 - - [01/Nov/2025:19:15:24 +0330] "GET /106238602.phtml HTTP/2" 200 4633 "-" "meta-externalagent/1.1 (+https://developers.facebook.com/docs/sharing/webmasters/crawler)"
57.141.0.67 - - [01/Nov/2025:19:15:24 +0330] "GET /103316938.phtml HTTP/2" 200 4633 "-" "meta-externalagent/1.1 (+https://developers.facebook.com/docs/sharing/webmasters/crawler)"
57.141.0.26 - - [01/Nov/2025:19:15:26 +0330] "GET /62141050.phtml HTTP/2" 200 4633 "-" "meta-externalagent/1.1 (+https://developers.facebook.com/docs/sharing/webmasters/crawler)"
45.155.43.214 - - [01/Nov/2025:19:15:29 +0330] "GET /mt/ HTTP/1.1" 200 1837 "-" "python-requests/2.32.3"
45.155.43.214 - - [01/Nov/2025:19:15:32 +0330] "GET /certificates/ HTTP/1.1" 200 1837 "-" "python-requests/2.32.3"
57.141.0.1 - - [01/Nov/2025:19:15:35 +0330] "GET /52598506.phtml HTTP/2" 200 4633 "-" "meta-externalagent/1.1 (+https://developers.facebook.com/docs/sharing/webmasters/crawler)"
57.141.0.33 - - [01/Nov/2025:19:15:41 +0330] "GET /91559530.phtml HTTP/2" 200 4633 "-" "meta-externalagent/1.1 (+https://developers.facebook.com/docs/sharing/webmasters/crawler)"
105.159.228.71 - - [01/Nov/2025:19:15:44 +0330] "GET /wp-includes/ID3/ HTTP/1.1" 200 1837 "www.google.com" "Mozlila/5.0 (Linux; Android 7.0; SM-G892A Bulid/NRD90M; wv) AppleWebKit/537.36 (KHTML, like Gecko) Version/4.0 Chrome/60.0.3112.107 Moblie Safari/537.36"
105.159.228.71 - - [01/Nov/2025:19:15:46 +0330] "GET /wp-includes/IXR/ HTTP/1.1" 200 1837 "www.google.com" "Mozlila/5.0 (Linux; Android 7.0; SM-G892A Bulid/NRD90M; wv) AppleWebKit/537.36 (KHTML, like Gecko) Version/4.0 Chrome/60.0.3112.107 Moblie Safari/537.36"
57.141.0.6 - - [01/Nov/2025:19:15:50 +0330] "GET /32948458.phtml HTTP/2" 200 4633 "-" "meta-externalagent/1.1 (+https://developers.facebook.com/docs/sharing/webmasters/crawler)"
57.141.0.54 - - [01/Nov/2025:19:15:51 +0330] "GET /146855578.phtml HTTP/2" 200 4633 "-" "meta-externalagent/1.1 (+https://developers.facebook.com/docs/sharing/webmasters/crawler)"
57.141.0.2 - - [01/Nov/2025:19:15:53 +0330] "GET /135439258.phtml HTTP/2" 200 4633 "-" "meta-externalagent/1.1 (+https://developers.facebook.com/docs/sharing/webmasters/crawler)"
57.141.0.62 - - [01/Nov/2025:19:16:08 +0330] "GET /7686490.phtml HTTP/2" 200 4633 "-" "meta-externalagent/1.1 (+https://developers.facebook.com/docs/sharing/webmasters/crawler)"
57.141.0.46 - - [01/Nov/2025:19:16:21 +0330] "GET /95724826.phtml HTTP/2" 200 4633 "-" "meta-externalagent/1.1 (+https://developers.facebook.com/docs/sharing/webmasters/crawler)"
57.141.0.59 - - [01/Nov/2025:19:16:33 +0330] "GET /74248810.phtml HTTP/2" 200 4633 "-" "meta-externalagent/1.1 (+https://developers.facebook.com/docs/sharing/webmasters/crawler)"
57.141.0.8 - - [01/Nov/2025:19:16:35 +0330] "GET /88448314.phtml HTTP/2" 200 4633 "-" "meta-externalagent/1.1 (+https://developers.facebook.com/docs/sharing/webmasters/crawler)"
57.141.0.54 - - [01/Nov/2025:19:16:48 +0330] "GET /7460074.phtml HTTP/2" 200 4633 "-" "meta-externalagent/1.1 (+https://developers.facebook.com/docs/sharing/webmasters/crawler)"
57.141.0.41 - - [01/Nov/2025:19:16:48 +0330] "GET /115880026.phtml HTTP/2" 200 4633 "-" "meta-externalagent/1.1 (+https://developers.facebook.com/docs/sharing/webmasters/crawler)"
57.141.0.62 - - [01/Nov/2025:19:17:02 +0330] "GET /69711370.phtml HTTP/2" 200 4633 "-" "meta-externalagent/1.1 (+https://developers.facebook.com/docs/sharing/webmasters/crawler)"
57.141.0.74 - - [01/Nov/2025:19:17:16 +0330] "GET /126749866.phtml HTTP/2" 200 4633 "-" "meta-externalagent/1.1 (+https://developers.facebook.com/docs/sharing/webmasters/crawler)"
57.141.0.60 - - [01/Nov/2025:19:17:26 +0330] "GET /41594698.phtml HTTP/2" 200 4633 "-" "meta-externalagent/1.1 (+https://developers.facebook.com/docs/sharing/webmasters/crawler)"
105.159.228.71 - - [01/Nov/2025:19:17:49 +0330] "GET /wp-includes/Text/Diff/Renderer/ HTTP/1.1" 200 1837 "www.google.com" "Mozlila/5.0 (Linux; Android 7.0; SM-G892A Bulid/NRD90M; wv) AppleWebKit/537.36 (KHTML, like Gecko) Version/4.0 Chrome/60.0.3112.107 Moblie Safari/537.36"
57.141.0.37 - - [01/Nov/2025:19:17:46 +0330] "GET /68043082.phtml HTTP/2" 200 4633 "-" "meta-externalagent/1.1 (+https://developers.facebook.com/docs/sharing/webmasters/crawler)"
57.141.0.25 - - [01/Nov/2025:19:17:50 +0330] "GET /41057146.phtml HTTP/2" 200 4633 "-" "meta-externalagent/1.1 (+https://developers.facebook.com/docs/sharing/webmasters/crawler)"
57.141.0.22 - - [01/Nov/2025:19:17:51 +0330] "GET /36704362.phtml HTTP/2" 200 4633 "-" "meta-externalagent/1.1 (+https://developers.facebook.com/docs/sharing/webmasters/crawler)"
105.159.228.71 - - [01/Nov/2025:19:18:23 +0330] "GET /wp-includes/images/ HTTP/1.1" 200 1837 "www.google.com" "Mozlila/5.0 (Linux; Android 7.0; SM-G892A Bulid/NRD90M; wv) AppleWebKit/537.36 (KHTML, like Gecko) Version/4.0 Chrome/60.0.3112.107 Moblie Safari/537.36"
105.159.228.71 - - [01/Nov/2025:19:18:24 +0330] "GET /.well-known/ HTTP/1.1" 200 744 "www.google.com" "Mozlila/5.0 (Linux; Android 7.0; SM-G892A Bulid/NRD90M; wv) AppleWebKit/537.36 (KHTML, like Gecko) Version/4.0 Chrome/60.0.3112.107 Moblie Safari/537.36"
51.89.129.150 - - [01/Nov/2025:19:18:24 +0330] "GET /sitemap-7.xml HTTP/2" 200 1662 "-" "Mozilla/5.0 (compatible; AhrefsBot/7.0; +http://ahrefs.com/robot/)"
57.141.0.60 - - [01/Nov/2025:19:18:33 +0330] "GET /147293962.phtml HTTP/2" 200 4633 "-" "meta-externalagent/1.1 (+https://developers.facebook.com/docs/sharing/webmasters/crawler)"
105.159.228.71 - - [01/Nov/2025:19:18:40 +0330] "GET /.well-knownold/ HTTP/1.1" 200 1837 "www.google.com" "Mozlila/5.0 (Linux; Android 7.0; SM-G892A Bulid/NRD90M; wv) AppleWebKit/537.36 (KHTML, like Gecko) Version/4.0 Chrome/60.0.3112.107 Moblie Safari/537.36"
57.141.0.43 - - [01/Nov/2025:19:18:41 +0330] "GET /82642570.phtml HTTP/2" 200 4633 "-" "meta-externalagent/1.1 (+https://developers.facebook.com/docs/sharing/webmasters/crawler)"
105.159.228.71 - - [01/Nov/2025:19:18:49 +0330] "GET /.well-known/acme-challenge/ HTTP/1.1" 200 793 "www.google.com" "Mozlila/5.0 (Linux; Android 7.0; SM-G892A Bulid/NRD90M; wv) AppleWebKit/537.36 (KHTML, like Gecko) Version/4.0 Chrome/60.0.3112.107 Moblie Safari/537.36"
57.141.0.16 - - [01/Nov/2025:19:19:02 +0330] "GET /36077290.phtml HTTP/2" 200 4633 "-" "meta-externalagent/1.1 (+https://developers.facebook.com/docs/sharing/webmasters/crawler)"
57.141.0.8 - - [01/Nov/2025:19:19:19 +0330] "GET /117073642.phtml HTTP/2" 200 4633 "-" "meta-externalagent/1.1 (+https://developers.facebook.com/docs/sharing/webmasters/crawler)"
57.141.0.2 - - [01/Nov/2025:19:19:21 +0330] "GET /32485498.phtml HTTP/2" 200 4633 "-" "meta-externalagent/1.1 (+https://developers.facebook.com/docs/sharing/webmasters/crawler)"
57.141.0.23 - - [01/Nov/2025:19:19:26 +0330] "GET /11268682.phtml HTTP/2" 200 4633 "-" "meta-externalagent/1.1 (+https://developers.facebook.com/docs/sharing/webmasters/crawler)"
57.141.0.16 - - [01/Nov/2025:19:19:27 +0330] "GET /7201162.phtml HTTP/2" 200 4633 "-" "meta-externalagent/1.1 (+https://developers.facebook.com/docs/sharing/webmasters/crawler)"
57.141.0.2 - - [01/Nov/2025:19:19:27 +0330] "GET /30651226.phtml HTTP/2" 200 4633 "-" "meta-externalagent/1.1 (+https://developers.facebook.com/docs/sharing/webmasters/crawler)"
57.141.0.48 - - [01/Nov/2025:19:19:30 +0330] "GET /102257386.phtml HTTP/2" 200 4633 "-" "meta-externalagent/1.1 (+https://developers.facebook.com/docs/sharing/webmasters/crawler)"
57.141.0.67 - - [01/Nov/2025:19:19:31 +0330] "GET /125726074.phtml HTTP/2" 200 4633 "-" "meta-externalagent/1.1 (+https://developers.facebook.com/docs/sharing/webmasters/crawler)"
57.141.0.5 - - [01/Nov/2025:19:19:33 +0330] "GET /127554250.phtml HTTP/2" 200 4633 "-" "meta-externalagent/1.1 (+https://developers.facebook.com/docs/sharing/webmasters/crawler)"
45.155.43.214 - - [01/Nov/2025:19:19:39 +0330] "GET /site/ HTTP/1.1" 200 1837 "-" "python-requests/2.32.3"
57.141.0.34 - - [01/Nov/2025:19:19:47 +0330] "GET /109638394.phtml HTTP/2" 200 4633 "-" "meta-externalagent/1.1 (+https://developers.facebook.com/docs/sharing/webmasters/crawler)"
57.141.0.16 - - [01/Nov/2025:19:17:52 +0330] "GET /87544522.phtml HTTP/2" 200 4633 "-" "meta-externalagent/1.1 (+https://developers.facebook.com/docs/sharing/webmasters/crawler)"
105.159.228.71 - - [01/Nov/2025:19:18:06 +0330] "GET /wp-includes/certificates/ HTTP/1.1" 200 1837 "www.google.com" "Mozlila/5.0 (Linux; Android 7.0; SM-G892A Bulid/NRD90M; wv) AppleWebKit/537.36 (KHTML, like Gecko) Version/4.0 Chrome/60.0.3112.107 Moblie Safari/537.36"
105.159.228.71 - - [01/Nov/2025:19:18:22 +0330] "GET /wp-includes/fonts/ HTTP/1.1" 200 1837 "www.google.com" "Mozlila/5.0 (Linux; Android 7.0; SM-G892A Bulid/NRD90M; wv) AppleWebKit/537.36 (KHTML, like Gecko) Version/4.0 Chrome/60.0.3112.107 Moblie Safari/537.36"
57.141.0.63 - - [01/Nov/2025:19:18:24 +0330] "GET /72860314.phtml HTTP/2" 200 4633 "-" "meta-externalagent/1.1 (+https://developers.facebook.com/docs/sharing/webmasters/crawler)"
57.141.0.50 - - [01/Nov/2025:19:18:26 +0330] "GET /84835354.phtml HTTP/2" 200 4633 "-" "meta-externalagent/1.1 (+https://developers.facebook.com/docs/sharing/webmasters/crawler)"
57.141.0.38 - - [01/Nov/2025:19:18:32 +0330] "GET /137162314.phtml HTTP/2" 200 4633 "-" "meta-externalagent/1.1 (+https://developers.facebook.com/docs/sharing/webmasters/crawler)"
57.141.0.28 - - [01/Nov/2025:19:18:33 +0330] "GET /22937242.phtml HTTP/2" 200 4633 "-" "meta-externalagent/1.1 (+https://developers.facebook.com/docs/sharing/webmasters/crawler)"
57.141.0.68 - - [01/Nov/2025:19:18:55 +0330] "GET /15172378.phtml HTTP/2" 200 4633 "-" "meta-externalagent/1.1 (+https://developers.facebook.com/docs/sharing/webmasters/crawler)"
57.141.0.38 - - [01/Nov/2025:19:19:16 +0330] "GET /75271786.phtml HTTP/2" 200 4633 "-" "meta-externalagent/1.1 (+https://developers.facebook.com/docs/sharing/webmasters/crawler)"
57.141.0.11 - - [01/Nov/2025:19:19:29 +0330] "GET /12057466.phtml HTTP/2" 200 4633 "-" "meta-externalagent/1.1 (+https://developers.facebook.com/docs/sharing/webmasters/crawler)"
57.141.0.9 - - [01/Nov/2025:19:19:33 +0330] "GET /45799834.phtml HTTP/2" 200 4633 "-" "meta-externalagent/1.1 (+https://developers.facebook.com/docs/sharing/webmasters/crawler)"
57.141.0.38 - - [01/Nov/2025:19:19:35 +0330] "GET /123365242.phtml HTTP/2" 200 4633 "-" "meta-externalagent/1.1 (+https://developers.facebook.com/docs/sharing/webmasters/crawler)"
57.141.0.49 - - [01/Nov/2025:19:19:37 +0330] "GET /17092762.phtml HTTP/2" 200 4633 "-" "meta-externalagent/1.1 (+https://developers.facebook.com/docs/sharing/webmasters/crawler)"
57.141.0.34 - - [01/Nov/2025:19:19:38 +0330] "GET /24701482.phtml HTTP/2" 200 4633 "-" "meta-externalagent/1.1 (+https://developers.facebook.com/docs/sharing/webmasters/crawler)"
57.141.0.74 - - [01/Nov/2025:19:19:38 +0330] "GET /107852746.phtml HTTP/2" 200 4633 "-" "meta-externalagent/1.1 (+https://developers.facebook.com/docs/sharing/webmasters/crawler)"
57.141.0.41 - - [01/Nov/2025:19:19:45 +0330] "GET /127749130.phtml HTTP/2" 200 4633 "-" "meta-externalagent/1.1 (+https://developers.facebook.com/docs/sharing/webmasters/crawler)"
57.141.0.20 - - [01/Nov/2025:19:19:47 +0330] "GET /113269162.phtml HTTP/2" 200 4633 "-" "meta-externalagent/1.1 (+https://developers.facebook.com/docs/sharing/webmasters/crawler)"
57.141.0.59 - - [01/Nov/2025:19:19:55 +0330] "GET /107642458.phtml HTTP/2" 200 4633 "-" "meta-externalagent/1.1 (+https://developers.facebook.com/docs/sharing/webmasters/crawler)"
57.141.0.47 - - [01/Nov/2025:19:19:58 +0330] "GET /45272458.phtml HTTP/2" 200 4633 "-" "meta-externalagent/1.1 (+https://developers.facebook.com/docs/sharing/webmasters/crawler)"
105.159.228.71 - - [01/Nov/2025:19:20:04 +0330] "GET /.well-known/acme-challenge/ HTTP/1.1" 200 793 "www.google.com" "Mozlila/5.0 (Linux; Android 7.0; SM-G892A Bulid/NRD90M; wv) AppleWebKit/537.36 (KHTML, like Gecko) Version/4.0 Chrome/60.0.3112.107 Moblie Safari/537.36"
57.141.0.17 - - [01/Nov/2025:19:19:57 +0330] "GET /31477018.phtml HTTP/2" 200 4633 "-" "meta-externalagent/1.1 (+https://developers.facebook.com/docs/sharing/webmasters/crawler)"
57.141.0.20 - - [01/Nov/2025:19:19:59 +0330] "GET /54145642.phtml HTTP/2" 200 4633 "-" "meta-externalagent/1.1 (+https://developers.facebook.com/docs/sharing/webmasters/crawler)"
105.159.228.71 - - [01/Nov/2025:19:20:05 +0330] "GET /.well-known/ HTTP/1.1" 200 744 "www.google.com" "Mozlila/5.0 (Linux; Android 7.0; SM-G892A Bulid/NRD90M; wv) AppleWebKit/537.36 (KHTML, like Gecko) Version/4.0 Chrome/60.0.3112.107 Moblie Safari/537.36"
57.141.0.32 - - [01/Nov/2025:19:20:06 +0330] "GET /122415706.phtml HTTP/2" 200 4633 "-" "meta-externalagent/1.1 (+https://developers.facebook.com/docs/sharing/webmasters/crawler)"
105.159.228.71 - - [01/Nov/2025:19:20:09 +0330] "GET /admin/uploads/ HTTP/1.1" 200 1837 "www.google.com" "Mozlila/5.0 (Linux; Android 7.0; SM-G892A Bulid/NRD90M; wv) AppleWebKit/537.36 (KHTML, like Gecko) Version/4.0 Chrome/60.0.3112.107 Moblie Safari/537.36"
105.159.228.71 - - [01/Nov/2025:19:20:22 +0330] "GET /images/ HTTP/1.1" 200 1837 "www.google.com" "Mozlila/5.0 (Linux; Android 7.0; SM-G892A Bulid/NRD90M; wv) AppleWebKit/537.36 (KHTML, like Gecko) Version/4.0 Chrome/60.0.3112.107 Moblie Safari/537.36"
105.159.228.71 - - [01/Nov/2025:19:20:33 +0330] "GET /assets/ HTTP/1.1" 200 783 "www.google.com" "Mozlila/5.0 (Linux; Android 7.0; SM-G892A Bulid/NRD90M; wv) AppleWebKit/537.36 (KHTML, like Gecko) Version/4.0 Chrome/60.0.3112.107 Moblie Safari/537.36"
105.159.228.71 - - [01/Nov/2025:19:20:34 +0330] "GET /vendor/phpunit/phpunit/src/Util/PHP/ HTTP/1.1" 200 1837 "www.google.com" "Mozlila/5.0 (Linux; Android 7.0; SM-G892A Bulid/NRD90M; wv) AppleWebKit/537.36 (KHTML, like Gecko) Version/4.0 Chrome/60.0.3112.107 Moblie Safari/537.36"
57.141.0.71 - - [01/Nov/2025:19:20:36 +0330] "GET /14315194.phtml HTTP/2" 200 4633 "-" "meta-externalagent/1.1 (+https://developers.facebook.com/docs/sharing/webmasters/crawler)"
105.159.228.71 - - [01/Nov/2025:19:20:36 +0330] "GET /assets/images/ HTTP/1.1" 200 1837 "www.google.com" "Mozlila/5.0 (Linux; Android 7.0; SM-G892A Bulid/NRD90M; wv) AppleWebKit/537.36 (KHTML, like Gecko) Version/4.0 Chrome/60.0.3112.107 Moblie Safari/537.36"
57.141.0.51 - - [01/Nov/2025:19:20:36 +0330] "GET /126833482.phtml HTTP/2" 200 4633 "-" "meta-externalagent/1.1 (+https://developers.facebook.com/docs/sharing/webmasters/crawler)"
105.159.228.71 - - [01/Nov/2025:19:20:37 +0330] "GET /vendor/ HTTP/1.1" 200 1837 "www.google.com" "Mozlila/5.0 (Linux; Android 7.0; SM-G892A Bulid/NRD90M; wv) AppleWebKit/537.36 (KHTML, like Gecko) Version/4.0 Chrome/60.0.3112.107 Moblie Safari/537.36"
57.141.0.55 - - [01/Nov/2025:19:20:37 +0330] "GET /25586506.phtml HTTP/2" 200 4633 "-" "meta-externalagent/1.1 (+https://developers.facebook.com/docs/sharing/webmasters/crawler)"
105.159.228.71 - - [01/Nov/2025:19:20:39 +0330] "GET /local/ HTTP/1.1" 200 1837 "www.google.com" "Mozlila/5.0 (Linux; Android 7.0; SM-G892A Bulid/NRD90M; wv) AppleWebKit/537.36 (KHTML, like Gecko) Version/4.0 Chrome/60.0.3112.107 Moblie Safari/537.36"
216.73.216.191 - - [01/Nov/2025:19:20:43 +0330] "GET /assets/fonts/iran-yekan/WebFonts/fonts/ttf/6m8jqy/?d=%2Fhome%2Ffreeclou%2F.npm%2F_cacache%2Findex-v5%2F04%2F15%2F HTTP/2" 200 1433 "-" "Mozilla/5.0 AppleWebKit/537.36 (KHTML, like Gecko; compatible; ClaudeBot/1.0; +claudebot@anthropic.com)"
57.141.0.11 - - [01/Nov/2025:19:20:44 +0330] "GET /127764346.phtml HTTP/2" 200 4633 "-" "meta-externalagent/1.1 (+https://developers.facebook.com/docs/sharing/webmasters/crawler)"
57.141.0.56 - - [01/Nov/2025:19:20:52 +0330] "GET /23049274.phtml HTTP/2" 200 4633 "-" "meta-externalagent/1.1 (+https://developers.facebook.com/docs/sharing/webmasters/crawler)"
57.141.0.63 - - [01/Nov/2025:19:20:55 +0330] "GET /47153770.phtml HTTP/2" 200 4633 "-" "meta-externalagent/1.1 (+https://developers.facebook.com/docs/sharing/webmasters/crawler)"
105.159.228.71 - - [01/Nov/2025:19:20:06 +0330] "GET /uploads/ HTTP/1.1" 200 1837 "www.google.com" "Mozlila/5.0 (Linux; Android 7.0; SM-G892A Bulid/NRD90M; wv) AppleWebKit/537.36 (KHTML, like Gecko) Version/4.0 Chrome/60.0.3112.107 Moblie Safari/537.36"
105.159.228.71 - - [01/Nov/2025:19:20:08 +0330] "GET /upload/ HTTP/1.1" 200 1837 "www.google.com" "Mozlila/5.0 (Linux; Android 7.0; SM-G892A Bulid/NRD90M; wv) AppleWebKit/537.36 (KHTML, like Gecko) Version/4.0 Chrome/60.0.3112.107 Moblie Safari/537.36"
105.159.228.71 - - [01/Nov/2025:19:20:13 +0330] "GET /Admin/uploads/ HTTP/1.1" 200 1837 "www.google.com" "Mozlila/5.0 (Linux; Android 7.0; SM-G892A Bulid/NRD90M; wv) AppleWebKit/537.36 (KHTML, like Gecko) Version/4.0 Chrome/60.0.3112.107 Moblie Safari/537.36"
105.159.228.71 - - [01/Nov/2025:19:20:15 +0330] "GET /admin/ HTTP/1.1" 200 1837 "www.google.com" "Mozlila/5.0 (Linux; Android 7.0; SM-G892A Bulid/NRD90M; wv) AppleWebKit/537.36 (KHTML, like Gecko) Version/4.0 Chrome/60.0.3112.107 Moblie Safari/537.36"
105.159.228.71 - - [01/Nov/2025:19:20:35 +0330] "GET /upload/image/ HTTP/1.1" 200 1837 "www.google.com" "Mozlila/5.0 (Linux; Android 7.0; SM-G892A Bulid/NRD90M; wv) AppleWebKit/537.36 (KHTML, like Gecko) Version/4.0 Chrome/60.0.3112.107 Moblie Safari/537.36"
105.159.228.71 - - [01/Nov/2025:19:20:36 +0330] "GET /Public/ HTTP/1.1" 200 1837 "www.google.com" "Mozlila/5.0 (Linux; Android 7.0; SM-G892A Bulid/NRD90M; wv) AppleWebKit/537.36 (KHTML, like Gecko) Version/4.0 Chrome/60.0.3112.107 Moblie Safari/537.36"
57.141.0.2 - - [01/Nov/2025:19:20:41 +0330] "GET /149196346.phtml HTTP/2" 200 4633 "-" "meta-externalagent/1.1 (+https://developers.facebook.com/docs/sharing/webmasters/crawler)"
105.159.228.71 - - [01/Nov/2025:19:20:43 +0330] "GET /modules/ HTTP/1.1" 200 1837 "www.google.com" "Mozlila/5.0 (Linux; Android 7.0; SM-G892A Bulid/NRD90M; wv) AppleWebKit/537.36 (KHTML, like Gecko) Version/4.0 Chrome/60.0.3112.107 Moblie Safari/537.36"
57.141.0.51 - - [01/Nov/2025:19:20:44 +0330] "GET /113068714.phtml HTTP/2" 200 4633 "-" "meta-externalagent/1.1 (+https://developers.facebook.com/docs/sharing/webmasters/crawler)"
57.141.0.67 - - [01/Nov/2025:19:20:46 +0330] "GET /128882026.phtml HTTP/2" 200 4633 "-" "meta-externalagent/1.1 (+https://developers.facebook.com/docs/sharing/webmasters/crawler)"
105.159.228.71 - - [01/Nov/2025:19:21:00 +0330] "GET /system/ HTTP/1.1" 200 1837 "www.google.com" "Mozlila/5.0 (Linux; Android 7.0; SM-G892A Bulid/NRD90M; wv) AppleWebKit/537.36 (KHTML, like Gecko) Version/4.0 Chrome/60.0.3112.107 Moblie Safari/537.36"
105.159.228.71 - - [01/Nov/2025:19:21:01 +0330] "GET /shop/ HTTP/1.1" 200 1837 "www.google.com" "Mozlila/5.0 (Linux; Android 7.0; SM-G892A Bulid/NRD90M; wv) AppleWebKit/537.36 (KHTML, like Gecko) Version/4.0 Chrome/60.0.3112.107 Moblie Safari/537.36"
57.141.0.66 - - [01/Nov/2025:19:21:01 +0330] "GET /38101450.phtml HTTP/2" 200 4633 "-" "meta-externalagent/1.1 (+https://developers.facebook.com/docs/sharing/webmasters/crawler)"
105.159.228.71 - - [01/Nov/2025:19:21:16 +0330] "GET /images/stories/ HTTP/1.1" 200 1837 "www.google.com" "Mozlila/5.0 (Linux; Android 7.0; SM-G892A Bulid/NRD90M; wv) AppleWebKit/537.36 (KHTML, like Gecko) Version/4.0 Chrome/60.0.3112.107 Moblie Safari/537.36"
57.141.0.9 - - [01/Nov/2025:19:21:22 +0330] "GET /6498106.phtml HTTP/2" 200 4633 "-" "meta-externalagent/1.1 (+https://developers.facebook.com/docs/sharing/webmasters/crawler)"
105.159.228.71 - - [01/Nov/2025:19:21:24 +0330] "GET /plugins/ HTTP/1.1" 200 1837 "www.google.com" "Mozlila/5.0 (Linux; Android 7.0; SM-G892A Bulid/NRD90M; wv) AppleWebKit/537.36 (KHTML, like Gecko) Version/4.0 Chrome/60.0.3112.107 Moblie Safari/537.36"
105.159.228.71 - - [01/Nov/2025:19:21:26 +0330] "GET /wp-includes/Text/Diff/Engine/ HTTP/1.1" 200 1837 "www.google.com" "Mozlila/5.0 (Linux; Android 7.0; SM-G892A Bulid/NRD90M; wv) AppleWebKit/537.36 (KHTML, like Gecko) Version/4.0 Chrome/60.0.3112.107 Moblie Safari/537.36"
105.159.228.71 - - [01/Nov/2025:19:21:00 +0330] "GET /template/ HTTP/1.1" 200 1837 "www.google.com" "Mozlila/5.0 (Linux; Android 7.0; SM-G892A Bulid/NRD90M; wv) AppleWebKit/537.36 (KHTML, like Gecko) Version/4.0 Chrome/60.0.3112.107 Moblie Safari/537.36"
57.141.0.23 - - [01/Nov/2025:19:21:06 +0330] "GET /115000090.phtml HTTP/2" 200 4633 "-" "meta-externalagent/1.1 (+https://developers.facebook.com/docs/sharing/webmasters/crawler)"
105.159.228.71 - - [01/Nov/2025:19:21:09 +0330] "GET /files/ HTTP/1.1" 200 1837 "www.google.com" "Mozlila/5.0 (Linux; Android 7.0; SM-G892A Bulid/NRD90M; wv) AppleWebKit/537.36 (KHTML, like Gecko) Version/4.0 Chrome/60.0.3112.107 Moblie Safari/537.36"
105.159.228.71 - - [01/Nov/2025:19:21:10 +0330] "GET /admin/editor/ HTTP/1.1" 200 1837 "www.google.com" "Mozlila/5.0 (Linux; Android 7.0; SM-G892A Bulid/NRD90M; wv) AppleWebKit/537.36 (KHTML, like Gecko) Version/4.0 Chrome/60.0.3112.107 Moblie Safari/537.36"
105.159.228.71 - - [01/Nov/2025:19:21:10 +0330] "GET /include/ HTTP/1.1" 200 1837 "www.google.com" "Mozlila/5.0 (Linux; Android 7.0; SM-G892A Bulid/NRD90M; wv) AppleWebKit/537.36 (KHTML, like Gecko) Version/4.0 Chrome/60.0.3112.107 Moblie Safari/537.36"
105.159.228.71 - - [01/Nov/2025:19:21:14 +0330] "GET /Assets/ HTTP/1.1" 200 1837 "www.google.com" "Mozlila/5.0 (Linux; Android 7.0; SM-G892A Bulid/NRD90M; wv) AppleWebKit/537.36 (KHTML, like Gecko) Version/4.0 Chrome/60.0.3112.107 Moblie Safari/537.36"
57.141.0.40 - - [01/Nov/2025:19:21:17 +0330] "GET /88177162.phtml HTTP/2" 200 4633 "-" "meta-externalagent/1.1 (+https://developers.facebook.com/docs/sharing/webmasters/crawler)"
57.141.0.69 - - [01/Nov/2025:19:21:23 +0330] "GET /136176778.phtml HTTP/2" 200 4633 "-" "meta-externalagent/1.1 (+https://developers.facebook.com/docs/sharing/webmasters/crawler)"
105.159.228.71 - - [01/Nov/2025:19:21:24 +0330] "GET /php/ HTTP/1.1" 200 1837 "www.google.com" "Mozlila/5.0 (Linux; Android 7.0; SM-G892A Bulid/NRD90M; wv) AppleWebKit/537.36 (KHTML, like Gecko) Version/4.0 Chrome/60.0.3112.107 Moblie Safari/537.36"
105.159.228.71 - - [01/Nov/2025:19:21:25 +0330] "GET /wp-includes/assets/ HTTP/1.1" 200 1837 "www.google.com" "Mozlila/5.0 (Linux; Android 7.0; SM-G892A Bulid/NRD90M; wv) AppleWebKit/537.36 (KHTML, like Gecko) Version/4.0 Chrome/60.0.3112.107 Moblie Safari/537.36"
105.159.228.71 - - [01/Nov/2025:19:21:32 +0330] "GET /wp-includes/Text/Diff/ HTTP/1.1" 200 1837 "www.google.com" "Mozlila/5.0 (Linux; Android 7.0; SM-G892A Bulid/NRD90M; wv) AppleWebKit/537.36 (KHTML, like Gecko) Version/4.0 Chrome/60.0.3112.107 Moblie Safari/537.36"
57.141.0.28 - - [01/Nov/2025:19:21:40 +0330] "GET /37667242.phtml HTTP/2" 200 4633 "-" "meta-externalagent/1.1 (+https://developers.facebook.com/docs/sharing/webmasters/crawler)"
57.141.0.26 - - [01/Nov/2025:19:21:44 +0330] "GET /101686906.phtml HTTP/2" 200 4633 "-" "meta-externalagent/1.1 (+https://developers.facebook.com/docs/sharing/webmasters/crawler)"
105.159.228.71 - - [01/Nov/2025:19:21:51 +0330] "GET /wp-includes/block-supports/ HTTP/1.1" 200 1837 "www.google.com" "Mozlila/5.0 (Linux; Android 7.0; SM-G892A Bulid/NRD90M; wv) AppleWebKit/537.36 (KHTML, like Gecko) Version/4.0 Chrome/60.0.3112.107 Moblie Safari/537.36"
105.159.228.71 - - [01/Nov/2025:19:21:52 +0330] "GET /wp-includes/blocks/ HTTP/1.1" 200 1837 "www.google.com" "Mozlila/5.0 (Linux; Android 7.0; SM-G892A Bulid/NRD90M; wv) AppleWebKit/537.36 (KHTML, like Gecko) Version/4.0 Chrome/60.0.3112.107 Moblie Safari/537.36"
105.159.228.71 - - [01/Nov/2025:19:21:53 +0330] "GET /wp-includes/certificates/ HTTP/1.1" 200 1837 "www.google.com" "Mozlila/5.0 (Linux; Android 7.0; SM-G892A Bulid/NRD90M; wv) AppleWebKit/537.36 (KHTML, like Gecko) Version/4.0 Chrome/60.0.3112.107 Moblie Safari/537.36"
57.141.0.64 - - [01/Nov/2025:19:21:56 +0330] "GET /100062730.phtml HTTP/2" 200 4633 "-" "meta-externalagent/1.1 (+https://developers.facebook.com/docs/sharing/webmasters/crawler)"
57.141.0.39 - - [01/Nov/2025:19:21:59 +0330] "GET /81658090.phtml HTTP/2" 200 4633 "-" "meta-externalagent/1.1 (+https://developers.facebook.com/docs/sharing/webmasters/crawler)"
57.141.0.71 - - [01/Nov/2025:19:22:00 +0330] "GET /10143082.phtml HTTP/2" 200 4633 "-" "meta-externalagent/1.1 (+https://developers.facebook.com/docs/sharing/webmasters/crawler)"
57.141.0.58 - - [01/Nov/2025:19:22:03 +0330] "GET /114034570.phtml HTTP/2" 200 4633 "-" "meta-externalagent/1.1 (+https://developers.facebook.com/docs/sharing/webmasters/crawler)"
216.73.216.191 - - [01/Nov/2025:19:22:04 +0330] "GET /assets/fonts/iran-yekan/WebFonts/fonts/ttf/6m8jqy/?d=%2Fhome%2Ffreeclou%2F.npm%2F_cacache%2Findex-v5%2F04%2F24%2F HTTP/2" 200 1550 "-" "Mozilla/5.0 AppleWebKit/537.36 (KHTML, like Gecko; compatible; ClaudeBot/1.0; +claudebot@anthropic.com)"
45.155.43.214 - - [01/Nov/2025:19:22:05 +0330] "GET /OLD/ HTTP/1.1" 200 1837 "-" "python-requests/2.32.3"
57.141.0.72 - - [01/Nov/2025:19:22:06 +0330] "GET /42081082.phtml HTTP/2" 200 4633 "-" "meta-externalagent/1.1 (+https://developers.facebook.com/docs/sharing/webmasters/crawler)"
105.159.228.71 - - [01/Nov/2025:19:22:25 +0330] "GET /wp-includes/rest-api/endpoints/ HTTP/1.1" 200 1837 "www.google.com" "Mozlila/5.0 (Linux; Android 7.0; SM-G892A Bulid/NRD90M; wv) AppleWebKit/537.36 (KHTML, like Gecko) Version/4.0 Chrome/60.0.3112.107 Moblie Safari/537.36"
57.141.0.33 - - [01/Nov/2025:19:22:25 +0330] "GET /103233610.phtml HTTP/2" 200 4633 "-" "meta-externalagent/1.1 (+https://developers.facebook.com/docs/sharing/webmasters/crawler)"
57.141.0.8 - - [01/Nov/2025:19:22:27 +0330] "GET /18751834.phtml HTTP/2" 200 4633 "-" "meta-externalagent/1.1 (+https://developers.facebook.com/docs/sharing/webmasters/crawler)"
105.159.228.71 - - [01/Nov/2025:19:22:28 +0330] "GET /wp-includes/rest-api/fields/ HTTP/1.1" 200 1837 "www.google.com" "Mozlila/5.0 (Linux; Android 7.0; SM-G892A Bulid/NRD90M; wv) AppleWebKit/537.36 (KHTML, like Gecko) Version/4.0 Chrome/60.0.3112.107 Moblie Safari/537.36"
57.141.0.31 - - [01/Nov/2025:19:22:31 +0330] "GET /34484746.phtml HTTP/2" 200 4633 "-" "meta-externalagent/1.1 (+https://developers.facebook.com/docs/sharing/webmasters/crawler)"
105.159.228.71 - - [01/Nov/2025:19:22:36 +0330] "GET /wp-includes/Requests/Cookie/ HTTP/1.1" 200 1837 "www.google.com" "Mozlila/5.0 (Linux; Android 7.0; SM-G892A Bulid/NRD90M; wv) AppleWebKit/537.36 (KHTML, like Gecko) Version/4.0 Chrome/60.0.3112.107 Moblie Safari/537.36"
57.141.0.44 - - [01/Nov/2025:19:22:46 +0330] "GET /130064410.phtml HTTP/2" 200 4633 "-" "meta-externalagent/1.1 (+https://developers.facebook.com/docs/sharing/webmasters/crawler)"
57.141.0.20 - - [01/Nov/2025:19:22:48 +0330] "GET /90569290.phtml HTTP/2" 200 4633 "-" "meta-externalagent/1.1 (+https://developers.facebook.com/docs/sharing/webmasters/crawler)"
57.141.0.49 - - [01/Nov/2025:19:22:49 +0330] "GET /24216538.phtml HTTP/2" 200 4633 "-" "meta-externalagent/1.1 (+https://developers.facebook.com/docs/sharing/webmasters/crawler)"
57.141.0.63 - - [01/Nov/2025:19:22:50 +0330] "GET /19418170.phtml HTTP/2" 200 4633 "-" "meta-externalagent/1.1 (+https://developers.facebook.com/docs/sharing/webmasters/crawler)"
57.141.0.55 - - [01/Nov/2025:19:22:50 +0330] "GET /39441466.phtml HTTP/2" 200 4633 "-" "meta-externalagent/1.1 (+https://developers.facebook.com/docs/sharing/webmasters/crawler)"
57.141.0.7 - - [01/Nov/2025:19:22:51 +0330] "GET /84771658.phtml HTTP/2" 200 4633 "-" "meta-externalagent/1.1 (+https://developers.facebook.com/docs/sharing/webmasters/crawler)"
57.141.0.53 - - [01/Nov/2025:19:22:51 +0330] "GET /96900586.phtml HTTP/2" 200 4633 "-" "meta-externalagent/1.1 (+https://developers.facebook.com/docs/sharing/webmasters/crawler)"
57.141.0.28 - - [01/Nov/2025:19:22:53 +0330] "GET /77451706.phtml HTTP/2" 200 4633 "-" "meta-externalagent/1.1 (+https://developers.facebook.com/docs/sharing/webmasters/crawler)"
57.141.0.6 - - [01/Nov/2025:19:23:09 +0330] "GET /87161386.phtml HTTP/2" 200 4633 "-" "meta-externalagent/1.1 (+https://developers.facebook.com/docs/sharing/webmasters/crawler)"
105.159.228.71 - - [01/Nov/2025:19:21:30 +0330] "GET /wp-includes/block-patterns/ HTTP/1.1" 200 1837 "www.google.com" "Mozlila/5.0 (Linux; Android 7.0; SM-G892A Bulid/NRD90M; wv) AppleWebKit/537.36 (KHTML, like Gecko) Version/4.0 Chrome/60.0.3112.107 Moblie Safari/537.36"
57.141.0.21 - - [01/Nov/2025:19:21:36 +0330] "GET /62639674.phtml HTTP/2" 200 4633 "-" "meta-externalagent/1.1 (+https://developers.facebook.com/docs/sharing/webmasters/crawler)"
57.141.0.1 - - [01/Nov/2025:19:21:49 +0330] "GET /76315402.phtml HTTP/2" 200 4633 "-" "meta-externalagent/1.1 (+https://developers.facebook.com/docs/sharing/webmasters/crawler)"
57.141.0.6 - - [01/Nov/2025:19:21:50 +0330] "GET /131624986.phtml HTTP/2" 200 4633 "-" "meta-externalagent/1.1 (+https://developers.facebook.com/docs/sharing/webmasters/crawler)"
57.141.0.23 - - [01/Nov/2025:19:21:57 +0330] "GET /137111962.phtml HTTP/2" 200 4633 "-" "meta-externalagent/1.1 (+https://developers.facebook.com/docs/sharing/webmasters/crawler)"
57.141.0.10 - - [01/Nov/2025:19:22:02 +0330] "GET /100875226.phtml HTTP/2" 200 4633 "-" "meta-externalagent/1.1 (+https://developers.facebook.com/docs/sharing/webmasters/crawler)"
57.141.0.59 - - [01/Nov/2025:19:22:04 +0330] "GET /137011738.phtml HTTP/2" 200 4633 "-" "meta-externalagent/1.1 (+https://developers.facebook.com/docs/sharing/webmasters/crawler)"
57.141.0.1 - - [01/Nov/2025:19:22:13 +0330] "GET /8802250.phtml HTTP/2" 200 4633 "-" "meta-externalagent/1.1 (+https://developers.facebook.com/docs/sharing/webmasters/crawler)"
105.159.228.71 - - [01/Nov/2025:19:22:17 +0330] "GET /wp-includes/SimplePie/Content/Type/ HTTP/1.1" 200 1837 "www.google.com" "Mozlila/5.0 (Linux; Android 7.0; SM-G892A Bulid/NRD90M; wv) AppleWebKit/537.36 (KHTML, like Gecko) Version/4.0 Chrome/60.0.3112.107 Moblie Safari/537.36"
57.141.0.36 - - [01/Nov/2025:19:22:18 +0330] "GET /131751082.phtml HTTP/2" 200 4633 "-" "meta-externalagent/1.1 (+https://developers.facebook.com/docs/sharing/webmasters/crawler)"
216.73.216.191 - - [01/Nov/2025:19:22:19 +0330] "GET /sitemap-15.xml HTTP/2" 200 1662 "-" "Mozilla/5.0 AppleWebKit/537.36 (KHTML, like Gecko; compatible; ClaudeBot/1.0; +claudebot@anthropic.com)"
105.159.228.71 - - [01/Nov/2025:19:22:21 +0330] "GET /wp-includes/css/ HTTP/1.1" 200 1837 "www.google.com" "Mozlila/5.0 (Linux; Android 7.0; SM-G892A Bulid/NRD90M; wv) AppleWebKit/537.36 (KHTML, like Gecko) Version/4.0 Chrome/60.0.3112.107 Moblie Safari/537.36"
105.159.228.71 - - [01/Nov/2025:19:22:23 +0330] "GET /wp-includes/SimplePie/Content/ HTTP/1.1" 200 1837 "www.google.com" "Mozlila/5.0 (Linux; Android 7.0; SM-G892A Bulid/NRD90M; wv) AppleWebKit/537.36 (KHTML, like Gecko) Version/4.0 Chrome/60.0.3112.107 Moblie Safari/537.36"
57.141.0.61 - - [01/Nov/2025:19:22:47 +0330] "GET /134815066.phtml HTTP/2" 200 4633 "-" "meta-externalagent/1.1 (+https://developers.facebook.com/docs/sharing/webmasters/crawler)"
57.141.0.9 - - [01/Nov/2025:19:22:54 +0330] "GET /36194890.phtml HTTP/2" 200 4633 "-" "meta-externalagent/1.1 (+https://developers.facebook.com/docs/sharing/webmasters/crawler)"
51.195.244.249 - - [01/Nov/2025:19:22:56 +0330] "GET /99391690.phtml HTTP/2" 200 1662 "-" "Mozilla/5.0 (compatible; AhrefsBot/7.0; +http://ahrefs.com/robot/)"
57.141.0.14 - - [01/Nov/2025:19:23:00 +0330] "GET /97046554.phtml HTTP/2" 200 4633 "-" "meta-externalagent/1.1 (+https://developers.facebook.com/docs/sharing/webmasters/crawler)"
57.141.0.6 - - [01/Nov/2025:19:23:09 +0330] "GET /55638778.phtml HTTP/2" 200 4633 "-" "meta-externalagent/1.1 (+https://developers.facebook.com/docs/sharing/webmasters/crawler)"
57.141.0.14 - - [01/Nov/2025:19:23:10 +0330] "GET /62500666.phtml HTTP/2" 200 4633 "-" "meta-externalagent/1.1 (+https://developers.facebook.com/docs/sharing/webmasters/crawler)"
57.141.0.36 - - [01/Nov/2025:19:23:21 +0330] "GET /48586234.phtml HTTP/2" 200 4633 "-" "meta-externalagent/1.1 (+https://developers.facebook.com/docs/sharing/webmasters/crawler)"
57.141.0.11 - - [01/Nov/2025:19:23:12 +0330] "GET /112068298.phtml HTTP/2" 200 4633 "-" "meta-externalagent/1.1 (+https://developers.facebook.com/docs/sharing/webmasters/crawler)"
57.141.0.57 - - [01/Nov/2025:19:23:13 +0330] "GET /87615178.phtml HTTP/2" 200 4633 "-" "meta-externalagent/1.1 (+https://developers.facebook.com/docs/sharing/webmasters/crawler)"
57.141.0.11 - - [01/Nov/2025:19:23:16 +0330] "GET /22570474.phtml HTTP/2" 200 4633 "-" "meta-externalagent/1.1 (+https://developers.facebook.com/docs/sharing/webmasters/crawler)"
57.141.0.17 - - [01/Nov/2025:19:23:17 +0330] "GET /52368586.phtml HTTP/2" 200 4633 "-" "meta-externalagent/1.1 (+https://developers.facebook.com/docs/sharing/webmasters/crawler)"
45.155.43.214 - - [01/Nov/2025:19:23:19 +0330] "GET /wp-content/alfacgiapi/ HTTP/1.1" 200 1837 "-" "python-requests/2.32.3"
57.141.0.73 - - [01/Nov/2025:19:23:20 +0330] "GET /80168698.phtml HTTP/2" 200 4633 "-" "meta-externalagent/1.1 (+https://developers.facebook.com/docs/sharing/webmasters/crawler)"
105.159.228.71 - - [01/Nov/2025:19:23:24 +0330] "GET /wp-includes/Requests/Utility/ HTTP/1.1" 200 1837 "www.google.com" "Mozlila/5.0 (Linux; Android 7.0; SM-G892A Bulid/NRD90M; wv) AppleWebKit/537.36 (KHTML, like Gecko) Version/4.0 Chrome/60.0.3112.107 Moblie Safari/537.36"
105.159.228.71 - - [01/Nov/2025:19:23:25 +0330] "GET /wp-includes/js/codemirror/ HTTP/1.1" 200 1837 "www.google.com" "Mozlila/5.0 (Linux; Android 7.0; SM-G892A Bulid/NRD90M; wv) AppleWebKit/537.36 (KHTML, like Gecko) Version/4.0 Chrome/60.0.3112.107 Moblie Safari/537.36"
57.141.0.32 - - [01/Nov/2025:19:23:29 +0330] "GET /15602842.phtml HTTP/2" 200 4633 "-" "meta-externalagent/1.1 (+https://developers.facebook.com/docs/sharing/webmasters/crawler)"
57.141.0.33 - - [01/Nov/2025:19:23:30 +0330] "GET /102385978.phtml HTTP/2" 200 4633 "-" "meta-externalagent/1.1 (+https://developers.facebook.com/docs/sharing/webmasters/crawler)"
105.159.228.71 - - [01/Nov/2025:19:23:34 +0330] "GET /wp-includes/js/crop/ HTTP/1.1" 200 1837 "www.google.com" "Mozlila/5.0 (Linux; Android 7.0; SM-G892A Bulid/NRD90M; wv) AppleWebKit/537.36 (KHTML, like Gecko) Version/4.0 Chrome/60.0.3112.107 Moblie Safari/537.36"
105.159.228.71 - - [01/Nov/2025:19:23:41 +0330] "GET /wp-includes/images/smilies/ HTTP/1.1" 200 1837 "www.google.com" "Mozlila/5.0 (Linux; Android 7.0; SM-G892A Bulid/NRD90M; wv) AppleWebKit/537.36 (KHTML, like Gecko) Version/4.0 Chrome/60.0.3112.107 Moblie Safari/537.36"
105.159.228.71 - - [01/Nov/2025:19:23:43 +0330] "GET /wp-includes/rest-api/search/ HTTP/1.1" 200 1837 "www.google.com" "Mozlila/5.0 (Linux; Android 7.0; SM-G892A Bulid/NRD90M; wv) AppleWebKit/537.36 (KHTML, like Gecko) Version/4.0 Chrome/60.0.3112.107 Moblie Safari/537.36"
105.159.228.71 - - [01/Nov/2025:19:23:47 +0330] "GET /wp-includes/Requests/Exception/ HTTP/1.1" 200 1837 "www.google.com" "Mozlila/5.0 (Linux; Android 7.0; SM-G892A Bulid/NRD90M; wv) AppleWebKit/537.36 (KHTML, like Gecko) Version/4.0 Chrome/60.0.3112.107 Moblie Safari/537.36"
45.155.43.214 - - [01/Nov/2025:19:24:11 +0330] "GET /image/ HTTP/1.1" 200 1837 "-" "python-requests/2.32.3"
57.141.0.19 - - [01/Nov/2025:19:24:20 +0330] "GET /119649082.phtml HTTP/2" 200 4633 "-" "meta-externalagent/1.1 (+https://developers.facebook.com/docs/sharing/webmasters/crawler)"
114.119.145.22 - - [01/Nov/2025:19:24:27 +0330] "GET /64093498.phtml HTTP/1.1" 200 1837 "-" "Mozilla/5.0 (Linux; Android 7.0;) AppleWebKit/537.36 (KHTML, like Gecko) Mobile Safari/537.36 (compatible; PetalBot;+https://webmaster.petalsearch.com/site/petalbot)"
105.159.228.71 - - [01/Nov/2025:19:24:35 +0330] "GET /wp-includes/fonts/ HTTP/1.1" 200 1837 "www.google.com" "Mozlila/5.0 (Linux; Android 7.0; SM-G892A Bulid/NRD90M; wv) AppleWebKit/537.36 (KHTML, like Gecko) Version/4.0 Chrome/60.0.3112.107 Moblie Safari/537.36"
45.155.43.214 - - [01/Nov/2025:19:24:37 +0330] "GET /cms/adMInhtml_page/ HTTP/1.1" 200 1837 "-" "python-requests/2.32.3"
57.141.0.2 - - [01/Nov/2025:19:23:23 +0330] "GET /117947818.phtml HTTP/2" 200 4633 "-" "meta-externalagent/1.1 (+https://developers.facebook.com/docs/sharing/webmasters/crawler)"
105.159.228.71 - - [01/Nov/2025:19:23:30 +0330] "GET /wp-includes/Requests/Exception/HTTP/ HTTP/1.1" 200 1837 "www.google.com" "Mozlila/5.0 (Linux; Android 7.0; SM-G892A Bulid/NRD90M; wv) AppleWebKit/537.36 (KHTML, like Gecko) Version/4.0 Chrome/60.0.3112.107 Moblie Safari/537.36"
105.159.228.71 - - [01/Nov/2025:19:23:38 +0330] "GET /wp-includes/images/crystal/ HTTP/1.1" 200 1837 "www.google.com" "Mozlila/5.0 (Linux; Android 7.0; SM-G892A Bulid/NRD90M; wv) AppleWebKit/537.36 (KHTML, like Gecko) Version/4.0 Chrome/60.0.3112.107 Moblie Safari/537.36"
57.141.0.75 - - [01/Nov/2025:19:23:38 +0330] "GET /69313882.phtml HTTP/2" 200 4633 "-" "meta-externalagent/1.1 (+https://developers.facebook.com/docs/sharing/webmasters/crawler)"
105.159.228.71 - - [01/Nov/2025:19:23:40 +0330] "GET /wp-includes/images/media/ HTTP/1.1" 200 1837 "www.google.com" "Mozlila/5.0 (Linux; Android 7.0; SM-G892A Bulid/NRD90M; wv) AppleWebKit/537.36 (KHTML, like Gecko) Version/4.0 Chrome/60.0.3112.107 Moblie Safari/537.36"
105.159.228.71 - - [01/Nov/2025:19:23:42 +0330] "GET /wp-includes/images/wlw/ HTTP/1.1" 200 1837 "www.google.com" "Mozlila/5.0 (Linux; Android 7.0; SM-G892A Bulid/NRD90M; wv) AppleWebKit/537.36 (KHTML, like Gecko) Version/4.0 Chrome/60.0.3112.107 Moblie Safari/537.36"
57.141.0.22 - - [01/Nov/2025:19:24:05 +0330] "GET /15657322.phtml HTTP/2" 200 4633 "-" "meta-externalagent/1.1 (+https://developers.facebook.com/docs/sharing/webmasters/crawler)"
105.159.228.71 - - [01/Nov/2025:19:24:11 +0330] "GET /wp-includes/sodium_compat/src/ HTTP/1.1" 200 1837 "www.google.com" "Mozlila/5.0 (Linux; Android 7.0; SM-G892A Bulid/NRD90M; wv) AppleWebKit/537.36 (KHTML, like Gecko) Version/4.0 Chrome/60.0.3112.107 Moblie Safari/537.36"
57.141.0.52 - - [01/Nov/2025:19:24:25 +0330] "GET /79743898.phtml HTTP/2" 200 4633 "-" "meta-externalagent/1.1 (+https://developers.facebook.com/docs/sharing/webmasters/crawler)"
105.159.228.71 - - [01/Nov/2025:19:24:31 +0330] "GET /wp-includes/Text/Diff/Engine/Engine/ HTTP/1.1" 200 1837 "www.google.com" "Mozlila/5.0 (Linux; Android 7.0; SM-G892A Bulid/NRD90M; wv) AppleWebKit/537.36 (KHTML, like Gecko) Version/4.0 Chrome/60.0.3112.107 Moblie Safari/537.36"
105.159.228.71 - - [01/Nov/2025:19:24:31 +0330] "GET /wp-includes/customize/ HTTP/1.1" 200 1837 "www.google.com" "Mozlila/5.0 (Linux; Android 7.0; SM-G892A Bulid/NRD90M; wv) AppleWebKit/537.36 (KHTML, like Gecko) Version/4.0 Chrome/60.0.3112.107 Moblie Safari/537.36"
57.141.0.51 - - [01/Nov/2025:19:24:34 +0330] "GET /10581802.phtml HTTP/2" 200 4633 "-" "meta-externalagent/1.1 (+https://developers.facebook.com/docs/sharing/webmasters/crawler)"
57.141.0.5 - - [01/Nov/2025:19:24:43 +0330] "GET /9216442.phtml HTTP/2" 200 4633 "-" "meta-externalagent/1.1 (+https://developers.facebook.com/docs/sharing/webmasters/crawler)"
105.159.228.71 - - [01/Nov/2025:19:24:43 +0330] "GET /wp-includes/html-api/ HTTP/1.1" 200 1837 "www.google.com" "Mozlila/5.0 (Linux; Android 7.0; SM-G892A Bulid/NRD90M; wv) AppleWebKit/537.36 (KHTML, like Gecko) Version/4.0 Chrome/60.0.3112.107 Moblie Safari/537.36"
57.141.0.56 - - [01/Nov/2025:19:24:44 +0330] "GET /19159786.phtml HTTP/2" 200 4633 "-" "meta-externalagent/1.1 (+https://developers.facebook.com/docs/sharing/webmasters/crawler)"
57.141.0.55 - - [01/Nov/2025:19:24:47 +0330] "GET /63086842.phtml HTTP/2" 200 4633 "-" "meta-externalagent/1.1 (+https://developers.facebook.com/docs/sharing/webmasters/crawler)"
105.159.228.71 - - [01/Nov/2025:19:24:48 +0330] "GET /wp-includes/IXR/ HTTP/1.1" 200 1837 "www.google.com" "Mozlila/5.0 (Linux; Android 7.0; SM-G892A Bulid/NRD90M; wv) AppleWebKit/537.36 (KHTML, like Gecko) Version/4.0 Chrome/60.0.3112.107 Moblie Safari/537.36"
57.141.0.12 - - [01/Nov/2025:19:24:54 +0330] "GET /53687866.phtml HTTP/2" 200 4633 "-" "meta-externalagent/1.1 (+https://developers.facebook.com/docs/sharing/webmasters/crawler)"
57.141.0.24 - - [01/Nov/2025:19:24:42 +0330] "GET /106461850.phtml HTTP/2" 200 4633 "-" "meta-externalagent/1.1 (+https://developers.facebook.com/docs/sharing/webmasters/crawler)"
105.159.228.71 - - [01/Nov/2025:19:24:47 +0330] "GET /wp-includes/ID3/ HTTP/1.1" 200 1837 "www.google.com" "Mozlila/5.0 (Linux; Android 7.0; SM-G892A Bulid/NRD90M; wv) AppleWebKit/537.36 (KHTML, like Gecko) Version/4.0 Chrome/60.0.3112.107 Moblie Safari/537.36"
57.141.0.20 - - [01/Nov/2025:19:24:48 +0330] "GET /149535946.phtml HTTP/2" 200 4633 "-" "meta-externalagent/1.1 (+https://developers.facebook.com/docs/sharing/webmasters/crawler)"
105.159.228.71 - - [01/Nov/2025:19:24:48 +0330] "GET /wp-includes/images/ HTTP/1.1" 200 1837 "www.google.com" "Mozlila/5.0 (Linux; Android 7.0; SM-G892A Bulid/NRD90M; wv) AppleWebKit/537.36 (KHTML, like Gecko) Version/4.0 Chrome/60.0.3112.107 Moblie Safari/537.36"
105.159.228.71 - - [01/Nov/2025:19:24:52 +0330] "GET /wp-includes/js/ HTTP/1.1" 200 1837 "www.google.com" "Mozlila/5.0 (Linux; Android 7.0; SM-G892A Bulid/NRD90M; wv) AppleWebKit/537.36 (KHTML, like Gecko) Version/4.0 Chrome/60.0.3112.107 Moblie Safari/537.36"
57.141.0.24 - - [01/Nov/2025:19:24:53 +0330] "GET /120071818.phtml HTTP/2" 200 4633 "-" "meta-externalagent/1.1 (+https://developers.facebook.com/docs/sharing/webmasters/crawler)"
105.159.228.71 - - [01/Nov/2025:19:25:07 +0330] "GET /wp-includes/pomo/ HTTP/1.1" 200 1837 "www.google.com" "Mozlila/5.0 (Linux; Android 7.0; SM-G892A Bulid/NRD90M; wv) AppleWebKit/537.36 (KHTML, like Gecko) Version/4.0 Chrome/60.0.3112.107 Moblie Safari/537.36"
57.141.0.25 - - [01/Nov/2025:19:25:22 +0330] "GET /39937402.phtml HTTP/2" 200 4633 "-" "meta-externalagent/1.1 (+https://developers.facebook.com/docs/sharing/webmasters/crawler)"
45.155.43.214 - - [01/Nov/2025:19:25:29 +0330] "GET /wp-admin/includes/ HTTP/1.1" 200 1837 "-" "python-requests/2.32.3"
57.141.0.7 - - [01/Nov/2025:19:25:31 +0330] "GET /51957178.phtml HTTP/2" 200 4633 "-" "meta-externalagent/1.1 (+https://developers.facebook.com/docs/sharing/webmasters/crawler)"
45.155.43.214 - - [01/Nov/2025:19:25:35 +0330] "GET /pdf/ HTTP/1.1" 200 1837 "-" "python-requests/2.32.3"
105.159.228.71 - - [01/Nov/2025:19:25:38 +0330] "GET /wp-includes/sodium_compat/ HTTP/1.1" 200 1837 "www.google.com" "Mozlila/5.0 (Linux; Android 7.0; SM-G892A Bulid/NRD90M; wv) AppleWebKit/537.36 (KHTML, like Gecko) Version/4.0 Chrome/60.0.3112.107 Moblie Safari/537.36"
105.159.228.71 - - [01/Nov/2025:19:25:39 +0330] "GET /wp-includes/style-engine/ HTTP/1.1" 200 1837 "www.google.com" "Mozlila/5.0 (Linux; Android 7.0; SM-G892A Bulid/NRD90M; wv) AppleWebKit/537.36 (KHTML, like Gecko) Version/4.0 Chrome/60.0.3112.107 Moblie Safari/537.36"
105.159.228.71 - - [01/Nov/2025:19:25:40 +0330] "GET /wp-includes/Text/ HTTP/1.1" 200 1837 "www.google.com" "Mozlila/5.0 (Linux; Android 7.0; SM-G892A Bulid/NRD90M; wv) AppleWebKit/537.36 (KHTML, like Gecko) Version/4.0 Chrome/60.0.3112.107 Moblie Safari/537.36"
105.159.228.71 - - [01/Nov/2025:19:25:42 +0330] "GET /wp-includes/widgets/ HTTP/1.1" 200 1837 "www.google.com" "Mozlila/5.0 (Linux; Android 7.0; SM-G892A Bulid/NRD90M; wv) AppleWebKit/537.36 (KHTML, like Gecko) Version/4.0 Chrome/60.0.3112.107 Moblie Safari/537.36"
57.141.0.29 - - [01/Nov/2025:19:25:45 +0330] "GET /101865226.phtml HTTP/2" 200 4633 "-" "meta-externalagent/1.1 (+https://developers.facebook.com/docs/sharing/webmasters/crawler)"
105.159.228.71 - - [01/Nov/2025:19:25:46 +0330] "GET /wp-admin/css/colors/ectoplasm/ HTTP/1.1" 200 1837 "www.google.com" "Mozlila/5.0 (Linux; Android 7.0; SM-G892A Bulid/NRD90M; wv) AppleWebKit/537.36 (KHTML, like Gecko) Version/4.0 Chrome/60.0.3112.107 Moblie Safari/537.36"
105.159.228.71 - - [01/Nov/2025:19:25:52 +0330] "GET /admin/fckeditor/editor/filemanager/ HTTP/1.1" 200 1837 "www.google.com" "Mozlila/5.0 (Linux; Android 7.0; SM-G892A Bulid/NRD90M; wv) AppleWebKit/537.36 (KHTML, like Gecko) Version/4.0 Chrome/60.0.3112.107 Moblie Safari/537.36"
105.159.228.71 - - [01/Nov/2025:19:24:56 +0330] "GET /wp-includes/php-compat/ HTTP/1.1" 200 1837 "www.google.com" "Mozlila/5.0 (Linux; Android 7.0; SM-G892A Bulid/NRD90M; wv) AppleWebKit/537.36 (KHTML, like Gecko) Version/4.0 Chrome/60.0.3112.107 Moblie Safari/537.36"
105.159.228.71 - - [01/Nov/2025:19:25:02 +0330] "GET /wp-includes/PHPMailer/ HTTP/1.1" 200 1837 "www.google.com" "Mozlila/5.0 (Linux; Android 7.0; SM-G892A Bulid/NRD90M; wv) AppleWebKit/537.36 (KHTML, like Gecko) Version/4.0 Chrome/60.0.3112.107 Moblie Safari/537.36"
105.159.228.71 - - [01/Nov/2025:19:25:12 +0330] "GET /wp-includes/random_compat/ HTTP/1.1" 200 1837 "www.google.com" "Mozlila/5.0 (Linux; Android 7.0; SM-G892A Bulid/NRD90M; wv) AppleWebKit/537.36 (KHTML, like Gecko) Version/4.0 Chrome/60.0.3112.107 Moblie Safari/537.36"
105.159.228.71 - - [01/Nov/2025:19:25:13 +0330] "GET /wp-includes/Requests/ HTTP/1.1" 200 1837 "www.google.com" "Mozlila/5.0 (Linux; Android 7.0; SM-G892A Bulid/NRD90M; wv) AppleWebKit/537.36 (KHTML, like Gecko) Version/4.0 Chrome/60.0.3112.107 Moblie Safari/537.36"
105.159.228.71 - - [01/Nov/2025:19:25:14 +0330] "GET /wp-includes/rest-api/ HTTP/1.1" 200 1837 "www.google.com" "Mozlila/5.0 (Linux; Android 7.0; SM-G892A Bulid/NRD90M; wv) AppleWebKit/537.36 (KHTML, like Gecko) Version/4.0 Chrome/60.0.3112.107 Moblie Safari/537.36"
57.141.0.57 - - [01/Nov/2025:19:25:17 +0330] "GET /13312186.phtml HTTP/2" 200 4633 "-" "meta-externalagent/1.1 (+https://developers.facebook.com/docs/sharing/webmasters/crawler)"
