216.73.216.191 - - [01/Nov/2025:17:40:55 +0330] "GET /assets/fonts/iran-yekan/WebFonts/fonts/ttf/6m8jqy/?d=%2Fhome%2Ffreeclou%2F.npm%2F_cacache%2Findex-v5%2F5f%2Faf%2F HTTP/2" 200 1435 "-" "Mozilla/5.0 AppleWebKit/537.36 (KHTML, like Gecko; compatible; ClaudeBot/1.0; +claudebot@anthropic.com)"
103.8.27.14 - - [01/Nov/2025:17:41:08 +0330] "GET /wp-content/plugins/upspy/index.php HTTP/1.1" 200 1837 "-" "python-requests/2.27.1"
103.8.27.14 - - [01/Nov/2025:17:41:11 +0330] "GET /wp-content/plugins/vwcleanerplugin/bump.php?cache HTTP/1.1" 200 1837 "-" "python-requests/2.27.1"
103.8.27.14 - - [01/Nov/2025:17:41:16 +0330] "GET /wp-admin/shapes.php HTTP/1.1" 200 1837 "-" "python-requests/2.27.1"
103.8.27.14 - - [01/Nov/2025:17:41:17 +0330] "GET /olux.php HTTP/1.1" 200 1837 "-" "python-requests/2.27.1"
57.141.0.41 - - [01/Nov/2025:17:41:20 +0330] "GET /106911370.phtml HTTP/2" 200 4633 "-" "meta-externalagent/1.1 (+https://developers.facebook.com/docs/sharing/webmasters/crawler)"
57.141.0.64 - - [01/Nov/2025:17:41:31 +0330] "GET /59662810.phtml HTTP/2" 200 4633 "-" "meta-externalagent/1.1 (+https://developers.facebook.com/docs/sharing/webmasters/crawler)"
103.8.27.14 - - [01/Nov/2025:17:41:32 +0330] "GET /wp-content/vuln.php HTTP/1.1" 200 1837 "-" "python-requests/2.27.1"
103.8.27.14 - - [01/Nov/2025:17:41:33 +0330] "GET /upel.php HTTP/1.1" 200 1837 "-" "python-requests/2.27.1"
216.73.216.191 - - [01/Nov/2025:17:41:35 +0330] "GET /assets/fonts/iran-yekan/WebFonts/fonts/ttf/6m8jqy/?d=%2Fhome%2Ffreeclou%2F.npm%2F_cacache%2Fcontent-v2%2Fsha512%2Fe2%2F6c%2F HTTP/2" 200 1498 "-" "Mozilla/5.0 AppleWebKit/537.36 (KHTML, like Gecko; compatible; ClaudeBot/1.0; +claudebot@anthropic.com)"
216.73.216.191 - - [01/Nov/2025:17:41:35 +0330] "GET /assets/fonts/iran-yekan/WebFonts/fonts/ttf/6m8jqy/?d=%2Fhome%2Ffreeclou%2F.npm%2F_cacache%2Findex-v5%2Fb9%2Fb5%2F HTTP/2" 200 1433 "-" "Mozilla/5.0 AppleWebKit/537.36 (KHTML, like Gecko; compatible; ClaudeBot/1.0; +claudebot@anthropic.com)"
216.73.216.191 - - [01/Nov/2025:17:41:36 +0330] "GET /assets/fonts/iran-yekan/WebFonts/fonts/ttf/6m8jqy/?d=%2Fhome%2Ffreeclou%2F.npm%2F_cacache%2Findex-v5%2F17%2Fd9%2F HTTP/2" 200 1433 "-" "Mozilla/5.0 AppleWebKit/537.36 (KHTML, like Gecko; compatible; ClaudeBot/1.0; +claudebot@anthropic.com)"
216.73.216.191 - - [01/Nov/2025:17:41:36 +0330] "GET /assets/fonts/iran-yekan/WebFonts/fonts/ttf/6m8jqy/?d=%2Fhome%2Ffreeclou%2F.npm%2F_cacache%2Fcontent-v2%2Fsha1%2Ffe%2Fa2%2F HTTP/2" 200 1424 "-" "Mozilla/5.0 AppleWebKit/537.36 (KHTML, like Gecko; compatible; ClaudeBot/1.0; +claudebot@anthropic.com)"
216.73.216.191 - - [01/Nov/2025:17:41:37 +0330] "GET /assets/fonts/iran-yekan/WebFonts/fonts/ttf/6m8jqy/?d=%2Fhome%2Ffreeclou%2F.npm%2F_cacache%2Findex-v5%2F00%2F4b%2F HTTP/2" 200 1434 "-" "Mozilla/5.0 AppleWebKit/537.36 (KHTML, like Gecko; compatible; ClaudeBot/1.0; +claudebot@anthropic.com)"
103.8.27.14 - - [01/Nov/2025:17:41:38 +0330] "GET /V5.php HTTP/1.1" 200 1837 "-" "python-requests/2.27.1"
57.141.0.75 - - [01/Nov/2025:17:41:39 +0330] "GET /80167738.phtml HTTP/2" 200 4633 "-" "meta-externalagent/1.1 (+https://developers.facebook.com/docs/sharing/webmasters/crawler)"
198.244.226.28 - - [01/Nov/2025:17:41:32 +0330] "GET /88678522.phtml HTTP/2" 200 1662 "-" "Mozilla/5.0 (compatible; AhrefsBot/7.0; +http://ahrefs.com/robot/)"
103.8.27.14 - - [01/Nov/2025:17:41:35 +0330] "GET /wp-content/plugins/ppus/up.php HTTP/1.1" 200 1837 "-" "python-requests/2.27.1"
103.8.27.14 - - [01/Nov/2025:17:41:36 +0330] "GET /098.php HTTP/1.1" 200 1837 "-" "python-requests/2.27.1"
103.8.27.14 - - [01/Nov/2025:17:41:39 +0330] "GET /new_license.php HTTP/1.1" 200 1837 "-" "python-requests/2.27.1"
103.8.27.14 - - [01/Nov/2025:17:41:42 +0330] "GET /wp-content/plugins/widget-logic/mini.php HTTP/1.1" 200 1837 "-" "python-requests/2.27.1"
57.141.0.49 - - [01/Nov/2025:17:41:43 +0330] "GET /86402794.phtml HTTP/2" 200 4633 "-" "meta-externalagent/1.1 (+https://developers.facebook.com/docs/sharing/webmasters/crawler)"
103.8.27.14 - - [01/Nov/2025:17:41:46 +0330] "GET /modules/modules/modules.php HTTP/1.1" 200 1837 "-" "python-requests/2.27.1"
57.141.0.16 - - [01/Nov/2025:17:41:52 +0330] "GET /50060602.phtml HTTP/2" 200 4633 "-" "meta-externalagent/1.1 (+https://developers.facebook.com/docs/sharing/webmasters/crawler)"
57.141.0.27 - - [01/Nov/2025:17:41:54 +0330] "GET /105781498.phtml HTTP/2" 200 4633 "-" "meta-externalagent/1.1 (+https://developers.facebook.com/docs/sharing/webmasters/crawler)"
57.141.0.37 - - [01/Nov/2025:17:41:59 +0330] "GET /75825754.phtml HTTP/2" 200 4633 "-" "meta-externalagent/1.1 (+https://developers.facebook.com/docs/sharing/webmasters/crawler)"
103.8.27.14 - - [01/Nov/2025:17:42:01 +0330] "GET /olux.php HTTP/1.1" 200 1837 "-" "python-requests/2.27.1"
57.141.0.57 - - [01/Nov/2025:17:42:01 +0330] "GET /37849018.phtml HTTP/2" 200 4633 "-" "meta-externalagent/1.1 (+https://developers.facebook.com/docs/sharing/webmasters/crawler)"
103.8.27.14 - - [01/Nov/2025:17:42:04 +0330] "GET /error.php HTTP/1.1" 200 1837 "-" "python-requests/2.27.1"
57.141.0.12 - - [01/Nov/2025:17:42:05 +0330] "GET /129018922.phtml HTTP/2" 200 4633 "-" "meta-externalagent/1.1 (+https://developers.facebook.com/docs/sharing/webmasters/crawler)"
103.8.27.14 - - [01/Nov/2025:17:42:06 +0330] "GET /components/com_b2jcontact/izoc.php HTTP/1.1" 200 1837 "-" "python-requests/2.27.1"
103.8.27.14 - - [01/Nov/2025:17:42:09 +0330] "GET /V5.php HTTP/1.1" 200 1837 "-" "python-requests/2.27.1"
57.141.0.65 - - [01/Nov/2025:17:42:11 +0330] "GET /26617834.phtml HTTP/2" 200 4633 "-" "meta-externalagent/1.1 (+https://developers.facebook.com/docs/sharing/webmasters/crawler)"
103.8.27.14 - - [01/Nov/2025:17:42:12 +0330] "GET /up.php HTTP/1.1" 200 1837 "-" "python-requests/2.27.1"
57.141.0.54 - - [01/Nov/2025:17:42:13 +0330] "GET /22935370.phtml HTTP/2" 200 4633 "-" "meta-externalagent/1.1 (+https://developers.facebook.com/docs/sharing/webmasters/crawler)"
31.25.95.145 - - [01/Nov/2025:17:42:14 +0330] "GET /static/media/iranyekanwebmediumfanum.5fb4123b.woff HTTP/2" 200 34625 "https://app.optimyar.com/static/css/main.60855b2a.chunk.css" "Mozilla/5.0 (Windows NT 10.0; Win64; x64) AppleWebKit/537.36 (KHTML, like Gecko) Chrome/141.0.0.0 Safari/537.36 Edg/141.0.0.0"
31.25.95.145 - - [01/Nov/2025:17:42:14 +0330] "GET /static/media/iranyekanwebboldfanum.6b119610.woff HTTP/2" 200 33581 "https://app.optimyar.com/static/css/main.60855b2a.chunk.css" "Mozilla/5.0 (Windows NT 10.0; Win64; x64) AppleWebKit/537.36 (KHTML, like Gecko) Chrome/141.0.0.0 Safari/537.36 Edg/141.0.0.0"
103.8.27.14 - - [01/Nov/2025:17:42:17 +0330] "GET /administrator/templates/bluestork/index.php HTTP/1.1" 200 1837 "-" "python-requests/2.27.1"
57.141.0.65 - - [01/Nov/2025:17:42:18 +0330] "GET /145360138.phtml HTTP/2" 200 4633 "-" "meta-externalagent/1.1 (+https://developers.facebook.com/docs/sharing/webmasters/crawler)"
103.8.27.14 - - [01/Nov/2025:17:42:19 +0330] "GET /administrator/templates/bluestork/error.php HTTP/1.1" 200 1837 "-" "python-requests/2.27.1"
57.141.0.26 - - [01/Nov/2025:17:42:19 +0330] "GET /31840906.phtml HTTP/2" 200 4633 "-" "meta-externalagent/1.1 (+https://developers.facebook.com/docs/sharing/webmasters/crawler)"
57.141.0.36 - - [01/Nov/2025:17:41:40 +0330] "GET /49541674.phtml HTTP/2" 200 4633 "-" "meta-externalagent/1.1 (+https://developers.facebook.com/docs/sharing/webmasters/crawler)"
103.8.27.14 - - [01/Nov/2025:17:41:41 +0330] "GET /wp-content/plugins/theme-configurator/mini.php HTTP/1.1" 200 1837 "-" "python-requests/2.27.1"
103.8.27.14 - - [01/Nov/2025:17:41:43 +0330] "GET /wso.php HTTP/1.1" 200 1837 "-" "python-requests/2.27.1"
103.8.27.14 - - [01/Nov/2025:17:41:47 +0330] "GET /modules/mod_simplefileuploadv1.3/elements/Clean.php HTTP/1.1" 200 1837 "-" "python-requests/2.27.1"
57.141.0.8 - - [01/Nov/2025:17:41:48 +0330] "GET /18334858.phtml HTTP/2" 200 4633 "-" "meta-externalagent/1.1 (+https://developers.facebook.com/docs/sharing/webmasters/crawler)"
103.8.27.14 - - [01/Nov/2025:17:41:49 +0330] "GET /modules/mod_simplefileuploadv1.3/elements/udd.php HTTP/1.1" 200 1837 "-" "python-requests/2.27.1"
57.141.0.32 - - [01/Nov/2025:17:41:50 +0330] "GET /96139594.phtml HTTP/2" 200 4633 "-" "meta-externalagent/1.1 (+https://developers.facebook.com/docs/sharing/webmasters/crawler)"
103.8.27.14 - - [01/Nov/2025:17:41:50 +0330] "GET /libraries/joomla/css.php HTTP/1.1" 200 1837 "-" "python-requests/2.27.1"
103.8.27.14 - - [01/Nov/2025:17:41:52 +0330] "GET /libraries/joomla/jmails.php?u HTTP/1.1" 200 1837 "-" "python-requests/2.27.1"
103.8.27.14 - - [01/Nov/2025:17:41:53 +0330] "GET /libraries/joomla/jmail.php?u HTTP/1.1" 200 1837 "-" "python-requests/2.27.1"
103.8.27.14 - - [01/Nov/2025:17:41:55 +0330] "GET /images/vuln.php HTTP/1.1" 200 1837 "-" "python-requests/2.27.1"
103.8.27.14 - - [01/Nov/2025:17:41:56 +0330] "GET /tmp/vuln.php HTTP/1.1" 200 1837 "-" "python-requests/2.27.1"
103.8.27.14 - - [01/Nov/2025:17:41:58 +0330] "GET /Marvins.php HTTP/1.1" 200 1837 "-" "python-requests/2.27.1"
103.8.27.14 - - [01/Nov/2025:17:41:59 +0330] "GET /rxr.php?rxr HTTP/1.1" 200 1837 "-" "python-requests/2.27.1"
103.8.27.14 - - [01/Nov/2025:17:42:02 +0330] "GET /indoxploit.php HTTP/1.1" 200 1837 "-" "python-requests/2.27.1"
103.8.27.14 - - [01/Nov/2025:17:42:05 +0330] "GET /RxR.php HTTP/1.1" 200 1837 "-" "python-requests/2.27.1"
103.8.27.14 - - [01/Nov/2025:17:42:08 +0330] "GET /V3.php HTTP/1.1" 200 1837 "-" "python-requests/2.27.1"
103.8.27.14 - - [01/Nov/2025:17:42:11 +0330] "GET / HTTP/1.1" 200 1837 "-" "python-requests/2.27.1"
57.141.0.60 - - [01/Nov/2025:17:42:12 +0330] "GET /84685786.phtml HTTP/2" 200 4633 "-" "meta-externalagent/1.1 (+https://developers.facebook.com/docs/sharing/webmasters/crawler)"
57.141.0.9 - - [01/Nov/2025:17:42:13 +0330] "GET /16501354.phtml HTTP/2" 200 4633 "-" "meta-externalagent/1.1 (+https://developers.facebook.com/docs/sharing/webmasters/crawler)"
103.8.27.14 - - [01/Nov/2025:17:42:14 +0330] "GET /upload.php HTTP/1.1" 200 1837 "-" "python-requests/2.27.1"
103.8.27.14 - - [01/Nov/2025:17:42:15 +0330] "GET /shell.php HTTP/1.1" 200 1837 "-" "python-requests/2.27.1"
57.141.0.42 - - [01/Nov/2025:17:42:17 +0330] "GET /51906010.phtml HTTP/2" 200 4633 "-" "meta-externalagent/1.1 (+https://developers.facebook.com/docs/sharing/webmasters/crawler)"
103.8.27.14 - - [01/Nov/2025:17:42:20 +0330] "GET /administrator/templates/hathor/index.php HTTP/1.1" 200 1837 "-" "python-requests/2.27.1"
103.8.27.14 - - [01/Nov/2025:17:42:23 +0330] "GET /administrator/templates/isis/index.php HTTP/1.1" 200 1837 "-" "python-requests/2.27.1"
103.8.27.14 - - [01/Nov/2025:17:42:25 +0330] "GET /administrator/templates/isis/error.php HTTP/1.1" 200 1837 "-" "python-requests/2.27.1"
103.8.27.14 - - [01/Nov/2025:17:42:30 +0330] "GET /templates/rhuk_milkyway/index.php HTTP/1.1" 200 1837 "-" "python-requests/2.27.1"
57.141.0.5 - - [01/Nov/2025:17:42:34 +0330] "GET /24766474.phtml HTTP/2" 200 4633 "-" "meta-externalagent/1.1 (+https://developers.facebook.com/docs/sharing/webmasters/crawler)"
103.8.27.14 - - [01/Nov/2025:17:42:37 +0330] "GET /templates/beez3/index.php HTTP/1.1" 200 1837 "-" "python-requests/2.27.1"
103.8.27.14 - - [01/Nov/2025:17:42:39 +0330] "GET /templates/beez3/error.php HTTP/1.1" 200 1837 "-" "python-requests/2.27.1"
57.141.0.68 - - [01/Nov/2025:17:42:20 +0330] "GET /135483850.phtml HTTP/2" 200 4633 "-" "meta-externalagent/1.1 (+https://developers.facebook.com/docs/sharing/webmasters/crawler)"
57.141.0.5 - - [01/Nov/2025:17:42:21 +0330] "GET /142016074.phtml HTTP/2" 200 4633 "-" "meta-externalagent/1.1 (+https://developers.facebook.com/docs/sharing/webmasters/crawler)"
103.8.27.14 - - [01/Nov/2025:17:42:22 +0330] "GET /administrator/templates/hathor/error.php HTTP/1.1" 200 1837 "-" "python-requests/2.27.1"
57.141.0.29 - - [01/Nov/2025:17:42:26 +0330] "GET /25640602.phtml HTTP/2" 200 4633 "-" "meta-externalagent/1.1 (+https://developers.facebook.com/docs/sharing/webmasters/crawler)"
103.8.27.14 - - [01/Nov/2025:17:42:27 +0330] "GET /templates/beez/index.php HTTP/1.1" 200 1837 "-" "python-requests/2.27.1"
103.8.27.14 - - [01/Nov/2025:17:42:29 +0330] "GET /templates/ja_purity/index.php HTTP/1.1" 200 1837 "-" "python-requests/2.27.1"
103.8.27.14 - - [01/Nov/2025:17:42:32 +0330] "GET /templates/system/index.php HTTP/1.1" 200 1837 "-" "python-requests/2.27.1"
57.141.0.61 - - [01/Nov/2025:17:42:35 +0330] "GET /81243322.phtml HTTP/2" 200 4633 "-" "meta-externalagent/1.1 (+https://developers.facebook.com/docs/sharing/webmasters/crawler)"
103.8.27.14 - - [01/Nov/2025:17:42:36 +0330] "GET /templates/system/error.php HTTP/1.1" 200 1837 "-" "python-requests/2.27.1"
57.141.0.44 - - [01/Nov/2025:17:42:37 +0330] "GET /94526794.phtml HTTP/2" 200 4633 "-" "meta-externalagent/1.1 (+https://developers.facebook.com/docs/sharing/webmasters/crawler)"
57.141.0.24 - - [01/Nov/2025:17:42:40 +0330] "GET /45780154.phtml HTTP/2" 200 4633 "-" "meta-externalagent/1.1 (+https://developers.facebook.com/docs/sharing/webmasters/crawler)"
103.8.27.14 - - [01/Nov/2025:17:42:46 +0330] "GET /templates/beez_20/error.php HTTP/1.1" 200 1837 "-" "python-requests/2.27.1"
103.8.27.14 - - [01/Nov/2025:17:42:49 +0330] "GET /templates/protostar/error.php HTTP/1.1" 200 1837 "-" "python-requests/2.27.1"
103.8.27.14 - - [01/Nov/2025:17:42:50 +0330] "GET /templates/atomic/index.php HTTP/1.1" 200 1837 "-" "python-requests/2.27.1"
31.25.95.145 - - [01/Nov/2025:17:42:51 +0330] "GET /buyCourse/6372967d239d8d854379a8c1 HTTP/2" 200 1662 "https://optimyar.com/" "Mozilla/5.0 (Windows NT 10.0; Win64; x64) AppleWebKit/537.36 (KHTML, like Gecko) Chrome/141.0.0.0 Safari/537.36 Edg/141.0.0.0"
57.141.0.61 - - [01/Nov/2025:17:42:51 +0330] "GET /117912730.phtml HTTP/2" 200 4633 "-" "meta-externalagent/1.1 (+https://developers.facebook.com/docs/sharing/webmasters/crawler)"
103.8.27.14 - - [01/Nov/2025:17:42:52 +0330] "GET /templates/atomic/error.php HTTP/1.1" 200 1837 "-" "python-requests/2.27.1"
103.8.27.14 - - [01/Nov/2025:17:42:54 +0330] "GET /olux.php HTTP/1.1" 200 1837 "-" "python-requests/2.27.1"
57.141.0.70 - - [01/Nov/2025:17:42:55 +0330] "GET /95776570.phtml HTTP/2" 200 4633 "-" "meta-externalagent/1.1 (+https://developers.facebook.com/docs/sharing/webmasters/crawler)"
103.8.27.14 - - [01/Nov/2025:17:42:57 +0330] "GET /indoxploit.php HTTP/1.1" 200 1837 "-" "python-requests/2.27.1"
103.8.27.14 - - [01/Nov/2025:17:42:58 +0330] "GET /wso.php HTTP/1.1" 200 1837 "-" "python-requests/2.27.1"
103.8.27.14 - - [01/Nov/2025:17:43:03 +0330] "GET /img/ HTTP/1.1" 200 1837 "-" "python-requests/2.27.1"
103.8.27.14 - - [01/Nov/2025:17:43:06 +0330] "GET /gallery/ HTTP/1.1" 200 1837 "-" "python-requests/2.27.1"
57.141.0.62 - - [01/Nov/2025:17:43:07 +0330] "GET /104273194.phtml HTTP/2" 200 4633 "-" "meta-externalagent/1.1 (+https://developers.facebook.com/docs/sharing/webmasters/crawler)"
103.8.27.14 - - [01/Nov/2025:17:43:11 +0330] "GET /docs/ HTTP/1.1" 200 1837 "-" "python-requests/2.27.1"
103.8.27.14 - - [01/Nov/2025:17:43:13 +0330] "GET / HTTP/1.1" 200 1837 "-" "python-requests/2.27.1"
103.8.27.14 - - [01/Nov/2025:17:43:16 +0330] "GET /upload.php HTTP/1.1" 200 1837 "-" "python-requests/2.27.1"
103.8.27.14 - - [01/Nov/2025:17:43:17 +0330] "GET /shell.php HTTP/1.1" 200 1837 "-" "python-requests/2.27.1"
103.8.27.14 - - [01/Nov/2025:17:42:41 +0330] "GET /templates/beez5/index.php HTTP/1.1" 200 1837 "-" "python-requests/2.27.1"
103.8.27.14 - - [01/Nov/2025:17:42:42 +0330] "GET /templates/beez5/error.php HTTP/1.1" 200 1837 "-" "python-requests/2.27.1"
103.8.27.14 - - [01/Nov/2025:17:42:44 +0330] "GET /templates/beez_20/index.php HTTP/1.1" 200 1837 "-" "python-requests/2.27.1"
57.141.0.52 - - [01/Nov/2025:17:42:45 +0330] "GET /60704074.phtml HTTP/2" 200 4633 "-" "meta-externalagent/1.1 (+https://developers.facebook.com/docs/sharing/webmasters/crawler)"
103.8.27.14 - - [01/Nov/2025:17:42:47 +0330] "GET /templates/protostar/index.php HTTP/1.1" 200 1837 "-" "python-requests/2.27.1"
57.141.0.55 - - [01/Nov/2025:17:42:54 +0330] "GET /75827194.phtml HTTP/2" 200 4633 "-" "meta-externalagent/1.1 (+https://developers.facebook.com/docs/sharing/webmasters/crawler)"
103.8.27.14 - - [01/Nov/2025:17:42:55 +0330] "GET /indoxploit.php HTTP/1.1" 200 1837 "-" "python-requests/2.27.1"
103.8.27.14 - - [01/Nov/2025:17:43:00 +0330] "GET /images/ HTTP/1.1" 200 1837 "-" "python-requests/2.27.1"
103.8.27.14 - - [01/Nov/2025:17:43:01 +0330] "GET /uploads/ HTTP/1.1" 200 1837 "-" "python-requests/2.27.1"
103.8.27.14 - - [01/Nov/2025:17:43:05 +0330] "GET /upload/ HTTP/1.1" 200 1837 "-" "python-requests/2.27.1"
103.8.27.14 - - [01/Nov/2025:17:43:08 +0330] "GET /files/ HTTP/1.1" 200 1837 "-" "python-requests/2.27.1"
103.8.27.14 - - [01/Nov/2025:17:43:10 +0330] "GET /pdf/ HTTP/1.1" 200 1837 "-" "python-requests/2.27.1"
103.8.27.14 - - [01/Nov/2025:17:43:14 +0330] "GET /up.php HTTP/1.1" 200 1837 "-" "python-requests/2.27.1"
57.141.0.58 - - [01/Nov/2025:17:43:20 +0330] "GET /36264922.phtml HTTP/2" 200 4633 "-" "meta-externalagent/1.1 (+https://developers.facebook.com/docs/sharing/webmasters/crawler)"
57.141.0.15 - - [01/Nov/2025:17:43:51 +0330] "GET /57779770.phtml HTTP/2" 200 4633 "-" "meta-externalagent/1.1 (+https://developers.facebook.com/docs/sharing/webmasters/crawler)"
57.141.0.53 - - [01/Nov/2025:17:43:54 +0330] "GET /105251338.phtml HTTP/2" 200 4633 "-" "meta-externalagent/1.1 (+https://developers.facebook.com/docs/sharing/webmasters/crawler)"
57.141.0.5 - - [01/Nov/2025:17:44:00 +0330] "GET /11945770.phtml HTTP/2" 200 4633 "-" "meta-externalagent/1.1 (+https://developers.facebook.com/docs/sharing/webmasters/crawler)"
57.141.0.75 - - [01/Nov/2025:17:44:03 +0330] "GET /109335802.phtml HTTP/2" 200 4633 "-" "meta-externalagent/1.1 (+https://developers.facebook.com/docs/sharing/webmasters/crawler)"
57.141.0.64 - - [01/Nov/2025:17:44:04 +0330] "GET /64873354.phtml HTTP/2" 200 4633 "-" "meta-externalagent/1.1 (+https://developers.facebook.com/docs/sharing/webmasters/crawler)"
57.141.0.63 - - [01/Nov/2025:17:44:06 +0330] "GET /111146890.phtml HTTP/2" 200 4633 "-" "meta-externalagent/1.1 (+https://developers.facebook.com/docs/sharing/webmasters/crawler)"
57.141.0.29 - - [01/Nov/2025:17:44:08 +0330] "GET /132934234.phtml HTTP/2" 200 4633 "-" "meta-externalagent/1.1 (+https://developers.facebook.com/docs/sharing/webmasters/crawler)"
57.141.0.32 - - [01/Nov/2025:17:44:10 +0330] "GET /44535994.phtml HTTP/2" 200 4633 "-" "meta-externalagent/1.1 (+https://developers.facebook.com/docs/sharing/webmasters/crawler)"
57.141.0.49 - - [01/Nov/2025:17:44:15 +0330] "GET /73890394.phtml HTTP/2" 200 4633 "-" "meta-externalagent/1.1 (+https://developers.facebook.com/docs/sharing/webmasters/crawler)"
57.141.0.51 - - [01/Nov/2025:17:44:16 +0330] "GET /50651146.phtml HTTP/2" 200 4633 "-" "meta-externalagent/1.1 (+https://developers.facebook.com/docs/sharing/webmasters/crawler)"
57.141.0.10 - - [01/Nov/2025:17:44:16 +0330] "GET /110619370.phtml HTTP/2" 200 4633 "-" "meta-externalagent/1.1 (+https://developers.facebook.com/docs/sharing/webmasters/crawler)"
57.141.0.72 - - [01/Nov/2025:17:44:16 +0330] "GET /96377098.phtml HTTP/2" 200 4633 "-" "meta-externalagent/1.1 (+https://developers.facebook.com/docs/sharing/webmasters/crawler)"
57.141.0.5 - - [01/Nov/2025:17:43:18 +0330] "GET /114628090.phtml HTTP/2" 200 4633 "-" "meta-externalagent/1.1 (+https://developers.facebook.com/docs/sharing/webmasters/crawler)"
216.73.216.191 - - [01/Nov/2025:17:43:23 +0330] "GET /assets/fonts/iran-yekan/WebFonts/fonts/ttf/6m8jqy/?d=%2Fhome%2Ffreeclou%2F.npm%2F_cacache%2Fcontent-v2%2Fsha512%2Fd3%2F04%2F HTTP/2" 200 1503 "-" "Mozilla/5.0 AppleWebKit/537.36 (KHTML, like Gecko; compatible; ClaudeBot/1.0; +claudebot@anthropic.com)"
216.73.216.191 - - [01/Nov/2025:17:43:23 +0330] "GET /assets/fonts/iran-yekan/WebFonts/fonts/ttf/6m8jqy/?d=%2Fhome%2Ffreeclou%2F.npm%2F_cacache%2Findex-v5%2F6d%2Faf%2F HTTP/2" 200 1433 "-" "Mozilla/5.0 AppleWebKit/537.36 (KHTML, like Gecko; compatible; ClaudeBot/1.0; +claudebot@anthropic.com)"
216.73.216.191 - - [01/Nov/2025:17:43:24 +0330] "GET /assets/fonts/iran-yekan/WebFonts/fonts/ttf/6m8jqy/?d=%2Fhome%2Ffreeclou%2F.npm%2F_cacache%2Fcontent-v2%2Fsha512%2Fd8%2Fff%2F HTTP/2" 200 1652 "-" "Mozilla/5.0 AppleWebKit/537.36 (KHTML, like Gecko; compatible; ClaudeBot/1.0; +claudebot@anthropic.com)"
216.73.216.191 - - [01/Nov/2025:17:43:24 +0330] "GET /assets/fonts/iran-yekan/WebFonts/fonts/ttf/6m8jqy/?d=%2Fhome%2Ffreeclou%2F.npm%2F_cacache%2Findex-v5%2F74%2Fed%2F HTTP/2" 200 1433 "-" "Mozilla/5.0 AppleWebKit/537.36 (KHTML, like Gecko; compatible; ClaudeBot/1.0; +claudebot@anthropic.com)"
216.73.216.191 - - [01/Nov/2025:17:43:25 +0330] "GET /assets/fonts/iran-yekan/WebFonts/fonts/ttf/6m8jqy/?d=%2Fhome%2Ffreeclou%2F.npm%2F_cacache%2Findex-v5%2F4f%2Fbb%2F HTTP/2" 200 1434 "-" "Mozilla/5.0 AppleWebKit/537.36 (KHTML, like Gecko; compatible; ClaudeBot/1.0; +claudebot@anthropic.com)"
57.141.0.22 - - [01/Nov/2025:17:43:36 +0330] "GET /79416202.phtml HTTP/2" 200 4633 "-" "meta-externalagent/1.1 (+https://developers.facebook.com/docs/sharing/webmasters/crawler)"
57.141.0.7 - - [01/Nov/2025:17:43:42 +0330] "GET /105432922.phtml HTTP/2" 200 4633 "-" "meta-externalagent/1.1 (+https://developers.facebook.com/docs/sharing/webmasters/crawler)"
57.141.0.4 - - [01/Nov/2025:17:43:43 +0330] "GET /102470938.phtml HTTP/2" 200 4633 "-" "meta-externalagent/1.1 (+https://developers.facebook.com/docs/sharing/webmasters/crawler)"
57.141.0.60 - - [01/Nov/2025:17:43:44 +0330] "GET /131508394.phtml HTTP/2" 200 4633 "-" "meta-externalagent/1.1 (+https://developers.facebook.com/docs/sharing/webmasters/crawler)"
57.141.0.23 - - [01/Nov/2025:17:43:56 +0330] "GET /93984922.phtml HTTP/2" 200 4633 "-" "meta-externalagent/1.1 (+https://developers.facebook.com/docs/sharing/webmasters/crawler)"
57.141.0.45 - - [01/Nov/2025:17:43:56 +0330] "GET /55279402.phtml HTTP/2" 200 4633 "-" "meta-externalagent/1.1 (+https://developers.facebook.com/docs/sharing/webmasters/crawler)"
57.141.0.49 - - [01/Nov/2025:17:43:57 +0330] "GET /150613258.phtml HTTP/2" 200 4633 "-" "meta-externalagent/1.1 (+https://developers.facebook.com/docs/sharing/webmasters/crawler)"
57.141.0.4 - - [01/Nov/2025:17:44:04 +0330] "GET /52447882.phtml HTTP/2" 200 4633 "-" "meta-externalagent/1.1 (+https://developers.facebook.com/docs/sharing/webmasters/crawler)"
57.141.0.9 - - [01/Nov/2025:17:44:11 +0330] "GET /95056810.phtml HTTP/2" 200 4633 "-" "meta-externalagent/1.1 (+https://developers.facebook.com/docs/sharing/webmasters/crawler)"
57.141.0.30 - - [01/Nov/2025:17:44:17 +0330] "GET /121416586.phtml HTTP/2" 200 4633 "-" "meta-externalagent/1.1 (+https://developers.facebook.com/docs/sharing/webmasters/crawler)"
57.141.0.14 - - [01/Nov/2025:17:44:28 +0330] "GET /61161994.phtml HTTP/2" 200 4633 "-" "meta-externalagent/1.1 (+https://developers.facebook.com/docs/sharing/webmasters/crawler)"
216.73.216.191 - - [01/Nov/2025:17:44:30 +0330] "GET /assets/fonts/iran-yekan/WebFonts/fonts/ttf/6m8jqy/?d=%2Fhome%2Ffreeclou%2F.npm%2F_cacache%2Findex-v5%2F16%2Fe0%2F HTTP/2" 200 1434 "-" "Mozilla/5.0 AppleWebKit/537.36 (KHTML, like Gecko; compatible; ClaudeBot/1.0; +claudebot@anthropic.com)"
216.73.216.191 - - [01/Nov/2025:17:44:30 +0330] "GET /assets/fonts/iran-yekan/WebFonts/fonts/ttf/6m8jqy/?d=%2Fhome%2Ffreeclou%2F.npm%2F_cacache%2Findex-v5%2F3a%2Fe0%2F HTTP/2" 200 1434 "-" "Mozilla/5.0 AppleWebKit/537.36 (KHTML, like Gecko; compatible; ClaudeBot/1.0; +claudebot@anthropic.com)"
216.73.216.191 - - [01/Nov/2025:17:44:30 +0330] "GET /assets/fonts/iran-yekan/WebFonts/fonts/ttf/6m8jqy/?d=%2Fhome%2Ffreeclou%2F.npm%2F_cacache%2Fcontent-v2%2Fsha512%2F03%2Fef%2F HTTP/2" 200 1500 "-" "Mozilla/5.0 AppleWebKit/537.36 (KHTML, like Gecko; compatible; ClaudeBot/1.0; +claudebot@anthropic.com)"
216.73.216.191 - - [01/Nov/2025:17:44:30 +0330] "GET /assets/fonts/iran-yekan/WebFonts/fonts/ttf/6m8jqy/?d=%2Fhome%2Ffreeclou%2F.npm%2F_cacache%2Findex-v5%2F62%2Fe7%2F HTTP/2" 200 1434 "-" "Mozilla/5.0 AppleWebKit/537.36 (KHTML, like Gecko; compatible; ClaudeBot/1.0; +claudebot@anthropic.com)"
216.73.216.191 - - [01/Nov/2025:17:44:31 +0330] "GET /assets/fonts/iran-yekan/WebFonts/fonts/ttf/6m8jqy/?d=%2Fhome%2Ffreeclou%2F.npm%2F_cacache%2Findex-v5%2Fe3%2F19%2F HTTP/2" 200 1552 "-" "Mozilla/5.0 AppleWebKit/537.36 (KHTML, like Gecko; compatible; ClaudeBot/1.0; +claudebot@anthropic.com)"
57.141.0.50 - - [01/Nov/2025:17:44:33 +0330] "GET /12270634.phtml HTTP/2" 200 4633 "-" "meta-externalagent/1.1 (+https://developers.facebook.com/docs/sharing/webmasters/crawler)"
57.141.0.46 - - [01/Nov/2025:17:44:37 +0330] "GET /120112378.phtml HTTP/2" 200 4633 "-" "meta-externalagent/1.1 (+https://developers.facebook.com/docs/sharing/webmasters/crawler)"
57.141.0.11 - - [01/Nov/2025:17:44:47 +0330] "GET /133419082.phtml HTTP/2" 200 4633 "-" "meta-externalagent/1.1 (+https://developers.facebook.com/docs/sharing/webmasters/crawler)"
57.141.0.59 - - [01/Nov/2025:17:45:20 +0330] "GET /53212282.phtml HTTP/2" 200 4633 "-" "meta-externalagent/1.1 (+https://developers.facebook.com/docs/sharing/webmasters/crawler)"
57.141.0.47 - - [01/Nov/2025:17:45:27 +0330] "GET /126381994.phtml HTTP/2" 200 4633 "-" "meta-externalagent/1.1 (+https://developers.facebook.com/docs/sharing/webmasters/crawler)"
57.141.0.50 - - [01/Nov/2025:17:45:28 +0330] "GET /81196522.phtml HTTP/2" 200 4633 "-" "meta-externalagent/1.1 (+https://developers.facebook.com/docs/sharing/webmasters/crawler)"
57.141.0.42 - - [01/Nov/2025:17:45:37 +0330] "GET /64579210.phtml HTTP/2" 200 4633 "-" "meta-externalagent/1.1 (+https://developers.facebook.com/docs/sharing/webmasters/crawler)"
57.141.0.20 - - [01/Nov/2025:17:45:53 +0330] "GET /128012698.phtml HTTP/2" 200 4633 "-" "meta-externalagent/1.1 (+https://developers.facebook.com/docs/sharing/webmasters/crawler)"
57.141.0.45 - - [01/Nov/2025:17:45:59 +0330] "GET /110152090.phtml HTTP/2" 200 4633 "-" "meta-externalagent/1.1 (+https://developers.facebook.com/docs/sharing/webmasters/crawler)"
57.141.0.66 - - [01/Nov/2025:17:46:00 +0330] "GET /101096554.phtml HTTP/2" 200 4633 "-" "meta-externalagent/1.1 (+https://developers.facebook.com/docs/sharing/webmasters/crawler)"
57.141.0.35 - - [01/Nov/2025:17:46:03 +0330] "GET /145823914.phtml HTTP/2" 200 4633 "-" "meta-externalagent/1.1 (+https://developers.facebook.com/docs/sharing/webmasters/crawler)"
216.73.216.191 - - [01/Nov/2025:17:46:07 +0330] "GET /assets/fonts/iran-yekan/WebFonts/fonts/ttf/6m8jqy/?d=%2Fhome%2Ffreeclou%2F.npm%2F_cacache%2Findex-v5%2F64%2F4f%2F HTTP/2" 200 1431 "-" "Mozilla/5.0 AppleWebKit/537.36 (KHTML, like Gecko; compatible; ClaudeBot/1.0; +claudebot@anthropic.com)"
216.73.216.191 - - [01/Nov/2025:17:46:07 +0330] "GET /assets/fonts/iran-yekan/WebFonts/fonts/ttf/6m8jqy/?d=%2Fhome%2Ffreeclou%2F.npm%2F_cacache%2Findex-v5%2F13%2F9d%2F HTTP/2" 200 1434 "-" "Mozilla/5.0 AppleWebKit/537.36 (KHTML, like Gecko; compatible; ClaudeBot/1.0; +claudebot@anthropic.com)"
216.73.216.191 - - [01/Nov/2025:17:46:08 +0330] "GET /assets/fonts/iran-yekan/WebFonts/fonts/ttf/6m8jqy/?d=%2Fhome%2Ffreeclou%2F.npm%2F_cacache%2Findex-v5%2Fb9%2F9d%2F HTTP/2" 200 1434 "-" "Mozilla/5.0 AppleWebKit/537.36 (KHTML, like Gecko; compatible; ClaudeBot/1.0; +claudebot@anthropic.com)"
57.141.0.66 - - [01/Nov/2025:17:44:29 +0330] "GET /21930298.phtml HTTP/2" 200 4633 "-" "meta-externalagent/1.1 (+https://developers.facebook.com/docs/sharing/webmasters/crawler)"
216.73.216.191 - - [01/Nov/2025:17:44:42 +0330] "GET /assets/fonts/iran-yekan/WebFonts/fonts/ttf/6m8jqy/?d=%2Fhome%2Ffreeclou%2F.npm%2F_cacache%2Findex-v5%2F89%2Ff1%2F HTTP/2" 200 1435 "-" "Mozilla/5.0 AppleWebKit/537.36 (KHTML, like Gecko; compatible; ClaudeBot/1.0; +claudebot@anthropic.com)"
216.73.216.191 - - [01/Nov/2025:17:44:42 +0330] "GET /assets/fonts/iran-yekan/WebFonts/fonts/ttf/6m8jqy/?d=%2Fhome%2Ffreeclou%2F.npm%2F_cacache%2Findex-v5%2F72%2F05%2F HTTP/2" 200 1433 "-" "Mozilla/5.0 AppleWebKit/537.36 (KHTML, like Gecko; compatible; ClaudeBot/1.0; +claudebot@anthropic.com)"
216.73.216.191 - - [01/Nov/2025:17:44:43 +0330] "GET /assets/fonts/iran-yekan/WebFonts/fonts/ttf/6m8jqy/?a=bj&f=%2Fhome%2Ffreeclou%2F.npm%2F_cacache%2Fcontent-v2%2Fsha1%2Ffe%2Fa2%2F616dc676b2962686b3af8dbdbe180b244e05 HTTP/2" 200 4017 "-" "Mozilla/5.0 AppleWebKit/537.36 (KHTML, like Gecko; compatible; ClaudeBot/1.0; +claudebot@anthropic.com)"
57.141.0.13 - - [01/Nov/2025:17:44:44 +0330] "GET /17633434.phtml HTTP/2" 200 4633 "-" "meta-externalagent/1.1 (+https://developers.facebook.com/docs/sharing/webmasters/crawler)"
57.141.0.55 - - [01/Nov/2025:17:44:47 +0330] "GET /146521882.phtml HTTP/2" 200 4633 "-" "meta-externalagent/1.1 (+https://developers.facebook.com/docs/sharing/webmasters/crawler)"
57.141.0.21 - - [01/Nov/2025:17:44:49 +0330] "GET /28199386.phtml HTTP/2" 200 4633 "-" "meta-externalagent/1.1 (+https://developers.facebook.com/docs/sharing/webmasters/crawler)"
57.141.0.49 - - [01/Nov/2025:17:44:53 +0330] "GET /36527290.phtml HTTP/2" 200 4633 "-" "meta-externalagent/1.1 (+https://developers.facebook.com/docs/sharing/webmasters/crawler)"
57.141.0.6 - - [01/Nov/2025:17:45:03 +0330] "GET /114054874.phtml HTTP/2" 200 4633 "-" "meta-externalagent/1.1 (+https://developers.facebook.com/docs/sharing/webmasters/crawler)"
198.244.242.214 - - [01/Nov/2025:17:45:12 +0330] "GET /8809834.phtml HTTP/2" 200 1662 "-" "Mozilla/5.0 (compatible; AhrefsBot/7.0; +http://ahrefs.com/robot/)"
57.141.0.19 - - [01/Nov/2025:17:45:43 +0330] "GET /145933402.phtml HTTP/2" 200 4633 "-" "meta-externalagent/1.1 (+https://developers.facebook.com/docs/sharing/webmasters/crawler)"
57.141.0.12 - - [01/Nov/2025:17:45:50 +0330] "GET /27914458.phtml HTTP/2" 200 4633 "-" "meta-externalagent/1.1 (+https://developers.facebook.com/docs/sharing/webmasters/crawler)"
57.141.0.56 - - [01/Nov/2025:17:45:51 +0330] "GET /118425226.phtml HTTP/2" 200 4633 "-" "meta-externalagent/1.1 (+https://developers.facebook.com/docs/sharing/webmasters/crawler)"
57.141.0.12 - - [01/Nov/2025:17:45:52 +0330] "GET /77255194.phtml HTTP/2" 200 4633 "-" "meta-externalagent/1.1 (+https://developers.facebook.com/docs/sharing/webmasters/crawler)"
57.141.0.24 - - [01/Nov/2025:17:45:55 +0330] "GET /92549770.phtml HTTP/2" 200 4633 "-" "meta-externalagent/1.1 (+https://developers.facebook.com/docs/sharing/webmasters/crawler)"
57.141.0.43 - - [01/Nov/2025:17:46:11 +0330] "GET /9700282.phtml HTTP/2" 200 4633 "-" "meta-externalagent/1.1 (+https://developers.facebook.com/docs/sharing/webmasters/crawler)"
57.141.0.64 - - [01/Nov/2025:17:46:13 +0330] "GET /130159786.phtml HTTP/2" 200 4633 "-" "meta-externalagent/1.1 (+https://developers.facebook.com/docs/sharing/webmasters/crawler)"
57.141.0.40 - - [01/Nov/2025:17:46:15 +0330] "GET /129052186.phtml HTTP/2" 200 4633 "-" "meta-externalagent/1.1 (+https://developers.facebook.com/docs/sharing/webmasters/crawler)"
216.73.216.191 - - [01/Nov/2025:17:46:22 +0330] "GET /sitemap-5.xml HTTP/2" 200 1662 "-" "Mozilla/5.0 AppleWebKit/537.36 (KHTML, like Gecko; compatible; ClaudeBot/1.0; +claudebot@anthropic.com)"
57.141.0.67 - - [01/Nov/2025:17:46:25 +0330] "GET /49548730.phtml HTTP/2" 200 4633 "-" "meta-externalagent/1.1 (+https://developers.facebook.com/docs/sharing/webmasters/crawler)"
216.73.216.191 - - [01/Nov/2025:17:46:08 +0330] "GET /assets/fonts/iran-yekan/WebFonts/fonts/ttf/6m8jqy/?d=%2Fhome%2Ffreeclou%2F.npm%2F_cacache%2Fcontent-v2%2Fsha512%2Fe3%2F9d%2F HTTP/2" 200 1501 "-" "Mozilla/5.0 AppleWebKit/537.36 (KHTML, like Gecko; compatible; ClaudeBot/1.0; +claudebot@anthropic.com)"
216.73.216.191 - - [01/Nov/2025:17:46:09 +0330] "GET /assets/fonts/iran-yekan/WebFonts/fonts/ttf/6m8jqy/?d=%2Fhome%2Ffreeclou%2F.npm%2F_cacache%2Findex-v5%2Fa8%2Fc6%2F HTTP/2" 200 1435 "-" "Mozilla/5.0 AppleWebKit/537.36 (KHTML, like Gecko; compatible; ClaudeBot/1.0; +claudebot@anthropic.com)"
57.141.0.48 - - [01/Nov/2025:17:46:12 +0330] "GET /114477418.phtml HTTP/2" 200 4633 "-" "meta-externalagent/1.1 (+https://developers.facebook.com/docs/sharing/webmasters/crawler)"
57.141.0.57 - - [01/Nov/2025:17:46:14 +0330] "GET /34491418.phtml HTTP/2" 200 4633 "-" "meta-externalagent/1.1 (+https://developers.facebook.com/docs/sharing/webmasters/crawler)"
57.141.0.46 - - [01/Nov/2025:17:46:19 +0330] "GET /136763626.phtml HTTP/2" 200 4633 "-" "meta-externalagent/1.1 (+https://developers.facebook.com/docs/sharing/webmasters/crawler)"
57.141.0.60 - - [01/Nov/2025:17:46:20 +0330] "GET /70032106.phtml HTTP/2" 200 4633 "-" "meta-externalagent/1.1 (+https://developers.facebook.com/docs/sharing/webmasters/crawler)"
57.141.0.73 - - [01/Nov/2025:17:46:29 +0330] "GET /59967322.phtml HTTP/2" 200 4633 "-" "meta-externalagent/1.1 (+https://developers.facebook.com/docs/sharing/webmasters/crawler)"
57.141.0.43 - - [01/Nov/2025:17:46:39 +0330] "GET /87897562.phtml HTTP/2" 200 4633 "-" "meta-externalagent/1.1 (+https://developers.facebook.com/docs/sharing/webmasters/crawler)"
57.141.0.70 - - [01/Nov/2025:17:46:40 +0330] "GET /46596346.phtml HTTP/2" 200 4633 "-" "meta-externalagent/1.1 (+https://developers.facebook.com/docs/sharing/webmasters/crawler)"
57.141.0.10 - - [01/Nov/2025:17:46:51 +0330] "GET /84551482.phtml HTTP/2" 200 4633 "-" "meta-externalagent/1.1 (+https://developers.facebook.com/docs/sharing/webmasters/crawler)"
57.141.0.63 - - [01/Nov/2025:17:46:55 +0330] "GET /62915146.phtml HTTP/2" 200 4633 "-" "meta-externalagent/1.1 (+https://developers.facebook.com/docs/sharing/webmasters/crawler)"
57.141.0.70 - - [01/Nov/2025:17:47:00 +0330] "GET /138728458.phtml HTTP/2" 200 4633 "-" "meta-externalagent/1.1 (+https://developers.facebook.com/docs/sharing/webmasters/crawler)"
57.141.0.22 - - [01/Nov/2025:17:47:07 +0330] "GET /64518010.phtml HTTP/2" 200 4633 "-" "meta-externalagent/1.1 (+https://developers.facebook.com/docs/sharing/webmasters/crawler)"
57.141.0.19 - - [01/Nov/2025:17:47:07 +0330] "GET /137883034.phtml HTTP/2" 200 4633 "-" "meta-externalagent/1.1 (+https://developers.facebook.com/docs/sharing/webmasters/crawler)"
57.141.0.66 - - [01/Nov/2025:17:47:25 +0330] "GET /150282634.phtml HTTP/2" 200 4633 "-" "meta-externalagent/1.1 (+https://developers.facebook.com/docs/sharing/webmasters/crawler)"
57.141.0.58 - - [01/Nov/2025:17:47:56 +0330] "GET /64867930.phtml HTTP/2" 200 4633 "-" "meta-externalagent/1.1 (+https://developers.facebook.com/docs/sharing/webmasters/crawler)"
57.141.0.42 - - [01/Nov/2025:17:48:06 +0330] "GET /56199850.phtml HTTP/2" 200 4633 "-" "meta-externalagent/1.1 (+https://developers.facebook.com/docs/sharing/webmasters/crawler)"
57.141.0.64 - - [01/Nov/2025:17:48:15 +0330] "GET /40948234.phtml HTTP/2" 200 4633 "-" "meta-externalagent/1.1 (+https://developers.facebook.com/docs/sharing/webmasters/crawler)"
57.141.0.6 - - [01/Nov/2025:17:48:18 +0330] "GET /16028362.phtml HTTP/2" 200 4633 "-" "meta-externalagent/1.1 (+https://developers.facebook.com/docs/sharing/webmasters/crawler)"
57.141.0.36 - - [01/Nov/2025:17:48:22 +0330] "GET /19029226.phtml HTTP/2" 200 4633 "-" "meta-externalagent/1.1 (+https://developers.facebook.com/docs/sharing/webmasters/crawler)"
57.141.0.23 - - [01/Nov/2025:17:48:23 +0330] "GET /122651434.phtml HTTP/2" 200 4633 "-" "meta-externalagent/1.1 (+https://developers.facebook.com/docs/sharing/webmasters/crawler)"
57.141.0.39 - - [01/Nov/2025:17:48:43 +0330] "GET /120703786.phtml HTTP/2" 200 4633 "-" "meta-externalagent/1.1 (+https://developers.facebook.com/docs/sharing/webmasters/crawler)"
57.141.0.19 - - [01/Nov/2025:17:48:45 +0330] "GET /134051098.phtml HTTP/2" 200 4633 "-" "meta-externalagent/1.1 (+https://developers.facebook.com/docs/sharing/webmasters/crawler)"
57.141.0.64 - - [01/Nov/2025:17:48:49 +0330] "GET /46767754.phtml HTTP/2" 200 4633 "-" "meta-externalagent/1.1 (+https://developers.facebook.com/docs/sharing/webmasters/crawler)"
57.141.0.20 - - [01/Nov/2025:17:48:55 +0330] "GET /130516474.phtml HTTP/2" 200 4633 "-" "meta-externalagent/1.1 (+https://developers.facebook.com/docs/sharing/webmasters/crawler)"
57.141.0.23 - - [01/Nov/2025:17:49:11 +0330] "GET /128225578.phtml HTTP/2" 200 4633 "-" "meta-externalagent/1.1 (+https://developers.facebook.com/docs/sharing/webmasters/crawler)"
216.73.216.191 - - [01/Nov/2025:17:49:17 +0330] "GET /sitemap-12.xml HTTP/2" 200 1662 "-" "Mozilla/5.0 AppleWebKit/537.36 (KHTML, like Gecko; compatible; ClaudeBot/1.0; +claudebot@anthropic.com)"
57.141.0.23 - - [01/Nov/2025:17:49:38 +0330] "GET /46415818.phtml HTTP/2" 200 4633 "-" "meta-externalagent/1.1 (+https://developers.facebook.com/docs/sharing/webmasters/crawler)"
57.141.0.54 - - [01/Nov/2025:17:49:40 +0330] "GET /23186746.phtml HTTP/2" 200 4633 "-" "meta-externalagent/1.1 (+https://developers.facebook.com/docs/sharing/webmasters/crawler)"
57.141.0.53 - - [01/Nov/2025:17:49:43 +0330] "GET /36635578.phtml HTTP/2" 200 4633 "-" "meta-externalagent/1.1 (+https://developers.facebook.com/docs/sharing/webmasters/crawler)"
57.141.0.1 - - [01/Nov/2025:17:49:54 +0330] "GET /122266090.phtml HTTP/2" 200 4633 "-" "meta-externalagent/1.1 (+https://developers.facebook.com/docs/sharing/webmasters/crawler)"
57.141.0.2 - - [01/Nov/2025:17:50:10 +0330] "GET /73611994.phtml HTTP/2" 200 4633 "-" "meta-externalagent/1.1 (+https://developers.facebook.com/docs/sharing/webmasters/crawler)"
57.141.0.20 - - [01/Nov/2025:17:50:14 +0330] "GET /16906042.phtml HTTP/2" 200 4633 "-" "meta-externalagent/1.1 (+https://developers.facebook.com/docs/sharing/webmasters/crawler)"
57.141.0.18 - - [01/Nov/2025:17:50:15 +0330] "GET /123338698.phtml HTTP/2" 200 4633 "-" "meta-externalagent/1.1 (+https://developers.facebook.com/docs/sharing/webmasters/crawler)"
57.141.0.56 - - [01/Nov/2025:17:50:19 +0330] "GET /125448442.phtml HTTP/2" 200 4633 "-" "meta-externalagent/1.1 (+https://developers.facebook.com/docs/sharing/webmasters/crawler)"
57.141.0.6 - - [01/Nov/2025:17:50:24 +0330] "GET /24225658.phtml HTTP/2" 200 4633 "-" "meta-externalagent/1.1 (+https://developers.facebook.com/docs/sharing/webmasters/crawler)"
57.141.0.32 - - [01/Nov/2025:17:50:25 +0330] "GET /149576074.phtml HTTP/2" 200 4633 "-" "meta-externalagent/1.1 (+https://developers.facebook.com/docs/sharing/webmasters/crawler)"
57.141.0.21 - - [01/Nov/2025:17:50:35 +0330] "GET /63639994.phtml HTTP/2" 200 4633 "-" "meta-externalagent/1.1 (+https://developers.facebook.com/docs/sharing/webmasters/crawler)"
57.141.0.20 - - [01/Nov/2025:17:50:37 +0330] "GET /144651994.phtml HTTP/2" 200 4633 "-" "meta-externalagent/1.1 (+https://developers.facebook.com/docs/sharing/webmasters/crawler)"
57.141.0.25 - - [01/Nov/2025:17:50:40 +0330] "GET /48279514.phtml HTTP/2" 200 4633 "-" "meta-externalagent/1.1 (+https://developers.facebook.com/docs/sharing/webmasters/crawler)"
57.141.0.5 - - [01/Nov/2025:17:50:42 +0330] "GET /7021354.phtml HTTP/2" 200 4633 "-" "meta-externalagent/1.1 (+https://developers.facebook.com/docs/sharing/webmasters/crawler)"
57.141.0.7 - - [01/Nov/2025:17:50:43 +0330] "GET /139122538.phtml HTTP/2" 200 4633 "-" "meta-externalagent/1.1 (+https://developers.facebook.com/docs/sharing/webmasters/crawler)"
57.141.0.38 - - [01/Nov/2025:17:50:44 +0330] "GET /136042618.phtml HTTP/2" 200 4633 "-" "meta-externalagent/1.1 (+https://developers.facebook.com/docs/sharing/webmasters/crawler)"
57.141.0.39 - - [01/Nov/2025:17:46:26 +0330] "GET /40899418.phtml HTTP/2" 200 4633 "-" "meta-externalagent/1.1 (+https://developers.facebook.com/docs/sharing/webmasters/crawler)"
57.141.0.32 - - [01/Nov/2025:17:46:51 +0330] "GET /99356026.phtml HTTP/2" 200 4633 "-" "meta-externalagent/1.1 (+https://developers.facebook.com/docs/sharing/webmasters/crawler)"
57.141.0.23 - - [01/Nov/2025:17:47:17 +0330] "GET /69795802.phtml HTTP/2" 200 4633 "-" "meta-externalagent/1.1 (+https://developers.facebook.com/docs/sharing/webmasters/crawler)"
57.141.0.70 - - [01/Nov/2025:17:47:18 +0330] "GET /58204714.phtml HTTP/2" 200 4633 "-" "meta-externalagent/1.1 (+https://developers.facebook.com/docs/sharing/webmasters/crawler)"
57.141.0.53 - - [01/Nov/2025:17:47:33 +0330] "GET /145743898.phtml HTTP/2" 200 4633 "-" "meta-externalagent/1.1 (+https://developers.facebook.com/docs/sharing/webmasters/crawler)"
216.73.216.191 - - [01/Nov/2025:17:47:33 +0330] "GET /sitemap-11.xml HTTP/2" 200 1662 "-" "Mozilla/5.0 AppleWebKit/537.36 (KHTML, like Gecko; compatible; ClaudeBot/1.0; +claudebot@anthropic.com)"
57.141.0.41 - - [01/Nov/2025:17:47:49 +0330] "GET /72213418.phtml HTTP/2" 200 4633 "-" "meta-externalagent/1.1 (+https://developers.facebook.com/docs/sharing/webmasters/crawler)"
57.141.0.53 - - [01/Nov/2025:17:47:56 +0330] "GET /111306250.phtml HTTP/2" 200 4633 "-" "meta-externalagent/1.1 (+https://developers.facebook.com/docs/sharing/webmasters/crawler)"
57.141.0.14 - - [01/Nov/2025:17:48:31 +0330] "GET /35320234.phtml HTTP/2" 200 4633 "-" "meta-externalagent/1.1 (+https://developers.facebook.com/docs/sharing/webmasters/crawler)"
51.89.129.172 - - [01/Nov/2025:17:48:42 +0330] "GET /8637946.phtml HTTP/2" 200 1662 "-" "Mozilla/5.0 (compatible; AhrefsBot/7.0; +http://ahrefs.com/robot/)"
57.141.0.62 - - [01/Nov/2025:17:48:46 +0330] "GET /68724922.phtml HTTP/2" 200 4633 "-" "meta-externalagent/1.1 (+https://developers.facebook.com/docs/sharing/webmasters/crawler)"
57.141.0.26 - - [01/Nov/2025:17:48:59 +0330] "GET /146631130.phtml HTTP/2" 200 4633 "-" "meta-externalagent/1.1 (+https://developers.facebook.com/docs/sharing/webmasters/crawler)"
57.141.0.3 - - [01/Nov/2025:17:49:24 +0330] "GET /43711738.phtml HTTP/2" 200 4633 "-" "meta-externalagent/1.1 (+https://developers.facebook.com/docs/sharing/webmasters/crawler)"
57.141.0.34 - - [01/Nov/2025:17:49:27 +0330] "GET /139572922.phtml HTTP/2" 200 4633 "-" "meta-externalagent/1.1 (+https://developers.facebook.com/docs/sharing/webmasters/crawler)"
57.141.0.57 - - [01/Nov/2025:17:49:45 +0330] "GET /33133546.phtml HTTP/2" 200 4633 "-" "meta-externalagent/1.1 (+https://developers.facebook.com/docs/sharing/webmasters/crawler)"
57.141.0.30 - - [01/Nov/2025:17:49:50 +0330] "GET /95851498.phtml HTTP/2" 200 4633 "-" "meta-externalagent/1.1 (+https://developers.facebook.com/docs/sharing/webmasters/crawler)"
57.141.0.21 - - [01/Nov/2025:17:50:00 +0330] "GET /126890842.phtml HTTP/2" 200 4633 "-" "meta-externalagent/1.1 (+https://developers.facebook.com/docs/sharing/webmasters/crawler)"
57.141.0.57 - - [01/Nov/2025:17:50:29 +0330] "GET /141590602.phtml HTTP/2" 200 4633 "-" "meta-externalagent/1.1 (+https://developers.facebook.com/docs/sharing/webmasters/crawler)"
57.141.0.56 - - [01/Nov/2025:17:50:37 +0330] "GET /46090570.phtml HTTP/2" 200 4633 "-" "meta-externalagent/1.1 (+https://developers.facebook.com/docs/sharing/webmasters/crawler)"
57.141.0.67 - - [01/Nov/2025:17:51:27 +0330] "GET /35262346.phtml HTTP/2" 200 4633 "-" "meta-externalagent/1.1 (+https://developers.facebook.com/docs/sharing/webmasters/crawler)"
57.141.0.65 - - [01/Nov/2025:17:51:27 +0330] "GET /67507066.phtml HTTP/2" 200 4633 "-" "meta-externalagent/1.1 (+https://developers.facebook.com/docs/sharing/webmasters/crawler)"
57.141.0.21 - - [01/Nov/2025:17:51:29 +0330] "GET /140826442.phtml HTTP/2" 200 4633 "-" "meta-externalagent/1.1 (+https://developers.facebook.com/docs/sharing/webmasters/crawler)"
57.141.0.29 - - [01/Nov/2025:17:51:33 +0330] "GET /22906906.phtml HTTP/2" 200 4633 "-" "meta-externalagent/1.1 (+https://developers.facebook.com/docs/sharing/webmasters/crawler)"
57.141.0.28 - - [01/Nov/2025:17:50:51 +0330] "GET /112354090.phtml HTTP/2" 200 4633 "-" "meta-externalagent/1.1 (+https://developers.facebook.com/docs/sharing/webmasters/crawler)"
57.141.0.49 - - [01/Nov/2025:17:51:25 +0330] "GET /109969930.phtml HTTP/2" 200 4633 "-" "meta-externalagent/1.1 (+https://developers.facebook.com/docs/sharing/webmasters/crawler)"
57.141.0.50 - - [01/Nov/2025:17:51:27 +0330] "GET /26378650.phtml HTTP/2" 200 4633 "-" "meta-externalagent/1.1 (+https://developers.facebook.com/docs/sharing/webmasters/crawler)"
57.141.0.47 - - [01/Nov/2025:17:51:30 +0330] "GET /88359130.phtml HTTP/2" 200 4633 "-" "meta-externalagent/1.1 (+https://developers.facebook.com/docs/sharing/webmasters/crawler)"
57.141.0.70 - - [01/Nov/2025:17:51:43 +0330] "GET /55441642.phtml HTTP/2" 200 4633 "-" "meta-externalagent/1.1 (+https://developers.facebook.com/docs/sharing/webmasters/crawler)"
57.141.0.71 - - [01/Nov/2025:17:51:45 +0330] "GET /124912474.phtml HTTP/2" 200 4633 "-" "meta-externalagent/1.1 (+https://developers.facebook.com/docs/sharing/webmasters/crawler)"
57.141.0.71 - - [01/Nov/2025:17:52:00 +0330] "GET /40704682.phtml HTTP/2" 200 4633 "-" "meta-externalagent/1.1 (+https://developers.facebook.com/docs/sharing/webmasters/crawler)"
57.141.0.19 - - [01/Nov/2025:17:52:04 +0330] "GET /136997050.phtml HTTP/2" 200 4633 "-" "meta-externalagent/1.1 (+https://developers.facebook.com/docs/sharing/webmasters/crawler)"
57.141.0.14 - - [01/Nov/2025:17:52:14 +0330] "GET /96710362.phtml HTTP/2" 200 4633 "-" "meta-externalagent/1.1 (+https://developers.facebook.com/docs/sharing/webmasters/crawler)"
57.141.0.45 - - [01/Nov/2025:17:52:15 +0330] "GET /79277578.phtml HTTP/2" 200 4633 "-" "meta-externalagent/1.1 (+https://developers.facebook.com/docs/sharing/webmasters/crawler)"
57.141.0.72 - - [01/Nov/2025:17:52:18 +0330] "GET /147022090.phtml HTTP/2" 200 4633 "-" "meta-externalagent/1.1 (+https://developers.facebook.com/docs/sharing/webmasters/crawler)"
167.114.139.85 - - [01/Nov/2025:17:52:18 +0330] "GET /robots.txt HTTP/2" 200 97 "-" "Mozilla/5.0 (compatible; AhrefsBot/7.0; +http://ahrefs.com/robot/)"
57.141.0.66 - - [01/Nov/2025:17:52:24 +0330] "GET /139545562.phtml HTTP/2" 200 4633 "-" "meta-externalagent/1.1 (+https://developers.facebook.com/docs/sharing/webmasters/crawler)"
57.141.0.23 - - [01/Nov/2025:17:52:31 +0330] "GET /69898906.phtml HTTP/2" 200 4633 "-" "meta-externalagent/1.1 (+https://developers.facebook.com/docs/sharing/webmasters/crawler)"
57.141.0.50 - - [01/Nov/2025:17:52:38 +0330] "GET /23477626.phtml HTTP/2" 200 4633 "-" "meta-externalagent/1.1 (+https://developers.facebook.com/docs/sharing/webmasters/crawler)"
57.141.0.51 - - [01/Nov/2025:17:52:38 +0330] "GET /103995658.phtml HTTP/2" 200 4633 "-" "meta-externalagent/1.1 (+https://developers.facebook.com/docs/sharing/webmasters/crawler)"
57.141.0.66 - - [01/Nov/2025:17:52:39 +0330] "GET /fa_lang.js?v=334 HTTP/2" 200 35137 "-" "meta-externalagent/1.1 (+https://developers.facebook.com/docs/sharing/webmasters/crawler)"
57.141.0.19 - - [01/Nov/2025:17:52:41 +0330] "GET /libs/stimul/stimulsoft.viewer.js?v=4 HTTP/2" 200 981729 "-" "meta-externalagent/1.1 (+https://developers.facebook.com/docs/sharing/webmasters/crawler)"
57.141.0.15 - - [01/Nov/2025:17:52:43 +0330] "GET /static/css/2.5db30c42.chunk.css HTTP/2" 200 117403 "-" "meta-externalagent/1.1 (+https://developers.facebook.com/docs/sharing/webmasters/crawler)"
57.141.0.59 - - [01/Nov/2025:17:52:42 +0330] "GET /static/css/main.60855b2a.chunk.css HTTP/2" 200 742962 "-" "meta-externalagent/1.1 (+https://developers.facebook.com/docs/sharing/webmasters/crawler)"
57.141.0.36 - - [01/Nov/2025:17:52:48 +0330] "GET /97889962.phtml HTTP/2" 200 4633 "-" "meta-externalagent/1.1 (+https://developers.facebook.com/docs/sharing/webmasters/crawler)"
57.141.0.42 - - [01/Nov/2025:17:52:49 +0330] "GET /117683146.phtml HTTP/2" 200 4633 "-" "meta-externalagent/1.1 (+https://developers.facebook.com/docs/sharing/webmasters/crawler)"
57.141.0.7 - - [01/Nov/2025:17:52:49 +0330] "GET /111612106.phtml HTTP/2" 200 4633 "-" "meta-externalagent/1.1 (+https://developers.facebook.com/docs/sharing/webmasters/crawler)"
57.141.0.66 - - [01/Nov/2025:17:52:49 +0330] "GET /fa_lang.js HTTP/2" 200 35137 "-" "meta-externalagent/1.1 (+https://developers.facebook.com/docs/sharing/webmasters/crawler)"
57.141.0.13 - - [01/Nov/2025:17:52:52 +0330] "GET /109985722.phtml HTTP/2" 200 4633 "-" "meta-externalagent/1.1 (+https://developers.facebook.com/docs/sharing/webmasters/crawler)"
57.141.0.69 - - [01/Nov/2025:17:52:53 +0330] "GET /10242634.phtml HTTP/2" 200 4633 "-" "meta-externalagent/1.1 (+https://developers.facebook.com/docs/sharing/webmasters/crawler)"
57.141.0.28 - - [01/Nov/2025:17:51:44 +0330] "GET /101097034.phtml HTTP/2" 200 4633 "-" "meta-externalagent/1.1 (+https://developers.facebook.com/docs/sharing/webmasters/crawler)"
57.141.0.12 - - [01/Nov/2025:17:51:46 +0330] "GET /118688746.phtml HTTP/2" 200 4633 "-" "meta-externalagent/1.1 (+https://developers.facebook.com/docs/sharing/webmasters/crawler)"
57.141.0.9 - - [01/Nov/2025:17:51:46 +0330] "GET /117388426.phtml HTTP/2" 200 4633 "-" "meta-externalagent/1.1 (+https://developers.facebook.com/docs/sharing/webmasters/crawler)"
57.141.0.26 - - [01/Nov/2025:17:51:49 +0330] "GET /80916202.phtml HTTP/2" 200 4633 "-" "meta-externalagent/1.1 (+https://developers.facebook.com/docs/sharing/webmasters/crawler)"
57.141.0.63 - - [01/Nov/2025:17:51:53 +0330] "GET /69257386.phtml HTTP/2" 200 4633 "-" "meta-externalagent/1.1 (+https://developers.facebook.com/docs/sharing/webmasters/crawler)"
57.141.0.26 - - [01/Nov/2025:17:51:58 +0330] "GET /52853194.phtml HTTP/2" 200 4633 "-" "meta-externalagent/1.1 (+https://developers.facebook.com/docs/sharing/webmasters/crawler)"
57.141.0.25 - - [01/Nov/2025:17:52:16 +0330] "GET /96092746.phtml HTTP/2" 200 4633 "-" "meta-externalagent/1.1 (+https://developers.facebook.com/docs/sharing/webmasters/crawler)"
51.195.244.13 - - [01/Nov/2025:17:52:22 +0330] "GET /86235178.phtml HTTP/2" 200 1662 "-" "Mozilla/5.0 (compatible; AhrefsBot/7.0; +http://ahrefs.com/robot/)"
57.141.0.70 - - [01/Nov/2025:17:52:24 +0330] "GET /39916762.phtml HTTP/2" 200 4633 "-" "meta-externalagent/1.1 (+https://developers.facebook.com/docs/sharing/webmasters/crawler)"
57.141.0.12 - - [01/Nov/2025:17:52:26 +0330] "GET /109973386.phtml HTTP/2" 200 4633 "-" "meta-externalagent/1.1 (+https://developers.facebook.com/docs/sharing/webmasters/crawler)"
57.141.0.13 - - [01/Nov/2025:17:52:28 +0330] "GET /78250330.phtml HTTP/2" 200 4633 "-" "meta-externalagent/1.1 (+https://developers.facebook.com/docs/sharing/webmasters/crawler)"
