57.141.0.75 - - [01/Nov/2025:19:25:24 +0330] "GET /35056426.phtml HTTP/2" 200 4633 "-" "meta-externalagent/1.1 (+https://developers.facebook.com/docs/sharing/webmasters/crawler)"
57.141.0.71 - - [01/Nov/2025:19:25:32 +0330] "GET /43719466.phtml HTTP/2" 200 4633 "-" "meta-externalagent/1.1 (+https://developers.facebook.com/docs/sharing/webmasters/crawler)"
105.159.228.71 - - [01/Nov/2025:19:25:33 +0330] "GET /wp-includes/sitemaps/ HTTP/1.1" 200 1837 "www.google.com" "Mozlila/5.0 (Linux; Android 7.0; SM-G892A Bulid/NRD90M; wv) AppleWebKit/537.36 (KHTML, like Gecko) Version/4.0 Chrome/60.0.3112.107 Moblie Safari/537.36"
57.141.0.14 - - [01/Nov/2025:19:25:41 +0330] "GET /21632170.phtml HTTP/2" 200 4633 "-" "meta-externalagent/1.1 (+https://developers.facebook.com/docs/sharing/webmasters/crawler)"
105.159.228.71 - - [01/Nov/2025:19:25:41 +0330] "GET /wp-includes/theme-compat/ HTTP/1.1" 200 1837 "www.google.com" "Mozlila/5.0 (Linux; Android 7.0; SM-G892A Bulid/NRD90M; wv) AppleWebKit/537.36 (KHTML, like Gecko) Version/4.0 Chrome/60.0.3112.107 Moblie Safari/537.36"
105.159.228.71 - - [01/Nov/2025:19:25:48 +0330] "GET /wp-admin/css/colors/ HTTP/1.1" 200 1837 "www.google.com" "Mozlila/5.0 (Linux; Android 7.0; SM-G892A Bulid/NRD90M; wv) AppleWebKit/537.36 (KHTML, like Gecko) Version/4.0 Chrome/60.0.3112.107 Moblie Safari/537.36"
105.159.228.71 - - [01/Nov/2025:19:25:49 +0330] "GET /admin/images/slider/ HTTP/1.1" 200 1837 "www.google.com" "Mozlila/5.0 (Linux; Android 7.0; SM-G892A Bulid/NRD90M; wv) AppleWebKit/537.36 (KHTML, like Gecko) Version/4.0 Chrome/60.0.3112.107 Moblie Safari/537.36"
57.141.0.30 - - [01/Nov/2025:19:25:50 +0330] "GET /84289786.phtml HTTP/2" 200 4633 "-" "meta-externalagent/1.1 (+https://developers.facebook.com/docs/sharing/webmasters/crawler)"
57.141.0.11 - - [01/Nov/2025:19:25:57 +0330] "GET /100545802.phtml HTTP/2" 200 4633 "-" "meta-externalagent/1.1 (+https://developers.facebook.com/docs/sharing/webmasters/crawler)"
57.141.0.27 - - [01/Nov/2025:19:26:02 +0330] "GET /91005946.phtml HTTP/2" 200 4633 "-" "meta-externalagent/1.1 (+https://developers.facebook.com/docs/sharing/webmasters/crawler)"
57.141.0.6 - - [01/Nov/2025:19:26:04 +0330] "GET /61270090.phtml HTTP/2" 200 4633 "-" "meta-externalagent/1.1 (+https://developers.facebook.com/docs/sharing/webmasters/crawler)"
105.159.228.71 - - [01/Nov/2025:19:25:57 +0330] "GET /sites/default/files/ HTTP/1.1" 200 1837 "www.google.com" "Mozlila/5.0 (Linux; Android 7.0; SM-G892A Bulid/NRD90M; wv) AppleWebKit/537.36 (KHTML, like Gecko) Version/4.0 Chrome/60.0.3112.107 Moblie Safari/537.36"
57.141.0.11 - - [01/Nov/2025:19:25:59 +0330] "GET /116763226.phtml HTTP/2" 200 4633 "-" "meta-externalagent/1.1 (+https://developers.facebook.com/docs/sharing/webmasters/crawler)"
105.159.228.71 - - [01/Nov/2025:19:26:03 +0330] "GET /admin/controller/extension/extension/ HTTP/1.1" 200 1837 "www.google.com" "Mozlila/5.0 (Linux; Android 7.0; SM-G892A Bulid/NRD90M; wv) AppleWebKit/537.36 (KHTML, like Gecko) Version/4.0 Chrome/60.0.3112.107 Moblie Safari/537.36"
105.159.228.71 - - [01/Nov/2025:19:26:04 +0330] "GET /modules/mod_simplefileuploadv1.3/elements/ HTTP/1.1" 200 1837 "www.google.com" "Mozlila/5.0 (Linux; Android 7.0; SM-G892A Bulid/NRD90M; wv) AppleWebKit/537.36 (KHTML, like Gecko) Version/4.0 Chrome/60.0.3112.107 Moblie Safari/537.36"
105.159.228.71 - - [01/Nov/2025:19:26:05 +0330] "GET /components/ HTTP/1.1" 200 1837 "www.google.com" "Mozlila/5.0 (Linux; Android 7.0; SM-G892A Bulid/NRD90M; wv) AppleWebKit/537.36 (KHTML, like Gecko) Version/4.0 Chrome/60.0.3112.107 Moblie Safari/537.36"
57.141.0.37 - - [01/Nov/2025:19:26:05 +0330] "GET /13952890.phtml HTTP/2" 200 4633 "-" "meta-externalagent/1.1 (+https://developers.facebook.com/docs/sharing/webmasters/crawler)"
57.141.0.74 - - [01/Nov/2025:19:26:06 +0330] "GET /62059210.phtml HTTP/2" 200 4633 "-" "meta-externalagent/1.1 (+https://developers.facebook.com/docs/sharing/webmasters/crawler)"
105.159.228.71 - - [01/Nov/2025:19:26:10 +0330] "GET /wp-includes/js/ HTTP/1.1" 200 1837 "www.google.com" "Mozlila/5.0 (Linux; Android 7.0; SM-G892A Bulid/NRD90M; wv) AppleWebKit/537.36 (KHTML, like Gecko) Version/4.0 Chrome/60.0.3112.107 Moblie Safari/537.36"
194.165.16.8 - - [01/Nov/2025:19:26:12 +0330] "POST /xmlrpc.php HTTP/2" 200 1837 "-" "Mozilla/5.0 (Macintosh; Intel Mac OS X 10_15_7) AppleWebKit/605.1.15 (KHTML, like Gecko) Version/17.5 Safari/605.1.15"
105.159.228.71 - - [01/Nov/2025:19:26:17 +0330] "GET /wp-includes/widgets/ HTTP/1.1" 200 1837 "www.google.com" "Mozlila/5.0 (Linux; Android 7.0; SM-G892A Bulid/NRD90M; wv) AppleWebKit/537.36 (KHTML, like Gecko) Version/4.0 Chrome/60.0.3112.107 Moblie Safari/537.36"
57.141.0.39 - - [01/Nov/2025:19:26:17 +0330] "GET /92105722.phtml HTTP/2" 200 4633 "-" "meta-externalagent/1.1 (+https://developers.facebook.com/docs/sharing/webmasters/crawler)"
57.141.0.17 - - [01/Nov/2025:19:26:18 +0330] "GET /145227034.phtml HTTP/2" 200 4633 "-" "meta-externalagent/1.1 (+https://developers.facebook.com/docs/sharing/webmasters/crawler)"
105.159.228.71 - - [01/Nov/2025:19:26:18 +0330] "GET /wp-admin/css/ HTTP/1.1" 200 1837 "www.google.com" "Mozlila/5.0 (Linux; Android 7.0; SM-G892A Bulid/NRD90M; wv) AppleWebKit/537.36 (KHTML, like Gecko) Version/4.0 Chrome/60.0.3112.107 Moblie Safari/537.36"
45.155.43.214 - - [01/Nov/2025:19:26:19 +0330] "GET /docs/ HTTP/1.1" 200 1837 "-" "python-requests/2.32.3"
57.141.0.32 - - [01/Nov/2025:19:26:20 +0330] "GET /23239834.phtml HTTP/2" 200 4633 "-" "meta-externalagent/1.1 (+https://developers.facebook.com/docs/sharing/webmasters/crawler)"
105.159.228.71 - - [01/Nov/2025:19:26:20 +0330] "GET /wp-admin/images/ HTTP/1.1" 200 1837 "www.google.com" "Mozlila/5.0 (Linux; Android 7.0; SM-G892A Bulid/NRD90M; wv) AppleWebKit/537.36 (KHTML, like Gecko) Version/4.0 Chrome/60.0.3112.107 Moblie Safari/537.36"
105.159.228.71 - - [01/Nov/2025:19:26:25 +0330] "GET /wp-admin/maint/ HTTP/1.1" 200 1837 "www.google.com" "Mozlila/5.0 (Linux; Android 7.0; SM-G892A Bulid/NRD90M; wv) AppleWebKit/537.36 (KHTML, like Gecko) Version/4.0 Chrome/60.0.3112.107 Moblie Safari/537.36"
57.141.0.2 - - [01/Nov/2025:19:26:27 +0330] "GET /40815322.phtml HTTP/2" 200 4633 "-" "meta-externalagent/1.1 (+https://developers.facebook.com/docs/sharing/webmasters/crawler)"
105.159.228.71 - - [01/Nov/2025:19:26:27 +0330] "GET /wp-admin/network/ HTTP/1.1" 200 1837 "www.google.com" "Mozlila/5.0 (Linux; Android 7.0; SM-G892A Bulid/NRD90M; wv) AppleWebKit/537.36 (KHTML, like Gecko) Version/4.0 Chrome/60.0.3112.107 Moblie Safari/537.36"
57.141.0.34 - - [01/Nov/2025:19:26:30 +0330] "GET /98622394.phtml HTTP/2" 200 4633 "-" "meta-externalagent/1.1 (+https://developers.facebook.com/docs/sharing/webmasters/crawler)"
57.141.0.71 - - [01/Nov/2025:19:26:45 +0330] "GET /55885786.phtml HTTP/2" 200 4633 "-" "meta-externalagent/1.1 (+https://developers.facebook.com/docs/sharing/webmasters/crawler)"
198.244.240.228 - - [01/Nov/2025:19:26:47 +0330] "GET /98912170.phtml HTTP/2" 200 1662 "-" "Mozilla/5.0 (compatible; AhrefsBot/7.0; +http://ahrefs.com/robot/)"
45.155.43.214 - - [01/Nov/2025:19:26:51 +0330] "GET /wp-json/wp/v2/users/ HTTP/1.1" 200 1837 "-" "python-requests/2.32.3"
57.141.0.25 - - [01/Nov/2025:19:26:55 +0330] "GET /73300858.phtml HTTP/2" 200 4633 "-" "meta-externalagent/1.1 (+https://developers.facebook.com/docs/sharing/webmasters/crawler)"
45.155.43.214 - - [01/Nov/2025:19:27:03 +0330] "GET /wp-content/languages/ HTTP/1.1" 200 1837 "-" "python-requests/2.32.3"
45.155.43.214 - - [01/Nov/2025:19:27:08 +0330] "GET /wp-includes/sitemaps/providers/ HTTP/1.1" 200 1837 "-" "python-requests/2.32.3"
45.155.43.214 - - [01/Nov/2025:19:27:16 +0330] "GET /user/ HTTP/1.1" 200 1837 "-" "python-requests/2.32.3"
45.155.43.214 - - [01/Nov/2025:19:27:18 +0330] "GET /store/rss/ HTTP/1.1" 200 1837 "-" "python-requests/2.32.3"
57.141.0.69 - - [01/Nov/2025:19:27:23 +0330] "GET /89810314.phtml HTTP/2" 200 4633 "-" "meta-externalagent/1.1 (+https://developers.facebook.com/docs/sharing/webmasters/crawler)"
57.141.0.69 - - [01/Nov/2025:19:27:33 +0330] "GET /92950042.phtml HTTP/2" 200 4633 "-" "meta-externalagent/1.1 (+https://developers.facebook.com/docs/sharing/webmasters/crawler)"
57.141.0.57 - - [01/Nov/2025:19:27:33 +0330] "GET /61696042.phtml HTTP/2" 200 4633 "-" "meta-externalagent/1.1 (+https://developers.facebook.com/docs/sharing/webmasters/crawler)"
57.141.0.58 - - [01/Nov/2025:19:27:40 +0330] "GET /75089962.phtml HTTP/2" 200 4633 "-" "meta-externalagent/1.1 (+https://developers.facebook.com/docs/sharing/webmasters/crawler)"
57.141.0.64 - - [01/Nov/2025:19:27:44 +0330] "GET /119586250.phtml HTTP/2" 200 4633 "-" "meta-externalagent/1.1 (+https://developers.facebook.com/docs/sharing/webmasters/crawler)"
57.141.0.67 - - [01/Nov/2025:19:27:46 +0330] "GET /6750442.phtml HTTP/2" 200 4633 "-" "meta-externalagent/1.1 (+https://developers.facebook.com/docs/sharing/webmasters/crawler)"
57.141.0.51 - - [01/Nov/2025:19:27:47 +0330] "GET /120133498.phtml HTTP/2" 200 4633 "-" "meta-externalagent/1.1 (+https://developers.facebook.com/docs/sharing/webmasters/crawler)"
105.159.228.71 - - [01/Nov/2025:19:27:51 +0330] "GET /wp-admin/includes/ HTTP/1.1" 200 1837 "www.google.com" "Mozlila/5.0 (Linux; Android 7.0; SM-G892A Bulid/NRD90M; wv) AppleWebKit/537.36 (KHTML, like Gecko) Version/4.0 Chrome/60.0.3112.107 Moblie Safari/537.36"
114.119.143.210 - - [01/Nov/2025:19:27:52 +0330] "GET /60733210.phtml HTTP/1.1" 200 1837 "https://app.optimyar.com/sitemap-16.xml" "Mozilla/5.0 (Linux; Android 7.0;) AppleWebKit/537.36 (KHTML, like Gecko) Mobile Safari/537.36 (compatible; PetalBot;+https://webmaster.petalsearch.com/site/petalbot)"
105.159.228.71 - - [01/Nov/2025:19:27:55 +0330] "GET /wp-admin/ HTTP/1.1" 200 1837 "www.google.com" "Mozlila/5.0 (Linux; Android 7.0; SM-G892A Bulid/NRD90M; wv) AppleWebKit/537.36 (KHTML, like Gecko) Version/4.0 Chrome/60.0.3112.107 Moblie Safari/537.36"
57.141.0.12 - - [01/Nov/2025:19:27:56 +0330] "GET /59797690.phtml HTTP/2" 200 4633 "-" "meta-externalagent/1.1 (+https://developers.facebook.com/docs/sharing/webmasters/crawler)"
105.159.228.71 - - [01/Nov/2025:19:28:03 +0330] "GET /wp-content/upgrade/ HTTP/1.1" 200 1837 "www.google.com" "Mozlila/5.0 (Linux; Android 7.0; SM-G892A Bulid/NRD90M; wv) AppleWebKit/537.36 (KHTML, like Gecko) Version/4.0 Chrome/60.0.3112.107 Moblie Safari/537.36"
105.159.228.71 - - [01/Nov/2025:19:26:06 +0330] "GET /admin/uploads/images/ HTTP/1.1" 200 1837 "www.google.com" "Mozlila/5.0 (Linux; Android 7.0; SM-G892A Bulid/NRD90M; wv) AppleWebKit/537.36 (KHTML, like Gecko) Version/4.0 Chrome/60.0.3112.107 Moblie Safari/537.36"
57.141.0.38 - - [01/Nov/2025:19:26:07 +0330] "GET /15442234.phtml HTTP/2" 200 4633 "-" "meta-externalagent/1.1 (+https://developers.facebook.com/docs/sharing/webmasters/crawler)"
57.141.0.27 - - [01/Nov/2025:19:26:08 +0330] "GET /100288666.phtml HTTP/2" 200 4633 "-" "meta-externalagent/1.1 (+https://developers.facebook.com/docs/sharing/webmasters/crawler)"
105.159.228.71 - - [01/Nov/2025:19:26:15 +0330] "GET /wp-includes/pomo/ HTTP/1.1" 200 1837 "www.google.com" "Mozlila/5.0 (Linux; Android 7.0; SM-G892A Bulid/NRD90M; wv) AppleWebKit/537.36 (KHTML, like Gecko) Version/4.0 Chrome/60.0.3112.107 Moblie Safari/537.36"
105.159.228.71 - - [01/Nov/2025:19:26:16 +0330] "GET /wp-includes/rest-api/ HTTP/1.1" 200 1837 "www.google.com" "Mozlila/5.0 (Linux; Android 7.0; SM-G892A Bulid/NRD90M; wv) AppleWebKit/537.36 (KHTML, like Gecko) Version/4.0 Chrome/60.0.3112.107 Moblie Safari/537.36"
57.141.0.3 - - [01/Nov/2025:19:26:20 +0330] "GET /99497386.phtml HTTP/2" 200 4633 "-" "meta-externalagent/1.1 (+https://developers.facebook.com/docs/sharing/webmasters/crawler)"
105.159.228.71 - - [01/Nov/2025:19:26:26 +0330] "GET /wp-admin/meta/ HTTP/1.1" 200 1837 "www.google.com" "Mozlila/5.0 (Linux; Android 7.0; SM-G892A Bulid/NRD90M; wv) AppleWebKit/537.36 (KHTML, like Gecko) Version/4.0 Chrome/60.0.3112.107 Moblie Safari/537.36"
57.141.0.27 - - [01/Nov/2025:19:26:37 +0330] "GET /56912986.phtml HTTP/2" 200 4633 "-" "meta-externalagent/1.1 (+https://developers.facebook.com/docs/sharing/webmasters/crawler)"
57.141.0.2 - - [01/Nov/2025:19:26:38 +0330] "GET /94684858.phtml HTTP/2" 200 4633 "-" "meta-externalagent/1.1 (+https://developers.facebook.com/docs/sharing/webmasters/crawler)"
57.141.0.73 - - [01/Nov/2025:19:26:46 +0330] "GET /47169130.phtml HTTP/2" 200 4633 "-" "meta-externalagent/1.1 (+https://developers.facebook.com/docs/sharing/webmasters/crawler)"
57.141.0.46 - - [01/Nov/2025:19:27:01 +0330] "GET /47978362.phtml HTTP/2" 200 4633 "-" "meta-externalagent/1.1 (+https://developers.facebook.com/docs/sharing/webmasters/crawler)"
57.141.0.46 - - [01/Nov/2025:19:27:15 +0330] "GET /39989962.phtml HTTP/2" 200 4633 "-" "meta-externalagent/1.1 (+https://developers.facebook.com/docs/sharing/webmasters/crawler)"
57.141.0.68 - - [01/Nov/2025:19:27:21 +0330] "GET /122778346.phtml HTTP/2" 200 4633 "-" "meta-externalagent/1.1 (+https://developers.facebook.com/docs/sharing/webmasters/crawler)"
57.141.0.70 - - [01/Nov/2025:19:27:40 +0330] "GET /18941050.phtml HTTP/2" 200 4633 "-" "meta-externalagent/1.1 (+https://developers.facebook.com/docs/sharing/webmasters/crawler)"
57.141.0.29 - - [01/Nov/2025:19:27:43 +0330] "GET /83858554.phtml HTTP/2" 200 4633 "-" "meta-externalagent/1.1 (+https://developers.facebook.com/docs/sharing/webmasters/crawler)"
57.141.0.18 - - [01/Nov/2025:19:27:47 +0330] "GET /142994698.phtml HTTP/2" 200 4633 "-" "meta-externalagent/1.1 (+https://developers.facebook.com/docs/sharing/webmasters/crawler)"
45.155.43.214 - - [01/Nov/2025:19:28:00 +0330] "GET /forum/ HTTP/1.1" 200 1837 "-" "python-requests/2.32.3"
57.141.0.23 - - [01/Nov/2025:19:28:01 +0330] "GET /28995034.phtml HTTP/2" 200 4633 "-" "meta-externalagent/1.1 (+https://developers.facebook.com/docs/sharing/webmasters/crawler)"
57.141.0.27 - - [01/Nov/2025:19:28:03 +0330] "GET /81808714.phtml HTTP/2" 200 4633 "-" "meta-externalagent/1.1 (+https://developers.facebook.com/docs/sharing/webmasters/crawler)"
57.141.0.6 - - [01/Nov/2025:19:28:26 +0330] "GET /92527978.phtml HTTP/2" 200 4633 "-" "meta-externalagent/1.1 (+https://developers.facebook.com/docs/sharing/webmasters/crawler)"
57.141.0.22 - - [01/Nov/2025:19:28:28 +0330] "GET /65196538.phtml HTTP/2" 200 4633 "-" "meta-externalagent/1.1 (+https://developers.facebook.com/docs/sharing/webmasters/crawler)"
57.141.0.50 - - [01/Nov/2025:19:28:53 +0330] "GET /150737818.phtml HTTP/2" 200 4633 "-" "meta-externalagent/1.1 (+https://developers.facebook.com/docs/sharing/webmasters/crawler)"
57.141.0.46 - - [01/Nov/2025:19:29:01 +0330] "GET /20637562.phtml HTTP/2" 200 4633 "-" "meta-externalagent/1.1 (+https://developers.facebook.com/docs/sharing/webmasters/crawler)"
57.141.0.8 - - [01/Nov/2025:19:29:02 +0330] "GET /78146842.phtml HTTP/2" 200 4633 "-" "meta-externalagent/1.1 (+https://developers.facebook.com/docs/sharing/webmasters/crawler)"
57.141.0.4 - - [01/Nov/2025:19:29:05 +0330] "GET /33304234.phtml HTTP/2" 200 4633 "-" "meta-externalagent/1.1 (+https://developers.facebook.com/docs/sharing/webmasters/crawler)"
45.155.43.214 - - [01/Nov/2025:19:29:05 +0330] "GET /wp-includes/images/ HTTP/1.1" 200 1837 "-" "python-requests/2.32.3"
57.141.0.7 - - [01/Nov/2025:19:29:06 +0330] "GET /20796826.phtml HTTP/2" 200 4633 "-" "meta-externalagent/1.1 (+https://developers.facebook.com/docs/sharing/webmasters/crawler)"
57.141.0.51 - - [01/Nov/2025:19:29:14 +0330] "GET /141332362.phtml HTTP/2" 200 4633 "-" "meta-externalagent/1.1 (+https://developers.facebook.com/docs/sharing/webmasters/crawler)"
57.141.0.42 - - [01/Nov/2025:19:29:19 +0330] "GET /84666682.phtml HTTP/2" 200 4633 "-" "meta-externalagent/1.1 (+https://developers.facebook.com/docs/sharing/webmasters/crawler)"
57.141.0.12 - - [01/Nov/2025:19:29:32 +0330] "GET /75144154.phtml HTTP/2" 200 4633 "-" "meta-externalagent/1.1 (+https://developers.facebook.com/docs/sharing/webmasters/crawler)"
57.141.0.52 - - [01/Nov/2025:19:29:34 +0330] "GET /59425642.phtml HTTP/2" 200 4633 "-" "meta-externalagent/1.1 (+https://developers.facebook.com/docs/sharing/webmasters/crawler)"
57.141.0.17 - - [01/Nov/2025:19:29:35 +0330] "GET /8896378.phtml HTTP/2" 200 4633 "-" "meta-externalagent/1.1 (+https://developers.facebook.com/docs/sharing/webmasters/crawler)"
57.141.0.2 - - [01/Nov/2025:19:29:40 +0330] "GET /131210458.phtml HTTP/2" 200 4633 "-" "meta-externalagent/1.1 (+https://developers.facebook.com/docs/sharing/webmasters/crawler)"
57.141.0.72 - - [01/Nov/2025:19:29:47 +0330] "GET /28909546.phtml HTTP/2" 200 4633 "-" "meta-externalagent/1.1 (+https://developers.facebook.com/docs/sharing/webmasters/crawler)"
5.112.168.80 - - [01/Nov/2025:19:30:11 +0330] "GET /buyCourse/63825dd15eb93156570e627d HTTP/1.1" 200 1662 "https://optimyar.com/" "Mozilla/5.0 (Windows NT 10.0; Win64; x64) AppleWebKit/537.36 (KHTML, like Gecko) Chrome/141.0.0.0 Safari/537.36"
57.141.0.32 - - [01/Nov/2025:19:30:22 +0330] "GET /11752138.phtml HTTP/2" 200 4633 "-" "meta-externalagent/1.1 (+https://developers.facebook.com/docs/sharing/webmasters/crawler)"
5.112.168.80 - - [01/Nov/2025:19:30:23 +0330] "GET /buyCourse/62e85aad5b8144649bfc2f0f HTTP/1.1" 200 1662 "https://optimyar.com/" "Mozilla/5.0 (Windows NT 10.0; Win64; x64) AppleWebKit/537.36 (KHTML, like Gecko) Chrome/141.0.0.0 Safari/537.36"
57.141.0.61 - - [01/Nov/2025:19:30:33 +0330] "GET /41580634.phtml HTTP/2" 200 4633 "-" "meta-externalagent/1.1 (+https://developers.facebook.com/docs/sharing/webmasters/crawler)"
57.141.0.62 - - [01/Nov/2025:19:30:36 +0330] "GET /9751930.phtml HTTP/2" 200 4633 "-" "meta-externalagent/1.1 (+https://developers.facebook.com/docs/sharing/webmasters/crawler)"
5.112.168.80 - - [01/Nov/2025:19:30:40 +0330] "GET /buyCourse/5fdb68f548b2a674dc30176d HTTP/1.1" 200 1662 "https://optimyar.com/" "Mozilla/5.0 (Windows NT 10.0; Win64; x64) AppleWebKit/537.36 (KHTML, like Gecko) Chrome/141.0.0.0 Safari/537.36"
51.195.183.246 - - [01/Nov/2025:19:30:48 +0330] "GET /9879658.phtml HTTP/2" 200 1662 "-" "Mozilla/5.0 (compatible; AhrefsBot/7.0; +http://ahrefs.com/robot/)"
57.141.0.24 - - [01/Nov/2025:19:30:56 +0330] "GET /71864842.phtml HTTP/2" 200 4633 "-" "meta-externalagent/1.1 (+https://developers.facebook.com/docs/sharing/webmasters/crawler)"
57.141.0.30 - - [01/Nov/2025:19:31:00 +0330] "GET /6774250.phtml HTTP/2" 200 4633 "-" "meta-externalagent/1.1 (+https://developers.facebook.com/docs/sharing/webmasters/crawler)"
45.155.43.214 - - [01/Nov/2025:19:28:04 +0330] "GET /myadmin/ HTTP/1.1" 200 1837 "-" "python-requests/2.32.3"
57.141.0.56 - - [01/Nov/2025:19:28:22 +0330] "GET /7734298.phtml HTTP/2" 200 4633 "-" "meta-externalagent/1.1 (+https://developers.facebook.com/docs/sharing/webmasters/crawler)"
57.141.0.55 - - [01/Nov/2025:19:28:25 +0330] "GET /115396762.phtml HTTP/2" 200 4633 "-" "meta-externalagent/1.1 (+https://developers.facebook.com/docs/sharing/webmasters/crawler)"
57.141.0.40 - - [01/Nov/2025:19:28:37 +0330] "GET /60292186.phtml HTTP/2" 200 4633 "-" "meta-externalagent/1.1 (+https://developers.facebook.com/docs/sharing/webmasters/crawler)"
57.141.0.58 - - [01/Nov/2025:19:28:40 +0330] "GET /134708890.phtml HTTP/2" 200 4633 "-" "meta-externalagent/1.1 (+https://developers.facebook.com/docs/sharing/webmasters/crawler)"
45.155.43.214 - - [01/Nov/2025:19:28:47 +0330] "GET /wp-content/ALFA_DATA/ HTTP/1.1" 200 1837 "-" "python-requests/2.32.3"
57.141.0.56 - - [01/Nov/2025:19:28:48 +0330] "GET /10236202.phtml HTTP/2" 200 4633 "-" "meta-externalagent/1.1 (+https://developers.facebook.com/docs/sharing/webmasters/crawler)"
57.141.0.41 - - [01/Nov/2025:19:28:53 +0330] "GET /15350122.phtml HTTP/2" 200 4633 "-" "meta-externalagent/1.1 (+https://developers.facebook.com/docs/sharing/webmasters/crawler)"
57.141.0.19 - - [01/Nov/2025:19:28:57 +0330] "GET /98897146.phtml HTTP/2" 200 4633 "-" "meta-externalagent/1.1 (+https://developers.facebook.com/docs/sharing/webmasters/crawler)"
57.141.0.28 - - [01/Nov/2025:19:28:57 +0330] "GET /101194906.phtml HTTP/2" 200 4633 "-" "meta-externalagent/1.1 (+https://developers.facebook.com/docs/sharing/webmasters/crawler)"
57.141.0.11 - - [01/Nov/2025:19:29:15 +0330] "GET /96826522.phtml HTTP/2" 200 4633 "-" "meta-externalagent/1.1 (+https://developers.facebook.com/docs/sharing/webmasters/crawler)"
57.141.0.12 - - [01/Nov/2025:19:29:16 +0330] "GET /102099034.phtml HTTP/2" 200 4633 "-" "meta-externalagent/1.1 (+https://developers.facebook.com/docs/sharing/webmasters/crawler)"
57.141.0.59 - - [01/Nov/2025:19:29:28 +0330] "GET /8675674.phtml HTTP/2" 200 4633 "-" "meta-externalagent/1.1 (+https://developers.facebook.com/docs/sharing/webmasters/crawler)"
57.141.0.36 - - [01/Nov/2025:19:29:35 +0330] "GET /93220186.phtml HTTP/2" 200 4633 "-" "meta-externalagent/1.1 (+https://developers.facebook.com/docs/sharing/webmasters/crawler)"
57.141.0.51 - - [01/Nov/2025:19:29:36 +0330] "GET /44816698.phtml HTTP/2" 200 4633 "-" "meta-externalagent/1.1 (+https://developers.facebook.com/docs/sharing/webmasters/crawler)"
57.141.0.20 - - [01/Nov/2025:19:29:45 +0330] "GET /91393834.phtml HTTP/2" 200 4633 "-" "meta-externalagent/1.1 (+https://developers.facebook.com/docs/sharing/webmasters/crawler)"
57.141.0.74 - - [01/Nov/2025:19:29:48 +0330] "GET /32754250.phtml HTTP/2" 200 4633 "-" "meta-externalagent/1.1 (+https://developers.facebook.com/docs/sharing/webmasters/crawler)"
57.141.0.60 - - [01/Nov/2025:19:30:14 +0330] "GET /106948138.phtml HTTP/2" 200 4633 "-" "meta-externalagent/1.1 (+https://developers.facebook.com/docs/sharing/webmasters/crawler)"
57.141.0.34 - - [01/Nov/2025:19:30:24 +0330] "GET /81486586.phtml HTTP/2" 200 4633 "-" "meta-externalagent/1.1 (+https://developers.facebook.com/docs/sharing/webmasters/crawler)"
57.141.0.14 - - [01/Nov/2025:19:30:41 +0330] "GET /108806890.phtml HTTP/2" 200 4633 "-" "meta-externalagent/1.1 (+https://developers.facebook.com/docs/sharing/webmasters/crawler)"
57.141.0.20 - - [01/Nov/2025:19:30:41 +0330] "GET /74457562.phtml HTTP/2" 200 4633 "-" "meta-externalagent/1.1 (+https://developers.facebook.com/docs/sharing/webmasters/crawler)"
57.141.0.29 - - [01/Nov/2025:19:30:51 +0330] "GET /98917930.phtml HTTP/2" 200 4633 "-" "meta-externalagent/1.1 (+https://developers.facebook.com/docs/sharing/webmasters/crawler)"
57.141.0.47 - - [01/Nov/2025:19:30:56 +0330] "GET /139842010.phtml HTTP/2" 200 4633 "-" "meta-externalagent/1.1 (+https://developers.facebook.com/docs/sharing/webmasters/crawler)"
57.141.0.4 - - [01/Nov/2025:19:31:03 +0330] "GET /43680730.phtml HTTP/2" 200 4633 "-" "meta-externalagent/1.1 (+https://developers.facebook.com/docs/sharing/webmasters/crawler)"
45.155.43.214 - - [01/Nov/2025:19:31:11 +0330] "GET /wp-includes/cgialfa/ HTTP/1.1" 200 1837 "-" "python-requests/2.32.3"
45.155.43.214 - - [01/Nov/2025:19:31:23 +0330] "GET /main/ HTTP/1.1" 200 1837 "-" "python-requests/2.32.3"
57.141.0.39 - - [01/Nov/2025:19:31:50 +0330] "GET /70444378.phtml HTTP/2" 200 4633 "-" "meta-externalagent/1.1 (+https://developers.facebook.com/docs/sharing/webmasters/crawler)"
57.141.0.59 - - [01/Nov/2025:19:31:58 +0330] "GET /144105178.phtml HTTP/2" 200 4633 "-" "meta-externalagent/1.1 (+https://developers.facebook.com/docs/sharing/webmasters/crawler)"
57.141.0.46 - - [01/Nov/2025:19:32:02 +0330] "GET /28320346.phtml HTTP/2" 200 4633 "-" "meta-externalagent/1.1 (+https://developers.facebook.com/docs/sharing/webmasters/crawler)"
57.141.0.48 - - [01/Nov/2025:19:32:06 +0330] "GET /77982538.phtml HTTP/2" 200 4633 "-" "meta-externalagent/1.1 (+https://developers.facebook.com/docs/sharing/webmasters/crawler)"
114.119.150.38 - - [01/Nov/2025:19:31:10 +0330] "GET /90185242.phtml HTTP/1.1" 200 1837 "https://app.optimyar.com/sitemap-4.xml" "Mozilla/5.0 (Linux; Android 7.0;) AppleWebKit/537.36 (KHTML, like Gecko) Mobile Safari/537.36 (compatible; PetalBot;+https://webmaster.petalsearch.com/site/petalbot)"
216.73.216.191 - - [01/Nov/2025:19:31:10 +0330] "GET /sitemap-4.xml HTTP/2" 200 1662 "-" "Mozilla/5.0 AppleWebKit/537.36 (KHTML, like Gecko; compatible; ClaudeBot/1.0; +claudebot@anthropic.com)"
57.141.0.61 - - [01/Nov/2025:19:31:23 +0330] "GET /149603098.phtml HTTP/2" 200 4633 "-" "meta-externalagent/1.1 (+https://developers.facebook.com/docs/sharing/webmasters/crawler)"
57.141.0.38 - - [01/Nov/2025:19:31:34 +0330] "GET /57305434.phtml HTTP/2" 200 4633 "-" "meta-externalagent/1.1 (+https://developers.facebook.com/docs/sharing/webmasters/crawler)"
57.141.0.28 - - [01/Nov/2025:19:31:55 +0330] "GET /124057162.phtml HTTP/2" 200 4633 "-" "meta-externalagent/1.1 (+https://developers.facebook.com/docs/sharing/webmasters/crawler)"
57.141.0.62 - - [01/Nov/2025:19:31:59 +0330] "GET /137436826.phtml HTTP/2" 200 4633 "-" "meta-externalagent/1.1 (+https://developers.facebook.com/docs/sharing/webmasters/crawler)"
57.141.0.1 - - [01/Nov/2025:19:32:05 +0330] "GET /68810362.phtml HTTP/2" 200 4633 "-" "meta-externalagent/1.1 (+https://developers.facebook.com/docs/sharing/webmasters/crawler)"
57.141.0.68 - - [01/Nov/2025:19:32:13 +0330] "GET /51634762.phtml HTTP/2" 200 4633 "-" "meta-externalagent/1.1 (+https://developers.facebook.com/docs/sharing/webmasters/crawler)"
57.141.0.64 - - [01/Nov/2025:19:32:14 +0330] "GET /41293546.phtml HTTP/2" 200 4633 "-" "meta-externalagent/1.1 (+https://developers.facebook.com/docs/sharing/webmasters/crawler)"
45.155.43.214 - - [01/Nov/2025:19:32:25 +0330] "GET /credentials/credentials/ HTTP/1.1" 200 1837 "-" "python-requests/2.32.3"
114.119.138.32 - - [01/Nov/2025:19:32:30 +0330] "GET /87979594.phtml HTTP/1.1" 200 1837 "https://app.optimyar.com/sitemap-13.xml" "Mozilla/5.0 (Linux; Android 7.0;) AppleWebKit/537.36 (KHTML, like Gecko) Mobile Safari/537.36 (compatible; PetalBot;+https://webmaster.petalsearch.com/site/petalbot)"
57.141.0.39 - - [01/Nov/2025:19:32:34 +0330] "GET /144875434.phtml HTTP/2" 200 4633 "-" "meta-externalagent/1.1 (+https://developers.facebook.com/docs/sharing/webmasters/crawler)"
57.141.0.24 - - [01/Nov/2025:19:32:38 +0330] "GET /145464442.phtml HTTP/2" 200 4633 "-" "meta-externalagent/1.1 (+https://developers.facebook.com/docs/sharing/webmasters/crawler)"
57.141.0.23 - - [01/Nov/2025:19:32:38 +0330] "GET /116750026.phtml HTTP/2" 200 4633 "-" "meta-externalagent/1.1 (+https://developers.facebook.com/docs/sharing/webmasters/crawler)"
57.141.0.42 - - [01/Nov/2025:19:32:41 +0330] "GET /113545066.phtml HTTP/2" 200 4633 "-" "meta-externalagent/1.1 (+https://developers.facebook.com/docs/sharing/webmasters/crawler)"
57.141.0.15 - - [01/Nov/2025:19:32:41 +0330] "GET /91269706.phtml HTTP/2" 200 4633 "-" "meta-externalagent/1.1 (+https://developers.facebook.com/docs/sharing/webmasters/crawler)"
57.141.0.69 - - [01/Nov/2025:19:32:47 +0330] "GET /81169162.phtml HTTP/2" 200 4633 "-" "meta-externalagent/1.1 (+https://developers.facebook.com/docs/sharing/webmasters/crawler)"
57.141.0.12 - - [01/Nov/2025:19:32:52 +0330] "GET /104283466.phtml HTTP/2" 200 4633 "-" "meta-externalagent/1.1 (+https://developers.facebook.com/docs/sharing/webmasters/crawler)"
57.141.0.53 - - [01/Nov/2025:19:33:05 +0330] "GET /79881370.phtml HTTP/2" 200 4633 "-" "meta-externalagent/1.1 (+https://developers.facebook.com/docs/sharing/webmasters/crawler)"
57.141.0.54 - - [01/Nov/2025:19:33:11 +0330] "GET /100484170.phtml HTTP/2" 200 4633 "-" "meta-externalagent/1.1 (+https://developers.facebook.com/docs/sharing/webmasters/crawler)"
57.141.0.25 - - [01/Nov/2025:19:33:34 +0330] "GET /146510122.phtml HTTP/2" 200 4633 "-" "meta-externalagent/1.1 (+https://developers.facebook.com/docs/sharing/webmasters/crawler)"
57.141.0.51 - - [01/Nov/2025:19:33:34 +0330] "GET /77558986.phtml HTTP/2" 200 4633 "-" "meta-externalagent/1.1 (+https://developers.facebook.com/docs/sharing/webmasters/crawler)"
57.141.0.19 - - [01/Nov/2025:19:33:36 +0330] "GET /18861850.phtml HTTP/2" 200 4633 "-" "meta-externalagent/1.1 (+https://developers.facebook.com/docs/sharing/webmasters/crawler)"
45.155.43.214 - - [01/Nov/2025:19:33:39 +0330] "GET /wp-includes/js/ HTTP/1.1" 200 1837 "-" "python-requests/2.32.3"
57.141.0.48 - - [01/Nov/2025:19:33:40 +0330] "GET /72484618.phtml HTTP/2" 200 4633 "-" "meta-externalagent/1.1 (+https://developers.facebook.com/docs/sharing/webmasters/crawler)"
57.141.0.56 - - [01/Nov/2025:19:33:52 +0330] "GET /49392394.phtml HTTP/2" 200 4633 "-" "meta-externalagent/1.1 (+https://developers.facebook.com/docs/sharing/webmasters/crawler)"
57.141.0.35 - - [01/Nov/2025:19:33:57 +0330] "GET /49850506.phtml HTTP/2" 200 4633 "-" "meta-externalagent/1.1 (+https://developers.facebook.com/docs/sharing/webmasters/crawler)"
57.141.0.70 - - [01/Nov/2025:19:33:58 +0330] "GET /134650858.phtml HTTP/2" 200 4633 "-" "meta-externalagent/1.1 (+https://developers.facebook.com/docs/sharing/webmasters/crawler)"
57.141.0.6 - - [01/Nov/2025:19:33:59 +0330] "GET /45963898.phtml HTTP/2" 200 4633 "-" "meta-externalagent/1.1 (+https://developers.facebook.com/docs/sharing/webmasters/crawler)"
57.141.0.67 - - [01/Nov/2025:19:32:09 +0330] "GET /94030858.phtml HTTP/2" 200 4633 "-" "meta-externalagent/1.1 (+https://developers.facebook.com/docs/sharing/webmasters/crawler)"
57.141.0.34 - - [01/Nov/2025:19:32:24 +0330] "GET /101348698.phtml HTTP/2" 200 4633 "-" "meta-externalagent/1.1 (+https://developers.facebook.com/docs/sharing/webmasters/crawler)"
57.141.0.54 - - [01/Nov/2025:19:32:29 +0330] "GET /76113178.phtml HTTP/2" 200 4633 "-" "meta-externalagent/1.1 (+https://developers.facebook.com/docs/sharing/webmasters/crawler)"
57.141.0.16 - - [01/Nov/2025:19:32:34 +0330] "GET /148053226.phtml HTTP/2" 200 4633 "-" "meta-externalagent/1.1 (+https://developers.facebook.com/docs/sharing/webmasters/crawler)"
57.141.0.67 - - [01/Nov/2025:19:32:36 +0330] "GET /50039146.phtml HTTP/2" 200 4633 "-" "meta-externalagent/1.1 (+https://developers.facebook.com/docs/sharing/webmasters/crawler)"
57.141.0.71 - - [01/Nov/2025:19:32:43 +0330] "GET /115925386.phtml HTTP/2" 200 4633 "-" "meta-externalagent/1.1 (+https://developers.facebook.com/docs/sharing/webmasters/crawler)"
57.141.0.47 - - [01/Nov/2025:19:32:50 +0330] "GET /141857386.phtml HTTP/2" 200 4633 "-" "meta-externalagent/1.1 (+https://developers.facebook.com/docs/sharing/webmasters/crawler)"
57.141.0.57 - - [01/Nov/2025:19:33:00 +0330] "GET /24857674.phtml HTTP/2" 200 4633 "-" "meta-externalagent/1.1 (+https://developers.facebook.com/docs/sharing/webmasters/crawler)"
57.141.0.61 - - [01/Nov/2025:19:33:01 +0330] "GET /73280410.phtml HTTP/2" 200 4633 "-" "meta-externalagent/1.1 (+https://developers.facebook.com/docs/sharing/webmasters/crawler)"
57.141.0.50 - - [01/Nov/2025:19:33:03 +0330] "GET /95068666.phtml HTTP/2" 200 4633 "-" "meta-externalagent/1.1 (+https://developers.facebook.com/docs/sharing/webmasters/crawler)"
57.141.0.35 - - [01/Nov/2025:19:33:04 +0330] "GET /111316810.phtml HTTP/2" 200 4633 "-" "meta-externalagent/1.1 (+https://developers.facebook.com/docs/sharing/webmasters/crawler)"
57.141.0.25 - - [01/Nov/2025:19:33:21 +0330] "GET /35916394.phtml HTTP/2" 200 4633 "-" "meta-externalagent/1.1 (+https://developers.facebook.com/docs/sharing/webmasters/crawler)"
57.141.0.22 - - [01/Nov/2025:19:33:22 +0330] "GET /78738010.phtml HTTP/2" 200 4633 "-" "meta-externalagent/1.1 (+https://developers.facebook.com/docs/sharing/webmasters/crawler)"
57.141.0.47 - - [01/Nov/2025:19:33:33 +0330] "GET /78164122.phtml HTTP/2" 200 4633 "-" "meta-externalagent/1.1 (+https://developers.facebook.com/docs/sharing/webmasters/crawler)"
57.141.0.58 - - [01/Nov/2025:19:33:44 +0330] "GET /18231754.phtml HTTP/2" 200 4633 "-" "meta-externalagent/1.1 (+https://developers.facebook.com/docs/sharing/webmasters/crawler)"
45.155.43.214 - - [01/Nov/2025:19:33:47 +0330] "GET /wp-content/plugins/wp-automatic/changelog/ HTTP/1.1" 200 1837 "-" "python-requests/2.32.3"
57.141.0.20 - - [01/Nov/2025:19:33:49 +0330] "GET /79087930.phtml HTTP/2" 200 4633 "-" "meta-externalagent/1.1 (+https://developers.facebook.com/docs/sharing/webmasters/crawler)"
57.141.0.69 - - [01/Nov/2025:19:33:50 +0330] "GET /140356810.phtml HTTP/2" 200 4633 "-" "meta-externalagent/1.1 (+https://developers.facebook.com/docs/sharing/webmasters/crawler)"
57.141.0.73 - - [01/Nov/2025:19:33:54 +0330] "GET /57658954.phtml HTTP/2" 200 4633 "-" "meta-externalagent/1.1 (+https://developers.facebook.com/docs/sharing/webmasters/crawler)"
57.141.0.5 - - [01/Nov/2025:19:33:55 +0330] "GET /139928986.phtml HTTP/2" 200 4633 "-" "meta-externalagent/1.1 (+https://developers.facebook.com/docs/sharing/webmasters/crawler)"
57.141.0.16 - - [01/Nov/2025:19:33:59 +0330] "GET /132725626.phtml HTTP/2" 200 4633 "-" "meta-externalagent/1.1 (+https://developers.facebook.com/docs/sharing/webmasters/crawler)"
57.141.0.70 - - [01/Nov/2025:19:34:00 +0330] "GET /101318362.phtml HTTP/2" 200 4633 "-" "meta-externalagent/1.1 (+https://developers.facebook.com/docs/sharing/webmasters/crawler)"
57.141.0.12 - - [01/Nov/2025:19:34:02 +0330] "GET /147552202.phtml HTTP/2" 200 4633 "-" "meta-externalagent/1.1 (+https://developers.facebook.com/docs/sharing/webmasters/crawler)"
57.141.0.61 - - [01/Nov/2025:19:34:04 +0330] "GET /117824458.phtml HTTP/2" 200 4633 "-" "meta-externalagent/1.1 (+https://developers.facebook.com/docs/sharing/webmasters/crawler)"
57.141.0.27 - - [01/Nov/2025:19:34:23 +0330] "GET /137266618.phtml HTTP/2" 200 4633 "-" "meta-externalagent/1.1 (+https://developers.facebook.com/docs/sharing/webmasters/crawler)"
57.141.0.48 - - [01/Nov/2025:19:34:26 +0330] "GET /55768858.phtml HTTP/2" 200 4633 "-" "meta-externalagent/1.1 (+https://developers.facebook.com/docs/sharing/webmasters/crawler)"
57.141.0.67 - - [01/Nov/2025:19:34:27 +0330] "GET /70577914.phtml HTTP/2" 200 4633 "-" "meta-externalagent/1.1 (+https://developers.facebook.com/docs/sharing/webmasters/crawler)"
57.141.0.4 - - [01/Nov/2025:19:34:33 +0330] "GET /55085338.phtml HTTP/2" 200 4633 "-" "meta-externalagent/1.1 (+https://developers.facebook.com/docs/sharing/webmasters/crawler)"
45.155.43.214 - - [01/Nov/2025:19:34:41 +0330] "GET /2021/ HTTP/1.1" 200 1837 "-" "python-requests/2.32.3"
57.141.0.68 - - [01/Nov/2025:19:34:54 +0330] "GET /136520074.phtml HTTP/2" 200 4633 "-" "meta-externalagent/1.1 (+https://developers.facebook.com/docs/sharing/webmasters/crawler)"
57.141.0.22 - - [01/Nov/2025:19:34:56 +0330] "GET /65478874.phtml HTTP/2" 200 4633 "-" "meta-externalagent/1.1 (+https://developers.facebook.com/docs/sharing/webmasters/crawler)"
51.89.129.88 - - [01/Nov/2025:19:35:02 +0330] "GET /97410442.phtml HTTP/2" 200 1662 "-" "Mozilla/5.0 (compatible; AhrefsBot/7.0; +http://ahrefs.com/robot/)"
57.141.0.46 - - [01/Nov/2025:19:35:03 +0330] "GET /77173834.phtml HTTP/2" 200 4633 "-" "meta-externalagent/1.1 (+https://developers.facebook.com/docs/sharing/webmasters/crawler)"
57.141.0.32 - - [01/Nov/2025:19:35:04 +0330] "GET /78872890.phtml HTTP/2" 200 4633 "-" "meta-externalagent/1.1 (+https://developers.facebook.com/docs/sharing/webmasters/crawler)"
57.141.0.64 - - [01/Nov/2025:19:35:05 +0330] "GET /135455770.phtml HTTP/2" 200 4633 "-" "meta-externalagent/1.1 (+https://developers.facebook.com/docs/sharing/webmasters/crawler)"
57.141.0.2 - - [01/Nov/2025:19:35:18 +0330] "GET /50791690.phtml HTTP/2" 200 4633 "-" "meta-externalagent/1.1 (+https://developers.facebook.com/docs/sharing/webmasters/crawler)"
57.141.0.38 - - [01/Nov/2025:19:35:20 +0330] "GET /27313018.phtml HTTP/2" 200 4633 "-" "meta-externalagent/1.1 (+https://developers.facebook.com/docs/sharing/webmasters/crawler)"
57.141.0.61 - - [01/Nov/2025:19:35:36 +0330] "GET /132495178.phtml HTTP/2" 200 4633 "-" "meta-externalagent/1.1 (+https://developers.facebook.com/docs/sharing/webmasters/crawler)"
57.141.0.29 - - [01/Nov/2025:19:35:43 +0330] "GET /147580762.phtml HTTP/2" 200 4633 "-" "meta-externalagent/1.1 (+https://developers.facebook.com/docs/sharing/webmasters/crawler)"
57.141.0.53 - - [01/Nov/2025:19:35:46 +0330] "GET /65725642.phtml HTTP/2" 200 4633 "-" "meta-externalagent/1.1 (+https://developers.facebook.com/docs/sharing/webmasters/crawler)"
57.141.0.32 - - [01/Nov/2025:19:35:52 +0330] "GET /105803290.phtml HTTP/2" 200 4633 "-" "meta-externalagent/1.1 (+https://developers.facebook.com/docs/sharing/webmasters/crawler)"
57.141.0.2 - - [01/Nov/2025:19:35:57 +0330] "GET /39519946.phtml HTTP/2" 200 4633 "-" "meta-externalagent/1.1 (+https://developers.facebook.com/docs/sharing/webmasters/crawler)"
57.141.0.54 - - [01/Nov/2025:19:35:59 +0330] "GET /139322506.phtml HTTP/2" 200 4633 "-" "meta-externalagent/1.1 (+https://developers.facebook.com/docs/sharing/webmasters/crawler)"
57.141.0.72 - - [01/Nov/2025:19:36:23 +0330] "GET /84838474.phtml HTTP/2" 200 4633 "-" "meta-externalagent/1.1 (+https://developers.facebook.com/docs/sharing/webmasters/crawler)"
216.73.216.191 - - [01/Nov/2025:19:36:30 +0330] "GET /sitemap.xml HTTP/2" 200 1662 "-" "Mozilla/5.0 AppleWebKit/537.36 (KHTML, like Gecko; compatible; ClaudeBot/1.0; +claudebot@anthropic.com)"
57.141.0.38 - - [01/Nov/2025:19:36:31 +0330] "GET /119944042.phtml HTTP/2" 200 4633 "-" "meta-externalagent/1.1 (+https://developers.facebook.com/docs/sharing/webmasters/crawler)"
57.141.0.16 - - [01/Nov/2025:19:34:00 +0330] "GET /105134602.phtml HTTP/2" 200 4633 "-" "meta-externalagent/1.1 (+https://developers.facebook.com/docs/sharing/webmasters/crawler)"
57.141.0.7 - - [01/Nov/2025:19:34:02 +0330] "GET /113868586.phtml HTTP/2" 200 4633 "-" "meta-externalagent/1.1 (+https://developers.facebook.com/docs/sharing/webmasters/crawler)"
57.141.0.56 - - [01/Nov/2025:19:34:04 +0330] "GET /8184442.phtml HTTP/2" 200 4633 "-" "meta-externalagent/1.1 (+https://developers.facebook.com/docs/sharing/webmasters/crawler)"
57.141.0.58 - - [01/Nov/2025:19:34:06 +0330] "GET /61406650.phtml HTTP/2" 200 4633 "-" "meta-externalagent/1.1 (+https://developers.facebook.com/docs/sharing/webmasters/crawler)"
57.141.0.46 - - [01/Nov/2025:19:34:14 +0330] "GET /75535978.phtml HTTP/2" 200 4633 "-" "meta-externalagent/1.1 (+https://developers.facebook.com/docs/sharing/webmasters/crawler)"
57.141.0.70 - - [01/Nov/2025:19:34:18 +0330] "GET /22019578.phtml HTTP/2" 200 4633 "-" "meta-externalagent/1.1 (+https://developers.facebook.com/docs/sharing/webmasters/crawler)"
57.141.0.30 - - [01/Nov/2025:19:34:21 +0330] "GET /83008810.phtml HTTP/2" 200 4633 "-" "meta-externalagent/1.1 (+https://developers.facebook.com/docs/sharing/webmasters/crawler)"
114.119.143.152 - - [01/Nov/2025:19:34:24 +0330] "GET /85951690.phtml HTTP/1.1" 200 1837 "https://app.optimyar.com/sitemap-16.xml" "Mozilla/5.0 (Linux; Android 7.0;) AppleWebKit/537.36 (KHTML, like Gecko) Mobile Safari/537.36 (compatible; PetalBot;+https://webmaster.petalsearch.com/site/petalbot)"
57.141.0.24 - - [01/Nov/2025:19:34:34 +0330] "GET /125675290.phtml HTTP/2" 200 4633 "-" "meta-externalagent/1.1 (+https://developers.facebook.com/docs/sharing/webmasters/crawler)"
57.141.0.8 - - [01/Nov/2025:19:34:36 +0330] "GET /113252026.phtml HTTP/2" 200 4633 "-" "meta-externalagent/1.1 (+https://developers.facebook.com/docs/sharing/webmasters/crawler)"
57.141.0.39 - - [01/Nov/2025:19:34:55 +0330] "GET /90126106.phtml HTTP/2" 200 4633 "-" "meta-externalagent/1.1 (+https://developers.facebook.com/docs/sharing/webmasters/crawler)"
57.141.0.17 - - [01/Nov/2025:19:35:05 +0330] "GET /73597930.phtml HTTP/2" 200 4633 "-" "meta-externalagent/1.1 (+https://developers.facebook.com/docs/sharing/webmasters/crawler)"
57.141.0.22 - - [01/Nov/2025:19:35:09 +0330] "GET /36981562.phtml HTTP/2" 200 4633 "-" "meta-externalagent/1.1 (+https://developers.facebook.com/docs/sharing/webmasters/crawler)"
57.141.0.72 - - [01/Nov/2025:19:35:22 +0330] "GET /22681162.phtml HTTP/2" 200 4633 "-" "meta-externalagent/1.1 (+https://developers.facebook.com/docs/sharing/webmasters/crawler)"
57.141.0.70 - - [01/Nov/2025:19:35:24 +0330] "GET /16511290.phtml HTTP/2" 200 4633 "-" "meta-externalagent/1.1 (+https://developers.facebook.com/docs/sharing/webmasters/crawler)"
57.141.0.22 - - [01/Nov/2025:19:35:51 +0330] "GET /108598858.phtml HTTP/2" 200 4633 "-" "meta-externalagent/1.1 (+https://developers.facebook.com/docs/sharing/webmasters/crawler)"
57.141.0.65 - - [01/Nov/2025:19:35:59 +0330] "GET /13511722.phtml HTTP/2" 200 4633 "-" "meta-externalagent/1.1 (+https://developers.facebook.com/docs/sharing/webmasters/crawler)"
57.141.0.73 - - [01/Nov/2025:19:36:01 +0330] "GET /76256506.phtml HTTP/2" 200 4633 "-" "meta-externalagent/1.1 (+https://developers.facebook.com/docs/sharing/webmasters/crawler)"
57.141.0.20 - - [01/Nov/2025:19:36:17 +0330] "GET /86760634.phtml HTTP/2" 200 4633 "-" "meta-externalagent/1.1 (+https://developers.facebook.com/docs/sharing/webmasters/crawler)"
57.141.0.48 - - [01/Nov/2025:19:36:23 +0330] "GET /63247258.phtml HTTP/2" 200 4633 "-" "meta-externalagent/1.1 (+https://developers.facebook.com/docs/sharing/webmasters/crawler)"
57.141.0.27 - - [01/Nov/2025:19:36:24 +0330] "GET /84382810.phtml HTTP/2" 200 4633 "-" "meta-externalagent/1.1 (+https://developers.facebook.com/docs/sharing/webmasters/crawler)"
57.141.0.13 - - [01/Nov/2025:19:36:25 +0330] "GET /36322426.phtml HTTP/2" 200 4633 "-" "meta-externalagent/1.1 (+https://developers.facebook.com/docs/sharing/webmasters/crawler)"
57.141.0.31 - - [01/Nov/2025:19:36:41 +0330] "GET /22543738.phtml HTTP/2" 200 4633 "-" "meta-externalagent/1.1 (+https://developers.facebook.com/docs/sharing/webmasters/crawler)"
57.141.0.35 - - [01/Nov/2025:19:36:48 +0330] "GET /20820202.phtml HTTP/2" 200 4633 "-" "meta-externalagent/1.1 (+https://developers.facebook.com/docs/sharing/webmasters/crawler)"
45.155.43.214 - - [01/Nov/2025:19:36:53 +0330] "GET /jars/upload/ HTTP/1.1" 200 1837 "-" "python-requests/2.32.3"
57.141.0.53 - - [01/Nov/2025:19:37:16 +0330] "GET /64619098.phtml HTTP/2" 200 4633 "-" "meta-externalagent/1.1 (+https://developers.facebook.com/docs/sharing/webmasters/crawler)"
57.141.0.52 - - [01/Nov/2025:19:37:23 +0330] "GET /60186298.phtml HTTP/2" 200 4633 "-" "meta-externalagent/1.1 (+https://developers.facebook.com/docs/sharing/webmasters/crawler)"
57.141.0.66 - - [01/Nov/2025:19:37:24 +0330] "GET /95252074.phtml HTTP/2" 200 4633 "-" "meta-externalagent/1.1 (+https://developers.facebook.com/docs/sharing/webmasters/crawler)"
57.141.0.68 - - [01/Nov/2025:19:37:47 +0330] "GET /66176698.phtml HTTP/2" 200 4633 "-" "meta-externalagent/1.1 (+https://developers.facebook.com/docs/sharing/webmasters/crawler)"
57.141.0.43 - - [01/Nov/2025:19:37:52 +0330] "GET /48128026.phtml HTTP/2" 200 4633 "-" "meta-externalagent/1.1 (+https://developers.facebook.com/docs/sharing/webmasters/crawler)"
57.141.0.38 - - [01/Nov/2025:19:37:56 +0330] "GET /19230154.phtml HTTP/2" 200 4633 "-" "meta-externalagent/1.1 (+https://developers.facebook.com/docs/sharing/webmasters/crawler)"
57.141.0.67 - - [01/Nov/2025:19:38:01 +0330] "GET /119888506.phtml HTTP/2" 200 4633 "-" "meta-externalagent/1.1 (+https://developers.facebook.com/docs/sharing/webmasters/crawler)"
45.155.43.214 - - [01/Nov/2025:19:38:16 +0330] "GET /templates/%2Btheme%2B/error.php HTTP/1.1" 200 1837 "-" "python-requests/2.32.3"
45.155.43.214 - - [01/Nov/2025:19:38:18 +0330] "GET /uploads/l.php HTTP/1.1" 200 1837 "-" "python-requests/2.32.3"
57.141.0.31 - - [01/Nov/2025:19:38:27 +0330] "GET /33366058.phtml HTTP/2" 200 4633 "-" "meta-externalagent/1.1 (+https://developers.facebook.com/docs/sharing/webmasters/crawler)"
45.155.43.214 - - [01/Nov/2025:19:38:27 +0330] "GET /bb.php HTTP/1.1" 200 1837 "www.google.com" "Mozilla/5.0 (Windows NT 10.0; Win64; x64) AppleWebKit/537.36 (KHTML, like Gecko) Chrome/90.0.4430.85 Safari/537.36"
45.155.43.214 - - [01/Nov/2025:19:38:30 +0330] "GET /yuuki.php HTTP/1.1" 200 1837 "www.google.com" "Mozilla/5.0 (Windows NT 10.0; Win64; x64) AppleWebKit/537.36 (KHTML, like Gecko) Chrome/90.0.4430.85 Safari/537.36"
45.155.43.214 - - [01/Nov/2025:19:38:32 +0330] "GET /wp-admin/js/xxxxxxxxxxxxxxxxxxxxxxxxxxxx.php HTTP/1.1" 200 1837 "www.google.com" "Mozilla/5.0 (Windows NT 10.0; Win64; x64) AppleWebKit/537.36 (KHTML, like Gecko) Chrome/90.0.4430.85 Safari/537.36"
45.155.43.214 - - [01/Nov/2025:19:38:33 +0330] "GET /wp-admin/includes/readindex.php HTTP/1.1" 200 1837 "www.google.com" "Mozilla/5.0 (Windows NT 10.0; Win64; x64) AppleWebKit/537.36 (KHTML, like Gecko) Chrome/90.0.4430.85 Safari/537.36"
45.155.43.214 - - [01/Nov/2025:19:38:36 +0330] "GET /hello.php HTTP/1.1" 200 1837 "www.google.com" "Mozilla/5.0 (Windows NT 10.0; Win64; x64) AppleWebKit/537.36 (KHTML, like Gecko) Chrome/90.0.4430.85 Safari/537.36"
216.73.216.191 - - [01/Nov/2025:19:38:42 +0330] "GET /sitemap-15.xml HTTP/2" 200 1662 "-" "Mozilla/5.0 AppleWebKit/537.36 (KHTML, like Gecko; compatible; ClaudeBot/1.0; +claudebot@anthropic.com)"
45.155.43.214 - - [01/Nov/2025:19:38:42 +0330] "GET /8index.php HTTP/1.1" 200 1837 "www.google.com" "Mozilla/5.0 (Windows NT 10.0; Win64; x64) AppleWebKit/537.36 (KHTML, like Gecko) Chrome/90.0.4430.85 Safari/537.36"
57.141.0.46 - - [01/Nov/2025:19:38:43 +0330] "GET /77579674.phtml HTTP/2" 200 4633 "-" "meta-externalagent/1.1 (+https://developers.facebook.com/docs/sharing/webmasters/crawler)"
57.141.0.23 - - [01/Nov/2025:19:36:35 +0330] "GET /20620714.phtml HTTP/2" 200 4633 "-" "meta-externalagent/1.1 (+https://developers.facebook.com/docs/sharing/webmasters/crawler)"
57.141.0.72 - - [01/Nov/2025:19:36:59 +0330] "GET /104022682.phtml HTTP/2" 200 4633 "-" "meta-externalagent/1.1 (+https://developers.facebook.com/docs/sharing/webmasters/crawler)"
57.141.0.50 - - [01/Nov/2025:19:37:04 +0330] "GET /44222362.phtml HTTP/2" 200 4633 "-" "meta-externalagent/1.1 (+https://developers.facebook.com/docs/sharing/webmasters/crawler)"
57.141.0.35 - - [01/Nov/2025:19:37:05 +0330] "GET /112045066.phtml HTTP/2" 200 4633 "-" "meta-externalagent/1.1 (+https://developers.facebook.com/docs/sharing/webmasters/crawler)"
57.141.0.16 - - [01/Nov/2025:19:37:07 +0330] "GET /42625402.phtml HTTP/2" 200 4633 "-" "meta-externalagent/1.1 (+https://developers.facebook.com/docs/sharing/webmasters/crawler)"
57.141.0.52 - - [01/Nov/2025:19:37:09 +0330] "GET /74138650.phtml HTTP/2" 200 4633 "-" "meta-externalagent/1.1 (+https://developers.facebook.com/docs/sharing/webmasters/crawler)"
57.141.0.36 - - [01/Nov/2025:19:37:14 +0330] "GET /69213226.phtml HTTP/2" 200 4633 "-" "meta-externalagent/1.1 (+https://developers.facebook.com/docs/sharing/webmasters/crawler)"
57.141.0.16 - - [01/Nov/2025:19:37:27 +0330] "GET /88463098.phtml HTTP/2" 200 4633 "-" "meta-externalagent/1.1 (+https://developers.facebook.com/docs/sharing/webmasters/crawler)"
57.141.0.5 - - [01/Nov/2025:19:37:41 +0330] "GET /68590954.phtml HTTP/2" 200 4633 "-" "meta-externalagent/1.1 (+https://developers.facebook.com/docs/sharing/webmasters/crawler)"
57.141.0.48 - - [01/Nov/2025:19:38:01 +0330] "GET /91784890.phtml HTTP/2" 200 4633 "-" "meta-externalagent/1.1 (+https://developers.facebook.com/docs/sharing/webmasters/crawler)"
57.141.0.12 - - [01/Nov/2025:19:38:02 +0330] "GET /7294714.phtml HTTP/2" 200 4633 "-" "meta-externalagent/1.1 (+https://developers.facebook.com/docs/sharing/webmasters/crawler)"
114.119.145.22 - - [01/Nov/2025:19:38:10 +0330] "GET /76952794.phtml HTTP/1.1" 200 1837 "https://app.optimyar.com/sitemap-13.xml" "Mozilla/5.0 (Linux; Android 7.0;) AppleWebKit/537.36 (KHTML, like Gecko) Mobile Safari/537.36 (compatible; PetalBot;+https://webmaster.petalsearch.com/site/petalbot)"
57.141.0.16 - - [01/Nov/2025:19:38:11 +0330] "GET /70499626.phtml HTTP/2" 200 4633 "-" "meta-externalagent/1.1 (+https://developers.facebook.com/docs/sharing/webmasters/crawler)"
45.155.43.214 - - [01/Nov/2025:19:38:19 +0330] "GET /098.php HTTP/1.1" 200 1837 "-" "python-requests/2.32.3"
45.155.43.214 - - [01/Nov/2025:19:38:22 +0330] "GET /wp-content/themes/seotheme/mar.php HTTP/1.1" 200 1837 "-" "python-requests/2.32.3"
45.155.43.214 - - [01/Nov/2025:19:38:24 +0330] "GET /media-admin.php HTTP/1.1" 200 1837 "-" "python-requests/2.32.3"
45.155.43.214 - - [01/Nov/2025:19:38:28 +0330] "GET /10.php HTTP/1.1" 200 1837 "www.google.com" "Mozilla/5.0 (Windows NT 10.0; Win64; x64) AppleWebKit/537.36 (KHTML, like Gecko) Chrome/90.0.4430.85 Safari/537.36"
45.155.43.214 - - [01/Nov/2025:19:38:29 +0330] "GET /wp-mna.php HTTP/1.1" 200 1837 "www.google.com" "Mozilla/5.0 (Windows NT 10.0; Win64; x64) AppleWebKit/537.36 (KHTML, like Gecko) Chrome/90.0.4430.85 Safari/537.36"
57.141.0.39 - - [01/Nov/2025:19:38:29 +0330] "GET /13025674.phtml HTTP/2" 200 4633 "-" "meta-externalagent/1.1 (+https://developers.facebook.com/docs/sharing/webmasters/crawler)"
57.141.0.1 - - [01/Nov/2025:19:38:35 +0330] "GET /10370410.phtml HTTP/2" 200 4633 "-" "meta-externalagent/1.1 (+https://developers.facebook.com/docs/sharing/webmasters/crawler)"
57.141.0.48 - - [01/Nov/2025:19:38:40 +0330] "GET /77785930.phtml HTTP/2" 200 4633 "-" "meta-externalagent/1.1 (+https://developers.facebook.com/docs/sharing/webmasters/crawler)"
57.141.0.48 - - [01/Nov/2025:19:38:43 +0330] "GET /19592266.phtml HTTP/2" 200 4633 "-" "meta-externalagent/1.1 (+https://developers.facebook.com/docs/sharing/webmasters/crawler)"
45.155.43.214 - - [01/Nov/2025:19:38:44 +0330] "GET /files/image.php HTTP/1.1" 200 1837 "www.google.com" "Mozilla/5.0 (Windows NT 10.0; Win64; x64) AppleWebKit/537.36 (KHTML, like Gecko) Chrome/90.0.4430.85 Safari/537.36"
45.155.43.214 - - [01/Nov/2025:19:38:44 +0330] "GET /13.php HTTP/1.1" 200 1837 "www.google.com" "Mozilla/5.0 (Windows NT 10.0; Win64; x64) AppleWebKit/537.36 (KHTML, like Gecko) Chrome/90.0.4430.85 Safari/537.36"
45.155.43.214 - - [01/Nov/2025:19:38:45 +0330] "GET /wp-admin/css/media.php HTTP/1.1" 200 1837 "www.google.com" "Mozilla/5.0 (Windows NT 10.0; Win64; x64) AppleWebKit/537.36 (KHTML, like Gecko) Chrome/90.0.4430.85 Safari/537.36"
45.155.43.214 - - [01/Nov/2025:19:38:46 +0330] "GET /templates/ja_purity/index.php HTTP/1.1" 200 1837 "-" "python-requests/2.32.3"
45.155.43.214 - - [01/Nov/2025:19:38:46 +0330] "GET /symlink.php HTTP/1.1" 200 1837 "-" "python-requests/2.32.3"
