57.141.0.51 - - [01/Nov/2025:18:37:59 +0330] "GET /94995466.phtml HTTP/2" 200 4633 "-" "meta-externalagent/1.1 (+https://developers.facebook.com/docs/sharing/webmasters/crawler)"
57.141.0.6 - - [01/Nov/2025:18:38:10 +0330] "GET /107996410.phtml HTTP/2" 200 4633 "-" "meta-externalagent/1.1 (+https://developers.facebook.com/docs/sharing/webmasters/crawler)"
57.141.0.46 - - [01/Nov/2025:18:38:15 +0330] "GET /127545610.phtml HTTP/2" 200 4633 "-" "meta-externalagent/1.1 (+https://developers.facebook.com/docs/sharing/webmasters/crawler)"
57.141.0.45 - - [01/Nov/2025:18:38:24 +0330] "GET /55847002.phtml HTTP/2" 200 4633 "-" "meta-externalagent/1.1 (+https://developers.facebook.com/docs/sharing/webmasters/crawler)"
57.141.0.2 - - [01/Nov/2025:18:38:43 +0330] "GET /7086346.phtml HTTP/2" 200 4633 "-" "meta-externalagent/1.1 (+https://developers.facebook.com/docs/sharing/webmasters/crawler)"
57.141.0.71 - - [01/Nov/2025:18:38:51 +0330] "GET /13699066.phtml HTTP/2" 200 4633 "-" "meta-externalagent/1.1 (+https://developers.facebook.com/docs/sharing/webmasters/crawler)"
57.141.0.68 - - [01/Nov/2025:18:38:54 +0330] "GET /85040314.phtml HTTP/2" 200 4633 "-" "meta-externalagent/1.1 (+https://developers.facebook.com/docs/sharing/webmasters/crawler)"
57.141.0.39 - - [01/Nov/2025:18:38:57 +0330] "GET /101137786.phtml HTTP/2" 200 4633 "-" "meta-externalagent/1.1 (+https://developers.facebook.com/docs/sharing/webmasters/crawler)"
57.141.0.68 - - [01/Nov/2025:18:39:13 +0330] "GET /113504794.phtml HTTP/2" 200 4633 "-" "meta-externalagent/1.1 (+https://developers.facebook.com/docs/sharing/webmasters/crawler)"
57.141.0.33 - - [01/Nov/2025:18:39:14 +0330] "GET /53014810.phtml HTTP/2" 200 4633 "-" "meta-externalagent/1.1 (+https://developers.facebook.com/docs/sharing/webmasters/crawler)"
57.141.0.67 - - [01/Nov/2025:18:39:42 +0330] "GET /118916122.phtml HTTP/2" 200 4633 "-" "meta-externalagent/1.1 (+https://developers.facebook.com/docs/sharing/webmasters/crawler)"
198.244.240.165 - - [01/Nov/2025:18:39:56 +0330] "GET /80336938.phtml HTTP/2" 200 1662 "-" "Mozilla/5.0 (compatible; AhrefsBot/7.0; +http://ahrefs.com/robot/)"
57.141.0.74 - - [01/Nov/2025:18:40:10 +0330] "GET /45216346.phtml HTTP/2" 200 4633 "-" "meta-externalagent/1.1 (+https://developers.facebook.com/docs/sharing/webmasters/crawler)"
57.141.0.41 - - [01/Nov/2025:18:40:12 +0330] "GET /145000282.phtml HTTP/2" 200 4633 "-" "meta-externalagent/1.1 (+https://developers.facebook.com/docs/sharing/webmasters/crawler)"
57.141.0.54 - - [01/Nov/2025:18:40:15 +0330] "GET /84484714.phtml HTTP/2" 200 4633 "-" "meta-externalagent/1.1 (+https://developers.facebook.com/docs/sharing/webmasters/crawler)"
57.141.0.64 - - [01/Nov/2025:18:40:19 +0330] "GET /147214762.phtml HTTP/2" 200 4633 "-" "meta-externalagent/1.1 (+https://developers.facebook.com/docs/sharing/webmasters/crawler)"
57.141.0.33 - - [01/Nov/2025:18:40:22 +0330] "GET /90527050.phtml HTTP/2" 200 4633 "-" "meta-externalagent/1.1 (+https://developers.facebook.com/docs/sharing/webmasters/crawler)"
57.141.0.15 - - [01/Nov/2025:18:40:31 +0330] "GET /23865562.phtml HTTP/2" 200 4633 "-" "meta-externalagent/1.1 (+https://developers.facebook.com/docs/sharing/webmasters/crawler)"
57.141.0.6 - - [01/Nov/2025:18:40:42 +0330] "GET /88460218.phtml HTTP/2" 200 4633 "-" "meta-externalagent/1.1 (+https://developers.facebook.com/docs/sharing/webmasters/crawler)"
57.141.0.26 - - [01/Nov/2025:18:40:47 +0330] "GET /43348858.phtml HTTP/2" 200 4633 "-" "meta-externalagent/1.1 (+https://developers.facebook.com/docs/sharing/webmasters/crawler)"
45.155.43.214 - - [01/Nov/2025:18:40:56 +0330] "GET /bak/ HTTP/1.1" 200 1837 "-" "python-requests/2.32.3"
57.141.0.44 - - [01/Nov/2025:18:41:03 +0330] "GET /27972346.phtml HTTP/2" 200 4633 "-" "meta-externalagent/1.1 (+https://developers.facebook.com/docs/sharing/webmasters/crawler)"
57.141.0.3 - - [01/Nov/2025:18:38:39 +0330] "GET /119643370.phtml HTTP/2" 200 4633 "-" "meta-externalagent/1.1 (+https://developers.facebook.com/docs/sharing/webmasters/crawler)"
57.141.0.50 - - [01/Nov/2025:18:38:40 +0330] "GET /33486874.phtml HTTP/2" 200 4633 "-" "meta-externalagent/1.1 (+https://developers.facebook.com/docs/sharing/webmasters/crawler)"
57.141.0.2 - - [01/Nov/2025:18:39:22 +0330] "GET /59764858.phtml HTTP/2" 200 4633 "-" "meta-externalagent/1.1 (+https://developers.facebook.com/docs/sharing/webmasters/crawler)"
57.141.0.70 - - [01/Nov/2025:18:39:25 +0330] "GET /87885514.phtml HTTP/2" 200 4633 "-" "meta-externalagent/1.1 (+https://developers.facebook.com/docs/sharing/webmasters/crawler)"
57.141.0.54 - - [01/Nov/2025:18:39:45 +0330] "GET /68037610.phtml HTTP/2" 200 4633 "-" "meta-externalagent/1.1 (+https://developers.facebook.com/docs/sharing/webmasters/crawler)"
57.141.0.41 - - [01/Nov/2025:18:39:59 +0330] "GET /88237450.phtml HTTP/2" 200 4633 "-" "meta-externalagent/1.1 (+https://developers.facebook.com/docs/sharing/webmasters/crawler)"
57.141.0.46 - - [01/Nov/2025:18:40:02 +0330] "GET /102509626.phtml HTTP/2" 200 4633 "-" "meta-externalagent/1.1 (+https://developers.facebook.com/docs/sharing/webmasters/crawler)"
57.141.0.7 - - [01/Nov/2025:18:40:07 +0330] "GET /39020602.phtml HTTP/2" 200 4633 "-" "meta-externalagent/1.1 (+https://developers.facebook.com/docs/sharing/webmasters/crawler)"
57.141.0.36 - - [01/Nov/2025:18:40:12 +0330] "GET /33648490.phtml HTTP/2" 200 4633 "-" "meta-externalagent/1.1 (+https://developers.facebook.com/docs/sharing/webmasters/crawler)"
57.141.0.60 - - [01/Nov/2025:18:40:12 +0330] "GET /43449994.phtml HTTP/2" 200 4633 "-" "meta-externalagent/1.1 (+https://developers.facebook.com/docs/sharing/webmasters/crawler)"
57.141.0.41 - - [01/Nov/2025:18:40:13 +0330] "GET /131150170.phtml HTTP/2" 200 4633 "-" "meta-externalagent/1.1 (+https://developers.facebook.com/docs/sharing/webmasters/crawler)"
57.141.0.43 - - [01/Nov/2025:18:40:14 +0330] "GET /135902314.phtml HTTP/2" 200 4633 "-" "meta-externalagent/1.1 (+https://developers.facebook.com/docs/sharing/webmasters/crawler)"
57.141.0.57 - - [01/Nov/2025:18:40:21 +0330] "GET /60586954.phtml HTTP/2" 200 4633 "-" "meta-externalagent/1.1 (+https://developers.facebook.com/docs/sharing/webmasters/crawler)"
57.141.0.55 - - [01/Nov/2025:18:40:41 +0330] "GET /31001770.phtml HTTP/2" 200 4633 "-" "meta-externalagent/1.1 (+https://developers.facebook.com/docs/sharing/webmasters/crawler)"
57.141.0.42 - - [01/Nov/2025:18:40:48 +0330] "GET /27750586.phtml HTTP/2" 200 4633 "-" "meta-externalagent/1.1 (+https://developers.facebook.com/docs/sharing/webmasters/crawler)"
57.141.0.33 - - [01/Nov/2025:18:40:49 +0330] "GET /30334858.phtml HTTP/2" 200 4633 "-" "meta-externalagent/1.1 (+https://developers.facebook.com/docs/sharing/webmasters/crawler)"
57.141.0.32 - - [01/Nov/2025:18:41:00 +0330] "GET /140301274.phtml HTTP/2" 200 4633 "-" "meta-externalagent/1.1 (+https://developers.facebook.com/docs/sharing/webmasters/crawler)"
57.141.0.58 - - [01/Nov/2025:18:41:04 +0330] "GET /39185530.phtml HTTP/2" 200 4633 "-" "meta-externalagent/1.1 (+https://developers.facebook.com/docs/sharing/webmasters/crawler)"
57.141.0.57 - - [01/Nov/2025:18:41:05 +0330] "GET /71628346.phtml HTTP/2" 200 4633 "-" "meta-externalagent/1.1 (+https://developers.facebook.com/docs/sharing/webmasters/crawler)"
45.155.43.214 - - [01/Nov/2025:18:41:07 +0330] "GET /wp-content/mu-plugins/ HTTP/1.1" 200 1837 "-" "python-requests/2.32.3"
57.141.0.4 - - [01/Nov/2025:18:41:19 +0330] "GET /145460890.phtml HTTP/2" 200 4633 "-" "meta-externalagent/1.1 (+https://developers.facebook.com/docs/sharing/webmasters/crawler)"
57.141.0.13 - - [01/Nov/2025:18:41:22 +0330] "GET /110231338.phtml HTTP/2" 200 4633 "-" "meta-externalagent/1.1 (+https://developers.facebook.com/docs/sharing/webmasters/crawler)"
57.141.0.67 - - [01/Nov/2025:18:41:33 +0330] "GET /16965514.phtml HTTP/2" 200 4633 "-" "meta-externalagent/1.1 (+https://developers.facebook.com/docs/sharing/webmasters/crawler)"
57.141.0.4 - - [01/Nov/2025:18:41:39 +0330] "GET /135312586.phtml HTTP/2" 200 4633 "-" "meta-externalagent/1.1 (+https://developers.facebook.com/docs/sharing/webmasters/crawler)"
57.141.0.73 - - [01/Nov/2025:18:41:45 +0330] "GET /54797386.phtml HTTP/2" 200 4633 "-" "meta-externalagent/1.1 (+https://developers.facebook.com/docs/sharing/webmasters/crawler)"
45.155.43.214 - - [01/Nov/2025:18:41:46 +0330] "GET /2018/ HTTP/1.1" 200 1837 "-" "python-requests/2.32.3"
57.141.0.3 - - [01/Nov/2025:18:41:22 +0330] "GET /79272058.phtml HTTP/2" 200 4633 "-" "meta-externalagent/1.1 (+https://developers.facebook.com/docs/sharing/webmasters/crawler)"
57.141.0.28 - - [01/Nov/2025:18:41:44 +0330] "GET /72509146.phtml HTTP/2" 200 4633 "-" "meta-externalagent/1.1 (+https://developers.facebook.com/docs/sharing/webmasters/crawler)"
57.141.0.20 - - [01/Nov/2025:18:41:49 +0330] "GET /107565898.phtml HTTP/2" 200 4633 "-" "meta-externalagent/1.1 (+https://developers.facebook.com/docs/sharing/webmasters/crawler)"
45.155.43.214 - - [01/Nov/2025:18:41:58 +0330] "GET /wp-includes/pomo/ HTTP/1.1" 200 1837 "-" "python-requests/2.32.3"
57.141.0.43 - - [01/Nov/2025:18:42:10 +0330] "GET /111824602.phtml HTTP/2" 200 4633 "-" "meta-externalagent/1.1 (+https://developers.facebook.com/docs/sharing/webmasters/crawler)"
57.141.0.50 - - [01/Nov/2025:18:42:16 +0330] "GET /109975738.phtml HTTP/2" 200 4633 "-" "meta-externalagent/1.1 (+https://developers.facebook.com/docs/sharing/webmasters/crawler)"
57.141.0.38 - - [01/Nov/2025:18:42:19 +0330] "GET /128502490.phtml HTTP/2" 200 4633 "-" "meta-externalagent/1.1 (+https://developers.facebook.com/docs/sharing/webmasters/crawler)"
57.141.0.35 - - [01/Nov/2025:18:42:29 +0330] "GET /133281514.phtml HTTP/2" 200 4633 "-" "meta-externalagent/1.1 (+https://developers.facebook.com/docs/sharing/webmasters/crawler)"
45.155.43.214 - - [01/Nov/2025:18:42:30 +0330] "GET /pma/ HTTP/1.1" 200 1837 "-" "python-requests/2.32.3"
57.141.0.58 - - [01/Nov/2025:18:42:55 +0330] "GET /131135770.phtml HTTP/2" 200 4633 "-" "meta-externalagent/1.1 (+https://developers.facebook.com/docs/sharing/webmasters/crawler)"
57.141.0.71 - - [01/Nov/2025:18:43:00 +0330] "GET /46216042.phtml HTTP/2" 200 4633 "-" "meta-externalagent/1.1 (+https://developers.facebook.com/docs/sharing/webmasters/crawler)"
57.141.0.28 - - [01/Nov/2025:18:43:01 +0330] "GET /133933162.phtml HTTP/2" 200 4633 "-" "meta-externalagent/1.1 (+https://developers.facebook.com/docs/sharing/webmasters/crawler)"
57.141.0.21 - - [01/Nov/2025:18:43:03 +0330] "GET /33892138.phtml HTTP/2" 200 4633 "-" "meta-externalagent/1.1 (+https://developers.facebook.com/docs/sharing/webmasters/crawler)"
57.141.0.16 - - [01/Nov/2025:18:43:04 +0330] "GET /27055114.phtml HTTP/2" 200 4633 "-" "meta-externalagent/1.1 (+https://developers.facebook.com/docs/sharing/webmasters/crawler)"
57.141.0.3 - - [01/Nov/2025:18:43:15 +0330] "GET /73455562.phtml HTTP/2" 200 4633 "-" "meta-externalagent/1.1 (+https://developers.facebook.com/docs/sharing/webmasters/crawler)"
57.141.0.20 - - [01/Nov/2025:18:43:15 +0330] "GET /29574538.phtml HTTP/2" 200 4633 "-" "meta-externalagent/1.1 (+https://developers.facebook.com/docs/sharing/webmasters/crawler)"
57.141.0.12 - - [01/Nov/2025:18:43:21 +0330] "GET /67531546.phtml HTTP/2" 200 4633 "-" "meta-externalagent/1.1 (+https://developers.facebook.com/docs/sharing/webmasters/crawler)"
57.141.0.25 - - [01/Nov/2025:18:43:36 +0330] "GET /70239994.phtml HTTP/2" 200 4633 "-" "meta-externalagent/1.1 (+https://developers.facebook.com/docs/sharing/webmasters/crawler)"
198.244.226.47 - - [01/Nov/2025:18:43:39 +0330] "GET /79425514.phtml HTTP/2" 200 1662 "-" "Mozilla/5.0 (compatible; AhrefsBot/7.0; +http://ahrefs.com/robot/)"
57.141.0.69 - - [01/Nov/2025:18:43:41 +0330] "GET /87463642.phtml HTTP/2" 200 4633 "-" "meta-externalagent/1.1 (+https://developers.facebook.com/docs/sharing/webmasters/crawler)"
57.141.0.64 - - [01/Nov/2025:18:43:45 +0330] "GET /21516922.phtml HTTP/2" 200 4633 "-" "meta-externalagent/1.1 (+https://developers.facebook.com/docs/sharing/webmasters/crawler)"
57.141.0.39 - - [01/Nov/2025:18:43:49 +0330] "GET /23962378.phtml HTTP/2" 200 4633 "-" "meta-externalagent/1.1 (+https://developers.facebook.com/docs/sharing/webmasters/crawler)"
57.141.0.41 - - [01/Nov/2025:18:43:50 +0330] "GET /33957514.phtml HTTP/2" 200 4633 "-" "meta-externalagent/1.1 (+https://developers.facebook.com/docs/sharing/webmasters/crawler)"
57.141.0.6 - - [01/Nov/2025:18:43:56 +0330] "GET /75340666.phtml HTTP/2" 200 4633 "-" "meta-externalagent/1.1 (+https://developers.facebook.com/docs/sharing/webmasters/crawler)"
57.141.0.47 - - [01/Nov/2025:18:44:07 +0330] "GET /49135162.phtml HTTP/2" 200 4633 "-" "meta-externalagent/1.1 (+https://developers.facebook.com/docs/sharing/webmasters/crawler)"
57.141.0.2 - - [01/Nov/2025:18:44:09 +0330] "GET /81983626.phtml HTTP/2" 200 4633 "-" "meta-externalagent/1.1 (+https://developers.facebook.com/docs/sharing/webmasters/crawler)"
57.141.0.67 - - [01/Nov/2025:18:44:18 +0330] "GET /102863914.phtml HTTP/2" 200 4633 "-" "meta-externalagent/1.1 (+https://developers.facebook.com/docs/sharing/webmasters/crawler)"
57.141.0.28 - - [01/Nov/2025:18:42:06 +0330] "GET /38996170.phtml HTTP/2" 200 4633 "-" "meta-externalagent/1.1 (+https://developers.facebook.com/docs/sharing/webmasters/crawler)"
57.141.0.45 - - [01/Nov/2025:18:42:10 +0330] "GET /102847162.phtml HTTP/2" 200 4633 "-" "meta-externalagent/1.1 (+https://developers.facebook.com/docs/sharing/webmasters/crawler)"
57.141.0.64 - - [01/Nov/2025:18:42:12 +0330] "GET /90777610.phtml HTTP/2" 200 4633 "-" "meta-externalagent/1.1 (+https://developers.facebook.com/docs/sharing/webmasters/crawler)"
57.141.0.65 - - [01/Nov/2025:18:42:13 +0330] "GET /91217434.phtml HTTP/2" 200 4633 "-" "meta-externalagent/1.1 (+https://developers.facebook.com/docs/sharing/webmasters/crawler)"
57.141.0.25 - - [01/Nov/2025:18:42:14 +0330] "GET /30935770.phtml HTTP/2" 200 4633 "-" "meta-externalagent/1.1 (+https://developers.facebook.com/docs/sharing/webmasters/crawler)"
57.141.0.58 - - [01/Nov/2025:18:42:26 +0330] "GET /19091962.phtml HTTP/2" 200 4633 "-" "meta-externalagent/1.1 (+https://developers.facebook.com/docs/sharing/webmasters/crawler)"
57.141.0.46 - - [01/Nov/2025:18:42:27 +0330] "GET /83770762.phtml HTTP/2" 200 4633 "-" "meta-externalagent/1.1 (+https://developers.facebook.com/docs/sharing/webmasters/crawler)"
57.141.0.66 - - [01/Nov/2025:18:42:58 +0330] "GET /29487274.phtml HTTP/2" 200 4633 "-" "meta-externalagent/1.1 (+https://developers.facebook.com/docs/sharing/webmasters/crawler)"
57.141.0.19 - - [01/Nov/2025:18:43:04 +0330] "GET /115466266.phtml HTTP/2" 200 4633 "-" "meta-externalagent/1.1 (+https://developers.facebook.com/docs/sharing/webmasters/crawler)"
57.141.0.40 - - [01/Nov/2025:18:43:30 +0330] "GET /80643130.phtml HTTP/2" 200 4633 "-" "meta-externalagent/1.1 (+https://developers.facebook.com/docs/sharing/webmasters/crawler)"
57.141.0.56 - - [01/Nov/2025:18:43:34 +0330] "GET /45477274.phtml HTTP/2" 200 4633 "-" "meta-externalagent/1.1 (+https://developers.facebook.com/docs/sharing/webmasters/crawler)"
57.141.0.10 - - [01/Nov/2025:18:43:35 +0330] "GET /105818698.phtml HTTP/2" 200 4633 "-" "meta-externalagent/1.1 (+https://developers.facebook.com/docs/sharing/webmasters/crawler)"
57.141.0.53 - - [01/Nov/2025:18:43:40 +0330] "GET /67205770.phtml HTTP/2" 200 4633 "-" "meta-externalagent/1.1 (+https://developers.facebook.com/docs/sharing/webmasters/crawler)"
57.141.0.38 - - [01/Nov/2025:18:43:46 +0330] "GET /142860298.phtml HTTP/2" 200 4633 "-" "meta-externalagent/1.1 (+https://developers.facebook.com/docs/sharing/webmasters/crawler)"
57.141.0.12 - - [01/Nov/2025:18:43:49 +0330] "GET /142572106.phtml HTTP/2" 200 4633 "-" "meta-externalagent/1.1 (+https://developers.facebook.com/docs/sharing/webmasters/crawler)"
57.141.0.11 - - [01/Nov/2025:18:43:49 +0330] "GET /143125210.phtml HTTP/2" 200 4633 "-" "meta-externalagent/1.1 (+https://developers.facebook.com/docs/sharing/webmasters/crawler)"
57.141.0.11 - - [01/Nov/2025:18:43:51 +0330] "GET /104650810.phtml HTTP/2" 200 4633 "-" "meta-externalagent/1.1 (+https://developers.facebook.com/docs/sharing/webmasters/crawler)"
57.141.0.8 - - [01/Nov/2025:18:43:53 +0330] "GET /89964010.phtml HTTP/2" 200 4633 "-" "meta-externalagent/1.1 (+https://developers.facebook.com/docs/sharing/webmasters/crawler)"
57.141.0.25 - - [01/Nov/2025:18:44:00 +0330] "GET /11185018.phtml HTTP/2" 200 4633 "-" "meta-externalagent/1.1 (+https://developers.facebook.com/docs/sharing/webmasters/crawler)"
57.141.0.39 - - [01/Nov/2025:18:44:04 +0330] "GET /63436858.phtml HTTP/2" 200 4633 "-" "meta-externalagent/1.1 (+https://developers.facebook.com/docs/sharing/webmasters/crawler)"
57.141.0.11 - - [01/Nov/2025:18:44:13 +0330] "GET /47614138.phtml HTTP/2" 200 4633 "-" "meta-externalagent/1.1 (+https://developers.facebook.com/docs/sharing/webmasters/crawler)"
31.25.95.145 - - [01/Nov/2025:18:44:24 +0330] "GET /register?returnUrl=/myCourseList HTTP/2" 200 1662 "https://optimyar.com/" "Mozilla/5.0 (Windows NT 10.0; Win64; x64) AppleWebKit/537.36 (KHTML, like Gecko) Chrome/141.0.0.0 Safari/537.36 Edg/141.0.0.0"
57.141.0.73 - - [01/Nov/2025:18:44:20 +0330] "GET /125381482.phtml HTTP/2" 200 4633 "-" "meta-externalagent/1.1 (+https://developers.facebook.com/docs/sharing/webmasters/crawler)"
216.73.216.191 - - [01/Nov/2025:18:44:20 +0330] "GET /assets/fonts/iran-yekan/WebFonts/fonts/ttf/6m8jqy/?a=bj&f=%2Fhome%2Ffreeclou%2F.npm%2F_cacache%2Fcontent-v2%2Fsha1%2F95%2Fb0%2Fb63fec2146619a6fe57fe75628d5a39efe4f HTTP/2" 200 4065 "-" "Mozilla/5.0 AppleWebKit/537.36 (KHTML, like Gecko; compatible; ClaudeBot/1.0; +claudebot@anthropic.com)"
57.141.0.24 - - [01/Nov/2025:18:44:28 +0330] "GET /72594826.phtml HTTP/2" 200 4633 "-" "meta-externalagent/1.1 (+https://developers.facebook.com/docs/sharing/webmasters/crawler)"
57.141.0.28 - - [01/Nov/2025:18:44:28 +0330] "GET /9788266.phtml HTTP/2" 200 4633 "-" "meta-externalagent/1.1 (+https://developers.facebook.com/docs/sharing/webmasters/crawler)"
57.141.0.35 - - [01/Nov/2025:18:44:41 +0330] "GET /111815482.phtml HTTP/2" 200 4633 "-" "meta-externalagent/1.1 (+https://developers.facebook.com/docs/sharing/webmasters/crawler)"
57.141.0.53 - - [01/Nov/2025:18:44:44 +0330] "GET /118544362.phtml HTTP/2" 200 4633 "-" "meta-externalagent/1.1 (+https://developers.facebook.com/docs/sharing/webmasters/crawler)"
57.141.0.52 - - [01/Nov/2025:18:44:52 +0330] "GET /121677082.phtml HTTP/2" 200 4633 "-" "meta-externalagent/1.1 (+https://developers.facebook.com/docs/sharing/webmasters/crawler)"
57.141.0.9 - - [01/Nov/2025:18:45:20 +0330] "GET /93489610.phtml HTTP/2" 200 4633 "-" "meta-externalagent/1.1 (+https://developers.facebook.com/docs/sharing/webmasters/crawler)"
57.141.0.27 - - [01/Nov/2025:18:45:23 +0330] "GET /41378410.phtml HTTP/2" 200 4633 "-" "meta-externalagent/1.1 (+https://developers.facebook.com/docs/sharing/webmasters/crawler)"
57.141.0.1 - - [01/Nov/2025:18:45:37 +0330] "GET /64538842.phtml HTTP/2" 200 4633 "-" "meta-externalagent/1.1 (+https://developers.facebook.com/docs/sharing/webmasters/crawler)"
57.141.0.24 - - [01/Nov/2025:18:45:38 +0330] "GET /19363402.phtml HTTP/2" 200 4633 "-" "meta-externalagent/1.1 (+https://developers.facebook.com/docs/sharing/webmasters/crawler)"
57.141.0.43 - - [01/Nov/2025:18:45:50 +0330] "GET /96314170.phtml HTTP/2" 200 4633 "-" "meta-externalagent/1.1 (+https://developers.facebook.com/docs/sharing/webmasters/crawler)"
57.141.0.38 - - [01/Nov/2025:18:45:57 +0330] "GET /31460794.phtml HTTP/2" 200 4633 "-" "meta-externalagent/1.1 (+https://developers.facebook.com/docs/sharing/webmasters/crawler)"
57.141.0.67 - - [01/Nov/2025:18:46:01 +0330] "GET /61899034.phtml HTTP/2" 200 4633 "-" "meta-externalagent/1.1 (+https://developers.facebook.com/docs/sharing/webmasters/crawler)"
57.141.0.25 - - [01/Nov/2025:18:46:06 +0330] "GET /65351482.phtml HTTP/2" 200 4633 "-" "meta-externalagent/1.1 (+https://developers.facebook.com/docs/sharing/webmasters/crawler)"
57.141.0.49 - - [01/Nov/2025:18:46:12 +0330] "GET /126409978.phtml HTTP/2" 200 4633 "-" "meta-externalagent/1.1 (+https://developers.facebook.com/docs/sharing/webmasters/crawler)"
57.141.0.34 - - [01/Nov/2025:18:46:23 +0330] "GET /150007258.phtml HTTP/2" 200 4633 "-" "meta-externalagent/1.1 (+https://developers.facebook.com/docs/sharing/webmasters/crawler)"
57.141.0.43 - - [01/Nov/2025:18:46:26 +0330] "GET /98071642.phtml HTTP/2" 200 4633 "-" "meta-externalagent/1.1 (+https://developers.facebook.com/docs/sharing/webmasters/crawler)"
216.73.216.191 - - [01/Nov/2025:18:46:26 +0330] "GET /assets/fonts/iran-yekan/WebFonts/fonts/ttf/6m8jqy/?d=%2Fhome%2Ffreeclou%2F.npm%2F_cacache%2Fcontent-v2%2Fsha1%2F95%2Fb0%2F HTTP/2" 200 1425 "-" "Mozilla/5.0 AppleWebKit/537.36 (KHTML, like Gecko; compatible; ClaudeBot/1.0; +claudebot@anthropic.com)"
45.155.43.214 - - [01/Nov/2025:18:46:39 +0330] "GET /website/blog/ HTTP/1.1" 200 1837 "-" "python-requests/2.32.3"
57.141.0.66 - - [01/Nov/2025:18:46:42 +0330] "GET /79530154.phtml HTTP/2" 200 4633 "-" "meta-externalagent/1.1 (+https://developers.facebook.com/docs/sharing/webmasters/crawler)"
46.105.42.135 - - [01/Nov/2025:18:44:41 +0330] "GET /robots.txt HTTP/1.1" 200 97 "-" "Mozilla/5.0 (compatible; MJ12bot/v2.0.4; http://mj12bot.com/)"
46.105.42.135 - - [01/Nov/2025:18:44:41 +0330] "GET / HTTP/1.1" 200 1662 "-" "Mozilla/5.0 (compatible; MJ12bot/v2.0.4; http://mj12bot.com/)"
57.141.0.14 - - [01/Nov/2025:18:44:42 +0330] "GET /39169930.phtml HTTP/2" 200 4633 "-" "meta-externalagent/1.1 (+https://developers.facebook.com/docs/sharing/webmasters/crawler)"
57.141.0.1 - - [01/Nov/2025:18:44:48 +0330] "GET /53327338.phtml HTTP/2" 200 4633 "-" "meta-externalagent/1.1 (+https://developers.facebook.com/docs/sharing/webmasters/crawler)"
57.141.0.39 - - [01/Nov/2025:18:44:50 +0330] "GET /27294922.phtml HTTP/2" 200 4633 "-" "meta-externalagent/1.1 (+https://developers.facebook.com/docs/sharing/webmasters/crawler)"
57.141.0.54 - - [01/Nov/2025:18:44:54 +0330] "GET /132748618.phtml HTTP/2" 200 4633 "-" "meta-externalagent/1.1 (+https://developers.facebook.com/docs/sharing/webmasters/crawler)"
57.141.0.17 - - [01/Nov/2025:18:44:55 +0330] "GET /133367338.phtml HTTP/2" 200 4633 "-" "meta-externalagent/1.1 (+https://developers.facebook.com/docs/sharing/webmasters/crawler)"
57.141.0.11 - - [01/Nov/2025:18:45:00 +0330] "GET /49755898.phtml HTTP/2" 200 4633 "-" "meta-externalagent/1.1 (+https://developers.facebook.com/docs/sharing/webmasters/crawler)"
57.141.0.37 - - [01/Nov/2025:18:45:01 +0330] "GET /77327002.phtml HTTP/2" 200 4633 "-" "meta-externalagent/1.1 (+https://developers.facebook.com/docs/sharing/webmasters/crawler)"
57.141.0.17 - - [01/Nov/2025:18:45:01 +0330] "GET /145984666.phtml HTTP/2" 200 4633 "-" "meta-externalagent/1.1 (+https://developers.facebook.com/docs/sharing/webmasters/crawler)"
57.141.0.11 - - [01/Nov/2025:18:45:34 +0330] "GET /54710794.phtml HTTP/2" 200 4633 "-" "meta-externalagent/1.1 (+https://developers.facebook.com/docs/sharing/webmasters/crawler)"
216.73.216.191 - - [01/Nov/2025:18:45:35 +0330] "GET /assets/fonts/iran-yekan/WebFonts/fonts/ttf/6m8jqy/?d=%2Fhome%2Ffreeclou%2F.npm%2F_cacache%2Findex-v5%2F29%2F4f%2F HTTP/2" 200 1435 "-" "Mozilla/5.0 AppleWebKit/537.36 (KHTML, like Gecko; compatible; ClaudeBot/1.0; +claudebot@anthropic.com)"
57.141.0.34 - - [01/Nov/2025:18:45:46 +0330] "GET /90207130.phtml HTTP/2" 200 4633 "-" "meta-externalagent/1.1 (+https://developers.facebook.com/docs/sharing/webmasters/crawler)"
57.141.0.17 - - [01/Nov/2025:18:45:47 +0330] "GET /144243994.phtml HTTP/2" 200 4633 "-" "meta-externalagent/1.1 (+https://developers.facebook.com/docs/sharing/webmasters/crawler)"
45.155.43.214 - - [01/Nov/2025:18:45:49 +0330] "GET /mysql/ HTTP/1.1" 200 1837 "-" "python-requests/2.32.3"
57.141.0.31 - - [01/Nov/2025:18:46:03 +0330] "GET /107733370.phtml HTTP/2" 200 4633 "-" "meta-externalagent/1.1 (+https://developers.facebook.com/docs/sharing/webmasters/crawler)"
57.141.0.10 - - [01/Nov/2025:18:46:07 +0330] "GET /98225914.phtml HTTP/2" 200 4633 "-" "meta-externalagent/1.1 (+https://developers.facebook.com/docs/sharing/webmasters/crawler)"
57.141.0.71 - - [01/Nov/2025:18:46:17 +0330] "GET /25429690.phtml HTTP/2" 200 4633 "-" "meta-externalagent/1.1 (+https://developers.facebook.com/docs/sharing/webmasters/crawler)"
57.141.0.49 - - [01/Nov/2025:18:46:45 +0330] "GET /37310650.phtml HTTP/2" 200 4633 "-" "meta-externalagent/1.1 (+https://developers.facebook.com/docs/sharing/webmasters/crawler)"
57.141.0.64 - - [01/Nov/2025:18:46:53 +0330] "GET /44573626.phtml HTTP/2" 200 4633 "-" "meta-externalagent/1.1 (+https://developers.facebook.com/docs/sharing/webmasters/crawler)"
45.155.43.214 - - [01/Nov/2025:18:46:59 +0330] "GET /bac/ HTTP/1.1" 200 1837 "-" "python-requests/2.32.3"
57.141.0.5 - - [01/Nov/2025:18:47:04 +0330] "GET /50616730.phtml HTTP/2" 200 4633 "-" "meta-externalagent/1.1 (+https://developers.facebook.com/docs/sharing/webmasters/crawler)"
57.141.0.47 - - [01/Nov/2025:18:47:10 +0330] "GET /46755706.phtml HTTP/2" 200 4633 "-" "meta-externalagent/1.1 (+https://developers.facebook.com/docs/sharing/webmasters/crawler)"
51.89.129.16 - - [01/Nov/2025:18:47:16 +0330] "GET /79206298.phtml HTTP/2" 200 1662 "-" "Mozilla/5.0 (compatible; AhrefsBot/7.0; +http://ahrefs.com/robot/)"
57.141.0.60 - - [01/Nov/2025:18:47:17 +0330] "GET /28065610.phtml HTTP/2" 200 4633 "-" "meta-externalagent/1.1 (+https://developers.facebook.com/docs/sharing/webmasters/crawler)"
216.73.216.191 - - [01/Nov/2025:18:47:32 +0330] "GET /assets/fonts/iran-yekan/WebFonts/fonts/ttf/6m8jqy/?d=%2Fhome%2Ffreeclou%2F.npm%2F_cacache%2Findex-v5%2F29%2F51%2F HTTP/2" 200 1433 "-" "Mozilla/5.0 AppleWebKit/537.36 (KHTML, like Gecko; compatible; ClaudeBot/1.0; +claudebot@anthropic.com)"
45.155.43.214 - - [01/Nov/2025:18:48:15 +0330] "GET /posts/wp-json/ HTTP/1.1" 200 1837 "-" "python-requests/2.32.3"
57.141.0.22 - - [01/Nov/2025:18:48:30 +0330] "GET /36262186.phtml HTTP/2" 200 4633 "-" "meta-externalagent/1.1 (+https://developers.facebook.com/docs/sharing/webmasters/crawler)"
57.141.0.38 - - [01/Nov/2025:18:48:42 +0330] "GET /100263802.phtml HTTP/2" 200 4633 "-" "meta-externalagent/1.1 (+https://developers.facebook.com/docs/sharing/webmasters/crawler)"
57.141.0.73 - - [01/Nov/2025:18:48:42 +0330] "GET /25322938.phtml HTTP/2" 200 4633 "-" "meta-externalagent/1.1 (+https://developers.facebook.com/docs/sharing/webmasters/crawler)"
57.141.0.8 - - [01/Nov/2025:18:48:44 +0330] "GET /39667018.phtml HTTP/2" 200 4633 "-" "meta-externalagent/1.1 (+https://developers.facebook.com/docs/sharing/webmasters/crawler)"
57.141.0.7 - - [01/Nov/2025:18:48:44 +0330] "GET /145086154.phtml HTTP/2" 200 4633 "-" "meta-externalagent/1.1 (+https://developers.facebook.com/docs/sharing/webmasters/crawler)"
57.141.0.38 - - [01/Nov/2025:18:48:45 +0330] "GET /55164106.phtml HTTP/2" 200 4633 "-" "meta-externalagent/1.1 (+https://developers.facebook.com/docs/sharing/webmasters/crawler)"
57.141.0.64 - - [01/Nov/2025:18:48:53 +0330] "GET /13102522.phtml HTTP/2" 200 4633 "-" "meta-externalagent/1.1 (+https://developers.facebook.com/docs/sharing/webmasters/crawler)"
45.155.43.214 - - [01/Nov/2025:18:48:56 +0330] "GET /sitio/ HTTP/1.1" 200 1837 "-" "python-requests/2.32.3"
57.141.0.26 - - [01/Nov/2025:18:48:56 +0330] "GET /112453594.phtml HTTP/2" 200 4633 "-" "meta-externalagent/1.1 (+https://developers.facebook.com/docs/sharing/webmasters/crawler)"
45.155.43.214 - - [01/Nov/2025:18:49:27 +0330] "GET /wp-includes/PHPMailer/ HTTP/1.1" 200 1837 "-" "python-requests/2.32.3"
57.141.0.39 - - [01/Nov/2025:18:49:33 +0330] "GET /31367962.phtml HTTP/2" 200 4633 "-" "meta-externalagent/1.1 (+https://developers.facebook.com/docs/sharing/webmasters/crawler)"
114.119.150.38 - - [01/Nov/2025:18:49:39 +0330] "GET /75692026.phtml HTTP/1.1" 200 1837 "https://app.optimyar.com/sitemap-13.xml" "Mozilla/5.0 (Linux; Android 7.0;) AppleWebKit/537.36 (KHTML, like Gecko) Mobile Safari/537.36 (compatible; PetalBot;+https://webmaster.petalsearch.com/site/petalbot)"
57.141.0.30 - - [01/Nov/2025:18:49:41 +0330] "GET /149881978.phtml HTTP/2" 200 4633 "-" "meta-externalagent/1.1 (+https://developers.facebook.com/docs/sharing/webmasters/crawler)"
57.141.0.66 - - [01/Nov/2025:18:49:45 +0330] "GET /142880842.phtml HTTP/2" 200 4633 "-" "meta-externalagent/1.1 (+https://developers.facebook.com/docs/sharing/webmasters/crawler)"
57.141.0.4 - - [01/Nov/2025:18:49:45 +0330] "GET /54398458.phtml HTTP/2" 200 4633 "-" "meta-externalagent/1.1 (+https://developers.facebook.com/docs/sharing/webmasters/crawler)"
57.141.0.54 - - [01/Nov/2025:18:49:55 +0330] "GET /6586810.phtml HTTP/2" 200 4633 "-" "meta-externalagent/1.1 (+https://developers.facebook.com/docs/sharing/webmasters/crawler)"
57.141.0.35 - - [01/Nov/2025:18:50:09 +0330] "GET /21797290.phtml HTTP/2" 200 4633 "-" "meta-externalagent/1.1 (+https://developers.facebook.com/docs/sharing/webmasters/crawler)"
57.141.0.60 - - [01/Nov/2025:18:50:12 +0330] "GET /139083370.phtml HTTP/2" 200 4633 "-" "meta-externalagent/1.1 (+https://developers.facebook.com/docs/sharing/webmasters/crawler)"
45.155.43.214 - - [01/Nov/2025:18:46:57 +0330] "GET /feeds/posts/default/ HTTP/1.1" 200 1837 "-" "python-requests/2.32.3"
57.141.0.67 - - [01/Nov/2025:18:46:58 +0330] "GET /123190426.phtml HTTP/2" 200 4633 "-" "meta-externalagent/1.1 (+https://developers.facebook.com/docs/sharing/webmasters/crawler)"
57.141.0.32 - - [01/Nov/2025:18:47:07 +0330] "GET /118413130.phtml HTTP/2" 200 4633 "-" "meta-externalagent/1.1 (+https://developers.facebook.com/docs/sharing/webmasters/crawler)"
57.141.0.8 - - [01/Nov/2025:18:47:18 +0330] "GET /8129290.phtml HTTP/2" 200 4633 "-" "meta-externalagent/1.1 (+https://developers.facebook.com/docs/sharing/webmasters/crawler)"
57.141.0.63 - - [01/Nov/2025:18:47:38 +0330] "GET /17537578.phtml HTTP/2" 200 4633 "-" "meta-externalagent/1.1 (+https://developers.facebook.com/docs/sharing/webmasters/crawler)"
45.155.43.214 - - [01/Nov/2025:18:48:13 +0330] "GET /category/feed/ HTTP/1.1" 200 1837 "-" "python-requests/2.32.3"
57.141.0.34 - - [01/Nov/2025:18:48:14 +0330] "GET /93812314.phtml HTTP/2" 200 4633 "-" "meta-externalagent/1.1 (+https://developers.facebook.com/docs/sharing/webmasters/crawler)"
57.141.0.16 - - [01/Nov/2025:18:48:19 +0330] "GET /95936314.phtml HTTP/2" 200 4633 "-" "meta-externalagent/1.1 (+https://developers.facebook.com/docs/sharing/webmasters/crawler)"
57.141.0.35 - - [01/Nov/2025:18:48:20 +0330] "GET /137485114.phtml HTTP/2" 200 4633 "-" "meta-externalagent/1.1 (+https://developers.facebook.com/docs/sharing/webmasters/crawler)"
57.141.0.31 - - [01/Nov/2025:18:48:21 +0330] "GET /128340490.phtml HTTP/2" 200 4633 "-" "meta-externalagent/1.1 (+https://developers.facebook.com/docs/sharing/webmasters/crawler)"
57.141.0.33 - - [01/Nov/2025:18:48:26 +0330] "GET /31013818.phtml HTTP/2" 200 4633 "-" "meta-externalagent/1.1 (+https://developers.facebook.com/docs/sharing/webmasters/crawler)"
57.141.0.63 - - [01/Nov/2025:18:48:34 +0330] "GET /27091642.phtml HTTP/2" 200 4633 "-" "meta-externalagent/1.1 (+https://developers.facebook.com/docs/sharing/webmasters/crawler)"
57.141.0.6 - - [01/Nov/2025:18:49:00 +0330] "GET /22476202.phtml HTTP/2" 200 4633 "-" "meta-externalagent/1.1 (+https://developers.facebook.com/docs/sharing/webmasters/crawler)"
57.141.0.54 - - [01/Nov/2025:18:49:12 +0330] "GET /148340074.phtml HTTP/2" 200 4633 "-" "meta-externalagent/1.1 (+https://developers.facebook.com/docs/sharing/webmasters/crawler)"
57.141.0.33 - - [01/Nov/2025:18:49:42 +0330] "GET /38799082.phtml HTTP/2" 200 4633 "-" "meta-externalagent/1.1 (+https://developers.facebook.com/docs/sharing/webmasters/crawler)"
57.141.0.9 - - [01/Nov/2025:18:49:48 +0330] "GET /58915786.phtml HTTP/2" 200 4633 "-" "meta-externalagent/1.1 (+https://developers.facebook.com/docs/sharing/webmasters/crawler)"
57.141.0.54 - - [01/Nov/2025:18:49:50 +0330] "GET /87877354.phtml HTTP/2" 200 4633 "-" "meta-externalagent/1.1 (+https://developers.facebook.com/docs/sharing/webmasters/crawler)"
57.141.0.19 - - [01/Nov/2025:18:50:11 +0330] "GET /9144298.phtml HTTP/2" 200 4633 "-" "meta-externalagent/1.1 (+https://developers.facebook.com/docs/sharing/webmasters/crawler)"
57.141.0.3 - - [01/Nov/2025:18:50:13 +0330] "GET /44428522.phtml HTTP/2" 200 4633 "-" "meta-externalagent/1.1 (+https://developers.facebook.com/docs/sharing/webmasters/crawler)"
57.141.0.31 - - [01/Nov/2025:18:50:23 +0330] "GET /108427834.phtml HTTP/2" 200 4633 "-" "meta-externalagent/1.1 (+https://developers.facebook.com/docs/sharing/webmasters/crawler)"
45.155.43.214 - - [01/Nov/2025:18:50:28 +0330] "GET /credentials/ HTTP/1.1" 200 1837 "-" "python-requests/2.32.3"
57.141.0.9 - - [01/Nov/2025:18:50:37 +0330] "GET /91558378.phtml HTTP/2" 200 4633 "-" "meta-externalagent/1.1 (+https://developers.facebook.com/docs/sharing/webmasters/crawler)"
57.141.0.28 - - [01/Nov/2025:18:50:37 +0330] "GET /52404778.phtml HTTP/2" 200 4633 "-" "meta-externalagent/1.1 (+https://developers.facebook.com/docs/sharing/webmasters/crawler)"
57.141.0.19 - - [01/Nov/2025:18:50:13 +0330] "GET /88137466.phtml HTTP/2" 200 4633 "-" "meta-externalagent/1.1 (+https://developers.facebook.com/docs/sharing/webmasters/crawler)"
57.141.0.18 - - [01/Nov/2025:18:50:15 +0330] "GET /51816970.phtml HTTP/2" 200 4633 "-" "meta-externalagent/1.1 (+https://developers.facebook.com/docs/sharing/webmasters/crawler)"
57.141.0.66 - - [01/Nov/2025:18:50:19 +0330] "GET /131314282.phtml HTTP/2" 200 4633 "-" "meta-externalagent/1.1 (+https://developers.facebook.com/docs/sharing/webmasters/crawler)"
57.141.0.1 - - [01/Nov/2025:18:50:20 +0330] "GET /30811642.phtml HTTP/2" 200 4633 "-" "meta-externalagent/1.1 (+https://developers.facebook.com/docs/sharing/webmasters/crawler)"
57.141.0.43 - - [01/Nov/2025:18:50:22 +0330] "GET /90221338.phtml HTTP/2" 200 4633 "-" "meta-externalagent/1.1 (+https://developers.facebook.com/docs/sharing/webmasters/crawler)"
57.141.0.30 - - [01/Nov/2025:18:50:27 +0330] "GET /149283034.phtml HTTP/2" 200 4633 "-" "meta-externalagent/1.1 (+https://developers.facebook.com/docs/sharing/webmasters/crawler)"
57.141.0.7 - - [01/Nov/2025:18:50:30 +0330] "GET /14972170.phtml HTTP/2" 200 4633 "-" "meta-externalagent/1.1 (+https://developers.facebook.com/docs/sharing/webmasters/crawler)"
57.141.0.40 - - [01/Nov/2025:18:50:36 +0330] "GET /41638330.phtml HTTP/2" 200 4633 "-" "meta-externalagent/1.1 (+https://developers.facebook.com/docs/sharing/webmasters/crawler)"
57.141.0.58 - - [01/Nov/2025:18:50:39 +0330] "GET /27921994.phtml HTTP/2" 200 4633 "-" "meta-externalagent/1.1 (+https://developers.facebook.com/docs/sharing/webmasters/crawler)"
57.141.0.66 - - [01/Nov/2025:18:50:40 +0330] "GET /55461514.phtml HTTP/2" 200 4633 "-" "meta-externalagent/1.1 (+https://developers.facebook.com/docs/sharing/webmasters/crawler)"
57.141.0.53 - - [01/Nov/2025:18:50:51 +0330] "GET /140920138.phtml HTTP/2" 200 4633 "-" "meta-externalagent/1.1 (+https://developers.facebook.com/docs/sharing/webmasters/crawler)"
57.141.0.8 - - [01/Nov/2025:18:51:13 +0330] "GET /114485434.phtml HTTP/2" 200 4633 "-" "meta-externalagent/1.1 (+https://developers.facebook.com/docs/sharing/webmasters/crawler)"
198.244.168.214 - - [01/Nov/2025:18:51:15 +0330] "GET /78517402.phtml HTTP/2" 200 1662 "-" "Mozilla/5.0 (compatible; AhrefsBot/7.0; +http://ahrefs.com/robot/)"
57.141.0.54 - - [01/Nov/2025:18:51:17 +0330] "GET /46460458.phtml HTTP/2" 200 4633 "-" "meta-externalagent/1.1 (+https://developers.facebook.com/docs/sharing/webmasters/crawler)"
57.141.0.31 - - [01/Nov/2025:18:51:24 +0330] "GET /106968250.phtml HTTP/2" 200 4633 "-" "meta-externalagent/1.1 (+https://developers.facebook.com/docs/sharing/webmasters/crawler)"
57.141.0.30 - - [01/Nov/2025:18:51:27 +0330] "GET /78317674.phtml HTTP/2" 200 4633 "-" "meta-externalagent/1.1 (+https://developers.facebook.com/docs/sharing/webmasters/crawler)"
57.141.0.35 - - [01/Nov/2025:18:51:46 +0330] "GET /51779242.phtml HTTP/2" 200 4633 "-" "meta-externalagent/1.1 (+https://developers.facebook.com/docs/sharing/webmasters/crawler)"
57.141.0.36 - - [01/Nov/2025:18:51:54 +0330] "GET /148143226.phtml HTTP/2" 200 4633 "-" "meta-externalagent/1.1 (+https://developers.facebook.com/docs/sharing/webmasters/crawler)"
57.141.0.51 - - [01/Nov/2025:18:51:56 +0330] "GET /93459610.phtml HTTP/2" 200 4633 "-" "meta-externalagent/1.1 (+https://developers.facebook.com/docs/sharing/webmasters/crawler)"
57.141.0.14 - - [01/Nov/2025:18:51:59 +0330] "GET /122920282.phtml HTTP/2" 200 4633 "-" "meta-externalagent/1.1 (+https://developers.facebook.com/docs/sharing/webmasters/crawler)"
57.141.0.10 - - [01/Nov/2025:18:52:00 +0330] "GET /44821306.phtml HTTP/2" 200 4633 "-" "meta-externalagent/1.1 (+https://developers.facebook.com/docs/sharing/webmasters/crawler)"
57.141.0.34 - - [01/Nov/2025:18:52:01 +0330] "GET /43708570.phtml HTTP/2" 200 4633 "-" "meta-externalagent/1.1 (+https://developers.facebook.com/docs/sharing/webmasters/crawler)"
114.119.150.38 - - [01/Nov/2025:18:50:41 +0330] "GET /73520842.phtml HTTP/1.1" 200 1837 "https://app.optimyar.com/sitemap-13.xml" "Mozilla/5.0 (Linux; Android 7.0;) AppleWebKit/537.36 (KHTML, like Gecko) Mobile Safari/537.36 (compatible; PetalBot;+https://webmaster.petalsearch.com/site/petalbot)"
57.141.0.40 - - [01/Nov/2025:18:50:43 +0330] "GET /72054922.phtml HTTP/2" 200 4633 "-" "meta-externalagent/1.1 (+https://developers.facebook.com/docs/sharing/webmasters/crawler)"
57.141.0.69 - - [01/Nov/2025:18:51:10 +0330] "GET /107149594.phtml HTTP/2" 200 4633 "-" "meta-externalagent/1.1 (+https://developers.facebook.com/docs/sharing/webmasters/crawler)"
57.141.0.72 - - [01/Nov/2025:18:51:11 +0330] "GET /123089146.phtml HTTP/2" 200 4633 "-" "meta-externalagent/1.1 (+https://developers.facebook.com/docs/sharing/webmasters/crawler)"
57.141.0.56 - - [01/Nov/2025:18:51:12 +0330] "GET /81729418.phtml HTTP/2" 200 4633 "-" "meta-externalagent/1.1 (+https://developers.facebook.com/docs/sharing/webmasters/crawler)"
57.141.0.39 - - [01/Nov/2025:18:51:31 +0330] "GET /101152570.phtml HTTP/2" 200 4633 "-" "meta-externalagent/1.1 (+https://developers.facebook.com/docs/sharing/webmasters/crawler)"
57.141.0.32 - - [01/Nov/2025:18:51:38 +0330] "GET /66761770.phtml HTTP/2" 200 4633 "-" "meta-externalagent/1.1 (+https://developers.facebook.com/docs/sharing/webmasters/crawler)"
57.141.0.5 - - [01/Nov/2025:18:51:41 +0330] "GET /89123530.phtml HTTP/2" 200 4633 "-" "meta-externalagent/1.1 (+https://developers.facebook.com/docs/sharing/webmasters/crawler)"
57.141.0.32 - - [01/Nov/2025:18:51:45 +0330] "GET /91941994.phtml HTTP/2" 200 4633 "-" "meta-externalagent/1.1 (+https://developers.facebook.com/docs/sharing/webmasters/crawler)"
57.141.0.24 - - [01/Nov/2025:18:51:47 +0330] "GET /16880698.phtml HTTP/2" 200 4633 "-" "meta-externalagent/1.1 (+https://developers.facebook.com/docs/sharing/webmasters/crawler)"
57.141.0.5 - - [01/Nov/2025:18:51:56 +0330] "GET /116630698.phtml HTTP/2" 200 4633 "-" "meta-externalagent/1.1 (+https://developers.facebook.com/docs/sharing/webmasters/crawler)"
57.141.0.7 - - [01/Nov/2025:18:51:58 +0330] "GET /9862858.phtml HTTP/2" 200 4633 "-" "meta-externalagent/1.1 (+https://developers.facebook.com/docs/sharing/webmasters/crawler)"
57.141.0.21 - - [01/Nov/2025:18:52:00 +0330] "GET /90518314.phtml HTTP/2" 200 4633 "-" "meta-externalagent/1.1 (+https://developers.facebook.com/docs/sharing/webmasters/crawler)"
57.141.0.4 - - [01/Nov/2025:18:52:03 +0330] "GET /60952474.phtml HTTP/2" 200 4633 "-" "meta-externalagent/1.1 (+https://developers.facebook.com/docs/sharing/webmasters/crawler)"
57.141.0.12 - - [01/Nov/2025:18:52:05 +0330] "GET /120615274.phtml HTTP/2" 200 4633 "-" "meta-externalagent/1.1 (+https://developers.facebook.com/docs/sharing/webmasters/crawler)"
57.141.0.57 - - [01/Nov/2025:18:52:10 +0330] "GET /50971738.phtml HTTP/2" 200 4633 "-" "meta-externalagent/1.1 (+https://developers.facebook.com/docs/sharing/webmasters/crawler)"
57.141.0.3 - - [01/Nov/2025:18:52:24 +0330] "GET /130188058.phtml HTTP/2" 200 4633 "-" "meta-externalagent/1.1 (+https://developers.facebook.com/docs/sharing/webmasters/crawler)"
57.141.0.4 - - [01/Nov/2025:18:52:28 +0330] "GET /51167146.phtml HTTP/2" 200 4633 "-" "meta-externalagent/1.1 (+https://developers.facebook.com/docs/sharing/webmasters/crawler)"
57.141.0.6 - - [01/Nov/2025:18:52:42 +0330] "GET /27265354.phtml HTTP/2" 200 4633 "-" "meta-externalagent/1.1 (+https://developers.facebook.com/docs/sharing/webmasters/crawler)"
57.141.0.42 - - [01/Nov/2025:18:52:51 +0330] "GET /103745242.phtml HTTP/2" 200 4633 "-" "meta-externalagent/1.1 (+https://developers.facebook.com/docs/sharing/webmasters/crawler)"
57.141.0.65 - - [01/Nov/2025:18:52:54 +0330] "GET /93804394.phtml HTTP/2" 200 4633 "-" "meta-externalagent/1.1 (+https://developers.facebook.com/docs/sharing/webmasters/crawler)"
57.141.0.30 - - [01/Nov/2025:18:53:12 +0330] "GET /61592650.phtml HTTP/2" 200 4633 "-" "meta-externalagent/1.1 (+https://developers.facebook.com/docs/sharing/webmasters/crawler)"
57.141.0.71 - - [01/Nov/2025:18:52:02 +0330] "GET /27092602.phtml HTTP/2" 200 4633 "-" "meta-externalagent/1.1 (+https://developers.facebook.com/docs/sharing/webmasters/crawler)"
57.141.0.51 - - [01/Nov/2025:18:52:05 +0330] "GET /9324442.phtml HTTP/2" 200 4633 "-" "meta-externalagent/1.1 (+https://developers.facebook.com/docs/sharing/webmasters/crawler)"
57.141.0.2 - - [01/Nov/2025:18:52:06 +0330] "GET /59174602.phtml HTTP/2" 200 4633 "-" "meta-externalagent/1.1 (+https://developers.facebook.com/docs/sharing/webmasters/crawler)"
57.141.0.73 - - [01/Nov/2025:18:52:14 +0330] "GET /93634138.phtml HTTP/2" 200 4633 "-" "meta-externalagent/1.1 (+https://developers.facebook.com/docs/sharing/webmasters/crawler)"
57.141.0.9 - - [01/Nov/2025:18:52:34 +0330] "GET /53072938.phtml HTTP/2" 200 4633 "-" "meta-externalagent/1.1 (+https://developers.facebook.com/docs/sharing/webmasters/crawler)"
57.141.0.53 - - [01/Nov/2025:18:52:46 +0330] "GET /113261338.phtml HTTP/2" 200 4633 "-" "meta-externalagent/1.1 (+https://developers.facebook.com/docs/sharing/webmasters/crawler)"
57.141.0.51 - - [01/Nov/2025:18:52:51 +0330] "GET /111321562.phtml HTTP/2" 200 4633 "-" "meta-externalagent/1.1 (+https://developers.facebook.com/docs/sharing/webmasters/crawler)"
57.141.0.38 - - [01/Nov/2025:18:53:03 +0330] "GET /13409434.phtml HTTP/2" 200 4633 "-" "meta-externalagent/1.1 (+https://developers.facebook.com/docs/sharing/webmasters/crawler)"
57.141.0.67 - - [01/Nov/2025:18:53:12 +0330] "GET /144391210.phtml HTTP/2" 200 4633 "-" "meta-externalagent/1.1 (+https://developers.facebook.com/docs/sharing/webmasters/crawler)"
57.141.0.31 - - [01/Nov/2025:18:53:13 +0330] "GET /20595274.phtml HTTP/2" 200 4633 "-" "meta-externalagent/1.1 (+https://developers.facebook.com/docs/sharing/webmasters/crawler)"
57.141.0.67 - - [01/Nov/2025:18:53:16 +0330] "GET /9736666.phtml HTTP/2" 200 4633 "-" "meta-externalagent/1.1 (+https://developers.facebook.com/docs/sharing/webmasters/crawler)"
45.155.43.214 - - [01/Nov/2025:18:53:20 +0330] "GET /aws/credentials/ HTTP/1.1" 200 1837 "-" "python-requests/2.32.3"
57.141.0.44 - - [01/Nov/2025:18:53:33 +0330] "GET /135740266.phtml HTTP/2" 200 4633 "-" "meta-externalagent/1.1 (+https://developers.facebook.com/docs/sharing/webmasters/crawler)"
57.141.0.32 - - [01/Nov/2025:18:53:40 +0330] "GET /86657770.phtml HTTP/2" 200 4633 "-" "meta-externalagent/1.1 (+https://developers.facebook.com/docs/sharing/webmasters/crawler)"
57.141.0.15 - - [01/Nov/2025:18:53:46 +0330] "GET /48616618.phtml HTTP/2" 200 4633 "-" "meta-externalagent/1.1 (+https://developers.facebook.com/docs/sharing/webmasters/crawler)"
57.141.0.65 - - [01/Nov/2025:18:53:48 +0330] "GET /133061098.phtml HTTP/2" 200 4633 "-" "meta-externalagent/1.1 (+https://developers.facebook.com/docs/sharing/webmasters/crawler)"
45.155.43.214 - - [01/Nov/2025:18:54:12 +0330] "GET /wp-content/uploads/ HTTP/1.1" 200 1837 "-" "python-requests/2.32.3"
57.141.0.5 - - [01/Nov/2025:18:54:14 +0330] "GET /86214970.phtml HTTP/2" 200 4633 "-" "meta-externalagent/1.1 (+https://developers.facebook.com/docs/sharing/webmasters/crawler)"
57.141.0.54 - - [01/Nov/2025:18:54:20 +0330] "GET /17174938.phtml HTTP/2" 200 4633 "-" "meta-externalagent/1.1 (+https://developers.facebook.com/docs/sharing/webmasters/crawler)"
57.141.0.34 - - [01/Nov/2025:18:54:36 +0330] "GET /65690458.phtml HTTP/2" 200 4633 "-" "meta-externalagent/1.1 (+https://developers.facebook.com/docs/sharing/webmasters/crawler)"
57.141.0.67 - - [01/Nov/2025:18:55:00 +0330] "GET /127763242.phtml HTTP/2" 200 4633 "-" "meta-externalagent/1.1 (+https://developers.facebook.com/docs/sharing/webmasters/crawler)"
57.141.0.30 - - [01/Nov/2025:18:55:02 +0330] "GET /33124570.phtml HTTP/2" 200 4633 "-" "meta-externalagent/1.1 (+https://developers.facebook.com/docs/sharing/webmasters/crawler)"
57.141.0.29 - - [01/Nov/2025:18:55:18 +0330] "GET /126368026.phtml HTTP/2" 200 4633 "-" "meta-externalagent/1.1 (+https://developers.facebook.com/docs/sharing/webmasters/crawler)"
57.141.0.18 - - [01/Nov/2025:18:53:24 +0330] "GET /97283722.phtml HTTP/2" 200 4633 "-" "meta-externalagent/1.1 (+https://developers.facebook.com/docs/sharing/webmasters/crawler)"
57.141.0.72 - - [01/Nov/2025:18:53:42 +0330] "GET /138210586.phtml HTTP/2" 200 4633 "-" "meta-externalagent/1.1 (+https://developers.facebook.com/docs/sharing/webmasters/crawler)"
57.141.0.27 - - [01/Nov/2025:18:53:44 +0330] "GET /64363834.phtml HTTP/2" 200 4633 "-" "meta-externalagent/1.1 (+https://developers.facebook.com/docs/sharing/webmasters/crawler)"
57.141.0.41 - - [01/Nov/2025:18:53:46 +0330] "GET /107308042.phtml HTTP/2" 200 4633 "-" "meta-externalagent/1.1 (+https://developers.facebook.com/docs/sharing/webmasters/crawler)"
57.141.0.32 - - [01/Nov/2025:18:53:48 +0330] "GET /11159242.phtml HTTP/2" 200 4633 "-" "meta-externalagent/1.1 (+https://developers.facebook.com/docs/sharing/webmasters/crawler)"
57.141.0.39 - - [01/Nov/2025:18:53:49 +0330] "GET /88197466.phtml HTTP/2" 200 4633 "-" "meta-externalagent/1.1 (+https://developers.facebook.com/docs/sharing/webmasters/crawler)"
57.141.0.55 - - [01/Nov/2025:18:53:56 +0330] "GET /30510058.phtml HTTP/2" 200 4633 "-" "meta-externalagent/1.1 (+https://developers.facebook.com/docs/sharing/webmasters/crawler)"
57.141.0.64 - - [01/Nov/2025:18:54:05 +0330] "GET /54621274.phtml HTTP/2" 200 4633 "-" "meta-externalagent/1.1 (+https://developers.facebook.com/docs/sharing/webmasters/crawler)"
57.141.0.45 - - [01/Nov/2025:18:54:07 +0330] "GET /34762330.phtml HTTP/2" 200 4633 "-" "meta-externalagent/1.1 (+https://developers.facebook.com/docs/sharing/webmasters/crawler)"
57.141.0.25 - - [01/Nov/2025:18:54:15 +0330] "GET /102282058.phtml HTTP/2" 200 4633 "-" "meta-externalagent/1.1 (+https://developers.facebook.com/docs/sharing/webmasters/crawler)"
45.155.43.214 - - [01/Nov/2025:18:54:16 +0330] "GET /wp-includes/blocks/ HTTP/1.1" 200 1837 "-" "python-requests/2.32.3"
45.155.43.214 - - [01/Nov/2025:18:54:17 +0330] "GET /wp-includes/css/ HTTP/1.1" 200 1837 "-" "python-requests/2.32.3"
57.141.0.60 - - [01/Nov/2025:18:54:19 +0330] "GET /48402730.phtml HTTP/2" 200 4633 "-" "meta-externalagent/1.1 (+https://developers.facebook.com/docs/sharing/webmasters/crawler)"
57.141.0.26 - - [01/Nov/2025:18:54:21 +0330] "GET /53467450.phtml HTTP/2" 200 4633 "-" "meta-externalagent/1.1 (+https://developers.facebook.com/docs/sharing/webmasters/crawler)"
57.141.0.64 - - [01/Nov/2025:18:54:21 +0330] "GET /24218890.phtml HTTP/2" 200 4633 "-" "meta-externalagent/1.1 (+https://developers.facebook.com/docs/sharing/webmasters/crawler)"
57.141.0.59 - - [01/Nov/2025:18:54:22 +0330] "GET /17880634.phtml HTTP/2" 200 4633 "-" "meta-externalagent/1.1 (+https://developers.facebook.com/docs/sharing/webmasters/crawler)"
45.155.43.214 - - [01/Nov/2025:18:54:31 +0330] "GET /php/ HTTP/1.1" 200 1837 "-" "python-requests/2.32.3"
57.141.0.56 - - [01/Nov/2025:18:54:35 +0330] "GET /79224874.phtml HTTP/2" 200 4633 "-" "meta-externalagent/1.1 (+https://developers.facebook.com/docs/sharing/webmasters/crawler)"
57.141.0.60 - - [01/Nov/2025:18:54:37 +0330] "GET /108182074.phtml HTTP/2" 200 4633 "-" "meta-externalagent/1.1 (+https://developers.facebook.com/docs/sharing/webmasters/crawler)"
57.141.0.63 - - [01/Nov/2025:18:54:46 +0330] "GET /125532874.phtml HTTP/2" 200 4633 "-" "meta-externalagent/1.1 (+https://developers.facebook.com/docs/sharing/webmasters/crawler)"
57.141.0.1 - - [01/Nov/2025:18:54:58 +0330] "GET /85242874.phtml HTTP/2" 200 4633 "-" "meta-externalagent/1.1 (+https://developers.facebook.com/docs/sharing/webmasters/crawler)"
198.244.183.117 - - [01/Nov/2025:18:55:17 +0330] "GET /77884234.phtml HTTP/2" 200 1662 "-" "Mozilla/5.0 (compatible; AhrefsBot/7.0; +http://ahrefs.com/robot/)"
57.141.0.15 - - [01/Nov/2025:18:55:29 +0330] "GET /67113034.phtml HTTP/2" 200 4633 "-" "meta-externalagent/1.1 (+https://developers.facebook.com/docs/sharing/webmasters/crawler)"
57.141.0.38 - - [01/Nov/2025:18:55:50 +0330] "GET /115038730.phtml HTTP/2" 200 4633 "-" "meta-externalagent/1.1 (+https://developers.facebook.com/docs/sharing/webmasters/crawler)"
57.141.0.28 - - [01/Nov/2025:18:55:25 +0330] "GET /66113866.phtml HTTP/2" 200 4633 "-" "meta-externalagent/1.1 (+https://developers.facebook.com/docs/sharing/webmasters/crawler)"
57.141.0.68 - - [01/Nov/2025:18:55:38 +0330] "GET /59418442.phtml HTTP/2" 200 4633 "-" "meta-externalagent/1.1 (+https://developers.facebook.com/docs/sharing/webmasters/crawler)"
57.141.0.49 - - [01/Nov/2025:18:55:39 +0330] "GET /133913050.phtml HTTP/2" 200 4633 "-" "meta-externalagent/1.1 (+https://developers.facebook.com/docs/sharing/webmasters/crawler)"
57.141.0.46 - - [01/Nov/2025:18:56:01 +0330] "GET /133629610.phtml HTTP/2" 200 4633 "-" "meta-externalagent/1.1 (+https://developers.facebook.com/docs/sharing/webmasters/crawler)"
57.141.0.14 - - [01/Nov/2025:18:56:07 +0330] "GET /121855066.phtml HTTP/2" 200 4633 "-" "meta-externalagent/1.1 (+https://developers.facebook.com/docs/sharing/webmasters/crawler)"
