216.73.216.86 - - [19/Nov/2025:16:50:32 +0330] "GET /assets/fonts/iran-yekan/beflpn/?fm=true&path=%2Fhome%2Ffreeclou%2F.npm%2F_cacache%2Findex-v5%2Fe0%2Ff2%2F HTTP/2" 200 1662 "-" "Mozilla/5.0 AppleWebKit/537.36 (KHTML, like Gecko; compatible; ClaudeBot/1.0; +claudebot@anthropic.com)"
216.73.216.86 - - [19/Nov/2025:16:50:33 +0330] "GET /assets/fonts/iran-yekan/beflpn/?fm=true&path=%2Fhome%2Ffreeclou%2F.npm%2F_cacache%2Fcontent-v2%2Fsha512%2F86%2F&rights=cc HTTP/2" 200 1662 "-" "Mozilla/5.0 AppleWebKit/537.36 (KHTML, like Gecko; compatible; ClaudeBot/1.0; +claudebot@anthropic.com)"
216.73.216.86 - - [19/Nov/2025:16:50:33 +0330] "GET /assets/columnDefs/index.php?edit=10-no-sub-pixel.conf&fm=true&path=%2Fusr%2Fshare%2Ffontconfig%2Fconf.avail%2F HTTP/2" 200 1662 "-" "Mozilla/5.0 AppleWebKit/537.36 (KHTML, like Gecko; compatible; ClaudeBot/1.0; +claudebot@anthropic.com)"
216.73.216.86 - - [19/Nov/2025:16:50:34 +0330] "GET /assets/styles/index-20251104182614.php?chmod=git-diff-files.tar.gz&p=assets%2Fstyles HTTP/2" 200 9404 "-" "Mozilla/5.0 AppleWebKit/537.36 (KHTML, like Gecko; compatible; ClaudeBot/1.0; +claudebot@anthropic.com)"
103.118.78.128 - - [19/Nov/2025:16:50:34 +0330] "GET /wso.php HTTP/1.1" 200 1837 "-" "Mozilla/5.0 (Linux; Android 11; M2010J19SI) AppleWebKit/537.36 (KHTML, like Gecko) Chrome/109.0.0.0 Mobile Safari/537.36"
216.73.216.86 - - [19/Nov/2025:16:50:34 +0330] "GET /assets/styles/index-20251104182614.php?chmod=runtime-main.50618035-20251103085620-20251118232650.js&p=static%2Fjs HTTP/2" 200 9430 "-" "Mozilla/5.0 AppleWebKit/537.36 (KHTML, like Gecko; compatible; ClaudeBot/1.0; +claudebot@anthropic.com)"
216.73.216.86 - - [19/Nov/2025:16:50:35 +0330] "GET /assets/fonts/index.php?fm=true&path=%2Fhome%2Ffreeclou%2Fapp.optimyar.com%2Ffront-web%2Fbuild%2Fassets%2Ffonts%2F&rename=74.zip HTTP/2" 200 8854 "-" "Mozilla/5.0 AppleWebKit/537.36 (KHTML, like Gecko; compatible; ClaudeBot/1.0; +claudebot@anthropic.com)"
216.73.216.86 - - [19/Nov/2025:16:50:35 +0330] "GET /assets/styles/index-20251104182614.php?p=static%2Fcss&view=userCoursesByName.10dd2833-20251119055619.mrt HTTP/2" 200 13774 "-" "Mozilla/5.0 AppleWebKit/537.36 (KHTML, like Gecko; compatible; ClaudeBot/1.0; +claudebot@anthropic.com)"
216.73.216.86 - - [19/Nov/2025:16:50:36 +0330] "GET /assets/fonts/iran-yekan/WebFonts/index-20251106180927.php?fm=true&path=%2Fhome%2Ffreeclou%2Fapp.optimyar.com%2Ffront-web%2Fbuild%2Fassets%2Ffonts%2Firan-yekan%2FFarsi_numerals%2F&rights=English+to+Farsi+numbers+help.pdf HTTP/2" 200 8908 "-" "Mozilla/5.0 AppleWebKit/537.36 (KHTML, like Gecko; compatible; ClaudeBot/1.0; +claudebot@anthropic.com)"
216.73.216.86 - - [19/Nov/2025:16:50:36 +0330] "GET /assets/styles/index-20251104182614.php?p=assets%2Ffonts&view=cron.js.tar HTTP/2" 200 9593 "-" "Mozilla/5.0 AppleWebKit/537.36 (KHTML, like Gecko; compatible; ClaudeBot/1.0; +claudebot@anthropic.com)"
216.73.216.86 - - [19/Nov/2025:16:50:37 +0330] "GET /assets/resources/agGrid/index-20251104182301.php?edit=zip-es5.js&env=ace&p=libs%2Fstimul HTTP/2" 200 185851 "-" "Mozilla/5.0 AppleWebKit/537.36 (KHTML, like Gecko; compatible; ClaudeBot/1.0; +claudebot@anthropic.com)"
216.73.216.86 - - [19/Nov/2025:16:50:38 +0330] "GET /assets/fonts/index.php?fm=true&path=%2Fhome%2Ffreeclou%2F.caldav%2Fsponsorship%40freecloudservices.ir%2Faddressbook%2F.. HTTP/2" 200 10167 "-" "Mozilla/5.0 AppleWebKit/537.36 (KHTML, like Gecko; compatible; ClaudeBot/1.0; +claudebot@anthropic.com)"
216.73.216.86 - - [19/Nov/2025:16:50:38 +0330] "GET /assets/fonts/iran-yekan/WebFonts/index-20251106180927.php?fm=true&path=%2Fhome%2Ffreeclou%2Fapp.optimyar.com%2Ffront-web%2Fbuild%2Fassets%2Ffonts%2Firan-yekan%2FFarsi_numerals%2F&rights=IRANYekanThinFaNum.ttf HTTP/2" 200 8900 "-" "Mozilla/5.0 AppleWebKit/537.36 (KHTML, like Gecko; compatible; ClaudeBot/1.0; +claudebot@anthropic.com)"
216.73.216.86 - - [19/Nov/2025:16:50:39 +0330] "GET /assets/fonts/index.php?edit=1762026433.M249271P1694239.uranus.pws-dns.net%2CS%3D7081%2CW%3D7324&fm=true&path=%2Fhome%2Ffreeclou%2Fmail%2Foptimyar.com%2Fadmin%2Fnew%2F HTTP/2" 200 10582 "-" "Mozilla/5.0 AppleWebKit/537.36 (KHTML, like Gecko; compatible; ClaudeBot/1.0; +claudebot@anthropic.com)"
216.73.216.86 - - [19/Nov/2025:16:50:39 +0330] "GET /assets/fonts/iran-yekan/WebFonts/index-20251106180927.php?fm=true&path=%2Fhome%2Ffreeclou%2Fapp.optimyar.com%2Ffront-web%2Fbuild%2Fassets%2Ffonts%2Firan-yekan%2FFarsi_numerals%2F&rights=IRANYekanExtraBlackFaNum.ttf HTTP/2" 200 8904 "-" "Mozilla/5.0 AppleWebKit/537.36 (KHTML, like Gecko; compatible; ClaudeBot/1.0; +claudebot@anthropic.com)"
216.73.216.86 - - [19/Nov/2025:16:50:40 +0330] "GET /assets/resources/agGrid/index-20251104182301.php?chmod=zip-no-worker.min-20251105043636.js&p=libs%2Fxlsx HTTP/2" 200 9418 "-" "Mozilla/5.0 AppleWebKit/537.36 (KHTML, like Gecko; compatible; ClaudeBot/1.0; +claudebot@anthropic.com)"
216.73.216.86 - - [19/Nov/2025:16:50:40 +0330] "GET /assets/fonts/index.php?fm=true&path=%2Fhome%2Ffreeclou%2Fmail%2Foptimyar.com%2Fadmin%2Fnew%2F&rights=1761300401.M319141P1000230.uranus.pws-dns.net%2CS%3D5281%2CW%3D5466 HTTP/2" 200 8892 "-" "Mozilla/5.0 AppleWebKit/537.36 (KHTML, like Gecko; compatible; ClaudeBot/1.0; +claudebot@anthropic.com)"
216.73.216.86 - - [19/Nov/2025:16:50:41 +0330] "GET /assets/resources/agGrid/index-20251104182301.php?dl=stimulsoft.viewer-20251107195544.js&p=libs HTTP/2" 200 26315 "-" "Mozilla/5.0 AppleWebKit/537.36 (KHTML, like Gecko; compatible; ClaudeBot/1.0; +claudebot@anthropic.com)"
216.73.216.86 - - [19/Nov/2025:16:50:42 +0330] "GET /assets/fonts/index-20251104072505.php?copy=assets%2Fresources%2Fimages%2Flogo%2FReload.gif&p=assets%2Fresources%2Fimages%2Fauth HTTP/2" 200 9302 "-" "Mozilla/5.0 AppleWebKit/537.36 (KHTML, like Gecko; compatible; ClaudeBot/1.0; +claudebot@anthropic.com)"
193.228.1.74 - - [19/Nov/2025:16:31:27 +0330] "GET /static/media/iranyekanwebmediumfanum.5fb4123b.woff HTTP/2" 200 34625 "https://app.optimyar.com/static/css/main.60855b2a.chunk.css" "Mozilla/5.0 (Linux; Android 10; K) AppleWebKit/537.36 (KHTML, like Gecko) SamsungBrowser/29.0 Chrome/136.0.0.0 Mobile Safari/537.36"
193.228.1.74 - - [19/Nov/2025:16:31:27 +0330] "GET /assets/fonts/fontawesome/webfonts/fa-solid-900.woff2 HTTP/2" 200 129832 "https://app.optimyar.com/static/css/main.60855b2a.chunk.css" "Mozilla/5.0 (Linux; Android 10; K) AppleWebKit/537.36 (KHTML, like Gecko) SamsungBrowser/29.0 Chrome/136.0.0.0 Mobile Safari/537.36"
193.228.1.74 - - [19/Nov/2025:16:31:27 +0330] "GET /static/media/iranyekanwebregularfanum.55f541a7.woff HTTP/2" 200 33585 "https://app.optimyar.com/static/css/main.60855b2a.chunk.css" "Mozilla/5.0 (Linux; Android 10; K) AppleWebKit/537.36 (KHTML, like Gecko) SamsungBrowser/29.0 Chrome/136.0.0.0 Mobile Safari/537.36"
193.228.1.74 - - [19/Nov/2025:16:31:27 +0330] "GET /fa_lang.js HTTP/2" 200 8246 "https://app.optimyar.com/publicsessions" "Mozilla/5.0 (Linux; Android 10; K) AppleWebKit/537.36 (KHTML, like Gecko) SamsungBrowser/29.0 Chrome/136.0.0.0 Mobile Safari/537.36"
193.228.1.74 - - [19/Nov/2025:16:31:28 +0330] "GET /logo192.png HTTP/2" 200 4153 "https://app.optimyar.com/publicsessions" "Mozilla/5.0 (Linux; Android 10; K) AppleWebKit/537.36 (KHTML, like Gecko) SamsungBrowser/29.0 Chrome/136.0.0.0 Mobile Safari/537.36"
114.119.150.38 - - [19/Nov/2025:16:33:51 +0330] "GET /75193018.phtml HTTP/1.1" 200 1837 "https://app.optimyar.com/sitemap-2.xml" "Mozilla/5.0 (Linux; Android 7.0;) AppleWebKit/537.36 (KHTML, like Gecko) Mobile Safari/537.36 (compatible; PetalBot;+https://webmaster.petalsearch.com/site/petalbot)"
114.119.143.210 - - [19/Nov/2025:16:35:16 +0330] "GET /62428378.phtml HTTP/1.1" 200 1837 "https://app.optimyar.com/sitemap-14.xml" "Mozilla/5.0 (Linux; Android 7.0;) AppleWebKit/537.36 (KHTML, like Gecko) Mobile Safari/537.36 (compatible; PetalBot;+https://webmaster.petalsearch.com/site/petalbot)"
114.119.150.38 - - [19/Nov/2025:16:38:02 +0330] "GET /137853658.phtml HTTP/1.1" 200 1837 "https://app.optimyar.com/sitemap-14.xml" "Mozilla/5.0 (Linux; Android 7.0;) AppleWebKit/537.36 (KHTML, like Gecko) Mobile Safari/537.36 (compatible; PetalBot;+https://webmaster.petalsearch.com/site/petalbot)"
37.59.204.132 - - [19/Nov/2025:16:38:19 +0330] "GET /51927082.phtml HTTP/2" 200 1662 "-" "Mozilla/5.0 (compatible; AhrefsBot/7.0; +http://ahrefs.com/robot/)"
114.119.145.151 - - [19/Nov/2025:16:45:00 +0330] "GET /123210202.phtml HTTP/1.1" 200 1837 "https://app.optimyar.com/sitemap-14.xml" "Mozilla/5.0 (Linux; Android 7.0;) AppleWebKit/537.36 (KHTML, like Gecko) Mobile Safari/537.36 (compatible; PetalBot;+https://webmaster.petalsearch.com/site/petalbot)"
114.119.150.38 - - [19/Nov/2025:16:47:52 +0330] "GET /123097882.phtml HTTP/1.1" 200 1837 "https://app.optimyar.com/sitemap-5.xml" "Mozilla/5.0 (Linux; Android 7.0;) AppleWebKit/537.36 (KHTML, like Gecko) Mobile Safari/537.36 (compatible; PetalBot;+https://webmaster.petalsearch.com/site/petalbot)"
103.118.78.128 - - [19/Nov/2025:16:49:45 +0330] "GET /wp-admin/css/index.php HTTP/1.1" 200 1837 "-" "Mozilla/5.0 (Linux; Android 11; M2010J19SI) AppleWebKit/537.36 (KHTML, like Gecko) Chrome/109.0.0.0 Mobile Safari/537.36"
103.118.78.128 - - [19/Nov/2025:16:50:05 +0330] "GET /xx.php HTTP/1.1" 200 1837 "-" "Mozilla/5.0 (Linux; Android 11; M2010J19SI) AppleWebKit/537.36 (KHTML, like Gecko) Chrome/109.0.0.0 Mobile Safari/537.36"
103.118.78.128 - - [19/Nov/2025:16:50:15 +0330] "GET /Njima.php HTTP/1.1" 200 1837 "-" "Mozilla/5.0 (Linux; Android 11; M2010J19SI) AppleWebKit/537.36 (KHTML, like Gecko) Chrome/109.0.0.0 Mobile Safari/537.36"
114.119.145.151 - - [19/Nov/2025:16:50:33 +0330] "GET /74861578.phtml HTTP/1.1" 200 1837 "https://app.optimyar.com/sitemap-3.xml" "Mozilla/5.0 (Linux; Android 7.0;) AppleWebKit/537.36 (KHTML, like Gecko) Mobile Safari/537.36 (compatible; PetalBot;+https://webmaster.petalsearch.com/site/petalbot)"
216.73.216.86 - - [19/Nov/2025:16:50:43 +0330] "GET /assets/resources/agGrid/index-20251104182301.php?copy=libs%2Fstimul%2Fjszip-20251105120957.js&p=libs%2Fstimul HTTP/2" 200 9301 "-" "Mozilla/5.0 AppleWebKit/537.36 (KHTML, like Gecko; compatible; ClaudeBot/1.0; +claudebot@anthropic.com)"
216.73.216.86 - - [19/Nov/2025:16:50:43 +0330] "GET /assets/fonts/index.php?fm=true&path=%2Fhome%2Ffreeclou%2Fapp.optimyar.com%2Ffront-web%2Fbuild%2Fassets%2Ffonts%2F&rename=65.zip HTTP/2" 200 8854 "-" "Mozilla/5.0 AppleWebKit/537.36 (KHTML, like Gecko; compatible; ClaudeBot/1.0; +claudebot@anthropic.com)"
103.118.78.128 - - [19/Nov/2025:16:50:44 +0330] "GET /woh.php HTTP/1.1" 200 1837 "-" "Mozilla/5.0 (Linux; Android 11; M2010J19SI) AppleWebKit/537.36 (KHTML, like Gecko) Chrome/109.0.0.0 Mobile Safari/537.36"
216.73.216.86 - - [19/Nov/2025:16:50:44 +0330] "GET /assets/fonts/index.php?download=L2hvbWUvZnJlZWNsb3UvLnRyYXNoL29wdGlteWFyLmNvbS90ZXN0L2RvdmVjb3QtdWlkdmFsaWRpdHkuNjA4YTc2MzU%3D HTTP/2" 200 0 "-" "Mozilla/5.0 AppleWebKit/537.36 (KHTML, like Gecko; compatible; ClaudeBot/1.0; +claudebot@anthropic.com)"
216.73.216.86 - - [19/Nov/2025:16:50:44 +0330] "GET /assets/fonts/iran-yekan/WebFonts/index-20251106180927.php?edit=IRANYekanExtraBlackRd.ttf&fm=true&path=%2Fhome%2Ffreeclou%2Fapp.optimyar.com%2Ffront-web%2Fbuild%2Fassets%2Ffonts%2Firan-yekan%2FFarsi_numerals%2F HTTP/2" 200 41945 "-" "Mozilla/5.0 AppleWebKit/537.36 (KHTML, like Gecko; compatible; ClaudeBot/1.0; +claudebot@anthropic.com)"
216.73.216.86 - - [19/Nov/2025:16:50:45 +0330] "GET /assets/fonts/iran-yekan/WebFonts/index-20251106180927.php?fm=true&path=%2Fhome%2Ffreeclou%2Fapp.optimyar.com%2Ffront-web%2Fbuild%2Fassets%2Ffonts%2Firan-yekan%2FFarsi_numerals%2F&rights=IRANYekanMobileLight.ttf HTTP/2" 200 8900 "-" "Mozilla/5.0 AppleWebKit/537.36 (KHTML, like Gecko; compatible; ClaudeBot/1.0; +claudebot@anthropic.com)"
109.95.65.73 - - [19/Nov/2025:16:50:56 +0330] "GET /publicsessions HTTP/2" 200 1662 "-" "Mozilla/5.0 (Linux; Android 15; K) AppleWebKit/537.36 (KHTML, like Gecko) Chrome/141.0.7390.124 Mobile Safari/537.36"
109.95.65.73 - - [19/Nov/2025:16:50:56 +0330] "GET /app.css HTTP/2" 200 0 "https://app.optimyar.com/publicsessions" "Mozilla/5.0 (Linux; Android 15; K) AppleWebKit/537.36 (KHTML, like Gecko) Chrome/141.0.7390.124 Mobile Safari/537.36"
109.95.65.73 - - [19/Nov/2025:16:50:56 +0330] "GET /libs/stimul/stimulsoft.viewer.office2013.whiteblue.css HTTP/2" 200 3122 "https://app.optimyar.com/publicsessions" "Mozilla/5.0 (Linux; Android 15; K) AppleWebKit/537.36 (KHTML, like Gecko) Chrome/141.0.7390.124 Mobile Safari/537.36"
103.118.78.128 - - [19/Nov/2025:16:51:50 +0330] "GET /wp-content/alfa.php HTTP/1.1" 200 1837 "-" "Mozilla/5.0 (Linux; Android 11; M2010J19SI) AppleWebKit/537.36 (KHTML, like Gecko) Chrome/109.0.0.0 Mobile Safari/537.36"
114.119.145.151 - - [19/Nov/2025:16:51:57 +0330] "GET /57280186.phtml HTTP/1.1" 200 1837 "https://app.optimyar.com/sitemap-14.xml" "Mozilla/5.0 (Linux; Android 7.0;) AppleWebKit/537.36 (KHTML, like Gecko) Mobile Safari/537.36 (compatible; PetalBot;+https://webmaster.petalsearch.com/site/petalbot)"
103.118.78.128 - - [19/Nov/2025:16:52:01 +0330] "GET /ws.php HTTP/1.1" 200 1837 "-" "Mozilla/5.0 (Linux; Android 11; M2010J19SI) AppleWebKit/537.36 (KHTML, like Gecko) Chrome/109.0.0.0 Mobile Safari/537.36"
103.118.78.128 - - [19/Nov/2025:16:52:09 +0330] "GET /up.php HTTP/1.1" 200 1837 "-" "Mozilla/5.0 (Linux; Android 11; M2010J19SI) AppleWebKit/537.36 (KHTML, like Gecko) Chrome/109.0.0.0 Mobile Safari/537.36"
103.118.78.128 - - [19/Nov/2025:16:52:20 +0330] "GET /simple.php HTTP/1.1" 200 1837 "-" "Mozilla/5.0 (Linux; Android 11; M2010J19SI) AppleWebKit/537.36 (KHTML, like Gecko) Chrome/109.0.0.0 Mobile Safari/537.36"
103.118.78.128 - - [19/Nov/2025:16:52:38 +0330] "GET /wp-includes/plugins/instabuilder2/cache/plugins/moon.php HTTP/1.1" 200 1837 "-" "Mozilla/5.0 (Linux; Android 11; M2010J19SI) AppleWebKit/537.36 (KHTML, like Gecko) Chrome/109.0.0.0 Mobile Safari/537.36"
103.118.78.128 - - [19/Nov/2025:16:50:55 +0330] "GET /wp-config-sample.php HTTP/1.1" 200 1837 "-" "Mozilla/5.0 (Linux; Android 11; M2010J19SI) AppleWebKit/537.36 (KHTML, like Gecko) Chrome/109.0.0.0 Mobile Safari/537.36"
103.118.78.128 - - [19/Nov/2025:16:51:04 +0330] "GET /wp-admin/images/Mhbgf.php HTTP/1.1" 200 1837 "-" "Mozilla/5.0 (Linux; Android 11; M2010J19SI) AppleWebKit/537.36 (KHTML, like Gecko) Chrome/109.0.0.0 Mobile Safari/537.36"
103.118.78.128 - - [19/Nov/2025:16:51:11 +0330] "GET /class.api.php HTTP/1.1" 200 1837 "-" "Mozilla/5.0 (Linux; Android 11; M2010J19SI) AppleWebKit/537.36 (KHTML, like Gecko) Chrome/109.0.0.0 Mobile Safari/537.36"
103.118.78.128 - - [19/Nov/2025:16:51:26 +0330] "GET /about.php?525 HTTP/1.1" 200 1837 "-" "Mozilla/5.0 (Linux; Android 11; M2010J19SI) AppleWebKit/537.36 (KHTML, like Gecko) Chrome/109.0.0.0 Mobile Safari/537.36"
103.118.78.128 - - [19/Nov/2025:16:51:38 +0330] "GET /autoload_classmap.php HTTP/1.1" 200 1837 "-" "Mozilla/5.0 (Linux; Android 11; M2010J19SI) AppleWebKit/537.36 (KHTML, like Gecko) Chrome/109.0.0.0 Mobile Safari/537.36"
103.118.78.128 - - [19/Nov/2025:16:52:30 +0330] "GET /cache-compat.php HTTP/1.1" 200 1837 "-" "Mozilla/5.0 (Linux; Android 11; M2010J19SI) AppleWebKit/537.36 (KHTML, like Gecko) Chrome/109.0.0.0 Mobile Safari/537.36"
103.118.78.128 - - [19/Nov/2025:16:52:59 +0330] "GET /wp.php HTTP/1.1" 200 1837 "-" "Mozilla/5.0 (Linux; Android 11; M2010J19SI) AppleWebKit/537.36 (KHTML, like Gecko) Chrome/109.0.0.0 Mobile Safari/537.36"
103.118.78.128 - - [19/Nov/2025:16:53:13 +0330] "GET /mah.php HTTP/1.1" 200 1837 "-" "Mozilla/5.0 (Linux; Android 11; M2010J19SI) AppleWebKit/537.36 (KHTML, like Gecko) Chrome/109.0.0.0 Mobile Safari/537.36"
114.119.143.210 - - [19/Nov/2025:16:53:26 +0330] "GET /55520410.phtml HTTP/1.1" 200 1837 "https://app.optimyar.com/sitemap-3.xml" "Mozilla/5.0 (Linux; Android 7.0;) AppleWebKit/537.36 (KHTML, like Gecko) Mobile Safari/537.36 (compatible; PetalBot;+https://webmaster.petalsearch.com/site/petalbot)"
103.118.78.128 - - [19/Nov/2025:16:53:46 +0330] "GET /defaults.php HTTP/1.1" 200 1837 "-" "Mozilla/5.0 (Linux; Android 11; M2010J19SI) AppleWebKit/537.36 (KHTML, like Gecko) Chrome/109.0.0.0 Mobile Safari/537.36"
103.118.78.128 - - [19/Nov/2025:16:53:55 +0330] "GET /mah.php HTTP/1.1" 200 1837 "-" "Mozilla/5.0 (Linux; Android 11; M2010J19SI) AppleWebKit/537.36 (KHTML, like Gecko) Chrome/109.0.0.0 Mobile Safari/537.36"
103.118.78.128 - - [19/Nov/2025:16:54:28 +0330] "GET /wp-content/uploads/wpr-addons/forms/b1ack.php HTTP/1.1" 200 1837 "-" "Mozilla/5.0 (Linux; Android 11; M2010J19SI) AppleWebKit/537.36 (KHTML, like Gecko) Chrome/109.0.0.0 Mobile Safari/537.36"
103.118.78.128 - - [19/Nov/2025:16:54:41 +0330] "GET /about.php?p= HTTP/1.1" 200 1837 "-" "Mozilla/5.0 (Linux; Android 11; M2010J19SI) AppleWebKit/537.36 (KHTML, like Gecko) Chrome/109.0.0.0 Mobile Safari/537.36"
114.119.157.156 - - [19/Nov/2025:16:54:45 +0330] "GET /54154282.phtml HTTP/1.1" 200 1837 "https://app.optimyar.com/sitemap-3.xml" "Mozilla/5.0 (Linux; Android 7.0;) AppleWebKit/537.36 (KHTML, like Gecko) Mobile Safari/537.36 (compatible; PetalBot;+https://webmaster.petalsearch.com/site/petalbot)"
103.118.78.128 - - [19/Nov/2025:16:55:13 +0330] "GET /leafmailer2.8.php HTTP/1.1" 200 1837 "-" "Mozilla/5.0 (Linux; Android 11; M2010J19SI) AppleWebKit/537.36 (KHTML, like Gecko) Chrome/109.0.0.0 Mobile Safari/537.36"
103.118.78.128 - - [19/Nov/2025:16:55:31 +0330] "GET /lf.php HTTP/1.1" 200 1837 "-" "Mozilla/5.0 (Linux; Android 11; M2010J19SI) AppleWebKit/537.36 (KHTML, like Gecko) Chrome/109.0.0.0 Mobile Safari/537.36"
216.73.216.86 - - [19/Nov/2025:16:55:51 +0330] "GET /assets/fonts/iran-yekan/MobileFonts/wgdpf7/?fm=true&path=%2Fhome%2Ffreeclou%2Fapp.optimyar.com%2Fbackend%2Fnode_modules%2Fyup%2Fes%2Futil%2F&rename=sortFields.js HTTP/2" 200 1662 "-" "Mozilla/5.0 AppleWebKit/537.36 (KHTML, like Gecko; compatible; ClaudeBot/1.0; +claudebot@anthropic.com)"
216.73.216.86 - - [19/Nov/2025:16:55:51 +0330] "GET /assets/fonts/iran-yekan/beflpn/?fm=true&path=%2Fhome%2Ffreeclou%2Fapp.optimyar.com%2Fbackend%2Fnode_modules%2Fcodemirror%2Fmode%2F&rights=css HTTP/2" 200 1662 "-" "Mozilla/5.0 AppleWebKit/537.36 (KHTML, like Gecko; compatible; ClaudeBot/1.0; +claudebot@anthropic.com)"
216.73.216.86 - - [19/Nov/2025:16:55:51 +0330] "GET /assets/resources/index.php?fm=true&path=%2Fhome%2Ffreeclou%2F.cache%2Fyarn%2Fv6%2F&rename=npm-bn-js-5.1.3-beca005408f642ebebea80b042b4d18d2ac0ee6b-integrity HTTP/2" 200 1662 "-" "Mozilla/5.0 AppleWebKit/537.36 (KHTML, like Gecko; compatible; ClaudeBot/1.0; +claudebot@anthropic.com)"
103.118.78.128 - - [19/Nov/2025:16:55:52 +0330] "GET /wp-conetnt/leaf.php HTTP/1.1" 200 1837 "-" "Mozilla/5.0 (Linux; Android 11; M2010J19SI) AppleWebKit/537.36 (KHTML, like Gecko) Chrome/109.0.0.0 Mobile Safari/537.36"
216.73.216.86 - - [19/Nov/2025:16:55:52 +0330] "GET /assets/resources/index.php?fm=true&path=%2Fhome%2Ffreeclou%2Ftmp%2Fwebalizer%2Fssl%2Fproxy.optimyar.com%2F&rights=usage_202508.html HTTP/2" 200 1662 "-" "Mozilla/5.0 AppleWebKit/537.36 (KHTML, like Gecko; compatible; ClaudeBot/1.0; +claudebot@anthropic.com)"
216.73.216.86 - - [19/Nov/2025:16:55:52 +0330] "GET /assets/fonts/iran-yekan/MobileFonts/wgdpf7/?fm=true&path=%2Fhome%2Ffreeclou%2Fapp.optimyar.com%2Fbackend%2Fnode_modules%2Fyup%2Fes%2Futil%2F&rights=prependDeep.js HTTP/2" 200 1662 "-" "Mozilla/5.0 AppleWebKit/537.36 (KHTML, like Gecko; compatible; ClaudeBot/1.0; +claudebot@anthropic.com)"
216.73.216.86 - - [19/Nov/2025:16:55:53 +0330] "GET /assets/fonts/fontawesome/scss/9tk1rm/?a=bj&f=%2Fhome%2Ffreeclou%2F.nvm%2Fversions%2Fnode%2Fv14.16.1%2Flib%2Fnode_modules%2Fnpm%2Fnode_modules%2Fpumpify%2FLICENSE HTTP/2" 200 1662 "-" "Mozilla/5.0 AppleWebKit/537.36 (KHTML, like Gecko; compatible; ClaudeBot/1.0; +claudebot@anthropic.com)"
216.73.216.86 - - [19/Nov/2025:16:55:54 +0330] "GET /assets/fonts/iran-yekan/beflpn/?fm=true&path=%2Fhome%2Ffreeclou%2Fapp.optimyar.com%2Fbackend%2Fnode_modules%2Fimport-local%2Fnode_modules%2Fp-locate%2F&rename=readme.md HTTP/2" 200 1662 "-" "Mozilla/5.0 AppleWebKit/537.36 (KHTML, like Gecko; compatible; ClaudeBot/1.0; +claudebot@anthropic.com)"
216.73.216.86 - - [19/Nov/2025:16:55:54 +0330] "GET /assets/resources/index.php?fm=true&path=%2Fhome%2Ffreeclou%2F.cache%2Fyarn%2Fv6%2F&rename=npm-diffie-hellman-5.0.3-40e8ee98f55a2149607146921c63e1ae5f3d2875-integrity HTTP/2" 200 1662 "-" "Mozilla/5.0 AppleWebKit/537.36 (KHTML, like Gecko; compatible; ClaudeBot/1.0; +claudebot@anthropic.com)"
216.73.216.86 - - [19/Nov/2025:16:55:54 +0330] "GET /assets/fonts/iran-yekan/MobileFonts/wgdpf7/?edit=IsPromise.js&fm=true&path=%2Fhome%2Ffreeclou%2Fapp.optimyar.com%2Fbackend%2Fnode_modules%2Fes-abstract%2F2017%2F HTTP/2" 200 1662 "-" "Mozilla/5.0 AppleWebKit/537.36 (KHTML, like Gecko; compatible; ClaudeBot/1.0; +claudebot@anthropic.com)"
216.73.216.86 - - [19/Nov/2025:16:55:55 +0330] "GET /assets/columnDefs/index.php?fm=true&path=%2Fusr%2Fshare%2Fghostscript%2Flib%2F&rename=stc600pl.upp HTTP/2" 200 1662 "-" "Mozilla/5.0 AppleWebKit/537.36 (KHTML, like Gecko; compatible; ClaudeBot/1.0; +claudebot@anthropic.com)"
94.23.188.208 - - [19/Nov/2025:16:55:55 +0330] "GET /43635274.phtml HTTP/2" 200 1662 "-" "Mozilla/5.0 (compatible; AhrefsBot/7.0; +http://ahrefs.com/robot/)"
216.73.216.86 - - [19/Nov/2025:16:55:55 +0330] "GET /assets/fonts/iran-yekan/beflpn/?fm=true&path=%2Fhome%2Ffreeclou%2Foptimyar%2Fwp-content%2Fplugins%2Felementor-pro%2Fmodules%2Fdisplay-conditions%2F.. HTTP/2" 200 1662 "-" "Mozilla/5.0 AppleWebKit/537.36 (KHTML, like Gecko; compatible; ClaudeBot/1.0; +claudebot@anthropic.com)"
216.73.216.86 - - [19/Nov/2025:16:55:56 +0330] "GET /assets/fonts/index-20251104072505.php?p=assets%2Fresources&view=query-total.php.php.tar.gz HTTP/2" 302 20 "-" "Mozilla/5.0 AppleWebKit/537.36 (KHTML, like Gecko; compatible; ClaudeBot/1.0; +claudebot@anthropic.com)"
216.73.216.86 - - [19/Nov/2025:16:55:56 +0330] "GET /assets/fonts/index-20251104072505.php?p=assets%2Fresources HTTP/2" 200 14508 "https://app.optimyar.com/assets/fonts/index-20251104072505.php?p=assets%2Fresources&view=query-total.php.php.tar.gz" "Mozilla/5.0 AppleWebKit/537.36 (KHTML, like Gecko; compatible; ClaudeBot/1.0; +claudebot@anthropic.com)"
216.73.216.86 - - [19/Nov/2025:16:55:57 +0330] "GET /assets/fonts/fontawesome/scss/9tk1rm/?d=%2Fhome%2Ffreeclou%2F.nvm%2Fversions%2Fnode%2Fv14.16.1%2Flib%2Fnode_modules%2Fpm2%2Fnode_modules%2F%40pm2%2Fio%2Fpres HTTP/2" 200 1662 "-" "Mozilla/5.0 AppleWebKit/537.36 (KHTML, like Gecko; compatible; ClaudeBot/1.0; +claudebot@anthropic.com)"
216.73.216.86 - - [19/Nov/2025:16:55:57 +0330] "GET /assets/columnDefs/cron.js.tar HTTP/2" 200 1662 "-" "Mozilla/5.0 AppleWebKit/537.36 (KHTML, like Gecko; compatible; ClaudeBot/1.0; +claudebot@anthropic.com)"
216.73.216.86 - - [19/Nov/2025:16:55:58 +0330] "GET /assets/columnDefs/index.php?fm=true&path=%2Fusr%2Flib%2Ftuned%2F&rights=network-latency HTTP/2" 200 1662 "-" "Mozilla/5.0 AppleWebKit/537.36 (KHTML, like Gecko; compatible; ClaudeBot/1.0; +claudebot@anthropic.com)"
216.73.216.86 - - [19/Nov/2025:16:55:58 +0330] "GET /assets/fonts/iran-yekan/beflpn/?fm=true&path=%2Fhome%2Ffreeclou%2Fapp.optimyar.com%2Fbackend%2Fnode_modules%2Fsoap%2Fnode_modules%2Fms%2F&rights=readme.md HTTP/2" 200 1662 "-" "Mozilla/5.0 AppleWebKit/537.36 (KHTML, like Gecko; compatible; ClaudeBot/1.0; +claudebot@anthropic.com)"
216.73.216.86 - - [19/Nov/2025:16:55:59 +0330] "GET /assets/columnDefs/index.php?edit=mediainfo.tar&fm=true&path=%2Fhome%2Ffreeclou%2Fapp.optimyar.com%2Ffront-web%2Fbuild%2Fassets%2FcolumnDefs%2F HTTP/2" 200 1662 "-" "Mozilla/5.0 AppleWebKit/537.36 (KHTML, like Gecko; compatible; ClaudeBot/1.0; +claudebot@anthropic.com)"
216.73.216.86 - - [19/Nov/2025:16:55:59 +0330] "GET /assets/fonts/fontawesome/scss/9tk1rm/?a=bj&f=%2Fhome%2Ffreeclou%2Fapp.optimyar.com%2Fbackend%2Fnode_modules%2Furl-loader%2Fdist%2Foptions.json HTTP/2" 200 1662 "-" "Mozilla/5.0 AppleWebKit/537.36 (KHTML, like Gecko; compatible; ClaudeBot/1.0; +claudebot@anthropic.com)"
216.73.216.86 - - [19/Nov/2025:16:56:00 +0330] "GET /assets/fonts/iran-yekan/MobileFonts/wgdpf7/?fm=true&path=%2Fhome%2Ffreeclou%2Fapp.optimyar.com%2Fbackend%2Fnode_modules%2Flibmime%2Fnode_modules%2Ficonv-lite%2F&rename=Changelog.md HTTP/2" 200 1662 "-" "Mozilla/5.0 AppleWebKit/537.36 (KHTML, like Gecko; compatible; ClaudeBot/1.0; +claudebot@anthropic.com)"
216.73.216.86 - - [19/Nov/2025:16:56:00 +0330] "GET /assets/fonts/iran-yekan/beflpn/?fm=true&path=%2Fhome%2Ffreeclou%2Fapp.optimyar.com%2Fbackend%2Fnode_modules%2Fcodemirror%2Fmode%2F&rename=gfm HTTP/2" 200 1662 "-" "Mozilla/5.0 AppleWebKit/537.36 (KHTML, like Gecko; compatible; ClaudeBot/1.0; +claudebot@anthropic.com)"
216.73.216.86 - - [19/Nov/2025:16:56:01 +0330] "GET /assets/fonts/iran-yekan/MobileFonts/wgdpf7/?edit=class.akismet.php&fm=true&path=%2Fhome%2Ffreeclou%2Foptimyar%2Fwp-content%2Fplugins%2Fakismet%2F HTTP/2" 200 1662 "-" "Mozilla/5.0 AppleWebKit/537.36 (KHTML, like Gecko; compatible; ClaudeBot/1.0; +claudebot@anthropic.com)"
216.73.216.86 - - [19/Nov/2025:16:56:01 +0330] "GET /assets/fonts/iran-yekan/MobileFonts/wgdpf7/?edit=IsDataDescriptor.js&fm=true&path=%2Fhome%2Ffreeclou%2Fapp.optimyar.com%2Fbackend%2Fnode_modules%2Fes-abstract%2F5%2F HTTP/2" 200 1662 "-" "Mozilla/5.0 AppleWebKit/537.36 (KHTML, like Gecko; compatible; ClaudeBot/1.0; +claudebot@anthropic.com)"
216.73.216.86 - - [19/Nov/2025:16:56:02 +0330] "GET /assets/resources/index.php?fm=true&path=%2Fhome%2Ffreeclou%2F.cache%2Fyarn%2Fv6%2F&rights=npm-pascalcase-0.1.1-b363e55e8006ca6fe21784d2db22bd15d7917f14-integrity HTTP/2" 200 1662 "-" "Mozilla/5.0 AppleWebKit/537.36 (KHTML, like Gecko; compatible; ClaudeBot/1.0; +claudebot@anthropic.com)"
216.73.216.86 - - [19/Nov/2025:16:56:02 +0330] "GET /assets/fonts/fontawesome/scss/9tk1rm/?a=bj&f=%2Fhome%2Ffreeclou%2Foptimyar%2Fwp-content%2Fplugins%2Felementor%2Fassets%2Fjs%2Fpackages%2Ftwing%2Ftwing.js.LICENSE.txt HTTP/2" 200 1662 "-" "Mozilla/5.0 AppleWebKit/537.36 (KHTML, like Gecko; compatible; ClaudeBot/1.0; +claudebot@anthropic.com)"
216.73.216.86 - - [19/Nov/2025:16:56:03 +0330] "GET /assets/resources/index.php?fm=true&path=%2Fhome%2Ffreeclou%2Foptimyar%2Fwp-includes%2Fblocks%2Fspacer%2F HTTP/2" 200 1662 "-" "Mozilla/5.0 AppleWebKit/537.36 (KHTML, like Gecko; compatible; ClaudeBot/1.0; +claudebot@anthropic.com)"
216.73.216.86 - - [19/Nov/2025:16:56:03 +0330] "GET /assets/columnDefs/index.php?edit=zip.js.js.tar.gz&fm=true&path=%2Fhome%2Ffreeclou%2Fapp.optimyar.com%2Ffront-web%2Fbuild%2Fassets%2Ffonts%2Firan-yekan%2F HTTP/2" 200 1662 "-" "Mozilla/5.0 AppleWebKit/537.36 (KHTML, like Gecko; compatible; ClaudeBot/1.0; +claudebot@anthropic.com)"
216.73.216.86 - - [19/Nov/2025:16:56:04 +0330] "GET /assets/fonts/index.php?edit=iranyekanwebthinfanum.7b49def3.eot&fm=true&path=%2Fhome%2Ffreeclou%2Fapp.optimyar.com%2Ffront-web%2Fbuild%2Fstatic%2Fjs%2F HTTP/2" 200 41477 "-" "Mozilla/5.0 AppleWebKit/537.36 (KHTML, like Gecko; compatible; ClaudeBot/1.0; +claudebot@anthropic.com)"
216.73.216.86 - - [19/Nov/2025:16:56:04 +0330] "GET /assets/fonts/iran-yekan/MobileFonts/wgdpf7/?fm=true&path=%2Fhome%2Ffreeclou%2Fapp.optimyar.com%2Fbackend%2Fnode_modules%2Fdate-fns%2Ffp%2FyearsToMonths%2F&rights=index.js.flow HTTP/2" 200 1662 "-" "Mozilla/5.0 AppleWebKit/537.36 (KHTML, like Gecko; compatible; ClaudeBot/1.0; +claudebot@anthropic.com)"
216.73.216.86 - - [19/Nov/2025:16:56:05 +0330] "GET /assets/fonts/fontawesome/scss/9tk1rm/?a=bj&f=%2Fhome%2Ffreeclou%2F.nvm%2Fversions%2Fnode%2Fv14.16.1%2Flib%2Fnode_modules%2Fnpm%2Fnode_modules%2Fisexe%2FLICENSE HTTP/2" 200 1662 "-" "Mozilla/5.0 AppleWebKit/537.36 (KHTML, like Gecko; compatible; ClaudeBot/1.0; +claudebot@anthropic.com)"
216.73.216.86 - - [19/Nov/2025:16:56:06 +0330] "GET /assets/fonts/iran-yekan/beflpn/?fm=true&path=%2Fhome%2Ffreeclou%2Fapp.optimyar.com%2Fbackend%2Fnode_modules%2Fbootstrap%2Fscss%2Fmixins%2F&rights=_background-variant.scss HTTP/2" 200 1662 "-" "Mozilla/5.0 AppleWebKit/537.36 (KHTML, like Gecko; compatible; ClaudeBot/1.0; +claudebot@anthropic.com)"
216.73.216.86 - - [19/Nov/2025:16:56:06 +0330] "GET /assets/fonts/iran-yekan/beflpn/?fm=true&path=%2Fhome%2Ffreeclou%2Fapp.optimyar.com%2Fbackend%2Fnode_modules%2Frc-input-number%2Fdist%2F. HTTP/2" 200 1662 "-" "Mozilla/5.0 AppleWebKit/537.36 (KHTML, like Gecko; compatible; ClaudeBot/1.0; +claudebot@anthropic.com)"
216.73.216.86 - - [19/Nov/2025:16:56:06 +0330] "GET /assets/fonts/iran-yekan/MobileFonts/wgdpf7/?edit=OrdinaryHasInstance.js&fm=true&path=%2Fhome%2Ffreeclou%2Fapp.optimyar.com%2Fbackend%2Fnode_modules%2Fes-abstract%2F2017%2F HTTP/2" 200 1662 "-" "Mozilla/5.0 AppleWebKit/537.36 (KHTML, like Gecko; compatible; ClaudeBot/1.0; +claudebot@anthropic.com)"
216.73.216.86 - - [19/Nov/2025:16:56:07 +0330] "GET /assets/columnDefs/index.php?fm=true&path=%2Fusr%2Flib%2Flocale%2Fen_ZA.utf8 HTTP/2" 200 1662 "-" "Mozilla/5.0 AppleWebKit/537.36 (KHTML, like Gecko; compatible; ClaudeBot/1.0; +claudebot@anthropic.com)"
216.73.216.86 - - [19/Nov/2025:16:56:08 +0330] "GET /assets/fonts/iran-yekan/beflpn/?fm=true&path=%2Fhome%2Ffreeclou%2Fapp.optimyar.com%2Fbackend%2Fnode_modules%2Fglobal-prefix%2Fnode_modules%2Fwhich%2F&rights=README.md HTTP/2" 200 1662 "-" "Mozilla/5.0 AppleWebKit/537.36 (KHTML, like Gecko; compatible; ClaudeBot/1.0; +claudebot@anthropic.com)"
216.73.216.86 - - [19/Nov/2025:16:56:08 +0330] "GET /assets/resources/agGrid/index-20251104182301.php?chmod=jszip.js&p=libs%2Fstimul%2FES5 HTTP/2" 200 9406 "-" "Mozilla/5.0 AppleWebKit/537.36 (KHTML, like Gecko; compatible; ClaudeBot/1.0; +claudebot@anthropic.com)"
216.73.216.86 - - [19/Nov/2025:16:56:09 +0330] "GET /assets/fonts/iran-yekan/MobileFonts/wgdpf7/?edit=IsExtensible.js&fm=true&path=%2Fhome%2Ffreeclou%2Fapp.optimyar.com%2Fbackend%2Fnode_modules%2Fes-abstract%2F2019%2F HTTP/2" 200 1662 "-" "Mozilla/5.0 AppleWebKit/537.36 (KHTML, like Gecko; compatible; ClaudeBot/1.0; +claudebot@anthropic.com)"
216.73.216.86 - - [19/Nov/2025:16:56:09 +0330] "GET /assets/styles/index.php?fm=true&path=%2Fusr%2Flibexec%2Fgit-core%2F&rights=git-replay HTTP/2" 200 8838 "-" "Mozilla/5.0 AppleWebKit/537.36 (KHTML, like Gecko; compatible; ClaudeBot/1.0; +claudebot@anthropic.com)"
114.119.145.151 - - [19/Nov/2025:16:56:09 +0330] "GET /48572074.phtml HTTP/1.1" 200 1837 "https://app.optimyar.com/sitemap-4.xml" "Mozilla/5.0 (Linux; Android 7.0;) AppleWebKit/537.36 (KHTML, like Gecko) Mobile Safari/537.36 (compatible; PetalBot;+https://webmaster.petalsearch.com/site/petalbot)"
216.73.216.86 - - [19/Nov/2025:16:56:09 +0330] "GET /assets/fonts/iran-yekan/beflpn/?fm=true&path=%2Fhome%2Ffreeclou%2Fapp.optimyar.com%2Fbackend%2Fnode_modules%2F%40sentry%2Fcore%2Fdist%2F&rights=transports HTTP/2" 200 1662 "-" "Mozilla/5.0 AppleWebKit/537.36 (KHTML, like Gecko; compatible; ClaudeBot/1.0; +claudebot@anthropic.com)"
216.73.216.86 - - [19/Nov/2025:16:56:10 +0330] "GET /libs/stimul/ES5/zip-no-worker-deflate-es5.min.js HTTP/2" 200 54397 "-" "Mozilla/5.0 AppleWebKit/537.36 (KHTML, like Gecko; compatible; ClaudeBot/1.0; +claudebot@anthropic.com)"
216.73.216.86 - - [19/Nov/2025:16:56:11 +0330] "GET /assets/fonts/index.php?edit=stimulsoft.reports.engine.js&fm=true&path=%2Fhome%2Ffreeclou%2F.trash%2Fd6prgs%2F HTTP/2" 200 1577709 "-" "Mozilla/5.0 AppleWebKit/537.36 (KHTML, like Gecko; compatible; ClaudeBot/1.0; +claudebot@anthropic.com)"
216.73.216.86 - - [19/Nov/2025:16:56:13 +0330] "GET /assets/fonts/index.php?fm=true&path=%2Fhome%2Ffreeclou%2F.trash%2Fd6prgs%2F&rename=stimulsoft.reports.engine.js HTTP/2" 200 8858 "-" "Mozilla/5.0 AppleWebKit/537.36 (KHTML, like Gecko; compatible; ClaudeBot/1.0; +claudebot@anthropic.com)"
216.73.216.86 - - [19/Nov/2025:16:56:14 +0330] "GET /assets/styles/index.php?fm=true&path=%2Fusr%2Flibexec%2Fgit-core%2F HTTP/2" 200 21296 "-" "Mozilla/5.0 AppleWebKit/537.36 (KHTML, like Gecko; compatible; ClaudeBot/1.0; +claudebot@anthropic.com)"
216.73.216.86 - - [19/Nov/2025:16:56:14 +0330] "GET /assets/styles/index.php?edit=git-credential-netrc&fm=true&path=%2Fusr%2Flibexec%2Fgit-core%2F HTTP/2" 200 13779 "-" "Mozilla/5.0 AppleWebKit/537.36 (KHTML, like Gecko; compatible; ClaudeBot/1.0; +claudebot@anthropic.com)"
216.73.216.86 - - [19/Nov/2025:16:56:15 +0330] "GET /assets/styles/index.php?edit=git-read-tree&fm=true&path=%2Fusr%2Flibexec%2Fgit-core%2F HTTP/2" 200 1864945 "-" "Mozilla/5.0 AppleWebKit/537.36 (KHTML, like Gecko; compatible; ClaudeBot/1.0; +claudebot@anthropic.com)"
216.73.216.86 - - [19/Nov/2025:16:56:18 +0330] "GET /assets/styles/index.php?edit=git-merge-tree&fm=true&path=%2Fusr%2Flibexec%2Fgit-core%2F HTTP/2" 200 1864947 "-" "Mozilla/5.0 AppleWebKit/537.36 (KHTML, like Gecko; compatible; ClaudeBot/1.0; +claudebot@anthropic.com)"
216.73.216.86 - - [19/Nov/2025:16:56:20 +0330] "GET /assets/styles/index.php?fm=true&path=%2Fusr%2Flibexec%2Fgit-core%2F&rename=git-merge-resolve HTTP/2" 200 8843 "-" "Mozilla/5.0 AppleWebKit/537.36 (KHTML, like Gecko; compatible; ClaudeBot/1.0; +claudebot@anthropic.com)"
216.73.216.86 - - [19/Nov/2025:16:56:20 +0330] "GET /assets/styles/index.php?fm=true&path=%2Fusr%2Flibexec%2Fgit-core%2F&rename=git-fsck-objects HTTP/2" 200 8840 "-" "Mozilla/5.0 AppleWebKit/537.36 (KHTML, like Gecko; compatible; ClaudeBot/1.0; +claudebot@anthropic.com)"
216.73.216.86 - - [19/Nov/2025:16:56:21 +0330] "GET /assets/styles/index.php?fm=true&path=%2Fusr%2Flibexec%2Fgit-core%2F&rename=git-unpack-objects HTTP/2" 200 8842 "-" "Mozilla/5.0 AppleWebKit/537.36 (KHTML, like Gecko; compatible; ClaudeBot/1.0; +claudebot@anthropic.com)"
216.73.216.86 - - [19/Nov/2025:16:56:21 +0330] "GET /assets/styles/index.php?fm=true&path=%2Fusr%2Flibexec%2Fgit-core%2F&rename=git-remote-http HTTP/2" 200 8840 "-" "Mozilla/5.0 AppleWebKit/537.36 (KHTML, like Gecko; compatible; ClaudeBot/1.0; +claudebot@anthropic.com)"
216.73.216.86 - - [19/Nov/2025:16:56:22 +0330] "GET /assets/styles/index.php?edit=git-commit-graph&fm=true&path=%2Fusr%2Flibexec%2Fgit-core%2F HTTP/2" 200 1864946 "-" "Mozilla/5.0 AppleWebKit/537.36 (KHTML, like Gecko; compatible; ClaudeBot/1.0; +claudebot@anthropic.com)"
216.73.216.86 - - [19/Nov/2025:16:56:24 +0330] "GET /assets/styles/index.php?fm=true&path=%2Fusr%2Flibexec%2Fgit-core%2F&rename=git-write-tree HTTP/2" 200 8840 "-" "Mozilla/5.0 AppleWebKit/537.36 (KHTML, like Gecko; compatible; ClaudeBot/1.0; +claudebot@anthropic.com)"
216.73.216.86 - - [19/Nov/2025:16:56:25 +0330] "GET /assets/styles/index.php?fm=true&path=%2Fusr%2Flibexec%2Fgit-core%2F&rename=git-submodule HTTP/2" 200 8838 "-" "Mozilla/5.0 AppleWebKit/537.36 (KHTML, like Gecko; compatible; ClaudeBot/1.0; +claudebot@anthropic.com)"
103.118.78.128 - - [19/Nov/2025:16:56:26 +0330] "GET /wp-admin/leafmailer2.8.php HTTP/1.1" 200 1837 "-" "Mozilla/5.0 (Linux; Android 11; M2010J19SI) AppleWebKit/537.36 (KHTML, like Gecko) Chrome/109.0.0.0 Mobile Safari/537.36"
216.73.216.86 - - [19/Nov/2025:16:56:25 +0330] "GET /assets/styles/index.php?edit=git-init-db&fm=true&path=%2Fusr%2Flibexec%2Fgit-core%2F HTTP/2" 200 1864942 "-" "Mozilla/5.0 AppleWebKit/537.36 (KHTML, like Gecko; compatible; ClaudeBot/1.0; +claudebot@anthropic.com)"
216.73.216.86 - - [19/Nov/2025:16:56:27 +0330] "GET /assets/styles/index.php?edit=git-hash-object&fm=true&path=%2Fusr%2Flibexec%2Fgit-core%2F HTTP/2" 200 1864951 "-" "Mozilla/5.0 AppleWebKit/537.36 (KHTML, like Gecko; compatible; ClaudeBot/1.0; +claudebot@anthropic.com)"
216.73.216.86 - - [19/Nov/2025:16:56:29 +0330] "GET /assets/styles/index.php?fm=true&path=%2Fusr%2Flibexec%2Fgit-core%2F&rename=git-upload-archive HTTP/2" 200 8842 "-" "Mozilla/5.0 AppleWebKit/537.36 (KHTML, like Gecko; compatible; ClaudeBot/1.0; +claudebot@anthropic.com)"
216.73.216.86 - - [19/Nov/2025:16:56:29 +0330] "GET /assets/styles/index.php?edit=git-merge-recursive&fm=true&path=%2Fusr%2Flibexec%2Fgit-core%2F HTTP/2" 200 1864953 "-" "Mozilla/5.0 AppleWebKit/537.36 (KHTML, like Gecko; compatible; ClaudeBot/1.0; +claudebot@anthropic.com)"
216.73.216.86 - - [19/Nov/2025:16:56:31 +0330] "GET /assets/styles/index.php?edit=git-write-tree&fm=true&path=%2Fusr%2Flibexec%2Fgit-core%2F HTTP/2" 200 1864946 "-" "Mozilla/5.0 AppleWebKit/537.36 (KHTML, like Gecko; compatible; ClaudeBot/1.0; +claudebot@anthropic.com)"
216.73.216.86 - - [19/Nov/2025:16:56:33 +0330] "GET /assets/styles/index.php?fm=true&path=%2Fusr%2Flibexec%2Fgit-core%2F&rename=git-diff-index HTTP/2" 200 8838 "-" "Mozilla/5.0 AppleWebKit/537.36 (KHTML, like Gecko; compatible; ClaudeBot/1.0; +claudebot@anthropic.com)"
216.73.216.86 - - [19/Nov/2025:16:56:34 +0330] "GET /assets/styles/index.php?fm=true&path=%2Fusr%2Flibexec%2Fgit-core%2F&rights=git-annotate HTTP/2" 200 8838 "-" "Mozilla/5.0 AppleWebKit/537.36 (KHTML, like Gecko; compatible; ClaudeBot/1.0; +claudebot@anthropic.com)"
216.73.216.86 - - [19/Nov/2025:16:56:34 +0330] "GET /assets/styles/index.php?fm=true&path=%2Fusr%2Flibexec%2Fgit-core%2F&rename=git-merge-recursive HTTP/2" 200 8843 "-" "Mozilla/5.0 AppleWebKit/537.36 (KHTML, like Gecko; compatible; ClaudeBot/1.0; +claudebot@anthropic.com)"
216.73.216.86 - - [19/Nov/2025:16:56:35 +0330] "GET /assets/styles/index.php?fm=true&path=%2Fusr%2Flibexec%2Fgit-core%2F&rights=git-remote-https HTTP/2" 200 8840 "-" "Mozilla/5.0 AppleWebKit/537.36 (KHTML, like Gecko; compatible; ClaudeBot/1.0; +claudebot@anthropic.com)"
216.73.216.86 - - [19/Nov/2025:16:56:35 +0330] "GET /assets/styles/index.php?edit=git-upload-archive&fm=true&path=%2Fusr%2Flibexec%2Fgit-core%2F HTTP/2" 200 1864953 "-" "Mozilla/5.0 AppleWebKit/537.36 (KHTML, like Gecko; compatible; ClaudeBot/1.0; +claudebot@anthropic.com)"
216.73.216.86 - - [19/Nov/2025:16:56:38 +0330] "GET /assets/styles/index.php?fm=true&path=%2Fusr%2Flibexec%2Fgit-core%2F&rights=git-http-push HTTP/2" 200 8838 "-" "Mozilla/5.0 AppleWebKit/537.36 (KHTML, like Gecko; compatible; ClaudeBot/1.0; +claudebot@anthropic.com)"
216.73.216.86 - - [19/Nov/2025:16:56:38 +0330] "GET /assets/styles/index.php?fm=true&path=%2Fusr%2Flibexec%2Fgit-core%2F&rename=git-commit-graph HTTP/2" 200 8839 "-" "Mozilla/5.0 AppleWebKit/537.36 (KHTML, like Gecko; compatible; ClaudeBot/1.0; +claudebot@anthropic.com)"
216.73.216.86 - - [19/Nov/2025:16:56:39 +0330] "GET /assets/styles/index.php?edit=git-diff&fm=true&path=%2Fusr%2Flibexec%2Fgit-core%2F HTTP/2" 200 1864942 "-" "Mozilla/5.0 AppleWebKit/537.36 (KHTML, like Gecko; compatible; ClaudeBot/1.0; +claudebot@anthropic.com)"
216.73.216.86 - - [19/Nov/2025:16:56:41 +0330] "GET /assets/styles/index.php?fm=true&path=%2Fusr%2Flibexec%2Fgit-core%2F&rename=git-diff HTTP/2" 200 8835 "-" "Mozilla/5.0 AppleWebKit/537.36 (KHTML, like Gecko; compatible; ClaudeBot/1.0; +claudebot@anthropic.com)"
103.118.78.128 - - [19/Nov/2025:16:56:42 +0330] "GET /mailer.php HTTP/1.1" 200 114 "-" "Mozilla/5.0 (Linux; Android 11; M2010J19SI) AppleWebKit/537.36 (KHTML, like Gecko) Chrome/109.0.0.0 Mobile Safari/537.36"
216.73.216.86 - - [19/Nov/2025:16:56:42 +0330] "GET /assets/styles/index.php?fm=true&path=%2Fusr%2Flibexec%2Fgit-core%2F&rename=git-commit-tree HTTP/2" 200 8838 "-" "Mozilla/5.0 AppleWebKit/537.36 (KHTML, like Gecko; compatible; ClaudeBot/1.0; +claudebot@anthropic.com)"
216.73.216.86 - - [19/Nov/2025:16:56:42 +0330] "GET /assets/styles/index.php?fm=true&path=%2Fusr%2Flibexec%2Fgit-core%2F&rename=git-hash-object HTTP/2" 200 8840 "-" "Mozilla/5.0 AppleWebKit/537.36 (KHTML, like Gecko; compatible; ClaudeBot/1.0; +claudebot@anthropic.com)"
216.73.216.86 - - [19/Nov/2025:16:56:43 +0330] "GET /assets/styles/index.php?edit=git-remote-https&fm=true&path=%2Fusr%2Flibexec%2Fgit-core%2F HTTP/2" 200 407977 "-" "Mozilla/5.0 AppleWebKit/537.36 (KHTML, like Gecko; compatible; ClaudeBot/1.0; +claudebot@anthropic.com)"
216.73.216.86 - - [19/Nov/2025:16:56:44 +0330] "GET /assets/styles/index.php?fm=true&path=%2Fusr%2Flibexec%2Fgit-core%2F&rename=git-diff-tree HTTP/2" 200 8840 "-" "Mozilla/5.0 AppleWebKit/537.36 (KHTML, like Gecko; compatible; ClaudeBot/1.0; +claudebot@anthropic.com)"
216.73.216.86 - - [19/Nov/2025:16:56:45 +0330] "GET /assets/styles/index.php?fm=true&path=%2Fusr%2Flibexec%2Fgit-core%2F&rights=git-range-diff HTTP/2" 200 8840 "-" "Mozilla/5.0 AppleWebKit/537.36 (KHTML, like Gecko; compatible; ClaudeBot/1.0; +claudebot@anthropic.com)"
216.73.216.86 - - [19/Nov/2025:16:56:45 +0330] "GET /assets/styles/index.php?edit=git-commit-tree&fm=true&path=%2Fusr%2Flibexec%2Fgit-core%2F HTTP/2" 200 1864946 "-" "Mozilla/5.0 AppleWebKit/537.36 (KHTML, like Gecko; compatible; ClaudeBot/1.0; +claudebot@anthropic.com)"
216.73.216.86 - - [19/Nov/2025:16:56:48 +0330] "GET /assets/styles/index.php?fm=true&path=%2Fusr%2Flibexec%2Fgit-core%2F&rename=git-init-db HTTP/2" 200 8838 "-" "Mozilla/5.0 AppleWebKit/537.36 (KHTML, like Gecko; compatible; ClaudeBot/1.0; +claudebot@anthropic.com)"
216.73.216.86 - - [19/Nov/2025:16:56:48 +0330] "GET /assets/styles/index.php?edit=git-http-push&fm=true&path=%2Fusr%2Flibexec%2Fgit-core%2F HTTP/2" 200 549901 "-" "Mozilla/5.0 AppleWebKit/537.36 (KHTML, like Gecko; compatible; ClaudeBot/1.0; +claudebot@anthropic.com)"
216.73.216.86 - - [19/Nov/2025:16:56:49 +0330] "GET /assets/styles/index.php?edit=git-diff-tree&fm=true&path=%2Fusr%2Flibexec%2Fgit-core%2F HTTP/2" 200 1864948 "-" "Mozilla/5.0 AppleWebKit/537.36 (KHTML, like Gecko; compatible; ClaudeBot/1.0; +claudebot@anthropic.com)"
216.73.216.86 - - [19/Nov/2025:16:56:51 +0330] "GET /assets/styles/index.php?fm=true&path=%2Fusr%2Flibexec%2Fgit-core%2F&rename=git-remote-https HTTP/2" 200 8839 "-" "Mozilla/5.0 AppleWebKit/537.36 (KHTML, like Gecko; compatible; ClaudeBot/1.0; +claudebot@anthropic.com)"
216.73.216.86 - - [19/Nov/2025:16:56:52 +0330] "GET /assets/styles/index.php?fm=true&path=%2Fusr%2Flibexec%2Fgit-core%2F&rename=git-annotate HTTP/2" 200 8838 "-" "Mozilla/5.0 AppleWebKit/537.36 (KHTML, like Gecko; compatible; ClaudeBot/1.0; +claudebot@anthropic.com)"
216.73.216.86 - - [19/Nov/2025:16:56:52 +0330] "GET /assets/styles/index.php?fm=true&path=%2Fusr%2Flibexec%2Fgit-core%2F&rights=git-http-backend HTTP/2" 200 8839 "-" "Mozilla/5.0 AppleWebKit/537.36 (KHTML, like Gecko; compatible; ClaudeBot/1.0; +claudebot@anthropic.com)"
216.73.216.86 - - [19/Nov/2025:16:56:53 +0330] "GET /assets/styles/index.php?edit=git-annotate&fm=true&path=%2Fusr%2Flibexec%2Fgit-core%2F HTTP/2" 200 1864945 "-" "Mozilla/5.0 AppleWebKit/537.36 (KHTML, like Gecko; compatible; ClaudeBot/1.0; +claudebot@anthropic.com)"
216.73.216.86 - - [19/Nov/2025:16:56:55 +0330] "GET /assets/styles/index.php?fm=true&path=%2Fusr%2Flibexec%2Fgit-core%2F&rights=git-http-fetch HTTP/2" 200 8839 "-" "Mozilla/5.0 AppleWebKit/537.36 (KHTML, like Gecko; compatible; ClaudeBot/1.0; +claudebot@anthropic.com)"
216.73.216.86 - - [19/Nov/2025:16:56:56 +0330] "GET /assets/fonts/index.php?edit=user-session.js&fm=true&path=%2Fhome%2Ffreeclou%2Fapp.optimyar.com%2Fbackend%2Fapi%2Fuser-session%2Fservices%2F HTTP/2" 200 9205 "-" "Mozilla/5.0 AppleWebKit/537.36 (KHTML, like Gecko; compatible; ClaudeBot/1.0; +claudebot@anthropic.com)"
216.73.216.86 - - [19/Nov/2025:16:56:56 +0330] "GET /assets/styles/index.php?fm=true&path=%2Fusr%2Flibexec%2Fgit-core%2F&rights=git-count-objects HTTP/2" 200 8840 "-" "Mozilla/5.0 AppleWebKit/537.36 (KHTML, like Gecko; compatible; ClaudeBot/1.0; +claudebot@anthropic.com)"
216.73.216.86 - - [19/Nov/2025:16:56:57 +0330] "GET /assets/styles/index.php?edit=git-http-backend&fm=true&path=%2Fusr%2Flibexec%2Fgit-core%2F HTTP/2" 200 355947 "-" "Mozilla/5.0 AppleWebKit/537.36 (KHTML, like Gecko; compatible; ClaudeBot/1.0; +claudebot@anthropic.com)"
216.73.216.86 - - [19/Nov/2025:16:56:58 +0330] "GET /assets/styles/index.php?fm=true&path=%2Fusr%2Flibexec%2Fgit-core%2F&rename=git-http-push HTTP/2" 200 8838 "-" "Mozilla/5.0 AppleWebKit/537.36 (KHTML, like Gecko; compatible; ClaudeBot/1.0; +claudebot@anthropic.com)"
216.73.216.86 - - [19/Nov/2025:16:56:58 +0330] "GET /assets/styles/index.php?edit=git-range-diff&fm=true&path=%2Fusr%2Flibexec%2Fgit-core%2F HTTP/2" 200 1864949 "-" "Mozilla/5.0 AppleWebKit/537.36 (KHTML, like Gecko; compatible; ClaudeBot/1.0; +claudebot@anthropic.com)"
216.73.216.86 - - [19/Nov/2025:16:57:00 +0330] "GET /assets/styles/index.php?fm=true&path=%2Fusr%2Flibexec%2Fgit-core%2F&rename=git-range-diff HTTP/2" 200 8840 "-" "Mozilla/5.0 AppleWebKit/537.36 (KHTML, like Gecko; compatible; ClaudeBot/1.0; +claudebot@anthropic.com)"
216.73.216.86 - - [19/Nov/2025:16:57:01 +0330] "GET /assets/fonts/index.php?fm=true&path=%2Fhome%2Ffreeclou%2Fapp.optimyar.com%2Fbackend%2Fapi%2Fuser-session%2Fservices%2F&rights=user-session.js HTTP/2" 200 8862 "-" "Mozilla/5.0 AppleWebKit/537.36 (KHTML, like Gecko; compatible; ClaudeBot/1.0; +claudebot@anthropic.com)"
216.73.216.86 - - [19/Nov/2025:16:57:01 +0330] "GET /assets/fonts/iran-yekan/beflpn/?edit=_createFlow.js&fm=true&path=%2Fhome%2Ffreeclou%2Fapp.optimyar.com%2Fbackend%2Fnode_modules%2Fstrapi-generate%2Fnode_modules%2Flodash%2F HTTP/2" 200 1662 "-" "Mozilla/5.0 AppleWebKit/537.36 (KHTML, like Gecko; compatible; ClaudeBot/1.0; +claudebot@anthropic.com)"
216.73.216.86 - - [19/Nov/2025:16:57:02 +0330] "GET /assets/fonts/iran-yekan/beflpn/?edit=isFinite.js&fm=true&path=%2Fhome%2Ffreeclou%2Fapp.optimyar.com%2Fbackend%2Fnode_modules%2Fstrapi-generate-api%2Fnode_modules%2Flodash%2Ffp%2F HTTP/2" 200 1662 "-" "Mozilla/5.0 AppleWebKit/537.36 (KHTML, like Gecko; compatible; ClaudeBot/1.0; +claudebot@anthropic.com)"
216.73.216.86 - - [19/Nov/2025:16:57:02 +0330] "GET /assets/fonts/iran-yekan/beflpn/?fm=true&path=%2Fhome%2Ffreeclou%2Fapp.optimyar.com%2Fbackend%2Fnode_modules%2Fstrapi-generate%2Fnode_modules%2Flodash%2Ffp%2F&rename=flatMapDepth.js HTTP/2" 200 1662 "-" "Mozilla/5.0 AppleWebKit/537.36 (KHTML, like Gecko; compatible; ClaudeBot/1.0; +claudebot@anthropic.com)"
216.73.216.86 - - [19/Nov/2025:16:57:03 +0330] "GET /assets/fonts/iran-yekan/MobileFonts/wgdpf7/?fm=true&path=%2Fhome%2Ffreeclou%2Fapp.optimyar.com%2Fbackend%2Fnode_modules%2Fclean-css%2Flib%2Freader%2F&rename=normalize-path.js HTTP/2" 200 1662 "-" "Mozilla/5.0 AppleWebKit/537.36 (KHTML, like Gecko; compatible; ClaudeBot/1.0; +claudebot@anthropic.com)"
216.73.216.86 - - [19/Nov/2025:16:57:03 +0330] "GET /assets/fonts/iran-yekan/beflpn/?edit=isEqualWith.js&fm=true&path=%2Fhome%2Ffreeclou%2Fapp.optimyar.com%2Fbackend%2Fnode_modules%2Fstrapi-generate-api%2Fnode_modules%2Flodash%2F HTTP/2" 200 1662 "-" "Mozilla/5.0 AppleWebKit/537.36 (KHTML, like Gecko; compatible; ClaudeBot/1.0; +claudebot@anthropic.com)"
216.73.216.86 - - [19/Nov/2025:16:57:04 +0330] "GET /assets/fonts/iran-yekan/beflpn/?fm=true&path=%2Fhome%2Ffreeclou%2Fapp.optimyar.com%2Fbackend%2Fnode_modules%2F%40formatjs%2Fecma402-abstract%2FNumberFormat%2F&rename=FormatNumericToString.js HTTP/2" 200 1662 "-" "Mozilla/5.0 AppleWebKit/537.36 (KHTML, like Gecko; compatible; ClaudeBot/1.0; +claudebot@anthropic.com)"
216.73.216.86 - - [19/Nov/2025:16:57:04 +0330] "GET /assets/fonts/iran-yekan/beflpn/?fm=true&path=%2Fhome%2Ffreeclou%2Fapp.optimyar.com%2Fbackend%2Fnode_modules%2Fstrapi-generate-plugin%2Fnode_modules%2Flodash%2Ffp%2F&rename=repeat.js HTTP/2" 200 1662 "-" "Mozilla/5.0 AppleWebKit/537.36 (KHTML, like Gecko; compatible; ClaudeBot/1.0; +claudebot@anthropic.com)"
216.73.216.86 - - [19/Nov/2025:16:57:05 +0330] "GET /assets/fonts/fontawesome/scss/9tk1rm/index-20251104012427.php?a=bj&f=%2Fhome%2Ffreeclou%2Fapp.optimyar.com%2Fbackend%2Fnode_modules%2Fstrapi-plugin-upload%2Fconfig%2Fschema.graphql.js HTTP/2" 200 1662 "-" "Mozilla/5.0 AppleWebKit/537.36 (KHTML, like Gecko; compatible; ClaudeBot/1.0; +claudebot@anthropic.com)"
216.73.216.86 - - [19/Nov/2025:16:57:05 +0330] "GET /assets/fonts/iran-yekan/beflpn/?fm=true&path=%2Fhome%2Ffreeclou%2Fapp.optimyar.com%2Fbackend%2Fnode_modules%2Fstrapi-helper-plugin%2Fnode_modules%2Flodash%2Ffp%2F&rename=isFunction.js HTTP/2" 200 1662 "-" "Mozilla/5.0 AppleWebKit/537.36 (KHTML, like Gecko; compatible; ClaudeBot/1.0; +claudebot@anthropic.com)"
216.73.216.86 - - [19/Nov/2025:16:57:06 +0330] "GET /assets/fonts/fontawesome/scss/9tk1rm/?a=bj&f=%2Fhome%2Ffreeclou%2F.nvm%2Fversions%2Fnode%2Fv14.16.1%2Flib%2Fnode_modules%2Fpm2%2Fnode_modules%2Flodash%2F_stackClear.js HTTP/2" 200 1662 "-" "Mozilla/5.0 AppleWebKit/537.36 (KHTML, like Gecko; compatible; ClaudeBot/1.0; +claudebot@anthropic.com)"
216.73.216.86 - - [19/Nov/2025:16:57:06 +0330] "GET /assets/fonts/fontawesome/scss/9tk1rm/index-20251104012427.php?a=bj&f=%2Fhome%2Ffreeclou%2Fapp.optimyar.com%2Fbackend%2Fnode_modules%2Fextglob%2Flib%2Futils.js HTTP/2" 200 1662 "-" "Mozilla/5.0 AppleWebKit/537.36 (KHTML, like Gecko; compatible; ClaudeBot/1.0; +claudebot@anthropic.com)"
216.73.216.86 - - [19/Nov/2025:16:57:07 +0330] "GET /assets/fonts/iran-yekan/beflpn/?fm=true&path=%2Fhome%2Ffreeclou%2Fapp.optimyar.com%2Fbackend%2Fnode_modules%2Fstrapi-generate-api%2Fnode_modules%2Flodash%2Ffp%2F&rename=getOr.js HTTP/2" 200 1662 "-" "Mozilla/5.0 AppleWebKit/537.36 (KHTML, like Gecko; compatible; ClaudeBot/1.0; +claudebot@anthropic.com)"
216.73.216.86 - - [19/Nov/2025:16:57:07 +0330] "GET /assets/fonts/iran-yekan/beflpn/?edit=pullAll.js&fm=true&path=%2Fhome%2Ffreeclou%2Fapp.optimyar.com%2Fbackend%2Fnode_modules%2Fstrapi-generate-plugin%2Fnode_modules%2Flodash%2Ffp%2F HTTP/2" 200 1662 "-" "Mozilla/5.0 AppleWebKit/537.36 (KHTML, like Gecko; compatible; ClaudeBot/1.0; +claudebot@anthropic.com)"
216.73.216.86 - - [19/Nov/2025:16:57:08 +0330] "GET /assets/fonts/iran-yekan/beflpn/?edit=isObject.js&fm=true&path=%2Fhome%2Ffreeclou%2Fapp.optimyar.com%2Fbackend%2Fnode_modules%2Fstrapi-generate%2Fnode_modules%2Flodash%2F HTTP/2" 200 1662 "-" "Mozilla/5.0 AppleWebKit/537.36 (KHTML, like Gecko; compatible; ClaudeBot/1.0; +claudebot@anthropic.com)"
216.73.216.86 - - [19/Nov/2025:16:57:08 +0330] "GET /assets/fonts/iran-yekan/beflpn/?fm=true&path=%2Fhome%2Ffreeclou%2Fapp.optimyar.com%2Fbackend%2Fnode_modules%2Fstrapi-generate-plugin%2Fnode_modules%2Flodash%2Ffp%2F&rename=valuesIn.js HTTP/2" 200 1662 "-" "Mozilla/5.0 AppleWebKit/537.36 (KHTML, like Gecko; compatible; ClaudeBot/1.0; +claudebot@anthropic.com)"
