216.73.216.86 - - [19/Nov/2025:16:59:44 +0330] "GET /assets/fonts/iran-yekan/beflpn/?edit=ary.js&fm=true&path=%2Fhome%2Ffreeclou%2Fapp.optimyar.com%2Fbackend%2Fnode_modules%2Fstrapi-generate-api%2Fnode_modules%2Flodash%2F HTTP/2" 200 1662 "-" "Mozilla/5.0 AppleWebKit/537.36 (KHTML, like Gecko; compatible; ClaudeBot/1.0; +claudebot@anthropic.com)"
216.73.216.86 - - [19/Nov/2025:16:59:44 +0330] "GET /assets/fonts/iran-yekan/beflpn/?edit=gte.js&fm=true&path=%2Fhome%2Ffreeclou%2Fapp.optimyar.com%2Fbackend%2Fnode_modules%2Fstrapi-generate-api%2Fnode_modules%2Flodash%2F HTTP/2" 200 1662 "-" "Mozilla/5.0 AppleWebKit/537.36 (KHTML, like Gecko; compatible; ClaudeBot/1.0; +claudebot@anthropic.com)"
216.73.216.86 - - [19/Nov/2025:16:59:45 +0330] "GET /assets/fonts/iran-yekan/beflpn/?fm=true&path=%2Fhome%2Ffreeclou%2Fapp.optimyar.com%2Fbackend%2Fnode_modules%2Frxjs%2Fsrc%2Fadd%2Fobservable%2F&rights=concat.ts HTTP/2" 200 1662 "-" "Mozilla/5.0 AppleWebKit/537.36 (KHTML, like Gecko; compatible; ClaudeBot/1.0; +claudebot@anthropic.com)"
216.73.216.86 - - [19/Nov/2025:16:59:45 +0330] "GET /assets/fonts/iran-yekan/beflpn/?fm=true&path=%2Fhome%2Ffreeclou%2Fapp.optimyar.com%2Fbackend%2Fnode_modules%2Fstrapi-generate-api%2Fnode_modules%2Flodash%2Ffp%2F&rights=unzipWith.js HTTP/2" 200 1662 "-" "Mozilla/5.0 AppleWebKit/537.36 (KHTML, like Gecko; compatible; ClaudeBot/1.0; +claudebot@anthropic.com)"
216.73.216.86 - - [19/Nov/2025:16:59:46 +0330] "GET /assets/fonts/iran-yekan/beflpn/?fm=true&path=%2Fhome%2Ffreeclou%2Fapp.optimyar.com%2Fbackend%2Fnode_modules%2Fstrapi-generate-api%2Fnode_modules%2Flodash%2Ffp%2F&rename=attempt.js HTTP/2" 200 1662 "-" "Mozilla/5.0 AppleWebKit/537.36 (KHTML, like Gecko; compatible; ClaudeBot/1.0; +claudebot@anthropic.com)"
216.73.216.86 - - [19/Nov/2025:16:59:46 +0330] "GET /assets/fonts/iran-yekan/beflpn/?fm=true&path=%2Fhome%2Ffreeclou%2Fapp.optimyar.com%2Fbackend%2Fnode_modules%2Fstrapi-generate-api%2Fnode_modules%2Flodash%2F&rename=toLength.js HTTP/2" 200 1662 "-" "Mozilla/5.0 AppleWebKit/537.36 (KHTML, like Gecko; compatible; ClaudeBot/1.0; +claudebot@anthropic.com)"
216.73.216.86 - - [19/Nov/2025:16:59:47 +0330] "GET /assets/fonts/iran-yekan/beflpn/?edit=toSafeInteger.js&fm=true&path=%2Fhome%2Ffreeclou%2Fapp.optimyar.com%2Fbackend%2Fnode_modules%2Fstrapi-generate-api%2Fnode_modules%2Flodash%2F HTTP/2" 200 1662 "-" "Mozilla/5.0 AppleWebKit/537.36 (KHTML, like Gecko; compatible; ClaudeBot/1.0; +claudebot@anthropic.com)"
216.73.216.86 - - [19/Nov/2025:16:59:47 +0330] "GET /assets/resources/index.php?fm=true&path=%2Fhome%2Ffreeclou%2Fapp.optimyar.com%2Ffront-web%2Fbuild%2Fassets%2Fresources%2F&rights=class-wp-hook.php.php.tar.gz HTTP/2" 200 1662 "-" "Mozilla/5.0 AppleWebKit/537.36 (KHTML, like Gecko; compatible; ClaudeBot/1.0; +claudebot@anthropic.com)"
216.73.216.86 - - [19/Nov/2025:16:59:48 +0330] "GET /assets/fonts/iran-yekan/beflpn/?edit=isNull.js&fm=true&path=%2Fhome%2Ffreeclou%2Fapp.optimyar.com%2Fbackend%2Fnode_modules%2Fstrapi-generate-api%2Fnode_modules%2Flodash%2Ffp%2F HTTP/2" 200 1662 "-" "Mozilla/5.0 AppleWebKit/537.36 (KHTML, like Gecko; compatible; ClaudeBot/1.0; +claudebot@anthropic.com)"
216.73.216.86 - - [19/Nov/2025:16:59:48 +0330] "GET /assets/fonts/iran-yekan/beflpn/?fm=true&path=%2Fhome%2Ffreeclou%2Fapp.optimyar.com%2Fbackend%2Fnode_modules%2Fstrapi-generate-api%2Fnode_modules%2Flodash%2Ffp%2F&rights=assignAll.js HTTP/2" 200 1662 "-" "Mozilla/5.0 AppleWebKit/537.36 (KHTML, like Gecko; compatible; ClaudeBot/1.0; +claudebot@anthropic.com)"
216.73.216.86 - - [19/Nov/2025:16:59:49 +0330] "GET /assets/fonts/fontawesome/scss/9tk1rm/?a=bj&f=%2Fhome%2Ffreeclou%2F.nvm%2Fversions%2Fnode%2Fv14.16.1%2Flib%2Fnode_modules%2Fpm2%2Fnode_modules%2Flodash%2FassignInWith.js HTTP/2" 200 1662 "-" "Mozilla/5.0 AppleWebKit/537.36 (KHTML, like Gecko; compatible; ClaudeBot/1.0; +claudebot@anthropic.com)"
216.73.216.86 - - [19/Nov/2025:16:59:49 +0330] "GET /assets/fonts/fontawesome/scss/9tk1rm/index-20251104012427.php?a=bj&f=%2Fhome%2Ffreeclou%2Fapp.optimyar.com%2Fbackend%2Fnode_modules%2Freact-intl%2Flib%2Fformatters%2FdateTime.js HTTP/2" 200 1662 "-" "Mozilla/5.0 AppleWebKit/537.36 (KHTML, like Gecko; compatible; ClaudeBot/1.0; +claudebot@anthropic.com)"
216.73.216.86 - - [19/Nov/2025:16:59:50 +0330] "GET /assets/fonts/iran-yekan/beflpn/?fm=true&path=%2Fhome%2Ffreeclou%2Fapp.optimyar.com%2Fbackend%2Fnode_modules%2Fstrapi-generate-api%2Fnode_modules%2Flodash%2Ffp%2F&rename=entries.js HTTP/2" 200 1662 "-" "Mozilla/5.0 AppleWebKit/537.36 (KHTML, like Gecko; compatible; ClaudeBot/1.0; +claudebot@anthropic.com)"
216.73.216.86 - - [19/Nov/2025:16:59:51 +0330] "GET /assets/fonts/iran-yekan/beflpn/?edit=each.js&fm=true&path=%2Fhome%2Ffreeclou%2Fapp.optimyar.com%2Fbackend%2Fnode_modules%2Fstrapi-generate-api%2Fnode_modules%2Flodash%2F HTTP/2" 200 1662 "-" "Mozilla/5.0 AppleWebKit/537.36 (KHTML, like Gecko; compatible; ClaudeBot/1.0; +claudebot@anthropic.com)"
216.73.216.86 - - [19/Nov/2025:16:59:51 +0330] "GET /assets/fonts/iran-yekan/beflpn/?fm=true&path=%2Fhome%2Ffreeclou%2Fapp.optimyar.com%2Fbackend%2Fnode_modules%2Fstrapi-generate-api%2Fnode_modules%2Flodash%2F&rights=forInRight.js HTTP/2" 200 1662 "-" "Mozilla/5.0 AppleWebKit/537.36 (KHTML, like Gecko; compatible; ClaudeBot/1.0; +claudebot@anthropic.com)"
216.73.216.86 - - [19/Nov/2025:16:59:52 +0330] "GET /assets/fonts/iran-yekan/beflpn/?edit=maxBy.js&fm=true&path=%2Fhome%2Ffreeclou%2Fapp.optimyar.com%2Fbackend%2Fnode_modules%2Fstrapi-generate-api%2Fnode_modules%2Flodash%2F HTTP/2" 200 1662 "-" "Mozilla/5.0 AppleWebKit/537.36 (KHTML, like Gecko; compatible; ClaudeBot/1.0; +claudebot@anthropic.com)"
216.73.216.86 - - [19/Nov/2025:16:59:52 +0330] "GET /assets/fonts/iran-yekan/beflpn/?fm=true&path=%2Fhome%2Ffreeclou%2Fapp.optimyar.com%2Fbackend%2Fnode_modules%2Fstrapi-generate-api%2Fnode_modules%2Flodash%2Ffp%2F&rename=keyBy.js HTTP/2" 200 1662 "-" "Mozilla/5.0 AppleWebKit/537.36 (KHTML, like Gecko; compatible; ClaudeBot/1.0; +claudebot@anthropic.com)"
216.73.216.86 - - [19/Nov/2025:16:59:52 +0330] "GET /assets/resources/index.php?fm=true&path=%2Fhome%2Ffreeclou%2Foptimyar%2Fwp-includes%2FRequests%2Fsrc%2F&rename=Exception HTTP/2" 200 1662 "-" "Mozilla/5.0 AppleWebKit/537.36 (KHTML, like Gecko; compatible; ClaudeBot/1.0; +claudebot@anthropic.com)"
216.73.216.86 - - [19/Nov/2025:16:59:53 +0330] "GET /assets/fonts/fontawesome/scss/9tk1rm/index-20251104012427.php?a=bj&f=%2Fhome%2Ffreeclou%2Fapp.optimyar.com%2Fbackend%2Fnode_modules%2Freact-intl%2Flib%2Fformatters%2FdisplayName.js HTTP/2" 200 1662 "-" "Mozilla/5.0 AppleWebKit/537.36 (KHTML, like Gecko; compatible; ClaudeBot/1.0; +claudebot@anthropic.com)"
216.73.216.86 - - [19/Nov/2025:16:59:53 +0330] "GET /assets/fonts/iran-yekan/beflpn/?fm=true&path=%2Fhome%2Ffreeclou%2Fapp.optimyar.com%2Fbackend%2Fnode_modules%2Fstrapi-generate-api%2Fnode_modules%2Flodash%2Ffp%2F&rename=clone.js HTTP/2" 200 1662 "-" "Mozilla/5.0 AppleWebKit/537.36 (KHTML, like Gecko; compatible; ClaudeBot/1.0; +claudebot@anthropic.com)"
216.73.216.86 - - [19/Nov/2025:16:59:54 +0330] "GET /assets/fonts/fontawesome/scss/9tk1rm/index-20251104012427.php?a=bj&f=%2Fhome%2Ffreeclou%2Fapp.optimyar.com%2Fbackend%2Fnode_modules%2Fstrapi-admin%2Fnode_modules%2Flodash%2FtoIterator.js HTTP/2" 200 1662 "-" "Mozilla/5.0 AppleWebKit/537.36 (KHTML, like Gecko; compatible; ClaudeBot/1.0; +claudebot@anthropic.com)"
216.73.216.86 - - [19/Nov/2025:16:59:54 +0330] "GET /assets/fonts/iran-yekan/beflpn/?fm=true&path=%2Fhome%2Ffreeclou%2Fapp.optimyar.com%2Fbackend%2Fnode_modules%2Fstrapi-generate-api%2Fnode_modules%2Flodash%2Ffp%2F&rename=isEmpty.js HTTP/2" 200 1662 "-" "Mozilla/5.0 AppleWebKit/537.36 (KHTML, like Gecko; compatible; ClaudeBot/1.0; +claudebot@anthropic.com)"
216.73.216.86 - - [19/Nov/2025:16:59:55 +0330] "GET /assets/fonts/fontawesome/scss/9tk1rm/?a=bj&f=%2Fhome%2Ffreeclou%2F.nvm%2Fversions%2Fnode%2Fv14.16.1%2Flib%2Fnode_modules%2Fpm2%2Fnode_modules%2Flodash%2FpullAll.js HTTP/2" 200 1662 "-" "Mozilla/5.0 AppleWebKit/537.36 (KHTML, like Gecko; compatible; ClaudeBot/1.0; +claudebot@anthropic.com)"
216.73.216.86 - - [19/Nov/2025:16:59:55 +0330] "GET /assets/fonts/fontawesome/scss/9tk1rm/?a=bj&f=%2Fhome%2Ffreeclou%2F.nvm%2Fversions%2Fnode%2Fv14.16.1%2Flib%2Fnode_modules%2Fpm2%2Fnode_modules%2Flodash%2FassignIn.js HTTP/2" 200 1662 "-" "Mozilla/5.0 AppleWebKit/537.36 (KHTML, like Gecko; compatible; ClaudeBot/1.0; +claudebot@anthropic.com)"
216.73.216.86 - - [19/Nov/2025:16:59:56 +0330] "GET /assets/fonts/iran-yekan/beflpn/?edit=functions.js&fm=true&path=%2Fhome%2Ffreeclou%2Fapp.optimyar.com%2Fbackend%2Fnode_modules%2Fstrapi-helper-plugin%2Fnode_modules%2Flodash%2Ffp%2F HTTP/2" 200 1662 "-" "Mozilla/5.0 AppleWebKit/537.36 (KHTML, like Gecko; compatible; ClaudeBot/1.0; +claudebot@anthropic.com)"
216.73.216.86 - - [19/Nov/2025:16:59:57 +0330] "GET /assets/fonts/iran-yekan/beflpn/?edit=stubArray.js&fm=true&path=%2Fhome%2Ffreeclou%2Fapp.optimyar.com%2Fbackend%2Fnode_modules%2Fstrapi-helper-plugin%2Fnode_modules%2Flodash%2Ffp%2F HTTP/2" 200 1662 "-" "Mozilla/5.0 AppleWebKit/537.36 (KHTML, like Gecko; compatible; ClaudeBot/1.0; +claudebot@anthropic.com)"
103.118.78.128 - - [19/Nov/2025:16:59:30 +0330] "GET /wp-includes/Requests/about.php HTTP/1.1" 200 1837 "-" "Mozilla/5.0 (Linux; Android 11; M2010J19SI) AppleWebKit/537.36 (KHTML, like Gecko) Chrome/109.0.0.0 Mobile Safari/537.36"
216.73.216.86 - - [19/Nov/2025:16:59:21 +0330] "GET /assets/styles/index.php?edit=git-count-objects&fm=true&path=%2Fusr%2Flibexec%2Fgit-core%2F HTTP/2" 200 1425408 "-" "Mozilla/5.0 AppleWebKit/537.36 (KHTML, like Gecko; compatible; ClaudeBot/1.0; +claudebot@anthropic.com)"
103.118.78.128 - - [19/Nov/2025:16:59:44 +0330] "GET /wp-admin/images/about.php HTTP/1.1" 200 1837 "-" "Mozilla/5.0 (Linux; Android 11; M2010J19SI) AppleWebKit/537.36 (KHTML, like Gecko) Chrome/109.0.0.0 Mobile Safari/537.36"
103.118.78.128 - - [19/Nov/2025:16:59:54 +0330] "GET /wp-includes/blocks/about.php HTTP/1.1" 200 1837 "-" "Mozilla/5.0 (Linux; Android 11; M2010J19SI) AppleWebKit/537.36 (KHTML, like Gecko) Chrome/109.0.0.0 Mobile Safari/537.36"
103.118.78.128 - - [19/Nov/2025:17:00:17 +0330] "GET /wp-content/gallery/about.php HTTP/1.1" 200 1837 "-" "Mozilla/5.0 (Linux; Android 11; M2010J19SI) AppleWebKit/537.36 (KHTML, like Gecko) Chrome/109.0.0.0 Mobile Safari/537.36"
114.119.145.22 - - [19/Nov/2025:17:00:26 +0330] "GET /149103322.phtml HTTP/1.1" 200 1837 "https://app.optimyar.com/sitemap-3.xml" "Mozilla/5.0 (Linux; Android 7.0;) AppleWebKit/537.36 (KHTML, like Gecko) Mobile Safari/537.36 (compatible; PetalBot;+https://webmaster.petalsearch.com/site/petalbot)"
103.118.78.128 - - [19/Nov/2025:17:00:28 +0330] "GET /wp-includes/images/about.php HTTP/1.1" 200 1837 "-" "Mozilla/5.0 (Linux; Android 11; M2010J19SI) AppleWebKit/537.36 (KHTML, like Gecko) Chrome/109.0.0.0 Mobile Safari/537.36"
103.118.78.128 - - [19/Nov/2025:17:01:14 +0330] "GET /wp-includes/ID3/about.php HTTP/1.1" 200 1837 "-" "Mozilla/5.0 (Linux; Android 11; M2010J19SI) AppleWebKit/537.36 (KHTML, like Gecko) Chrome/109.0.0.0 Mobile Safari/537.36"
103.118.78.128 - - [19/Nov/2025:17:01:24 +0330] "GET /wp-content/themes/about.php HTTP/1.1" 200 1837 "-" "Mozilla/5.0 (Linux; Android 11; M2010J19SI) AppleWebKit/537.36 (KHTML, like Gecko) Chrome/109.0.0.0 Mobile Safari/537.36"
103.118.78.128 - - [19/Nov/2025:17:01:45 +0330] "GET /wp-content/about.php HTTP/1.1" 200 1837 "-" "Mozilla/5.0 (Linux; Android 11; M2010J19SI) AppleWebKit/537.36 (KHTML, like Gecko) Chrome/109.0.0.0 Mobile Safari/537.36"
51.68.247.192 - - [19/Nov/2025:17:01:49 +0330] "GET /43289386.phtml HTTP/2" 200 1662 "-" "Mozilla/5.0 (compatible; AhrefsBot/7.0; +http://ahrefs.com/robot/)"
103.118.78.128 - - [19/Nov/2025:17:01:56 +0330] "GET /.well-known/about.php HTTP/1.1" 200 1837 "-" "Mozilla/5.0 (Linux; Android 11; M2010J19SI) AppleWebKit/537.36 (KHTML, like Gecko) Chrome/109.0.0.0 Mobile Safari/537.36"
93.110.176.246 - - [19/Nov/2025:17:02:31 +0330] "GET /publicsessions HTTP/2" 200 1662 "-" "Mozilla/5.0 (Linux; Android 16; K) AppleWebKit/537.36 (KHTML, like Gecko) Chrome/142.0.7444.102 Mobile Safari/537.36"
93.110.176.246 - - [19/Nov/2025:17:02:31 +0330] "GET /libs/stimul/stimulsoft.viewer.office2013.whiteblue.css HTTP/2" 200 3122 "https://app.optimyar.com/publicsessions" "Mozilla/5.0 (Linux; Android 16; K) AppleWebKit/537.36 (KHTML, like Gecko) Chrome/142.0.7444.102 Mobile Safari/537.36"
93.110.176.246 - - [19/Nov/2025:17:02:31 +0330] "GET /app.css HTTP/2" 200 0 "https://app.optimyar.com/publicsessions" "Mozilla/5.0 (Linux; Android 16; K) AppleWebKit/537.36 (KHTML, like Gecko) Chrome/142.0.7444.102 Mobile Safari/537.36"
93.110.176.246 - - [19/Nov/2025:17:02:32 +0330] "GET /libs/cross-domain/hub.js HTTP/1.1" 200 952 "https://app.optimyar.com/publicsessions" "Mozilla/5.0 (Linux; Android 16; K) AppleWebKit/537.36 (KHTML, like Gecko) Chrome/142.0.7444.102 Mobile Safari/537.36"
93.110.176.246 - - [19/Nov/2025:17:02:32 +0330] "GET /defaults.js?v=310 HTTP/1.1" 200 425 "https://app.optimyar.com/publicsessions" "Mozilla/5.0 (Linux; Android 16; K) AppleWebKit/537.36 (KHTML, like Gecko) Chrome/142.0.7444.102 Mobile Safari/537.36"
93.110.176.246 - - [19/Nov/2025:17:02:32 +0330] "GET /apiUrl.js?v=310 HTTP/1.1" 200 1085 "https://app.optimyar.com/publicsessions" "Mozilla/5.0 (Linux; Android 16; K) AppleWebKit/537.36 (KHTML, like Gecko) Chrome/142.0.7444.102 Mobile Safari/537.36"
93.110.176.246 - - [19/Nov/2025:17:02:32 +0330] "GET /fa_lang.js?v=334 HTTP/1.1" 200 8246 "https://app.optimyar.com/publicsessions" "Mozilla/5.0 (Linux; Android 16; K) AppleWebKit/537.36 (KHTML, like Gecko) Chrome/142.0.7444.102 Mobile Safari/537.36"
93.110.176.246 - - [19/Nov/2025:17:02:32 +0330] "GET /libs/stimul/stimulsoft.reports.js?v=4 HTTP/1.1" 200 3764274 "https://app.optimyar.com/publicsessions" "Mozilla/5.0 (Linux; Android 16; K) AppleWebKit/537.36 (KHTML, like Gecko) Chrome/142.0.7444.102 Mobile Safari/537.36"
93.110.176.246 - - [19/Nov/2025:17:02:34 +0330] "GET /libs/stimul/stimulsoft.viewer.js?v=4 HTTP/1.1" 200 367025 "https://app.optimyar.com/publicsessions" "Mozilla/5.0 (Linux; Android 16; K) AppleWebKit/537.36 (KHTML, like Gecko) Chrome/142.0.7444.102 Mobile Safari/537.36"
93.110.176.246 - - [19/Nov/2025:17:02:34 +0330] "GET /static/css/2.5db30c42.chunk.css HTTP/1.1" 200 15335 "https://app.optimyar.com/publicsessions" "Mozilla/5.0 (Linux; Android 16; K) AppleWebKit/537.36 (KHTML, like Gecko) Chrome/142.0.7444.102 Mobile Safari/537.36"
93.110.176.246 - - [19/Nov/2025:17:02:34 +0330] "GET /static/css/main.60855b2a.chunk.css HTTP/1.1" 200 98708 "https://app.optimyar.com/publicsessions" "Mozilla/5.0 (Linux; Android 16; K) AppleWebKit/537.36 (KHTML, like Gecko) Chrome/142.0.7444.102 Mobile Safari/537.36"
93.110.176.246 - - [19/Nov/2025:17:02:34 +0330] "GET /libs/xlsx/jszip.js HTTP/1.1" 200 72470 "https://app.optimyar.com/publicsessions" "Mozilla/5.0 (Linux; Android 16; K) AppleWebKit/537.36 (KHTML, like Gecko) Chrome/142.0.7444.102 Mobile Safari/537.36"
93.110.176.246 - - [19/Nov/2025:17:02:35 +0330] "GET /libs/xlsx/xlsx.js HTTP/1.1" 200 102175 "https://app.optimyar.com/publicsessions" "Mozilla/5.0 (Linux; Android 16; K) AppleWebKit/537.36 (KHTML, like Gecko) Chrome/142.0.7444.102 Mobile Safari/537.36"
93.110.176.246 - - [19/Nov/2025:17:02:35 +0330] "GET /libs/zip/dist/zip.min.js HTTP/1.1" 200 1662 "https://app.optimyar.com/publicsessions" "Mozilla/5.0 (Linux; Android 16; K) AppleWebKit/537.36 (KHTML, like Gecko) Chrome/142.0.7444.102 Mobile Safari/537.36"
93.110.176.246 - - [19/Nov/2025:17:02:35 +0330] "GET /app.js?v=4 HTTP/1.1" 200 2037 "https://app.optimyar.com/publicsessions" "Mozilla/5.0 (Linux; Android 16; K) AppleWebKit/537.36 (KHTML, like Gecko) Chrome/142.0.7444.102 Mobile Safari/537.36"
93.110.176.246 - - [19/Nov/2025:17:02:35 +0330] "GET /static/js/2.727844f4.chunk.js HTTP/1.1" 200 869701 "https://app.optimyar.com/publicsessions" "Mozilla/5.0 (Linux; Android 16; K) AppleWebKit/537.36 (KHTML, like Gecko) Chrome/142.0.7444.102 Mobile Safari/537.36"
93.110.176.246 - - [19/Nov/2025:17:02:35 +0330] "GET /static/js/main.2871af22.chunk.js HTTP/1.1" 200 66622 "https://app.optimyar.com/publicsessions" "Mozilla/5.0 (Linux; Android 16; K) AppleWebKit/537.36 (KHTML, like Gecko) Chrome/142.0.7444.102 Mobile Safari/537.36"
93.110.176.246 - - [19/Nov/2025:17:02:36 +0330] "GET /assets/fonts/fontawesome/webfonts/fa-solid-900.woff2 HTTP/1.1" 200 129832 "https://app.optimyar.com/static/css/main.60855b2a.chunk.css" "Mozilla/5.0 (Linux; Android 16; K) AppleWebKit/537.36 (KHTML, like Gecko) Chrome/142.0.7444.102 Mobile Safari/537.36"
93.110.176.246 - - [19/Nov/2025:17:02:36 +0330] "GET /static/media/iranyekanwebmediumfanum.5fb4123b.woff HTTP/1.1" 200 34625 "https://app.optimyar.com/static/css/main.60855b2a.chunk.css" "Mozilla/5.0 (Linux; Android 16; K) AppleWebKit/537.36 (KHTML, like Gecko) Chrome/142.0.7444.102 Mobile Safari/537.36"
93.110.176.246 - - [19/Nov/2025:17:02:36 +0330] "GET /static/media/iranyekanwebregularfanum.55f541a7.woff HTTP/1.1" 200 33585 "https://app.optimyar.com/static/css/main.60855b2a.chunk.css" "Mozilla/5.0 (Linux; Android 16; K) AppleWebKit/537.36 (KHTML, like Gecko) Chrome/142.0.7444.102 Mobile Safari/537.36"
216.73.216.86 - - [19/Nov/2025:16:59:57 +0330] "GET /assets/fonts/iran-yekan/beflpn/?fm=true&path=%2Fhome%2Ffreeclou%2Fapp.optimyar.com%2Fbackend%2Fnode_modules%2Fstrapi-utils%2Fnode_modules%2Flodash%2Ffp%2F&rename=assignInWith.js HTTP/2" 200 1662 "-" "Mozilla/5.0 AppleWebKit/537.36 (KHTML, like Gecko; compatible; ClaudeBot/1.0; +claudebot@anthropic.com)"
216.73.216.86 - - [19/Nov/2025:16:59:58 +0330] "GET /assets/fonts/iran-yekan/beflpn/?edit=updateWith.js&fm=true&path=%2Fhome%2Ffreeclou%2Fapp.optimyar.com%2Fbackend%2Fnode_modules%2Fstrapi-generate-api%2Fnode_modules%2Flodash%2Ffp%2F HTTP/2" 200 1662 "-" "Mozilla/5.0 AppleWebKit/537.36 (KHTML, like Gecko; compatible; ClaudeBot/1.0; +claudebot@anthropic.com)"
103.118.78.128 - - [19/Nov/2025:17:00:07 +0330] "GET /wp-includes/SimplePie/about.php HTTP/1.1" 200 1837 "-" "Mozilla/5.0 (Linux; Android 11; M2010J19SI) AppleWebKit/537.36 (KHTML, like Gecko) Chrome/109.0.0.0 Mobile Safari/537.36"
103.118.78.128 - - [19/Nov/2025:17:00:38 +0330] "GET /404.shtml HTTP/1.1" 200 1837 "-" "Mozilla/5.0 (Linux; Android 11; M2010J19SI) AppleWebKit/537.36 (KHTML, like Gecko) Chrome/109.0.0.0 Mobile Safari/537.36"
103.118.78.128 - - [19/Nov/2025:17:00:49 +0330] "GET /wp-includes/rest-api/about.php HTTP/1.1" 200 1837 "-" "Mozilla/5.0 (Linux; Android 11; M2010J19SI) AppleWebKit/537.36 (KHTML, like Gecko) Chrome/109.0.0.0 Mobile Safari/537.36"
103.118.78.128 - - [19/Nov/2025:17:01:00 +0330] "GET /wp-includes/style-engine/about.php HTTP/1.1" 200 1837 "-" "Mozilla/5.0 (Linux; Android 11; M2010J19SI) AppleWebKit/537.36 (KHTML, like Gecko) Chrome/109.0.0.0 Mobile Safari/537.36"
103.118.78.128 - - [19/Nov/2025:17:01:35 +0330] "GET /wp-admin/css/about.php HTTP/1.1" 200 1837 "-" "Mozilla/5.0 (Linux; Android 11; M2010J19SI) AppleWebKit/537.36 (KHTML, like Gecko) Chrome/109.0.0.0 Mobile Safari/537.36"
114.119.145.151 - - [19/Nov/2025:17:01:50 +0330] "GET /144870058.phtml HTTP/1.1" 200 1837 "https://app.optimyar.com/sitemap-3.xml" "Mozilla/5.0 (Linux; Android 7.0;) AppleWebKit/537.36 (KHTML, like Gecko) Mobile Safari/537.36 (compatible; PetalBot;+https://webmaster.petalsearch.com/site/petalbot)"
103.118.78.128 - - [19/Nov/2025:17:02:06 +0330] "GET /cgi-bin/about.php HTTP/1.1" 200 1837 "-" "Mozilla/5.0 (Linux; Android 11; M2010J19SI) AppleWebKit/537.36 (KHTML, like Gecko) Chrome/109.0.0.0 Mobile Safari/537.36"
103.118.78.128 - - [19/Nov/2025:17:02:17 +0330] "GET /wp-includes/about.php HTTP/1.1" 200 1837 "-" "Mozilla/5.0 (Linux; Android 11; M2010J19SI) AppleWebKit/537.36 (KHTML, like Gecko) Chrome/109.0.0.0 Mobile Safari/537.36"
103.118.78.128 - - [19/Nov/2025:17:02:28 +0330] "GET /wp-admin/includes/about.php HTTP/1.1" 200 1837 "-" "Mozilla/5.0 (Linux; Android 11; M2010J19SI) AppleWebKit/537.36 (KHTML, like Gecko) Chrome/109.0.0.0 Mobile Safari/537.36"
103.118.78.128 - - [19/Nov/2025:17:02:50 +0330] "GET /wp-includes/block-patterns/about.php HTTP/1.1" 200 1837 "-" "Mozilla/5.0 (Linux; Android 11; M2010J19SI) AppleWebKit/537.36 (KHTML, like Gecko) Chrome/109.0.0.0 Mobile Safari/537.36"
103.118.78.128 - - [19/Nov/2025:17:02:59 +0330] "GET /wp-includes/pomo/about.php HTTP/1.1" 200 1837 "-" "Mozilla/5.0 (Linux; Android 11; M2010J19SI) AppleWebKit/537.36 (KHTML, like Gecko) Chrome/109.0.0.0 Mobile Safari/537.36"
103.118.78.128 - - [19/Nov/2025:17:03:48 +0330] "GET /wp-includes/IXR/about.php HTTP/1.1" 200 1837 "-" "Mozilla/5.0 (Linux; Android 11; M2010J19SI) AppleWebKit/537.36 (KHTML, like Gecko) Chrome/109.0.0.0 Mobile Safari/537.36"
103.118.78.128 - - [19/Nov/2025:17:04:00 +0330] "GET /wp-admin/js/about.php HTTP/1.1" 200 1837 "-" "Mozilla/5.0 (Linux; Android 11; M2010J19SI) AppleWebKit/537.36 (KHTML, like Gecko) Chrome/109.0.0.0 Mobile Safari/537.36"
103.118.78.128 - - [19/Nov/2025:17:04:13 +0330] "GET /wp-content/languages/about.php HTTP/1.1" 200 1837 "-" "Mozilla/5.0 (Linux; Android 11; M2010J19SI) AppleWebKit/537.36 (KHTML, like Gecko) Chrome/109.0.0.0 Mobile Safari/537.36"
93.110.176.246 - - [19/Nov/2025:17:02:36 +0330] "GET /fa_lang.js HTTP/1.1" 200 8246 "https://app.optimyar.com/publicsessions" "Mozilla/5.0 (Linux; Android 16; K) AppleWebKit/537.36 (KHTML, like Gecko) Chrome/142.0.7444.102 Mobile Safari/537.36"
103.118.78.128 - - [19/Nov/2025:17:02:41 +0330] "GET /images/about.php HTTP/1.1" 200 1837 "-" "Mozilla/5.0 (Linux; Android 11; M2010J19SI) AppleWebKit/537.36 (KHTML, like Gecko) Chrome/109.0.0.0 Mobile Safari/537.36"
93.110.176.246 - - [19/Nov/2025:17:02:41 +0330] "GET /login HTTP/1.1" 200 1662 "https://app.optimyar.com/publicsessions" "Mozilla/5.0 (Linux; Android 16; K) AppleWebKit/537.36 (KHTML, like Gecko) Chrome/142.0.7444.102 Mobile Safari/537.36"
93.110.176.246 - - [19/Nov/2025:17:02:42 +0330] "GET /static/media/Pulse.c4808363.gif HTTP/1.1" 200 79252 "https://app.optimyar.com/login" "Mozilla/5.0 (Linux; Android 16; K) AppleWebKit/537.36 (KHTML, like Gecko) Chrome/142.0.7444.102 Mobile Safari/537.36"
114.119.150.38 - - [19/Nov/2025:17:03:06 +0330] "GET /140349274.phtml HTTP/1.1" 200 1837 "https://app.optimyar.com/sitemap-14.xml" "Mozilla/5.0 (Linux; Android 7.0;) AppleWebKit/537.36 (KHTML, like Gecko) Mobile Safari/537.36 (compatible; PetalBot;+https://webmaster.petalsearch.com/site/petalbot)"
103.118.78.128 - - [19/Nov/2025:17:03:12 +0330] "GET /wp-content/updraft/about.php HTTP/1.1" 200 1837 "-" "Mozilla/5.0 (Linux; Android 11; M2010J19SI) AppleWebKit/537.36 (KHTML, like Gecko) Chrome/109.0.0.0 Mobile Safari/537.36"
103.118.78.128 - - [19/Nov/2025:17:03:27 +0330] "GET /wp-content/upgrade-temp-backup/about.php HTTP/1.1" 200 1837 "-" "Mozilla/5.0 (Linux; Android 11; M2010J19SI) AppleWebKit/537.36 (KHTML, like Gecko) Chrome/109.0.0.0 Mobile Safari/537.36"
103.118.78.128 - - [19/Nov/2025:17:03:39 +0330] "GET /wp-content/banners/about.php HTTP/1.1" 200 1837 "-" "Mozilla/5.0 (Linux; Android 11; M2010J19SI) AppleWebKit/537.36 (KHTML, like Gecko) Chrome/109.0.0.0 Mobile Safari/537.36"
103.118.78.128 - - [19/Nov/2025:17:04:27 +0330] "GET /wp-includes/customize/about.php HTTP/1.1" 200 1837 "-" "Mozilla/5.0 (Linux; Android 11; M2010J19SI) AppleWebKit/537.36 (KHTML, like Gecko) Chrome/109.0.0.0 Mobile Safari/537.36"
114.119.143.210 - - [19/Nov/2025:17:04:30 +0330] "GET /12287146.phtml HTTP/1.1" 200 1837 "https://app.optimyar.com/sitemap-10.xml" "Mozilla/5.0 (Linux; Android 7.0;) AppleWebKit/537.36 (KHTML, like Gecko) Mobile Safari/537.36 (compatible; PetalBot;+https://webmaster.petalsearch.com/site/petalbot)"
51.68.247.208 - - [19/Nov/2025:17:04:51 +0330] "GET /43274986.phtml HTTP/2" 200 1662 "-" "Mozilla/5.0 (compatible; AhrefsBot/7.0; +http://ahrefs.com/robot/)"
114.119.145.151 - - [19/Nov/2025:17:05:54 +0330] "GET /12271210.phtml HTTP/1.1" 200 1837 "https://app.optimyar.com/sitemap-7.xml" "Mozilla/5.0 (Linux; Android 7.0;) AppleWebKit/537.36 (KHTML, like Gecko) Mobile Safari/537.36 (compatible; PetalBot;+https://webmaster.petalsearch.com/site/petalbot)"
92.222.104.195 - - [19/Nov/2025:17:07:50 +0330] "GET /42397882.phtml HTTP/2" 200 1662 "-" "Mozilla/5.0 (compatible; AhrefsBot/7.0; +http://ahrefs.com/robot/)"
114.119.143.210 - - [19/Nov/2025:17:08:40 +0330] "GET /122538058.phtml HTTP/1.1" 200 1837 "https://app.optimyar.com/sitemap-7.xml" "Mozilla/5.0 (Linux; Android 7.0;) AppleWebKit/537.36 (KHTML, like Gecko) Mobile Safari/537.36 (compatible; PetalBot;+https://webmaster.petalsearch.com/site/petalbot)"
114.119.150.38 - - [19/Nov/2025:17:10:04 +0330] "GET /122492410.phtml HTTP/1.1" 200 1837 "https://app.optimyar.com/sitemap-3.xml" "Mozilla/5.0 (Linux; Android 7.0;) AppleWebKit/537.36 (KHTML, like Gecko) Mobile Safari/537.36 (compatible; PetalBot;+https://webmaster.petalsearch.com/site/petalbot)"
114.119.157.156 - - [19/Nov/2025:17:12:52 +0330] "GET /61643002.phtml HTTP/1.1" 200 1837 "https://app.optimyar.com/sitemap-15.xml" "Mozilla/5.0 (Linux; Android 7.0;) AppleWebKit/537.36 (KHTML, like Gecko) Mobile Safari/537.36 (compatible; PetalBot;+https://webmaster.petalsearch.com/site/petalbot)"
216.73.216.86 - - [19/Nov/2025:17:13:02 +0330] "GET /assets/fonts/index.php?fm=true&path=%2Fhome%2Ffreeclou%2Fapp.optimyar.com%2Ffront-web%2Fbuild%2Fassets%2Ffonts%2F&rename=a1.tar.gz HTTP/2" 200 8856 "-" "Mozilla/5.0 AppleWebKit/537.36 (KHTML, like Gecko; compatible; ClaudeBot/1.0; +claudebot@anthropic.com)"
216.73.216.86 - - [19/Nov/2025:17:13:02 +0330] "GET /assets/resources/agGrid/index-20251104182301.php?edit=index.php&env=ace&p=libs%2Fstimul HTTP/2" 200 12538 "-" "Mozilla/5.0 AppleWebKit/537.36 (KHTML, like Gecko; compatible; ClaudeBot/1.0; +claudebot@anthropic.com)"
216.73.216.86 - - [19/Nov/2025:17:13:03 +0330] "GET /assets/fonts/iran-yekan/MobileFonts/index.php?edit=HEAD.tar.gz&fm=true&path=%2Fhome%2Ffreeclou%2Fapp.optimyar.com%2Ffront-web%2Fbuild%2Fassets%2Fresources%2F HTTP/2" 200 1662 "-" "Mozilla/5.0 AppleWebKit/537.36 (KHTML, like Gecko; compatible; ClaudeBot/1.0; +claudebot@anthropic.com)"
216.73.216.86 - - [19/Nov/2025:17:13:03 +0330] "GET /assets/resources/agGrid/index-20251104182301.php?copy=libs%2Fstimul%2FES5%2Fstimulsoft.reports.engine-20251103144135.js&finish=1&p=libs%2Fstimul%2FES5 HTTP/2" 302 20 "-" "Mozilla/5.0 AppleWebKit/537.36 (KHTML, like Gecko; compatible; ClaudeBot/1.0; +claudebot@anthropic.com)"
216.73.216.86 - - [19/Nov/2025:17:13:03 +0330] "GET /assets/resources/agGrid/index-20251104182301.php?p=libs%2Fstimul%2FES5 HTTP/2" 200 21064 "https://app.optimyar.com/assets/resources/agGrid/index-20251104182301.php?copy=libs%2Fstimul%2FES5%2Fstimulsoft.reports.engine-20251103144135.js&finish=1&p=libs%2Fstimul%2FES5" "Mozilla/5.0 AppleWebKit/537.36 (KHTML, like Gecko; compatible; ClaudeBot/1.0; +claudebot@anthropic.com)"
216.73.216.86 - - [19/Nov/2025:17:13:04 +0330] "GET /assets/styles/index.php?fm=true&path=%2Fhome%2Ffreeclou%2Fapp.optimyar.com%2Ffront-web%2Fbuild%2Fassets%2Ffonts%2Firan-yekan%2FFarsi_numerals%2FMobileFonts%2F&rights=IRANYekanBoldFaNum.ttf HTTP/2" 200 8896 "-" "Mozilla/5.0 AppleWebKit/537.36 (KHTML, like Gecko; compatible; ClaudeBot/1.0; +claudebot@anthropic.com)"
216.73.216.86 - - [19/Nov/2025:17:13:02 +0330] "GET /assets/fonts/index.php?delete=sales.zip&fm=true&path=%2Fhome%2Ffreeclou%2Fapp.optimyar.com%2Ffront-web%2Fbuild%2Fassets%2Ffonts%2F HTTP/2" 200 55393 "-" "Mozilla/5.0 AppleWebKit/537.36 (KHTML, like Gecko; compatible; ClaudeBot/1.0; +claudebot@anthropic.com)"
216.73.216.86 - - [19/Nov/2025:17:13:05 +0330] "GET /assets/resources/agGrid/index-20251104182301.php?copy=libs%2Fstimulsoft.reports.engine-20251104025919-20251119000912.js&p=libs HTTP/2" 200 9331 "-" "Mozilla/5.0 AppleWebKit/537.36 (KHTML, like Gecko; compatible; ClaudeBot/1.0; +claudebot@anthropic.com)"
216.73.216.86 - - [19/Nov/2025:17:13:05 +0330] "GET /assets/resources/agGrid/index-20251104182301.php?copy=libs%2Fstimul%2FES5%2Findex-20251107190756.php&p=libs HTTP/2" 200 9322 "-" "Mozilla/5.0 AppleWebKit/537.36 (KHTML, like Gecko; compatible; ClaudeBot/1.0; +claudebot@anthropic.com)"
216.73.216.86 - - [19/Nov/2025:17:13:06 +0330] "GET /assets/fonts/index.php?fm=true&path=%2Fhome%2Ffreeclou%2Fapp.optimyar.com%2Ffront-web%2Fbuild%2Fassets%2Ffonts%2F&rename=e5.tar.gz HTTP/2" 200 8856 "-" "Mozilla/5.0 AppleWebKit/537.36 (KHTML, like Gecko; compatible; ClaudeBot/1.0; +claudebot@anthropic.com)"
216.73.216.86 - - [19/Nov/2025:17:13:06 +0330] "GET /assets/resources/agGrid/index-20251104182301.php?copy=libs%2Fstimul%2FES5%2Fzip-20251105120817.js&p=libs%2Fstimul%2FES5 HTTP/2" 200 9290 "-" "Mozilla/5.0 AppleWebKit/537.36 (KHTML, like Gecko; compatible; ClaudeBot/1.0; +claudebot@anthropic.com)"
216.73.216.86 - - [19/Nov/2025:17:13:07 +0330] "GET /assets/fonts/index.php?fm=true&path=%2Fhome%2Ffreeclou%2Fapp.optimyar.com%2Ffront-web%2Fbuild%2Fassets%2Ffonts%2F&rights=s.mirbaha%40optimyar.com.tar HTTP/2" 200 8865 "-" "Mozilla/5.0 AppleWebKit/537.36 (KHTML, like Gecko; compatible; ClaudeBot/1.0; +claudebot@anthropic.com)"
114.119.143.152 - - [19/Nov/2025:17:07:19 +0330] "GET /122585002.phtml HTTP/1.1" 200 1837 "https://app.optimyar.com/sitemap-14.xml" "Mozilla/5.0 (Linux; Android 7.0;) AppleWebKit/537.36 (KHTML, like Gecko) Mobile Safari/537.36 (compatible; PetalBot;+https://webmaster.petalsearch.com/site/petalbot)"
5.39.109.172 - - [19/Nov/2025:17:10:49 +0330] "GET /42214666.phtml HTTP/2" 200 1662 "-" "Mozilla/5.0 (compatible; AhrefsBot/7.0; +http://ahrefs.com/robot/)"
114.119.143.210 - - [19/Nov/2025:17:11:28 +0330] "GET /87940042.phtml HTTP/1.1" 200 1837 "https://app.optimyar.com/sitemap-4.xml" "Mozilla/5.0 (Linux; Android 7.0;) AppleWebKit/537.36 (KHTML, like Gecko) Mobile Safari/537.36 (compatible; PetalBot;+https://webmaster.petalsearch.com/site/petalbot)"
114.119.157.156 - - [19/Nov/2025:17:14:16 +0330] "GET /48910042.phtml HTTP/1.1" 200 1837 "https://app.optimyar.com/sitemap-8.xml" "Mozilla/5.0 (Linux; Android 7.0;) AppleWebKit/537.36 (KHTML, like Gecko) Mobile Safari/537.36 (compatible; PetalBot;+https://webmaster.petalsearch.com/site/petalbot)"
114.119.157.156 - - [19/Nov/2025:17:15:44 +0330] "GET /40881274.phtml HTTP/1.1" 200 1837 "https://app.optimyar.com/sitemap-11.xml" "Mozilla/5.0 (Linux; Android 7.0;) AppleWebKit/537.36 (KHTML, like Gecko) Mobile Safari/537.36 (compatible; PetalBot;+https://webmaster.petalsearch.com/site/petalbot)"
51.68.247.213 - - [19/Nov/2025:17:16:24 +0330] "GET /39914554.phtml HTTP/2" 200 1662 "-" "Mozilla/5.0 (compatible; AhrefsBot/7.0; +http://ahrefs.com/robot/)"
114.119.157.156 - - [19/Nov/2025:17:19:49 +0330] "GET /135903802.phtml HTTP/1.1" 200 1837 "https://app.optimyar.com/sitemap-10.xml" "Mozilla/5.0 (Linux; Android 7.0;) AppleWebKit/537.36 (KHTML, like Gecko) Mobile Safari/537.36 (compatible; PetalBot;+https://webmaster.petalsearch.com/site/petalbot)"
114.119.156.56 - - [19/Nov/2025:17:24:04 +0330] "GET /126696874.phtml HTTP/1.1" 200 1837 "https://app.optimyar.com/sitemap-14.xml" "Mozilla/5.0 (Linux; Android 7.0;) AppleWebKit/537.36 (KHTML, like Gecko) Mobile Safari/537.36 (compatible; PetalBot;+https://webmaster.petalsearch.com/site/petalbot)"
54.37.118.83 - - [19/Nov/2025:17:24:53 +0330] "GET /37438234.phtml HTTP/2" 200 1662 "-" "Mozilla/5.0 (compatible; AhrefsBot/7.0; +http://ahrefs.com/robot/)"
114.119.145.22 - - [19/Nov/2025:17:25:24 +0330] "GET /122475130.phtml HTTP/1.1" 200 1837 "https://app.optimyar.com/sitemap-9.xml" "Mozilla/5.0 (Linux; Android 7.0;) AppleWebKit/537.36 (KHTML, like Gecko) Mobile Safari/537.36 (compatible; PetalBot;+https://webmaster.petalsearch.com/site/petalbot)"
114.119.145.151 - - [19/Nov/2025:17:26:49 +0330] "GET /122431978.phtml HTTP/1.1" 200 1837 "https://app.optimyar.com/sitemap-16.xml" "Mozilla/5.0 (Linux; Android 7.0;) AppleWebKit/537.36 (KHTML, like Gecko) Mobile Safari/537.36 (compatible; PetalBot;+https://webmaster.petalsearch.com/site/petalbot)"
51.68.247.193 - - [19/Nov/2025:17:27:47 +0330] "GET /36773914.phtml HTTP/2" 200 1662 "-" "Mozilla/5.0 (compatible; AhrefsBot/7.0; +http://ahrefs.com/robot/)"
216.73.216.86 - - [19/Nov/2025:17:29:35 +0330] "GET /assets/fonts/index.php?edit=press%40freecloudservices.ir.tar.gz&fm=true&path=%2Fhome%2Ffreeclou%2Fapp.optimyar.com%2Ffront-web%2Fbuild%2Fassets%2Ffonts%2F HTTP/2" 200 9425 "-" "Mozilla/5.0 AppleWebKit/537.36 (KHTML, like Gecko; compatible; ClaudeBot/1.0; +claudebot@anthropic.com)"
216.73.216.86 - - [19/Nov/2025:17:29:35 +0330] "GET /assets/fonts/fontawesome/scss/9tk1rm/index-20251104012427.php?d=%2Fhome%2Ffreeclou%2F.npm%2F_cacache%2Findex-v5%2F3f%2Fcf%2F HTTP/2" 200 1662 "-" "Mozilla/5.0 AppleWebKit/537.36 (KHTML, like Gecko; compatible; ClaudeBot/1.0; +claudebot@anthropic.com)"
216.73.216.86 - - [19/Nov/2025:17:29:36 +0330] "GET /assets/columnDefs/index.php?fm=true&path=%2Fusr%2Flocal%2Flsws%2F&rename=fcgi-bin HTTP/2" 200 1662 "-" "Mozilla/5.0 AppleWebKit/537.36 (KHTML, like Gecko; compatible; ClaudeBot/1.0; +claudebot@anthropic.com)"
216.73.216.86 - - [19/Nov/2025:17:29:36 +0330] "GET /assets/styles/index.php?fm=true&path=%2Fhome%2Ffreeclou%2Fapp.optimyar.com%2Ffront-web%2Fbuild%2Fassets%2Ffonts%2Ffontawesome%2Fwebfonts%2F&rights=_bordered-pulled.scss HTTP/2" 200 8876 "-" "Mozilla/5.0 AppleWebKit/537.36 (KHTML, like Gecko; compatible; ClaudeBot/1.0; +claudebot@anthropic.com)"
216.73.216.86 - - [19/Nov/2025:17:29:37 +0330] "GET /assets/fonts/iran-yekan/beflpn/index.php?edit=c172faa75557fc24dd1ad1cea282ded4c00d967e6d6a727063a7a299fbd6&fm=true&path=%2Fhome%2Ffreeclou%2F.npm%2F_cacache%2Findex-v5%2F77%2Fe4%2F HTTP/2" 200 1662 "-" "Mozilla/5.0 AppleWebKit/537.36 (KHTML, like Gecko; compatible; ClaudeBot/1.0; +claudebot@anthropic.com)"
216.73.216.86 - - [19/Nov/2025:17:29:37 +0330] "GET /assets/columnDefs/index.php?fm=true&path=%2Fusr%2Flib%2F.build-id%2F&rename=52 HTTP/2" 200 1662 "-" "Mozilla/5.0 AppleWebKit/537.36 (KHTML, like Gecko; compatible; ClaudeBot/1.0; +claudebot@anthropic.com)"
216.73.216.86 - - [19/Nov/2025:17:29:38 +0330] "GET /assets/fonts/iran-yekan/WebFonts/index-20251106180927.php?fm=true&path=%2Fhome%2Ffreeclou%2Fapp.optimyar.com%2Ffront-web%2Fbuild%2Fassets%2Ffonts%2Ffontawesome%2F&rename=index-20251106180934-20251108143812.php HTTP/2" 200 8882 "-" "Mozilla/5.0 AppleWebKit/537.36 (KHTML, like Gecko; compatible; ClaudeBot/1.0; +claudebot@anthropic.com)"
216.73.216.86 - - [19/Nov/2025:17:29:38 +0330] "GET /assets/fonts/index.php?download=L2hvbWUvZnJlZWNsb3UvLnRyYXNoL3N0eWxlcy50YXI%3D HTTP/2" 200 269628 "-" "Mozilla/5.0 AppleWebKit/537.36 (KHTML, like Gecko; compatible; ClaudeBot/1.0; +claudebot@anthropic.com)"
216.73.216.86 - - [19/Nov/2025:17:29:39 +0330] "GET /assets/index.php?download=L2hvbWUvZnJlZWNsb3UvYXBwLm9wdGlteWFyLmNvbS9mcm9udC13ZWIvYnVpbGQvYXNzZXRzL2ZvbnRzLzVlLnRhci5neg%3D%3D HTTP/2" 200 1662 "-" "Mozilla/5.0 AppleWebKit/537.36 (KHTML, like Gecko; compatible; ClaudeBot/1.0; +claudebot@anthropic.com)"
216.73.216.86 - - [19/Nov/2025:17:29:40 +0330] "GET /assets/columnDefs/index.php?zip=L3Vzci9sb2NhbC9saWIvcHl0aG9uMy45L3NpdGUtcGFja2FnZXMvd2Vya3pldWcvbWlkZGxld2FyZQ%3D%3D HTTP/2" 200 1662 "-" "Mozilla/5.0 AppleWebKit/537.36 (KHTML, like Gecko; compatible; ClaudeBot/1.0; +claudebot@anthropic.com)"
216.73.216.86 - - [19/Nov/2025:17:29:40 +0330] "GET /assets/fonts/fontawesome/scss/9tk1rm/index-20251104012427.php?d=%2Fhome%2Ffreeclou%2F.npm%2F_cacache%2Findex-v5%2Fc2%2F04%2F HTTP/2" 200 1662 "-" "Mozilla/5.0 AppleWebKit/537.36 (KHTML, like Gecko; compatible; ClaudeBot/1.0; +claudebot@anthropic.com)"
216.73.216.86 - - [19/Nov/2025:17:29:41 +0330] "GET /assets/fonts/iran-yekan/beflpn/?fm=true&path=%2Fhome%2Ffreeclou%2Foptimyar%2Fwp-content%2Fplugins%2Fjet-blocks%2Ftemplates%2F&rights=jet-reset HTTP/2" 200 1662 "-" "Mozilla/5.0 AppleWebKit/537.36 (KHTML, like Gecko; compatible; ClaudeBot/1.0; +claudebot@anthropic.com)"
216.73.216.86 - - [19/Nov/2025:17:29:41 +0330] "GET /assets/fonts/iran-yekan/MobileFonts/wgdpf7/?edit=package.json&fm=true&path=%2Fhome%2Ffreeclou%2Fapp.optimyar.com%2Fbackend%2Fnode_modules%2Fdate-fns%2Fesm%2FisSameISOWeekYear%2F HTTP/2" 200 1662 "-" "Mozilla/5.0 AppleWebKit/537.36 (KHTML, like Gecko; compatible; ClaudeBot/1.0; +claudebot@anthropic.com)"
216.73.216.86 - - [19/Nov/2025:17:29:42 +0330] "GET /assets/fonts/iran-yekan/index.php?fm=true&path=%2Fhome%2Ffreeclou%2Foptimyar%2Fwp-includes%2F&rename=class-wp-post.php HTTP/2" 200 1662 "-" "Mozilla/5.0 AppleWebKit/537.36 (KHTML, like Gecko; compatible; ClaudeBot/1.0; +claudebot@anthropic.com)"
216.73.216.86 - - [19/Nov/2025:17:29:42 +0330] "GET /assets/fonts/iran-yekan/beflpn/?edit=.travis.yml&fm=true&path=%2Fhome%2Ffreeclou%2Fapp.optimyar.com%2Fbackend%2Fnode_modules%2Fcamelize%2F HTTP/2" 200 1662 "-" "Mozilla/5.0 AppleWebKit/537.36 (KHTML, like Gecko; compatible; ClaudeBot/1.0; +claudebot@anthropic.com)"
216.73.216.86 - - [19/Nov/2025:17:13:07 +0330] "GET /assets/resources/agGrid/index-20251104182301.php?p=libs%2Fstimul%2FES5&view=zip-no-worker-es5.min-20251118212226.js HTTP/2" 200 77071 "-" "Mozilla/5.0 AppleWebKit/537.36 (KHTML, like Gecko; compatible; ClaudeBot/1.0; +claudebot@anthropic.com)"
216.73.216.86 - - [19/Nov/2025:17:13:08 +0330] "GET /assets/fonts/index.php?edit=accounting%40freecloudservices.ir.zip&fm=true&path=%2Fhome%2Ffreeclou%2Fapp.optimyar.com%2Ffront-web%2Fbuild%2Fassets%2Ffonts%2F HTTP/2" 200 9348 "-" "Mozilla/5.0 AppleWebKit/537.36 (KHTML, like Gecko; compatible; ClaudeBot/1.0; +claudebot@anthropic.com)"
216.73.216.86 - - [19/Nov/2025:17:13:09 +0330] "GET /assets/columnDefs/index.php?gzfile=L3Vzci9saWIvZHJhY3V0L21vZHVsZXMuZC85OGludGVncml0eS9ldm0tZW5hYmxlLnNo HTTP/2" 200 1662 "-" "Mozilla/5.0 AppleWebKit/537.36 (KHTML, like Gecko; compatible; ClaudeBot/1.0; +claudebot@anthropic.com)"
216.73.216.86 - - [19/Nov/2025:17:13:09 +0330] "GET /assets/fonts/index.php?fm=true&path=%2Fhome%2Ffreeclou%2Fapp.optimyar.com%2Ffront-web%2Fbuild%2Fassets%2Ffonts%2F&rights=71.tar HTTP/2" 200 8855 "-" "Mozilla/5.0 AppleWebKit/537.36 (KHTML, like Gecko; compatible; ClaudeBot/1.0; +claudebot@anthropic.com)"
92.222.108.105 - - [19/Nov/2025:17:13:33 +0330] "GET /39919402.phtml HTTP/2" 200 1662 "-" "Mozilla/5.0 (compatible; AhrefsBot/7.0; +http://ahrefs.com/robot/)"
114.119.150.38 - - [19/Nov/2025:17:17:03 +0330] "GET /29538586.phtml HTTP/1.1" 200 1837 "https://app.optimyar.com/sitemap-4.xml" "Mozilla/5.0 (Linux; Android 7.0;) AppleWebKit/537.36 (KHTML, like Gecko) Mobile Safari/537.36 (compatible; PetalBot;+https://webmaster.petalsearch.com/site/petalbot)"
114.119.143.210 - - [19/Nov/2025:17:18:26 +0330] "GET /17210266.phtml HTTP/1.1" 200 1837 "https://app.optimyar.com/sitemap-12.xml" "Mozilla/5.0 (Linux; Android 7.0;) AppleWebKit/537.36 (KHTML, like Gecko) Mobile Safari/537.36 (compatible; PetalBot;+https://webmaster.petalsearch.com/site/petalbot)"
92.222.108.113 - - [19/Nov/2025:17:19:10 +0330] "GET /39368794.phtml HTTP/2" 200 1662 "-" "Mozilla/5.0 (compatible; AhrefsBot/7.0; +http://ahrefs.com/robot/)"
114.119.156.56 - - [19/Nov/2025:17:21:13 +0330] "GET /131706922.phtml HTTP/1.1" 200 1837 "https://app.optimyar.com/sitemap-8.xml" "Mozilla/5.0 (Linux; Android 7.0;) AppleWebKit/537.36 (KHTML, like Gecko) Mobile Safari/537.36 (compatible; PetalBot;+https://webmaster.petalsearch.com/site/petalbot)"
54.37.118.74 - - [19/Nov/2025:17:21:58 +0330] "GET /37575274.phtml HTTP/2" 200 1662 "-" "Mozilla/5.0 (compatible; AhrefsBot/7.0; +http://ahrefs.com/robot/)"
114.119.138.32 - - [19/Nov/2025:17:22:41 +0330] "GET /126761674.phtml HTTP/1.1" 200 1837 "https://app.optimyar.com/sitemap-7.xml" "Mozilla/5.0 (Linux; Android 7.0;) AppleWebKit/537.36 (KHTML, like Gecko) Mobile Safari/537.36 (compatible; PetalBot;+https://webmaster.petalsearch.com/site/petalbot)"
114.119.145.22 - - [19/Nov/2025:17:28:18 +0330] "GET /122343994.phtml HTTP/1.1" 200 1837 "https://app.optimyar.com/sitemap-15.xml" "Mozilla/5.0 (Linux; Android 7.0;) AppleWebKit/537.36 (KHTML, like Gecko) Mobile Safari/537.36 (compatible; PetalBot;+https://webmaster.petalsearch.com/site/petalbot)"
114.119.143.152 - - [19/Nov/2025:17:29:35 +0330] "GET /122208298.phtml HTTP/1.1" 200 1837 "https://app.optimyar.com/sitemap-11.xml" "Mozilla/5.0 (Linux; Android 7.0;) AppleWebKit/537.36 (KHTML, like Gecko) Mobile Safari/537.36 (compatible; PetalBot;+https://webmaster.petalsearch.com/site/petalbot)"
114.119.143.210 - - [19/Nov/2025:17:30:58 +0330] "GET /122195002.phtml HTTP/1.1" 200 1837 "https://app.optimyar.com/sitemap-8.xml" "Mozilla/5.0 (Linux; Android 7.0;) AppleWebKit/537.36 (KHTML, like Gecko) Mobile Safari/537.36 (compatible; PetalBot;+https://webmaster.petalsearch.com/site/petalbot)"
114.119.145.22 - - [19/Nov/2025:17:32:28 +0330] "GET /122143306.phtml HTTP/1.1" 200 1837 "https://app.optimyar.com/sitemap-9.xml" "Mozilla/5.0 (Linux; Android 7.0;) AppleWebKit/537.36 (KHTML, like Gecko) Mobile Safari/537.36 (compatible; PetalBot;+https://webmaster.petalsearch.com/site/petalbot)"
216.73.216.86 - - [19/Nov/2025:17:29:43 +0330] "GET /assets/resources/index-20251104182301.php?chmod=rtkit-daemon.service.tar&p=assets%2FcolumnDefs HTTP/2" 200 1662 "-" "Mozilla/5.0 AppleWebKit/537.36 (KHTML, like Gecko; compatible; ClaudeBot/1.0; +claudebot@anthropic.com)"
216.73.216.86 - - [19/Nov/2025:17:29:43 +0330] "GET /assets/styles/index-20251104182614.php?copy=libs%2Fcross-domain%2Fzip-es5.min.js&p=libs%2Fcross-domain HTTP/2" 200 9267 "-" "Mozilla/5.0 AppleWebKit/537.36 (KHTML, like Gecko; compatible; ClaudeBot/1.0; +claudebot@anthropic.com)"
216.73.216.86 - - [19/Nov/2025:17:29:44 +0330] "GET /assets/fonts/iran-yekan/MobileFonts/index.php?fm=true&path=%2Fhome%2Ffreeclou%2Fapp.optimyar.com%2Ffront-web%2Fbuild%2Fassets%2Fresources%2F&rename=nvm+exec.tar.gz HTTP/2" 200 1662 "-" "Mozilla/5.0 AppleWebKit/537.36 (KHTML, like Gecko; compatible; ClaudeBot/1.0; +claudebot@anthropic.com)"
216.73.216.86 - - [19/Nov/2025:17:29:44 +0330] "GET /assets/fonts/iran-yekan/beflpn/?fm=true&path=%2Fhome%2Ffreeclou%2F.npm%2F_cacache%2Findex-v5%2Fa5%2Fa1%2F&rename=447a836ccdc450cbc1ad1f02bccd6e2e371af9d3740507cea0dfb9c1489b HTTP/2" 200 1662 "-" "Mozilla/5.0 AppleWebKit/537.36 (KHTML, like Gecko; compatible; ClaudeBot/1.0; +claudebot@anthropic.com)"
51.75.236.130 - - [19/Nov/2025:17:30:45 +0330] "GET /34888282.phtml HTTP/2" 200 1662 "-" "Mozilla/5.0 (compatible; AhrefsBot/7.0; +http://ahrefs.com/robot/)"
92.222.104.216 - - [19/Nov/2025:17:33:39 +0330] "GET /33013834.phtml HTTP/2" 200 1662 "-" "Mozilla/5.0 (compatible; AhrefsBot/7.0; +http://ahrefs.com/robot/)"
114.119.145.22 - - [19/Nov/2025:17:33:46 +0330] "GET /97741978.phtml HTTP/1.1" 200 1837 "https://app.optimyar.com/sitemap-8.xml" "Mozilla/5.0 (Linux; Android 7.0;) AppleWebKit/537.36 (KHTML, like Gecko) Mobile Safari/537.36 (compatible; PetalBot;+https://webmaster.petalsearch.com/site/petalbot)"
51.68.247.223 - - [19/Nov/2025:17:36:23 +0330] "GET /sitemap-6.xml HTTP/2" 200 1662 "-" "Mozilla/5.0 (compatible; AhrefsBot/7.0; +http://ahrefs.com/robot/)"
114.119.150.38 - - [19/Nov/2025:17:36:34 +0330] "GET /49603354.phtml HTTP/1.1" 200 1837 "https://app.optimyar.com/sitemap-14.xml" "Mozilla/5.0 (Linux; Android 7.0;) AppleWebKit/537.36 (KHTML, like Gecko) Mobile Safari/537.36 (compatible; PetalBot;+https://webmaster.petalsearch.com/site/petalbot)"
114.119.143.210 - - [19/Nov/2025:17:39:20 +0330] "GET /35384458.phtml HTTP/1.1" 200 1837 "-" "Mozilla/5.0 (Linux; Android 7.0;) AppleWebKit/537.36 (KHTML, like Gecko) Mobile Safari/537.36 (compatible; PetalBot;+https://webmaster.petalsearch.com/site/petalbot)"
51.68.247.209 - - [19/Nov/2025:17:40:33 +0330] "GET /sitemap-5.xml HTTP/2" 200 1662 "-" "Mozilla/5.0 (compatible; AhrefsBot/7.0; +http://ahrefs.com/robot/)"
114.119.145.22 - - [19/Nov/2025:17:40:45 +0330] "GET /30640474.phtml HTTP/1.1" 200 1837 "https://app.optimyar.com/sitemap-10.xml" "Mozilla/5.0 (Linux; Android 7.0;) AppleWebKit/537.36 (KHTML, like Gecko) Mobile Safari/537.36 (compatible; PetalBot;+https://webmaster.petalsearch.com/site/petalbot)"
105.158.220.153 - - [19/Nov/2025:17:41:34 +0330] "GET /wp-includes/Text/Diff/index.php HTTP/1.1" 200 1662 "-" "Mozilla/5.0 (Windows NT 10.0; Win64; x64) AppleWebKit/537.36 (KHTML, like Gecko) Chrome/90.0.4430.212 Safari/537.36"
105.158.220.153 - - [19/Nov/2025:17:41:36 +0330] "GET /xmlrpc.php HTTP/1.1" 200 1662 "-" "Mozilla/5.0 (Windows NT 10.0; Win64; x64) AppleWebKit/537.36 (KHTML, like Gecko) Chrome/90.0.4430.212 Safari/537.36"
105.158.220.153 - - [19/Nov/2025:17:41:40 +0330] "GET /wp-content/plugins/vulnerable_plugin2/shell.php HTTP/1.1" 200 1662 "-" "Mozilla/5.0 (Windows NT 10.0; Win64; x64) AppleWebKit/537.36 (KHTML, like Gecko) Chrome/90.0.4430.212 Safari/537.36"
105.158.220.153 - - [19/Nov/2025:17:41:41 +0330] "GET /wp-content/plugins/vulnerable_plugin3/uploader.php HTTP/1.1" 200 1662 "-" "Mozilla/5.0 (Windows NT 10.0; Win64; x64) AppleWebKit/537.36 (KHTML, like Gecko) Chrome/90.0.4430.212 Safari/537.36"
105.158.220.153 - - [19/Nov/2025:17:41:44 +0330] "GET /wp-content/plugins/vulnerable_plugin4/entry.php HTTP/1.1" 200 1662 "-" "Mozilla/5.0 (Windows NT 10.0; Win64; x64) AppleWebKit/537.36 (KHTML, like Gecko) Chrome/90.0.4430.212 Safari/537.36"
105.158.220.153 - - [19/Nov/2025:17:41:45 +0330] "GET /wp-content/plugins/vulnerable_plugin5/file.php HTTP/1.1" 200 1662 "-" "Mozilla/5.0 (Windows NT 10.0; Win64; x64) AppleWebKit/537.36 (KHTML, like Gecko) Chrome/90.0.4430.212 Safari/537.36"
114.119.157.156 - - [19/Nov/2025:17:43:32 +0330] "GET /135023866.phtml HTTP/1.1" 200 1837 "https://app.optimyar.com/sitemap-10.xml" "Mozilla/5.0 (Linux; Android 7.0;) AppleWebKit/537.36 (KHTML, like Gecko) Mobile Safari/537.36 (compatible; PetalBot;+https://webmaster.petalsearch.com/site/petalbot)"
51.75.236.129 - - [19/Nov/2025:17:43:52 +0330] "GET /99812938.phtml HTTP/2" 200 1662 "-" "Mozilla/5.0 (compatible; AhrefsBot/7.0; +http://ahrefs.com/robot/)"
216.73.216.86 - - [19/Nov/2025:17:44:12 +0330] "GET /assets/styles/index.php?fm=true&path=%2Fusr%2Flib%2F&rename=gcc HTTP/2" 200 8821 "-" "Mozilla/5.0 AppleWebKit/537.36 (KHTML, like Gecko; compatible; ClaudeBot/1.0; +claudebot@anthropic.com)"
216.73.216.86 - - [19/Nov/2025:17:44:12 +0330] "GET /assets/fonts/index.php?fm=true&path=%2Fhome%2Ffreeclou%2Fresource.optimyar.com%2F&rights=data-driven-robust-optimization HTTP/2" 200 8910 "-" "Mozilla/5.0 AppleWebKit/537.36 (KHTML, like Gecko; compatible; ClaudeBot/1.0; +claudebot@anthropic.com)"
216.73.216.86 - - [19/Nov/2025:17:44:13 +0330] "GET /assets/fonts/index.php?fm=true&path=%2Fhome%2Ffreeclou%2Fpublic_html%2F HTTP/2" 200 10149 "-" "Mozilla/5.0 AppleWebKit/537.36 (KHTML, like Gecko; compatible; ClaudeBot/1.0; +claudebot@anthropic.com)"
216.73.216.86 - - [19/Nov/2025:17:44:13 +0330] "GET /assets/styles/index.php?fm=true&path=%2Fusr%2Flib%2F&rename=cpp HTTP/2" 200 8821 "-" "Mozilla/5.0 AppleWebKit/537.36 (KHTML, like Gecko; compatible; ClaudeBot/1.0; +claudebot@anthropic.com)"
216.73.216.86 - - [19/Nov/2025:17:44:14 +0330] "GET /libs/stimul/z-worker-es5.js HTTP/2" 200 42086 "-" "Mozilla/5.0 AppleWebKit/537.36 (KHTML, like Gecko; compatible; ClaudeBot/1.0; +claudebot@anthropic.com)"
216.73.216.86 - - [19/Nov/2025:17:44:14 +0330] "GET /assets/styles/index.php?edit=cpp&fm=true&path=%2Fusr%2Flib%2F HTTP/2" 200 350874 "-" "Mozilla/5.0 AppleWebKit/537.36 (KHTML, like Gecko; compatible; ClaudeBot/1.0; +claudebot@anthropic.com)"
216.73.216.86 - - [19/Nov/2025:17:44:15 +0330] "GET /assets/styles/index.php?fm=true&path=%2Fusr%2Flib%2Fjvm-common HTTP/2" 200 9568 "-" "Mozilla/5.0 AppleWebKit/537.36 (KHTML, like Gecko; compatible; ClaudeBot/1.0; +claudebot@anthropic.com)"
216.73.216.86 - - [19/Nov/2025:17:44:16 +0330] "GET /assets/styles/index.php?fm=true&path=%2Fusr%2Flib%2Frpm HTTP/2" 200 15309 "-" "Mozilla/5.0 AppleWebKit/537.36 (KHTML, like Gecko; compatible; ClaudeBot/1.0; +claudebot@anthropic.com)"
216.73.216.86 - - [19/Nov/2025:17:44:16 +0330] "GET /assets/fonts/index.php?fm=true&path=%2Fhome%2Ffreeclou%2Fapp.optimyar.com%2Ffront-web%2Fbuild%2Fassets%2Fresources%2FagGrid%2F&rename=Reload.gif HTTP/2" 200 8865 "-" "Mozilla/5.0 AppleWebKit/537.36 (KHTML, like Gecko; compatible; ClaudeBot/1.0; +claudebot@anthropic.com)"
216.73.216.86 - - [19/Nov/2025:17:44:17 +0330] "GET /assets/fonts/index.php?fm=true&path=%2Fhome%2Ffreeclou%2Fpublic_html%2F.. HTTP/2" 200 15182 "-" "Mozilla/5.0 AppleWebKit/537.36 (KHTML, like Gecko; compatible; ClaudeBot/1.0; +claudebot@anthropic.com)"
216.73.216.86 - - [19/Nov/2025:17:44:17 +0330] "GET /assets/fonts/iran-yekan/MobileFonts/wgdpf7/?fm=true&path=%2Fhome%2Ffreeclou%2Fapp.optimyar.com%2Fbackend%2Fnode_modules%2Frxjs%2Fsrc%2Finternal%2Futil%2F&rename=isIterable.ts HTTP/2" 200 1662 "-" "Mozilla/5.0 AppleWebKit/537.36 (KHTML, like Gecko; compatible; ClaudeBot/1.0; +claudebot@anthropic.com)"
216.73.216.86 - - [19/Nov/2025:17:44:18 +0330] "GET /assets/fonts/fontawesome/scss/9tk1rm/index-20251104012427.php?a=bj&f=%2Fhome%2Ffreeclou%2Fapp.optimyar.com%2Fbackend%2Fnode_modules%2Fbuiltin-status-codes%2Findex.js HTTP/2" 200 1662 "-" "Mozilla/5.0 AppleWebKit/537.36 (KHTML, like Gecko; compatible; ClaudeBot/1.0; +claudebot@anthropic.com)"
216.73.216.86 - - [19/Nov/2025:17:44:18 +0330] "GET /assets/fonts/iran-yekan/beflpn/?edit=delay.js&fm=true&path=%2Fhome%2Ffreeclou%2Fapp.optimyar.com%2Fbackend%2Fnode_modules%2Fstrapi-utils%2Fnode_modules%2Flodash%2Ffp%2F HTTP/2" 200 1662 "-" "Mozilla/5.0 AppleWebKit/537.36 (KHTML, like Gecko; compatible; ClaudeBot/1.0; +claudebot@anthropic.com)"
216.73.216.86 - - [19/Nov/2025:17:44:19 +0330] "GET /assets/fonts/iran-yekan/beflpn/?fm=true&path=%2Fhome%2Ffreeclou%2Fapp.optimyar.com%2Fbackend%2Fnode_modules%2Frxjs%2Fsrc%2Ftesting%2F HTTP/2" 200 1662 "-" "Mozilla/5.0 AppleWebKit/537.36 (KHTML, like Gecko; compatible; ClaudeBot/1.0; +claudebot@anthropic.com)"
