5.122.228.132 - - [04/Nov/2025:00:57:59 +0330] "GET /wp-content/plugins/elementor/assets/lib/font-awesome/js/v4-shims.min.js?ver=3.32.5 HTTP/1.1" 200 4042 "https://optimyar.com/paper/" "Mozilla/5.0 (Linux; Android 10; K) AppleWebKit/537.36 (KHTML, like Gecko) Chrome/141.0.0.0 Mobile Safari/537.36"
5.122.228.132 - - [04/Nov/2025:00:57:59 +0330] "GET /wp-includes/js/jquery/jquery-migrate.min.js?ver=3.4.1 HTTP/1.1" 200 4678 "https://optimyar.com/paper/" "Mozilla/5.0 (Linux; Android 10; K) AppleWebKit/537.36 (KHTML, like Gecko) Chrome/141.0.0.0 Mobile Safari/537.36"
5.122.228.132 - - [04/Nov/2025:00:57:59 +0330] "GET /wp-content/uploads/2020/06/Artboard-1-768x768.png HTTP/1.1" 200 102767 "https://optimyar.com/paper/" "Mozilla/5.0 (Linux; Android 10; K) AppleWebKit/537.36 (KHTML, like Gecko) Chrome/141.0.0.0 Mobile Safari/537.36"
5.122.228.132 - - [04/Nov/2025:00:57:59 +0330] "GET /wp-content/uploads/2024/08/open-access-articles-768x576.jpeg HTTP/1.1" 200 91351 "https://optimyar.com/paper/" "Mozilla/5.0 (Linux; Android 10; K) AppleWebKit/537.36 (KHTML, like Gecko) Chrome/141.0.0.0 Mobile Safari/537.36"
5.122.228.132 - - [04/Nov/2025:00:57:59 +0330] "GET /wp-content/plugins/jet-elements/assets/css/jet-elements-rtl.css?ver=2.7.12.1 HTTP/1.1" 200 2887 "https://optimyar.com/paper/" "Mozilla/5.0 (Linux; Android 10; K) AppleWebKit/537.36 (KHTML, like Gecko) Chrome/141.0.0.0 Mobile Safari/537.36"
5.122.228.132 - - [04/Nov/2025:00:57:59 +0330] "GET /wp-content/plugins/elementor/assets/js/webpack.runtime.min.js?ver=3.32.5 HTTP/1.1" 200 2321 "https://optimyar.com/paper/" "Mozilla/5.0 (Linux; Android 10; K) AppleWebKit/537.36 (KHTML, like Gecko) Chrome/141.0.0.0 Mobile Safari/537.36"
5.122.228.132 - - [04/Nov/2025:00:57:59 +0330] "GET /wp-content/plugins/elementor/assets/js/frontend-modules.min.js?ver=3.32.5 HTTP/1.1" 200 17961 "https://optimyar.com/paper/" "Mozilla/5.0 (Linux; Android 10; K) AppleWebKit/537.36 (KHTML, like Gecko) Chrome/141.0.0.0 Mobile Safari/537.36"
5.122.228.132 - - [04/Nov/2025:00:57:59 +0330] "GET /wp-includes/js/jquery/ui/core.min.js?ver=1.13.3 HTTP/1.1" 200 6812 "https://optimyar.com/paper/" "Mozilla/5.0 (Linux; Android 10; K) AppleWebKit/537.36 (KHTML, like Gecko) Chrome/141.0.0.0 Mobile Safari/537.36"
5.122.228.132 - - [04/Nov/2025:00:57:59 +0330] "GET /wp-content/plugins/elementor/assets/js/frontend.min.js?ver=3.32.5 HTTP/1.1" 200 10164 "https://optimyar.com/paper/" "Mozilla/5.0 (Linux; Android 10; K) AppleWebKit/537.36 (KHTML, like Gecko) Chrome/141.0.0.0 Mobile Safari/537.36"
5.122.228.132 - - [04/Nov/2025:00:57:59 +0330] "GET /wp-content/plugins/elementor-pro/assets/lib/smartmenus/jquery.smartmenus.min.js?ver=1.2.1 HTTP/1.1" 200 6867 "https://optimyar.com/paper/" "Mozilla/5.0 (Linux; Android 10; K) AppleWebKit/537.36 (KHTML, like Gecko) Chrome/141.0.0.0 Mobile Safari/537.36"
5.122.228.132 - - [04/Nov/2025:00:57:59 +0330] "GET /wp-content/plugins/elementor-pro/assets/lib/sticky/jquery.sticky.min.js?ver=3.32.3 HTTP/1.1" 200 1442 "https://optimyar.com/paper/" "Mozilla/5.0 (Linux; Android 10; K) AppleWebKit/537.36 (KHTML, like Gecko) Chrome/141.0.0.0 Mobile Safari/537.36"
5.122.228.132 - - [04/Nov/2025:00:57:59 +0330] "GET /wp-content/plugins/elementskit-lite/libs/framework/assets/js/frontend-script.js?ver=3.7.5 HTTP/1.1" 200 40 "https://optimyar.com/paper/" "Mozilla/5.0 (Linux; Android 10; K) AppleWebKit/537.36 (KHTML, like Gecko) Chrome/141.0.0.0 Mobile Safari/537.36"
5.122.228.132 - - [04/Nov/2025:00:57:59 +0330] "GET /wp-content/plugins/essential-addons-for-elementor-lite/assets/front-end/js/view/general.min.js?ver=6.4.0 HTTP/1.1" 200 3899 "https://optimyar.com/paper/" "Mozilla/5.0 (Linux; Android 10; K) AppleWebKit/537.36 (KHTML, like Gecko) Chrome/141.0.0.0 Mobile Safari/537.36"
5.122.228.132 - - [04/Nov/2025:00:57:59 +0330] "GET /wp-content/plugins/elementor-pro/assets/js/webpack-pro.runtime.min.js?ver=3.32.3 HTTP/1.1" 200 2622 "https://optimyar.com/paper/" "Mozilla/5.0 (Linux; Android 10; K) AppleWebKit/537.36 (KHTML, like Gecko) Chrome/141.0.0.0 Mobile Safari/537.36"
5.122.228.132 - - [04/Nov/2025:00:57:59 +0330] "GET /wp-includes/js/dist/hooks.min.js?ver=4d63a3d491d11ffd8ac6 HTTP/1.1" 200 1571 "https://optimyar.com/paper/" "Mozilla/5.0 (Linux; Android 10; K) AppleWebKit/537.36 (KHTML, like Gecko) Chrome/141.0.0.0 Mobile Safari/537.36"
5.122.228.132 - - [04/Nov/2025:00:57:59 +0330] "GET /wp-includes/js/dist/i18n.min.js?ver=5e580eb46a90c2b997e6 HTTP/1.1" 200 3542 "https://optimyar.com/paper/" "Mozilla/5.0 (Linux; Android 10; K) AppleWebKit/537.36 (KHTML, like Gecko) Chrome/141.0.0.0 Mobile Safari/537.36"
5.122.228.132 - - [04/Nov/2025:00:57:59 +0330] "GET /wp-content/plugins/elementskit-lite/widgets/init/assets/js/widget-scripts.js?ver=3.7.5 HTTP/1.1" 200 35012 "https://optimyar.com/paper/" "Mozilla/5.0 (Linux; Android 10; K) AppleWebKit/537.36 (KHTML, like Gecko) Chrome/141.0.0.0 Mobile Safari/537.36"
5.122.228.132 - - [04/Nov/2025:00:57:59 +0330] "GET /wp-content/plugins/jet-blocks/assets/js/lib/jsticky/jquery.jsticky.min.js?ver=1.1.0 HTTP/1.1" 200 571 "https://optimyar.com/paper/" "Mozilla/5.0 (Linux; Android 10; K) AppleWebKit/537.36 (KHTML, like Gecko) Chrome/141.0.0.0 Mobile Safari/537.36"
5.122.228.132 - - [04/Nov/2025:00:57:59 +0330] "GET /wp-content/plugins/elementskit-lite/widgets/init/assets/js/animate-circle.min.js?ver=3.7.5 HTTP/1.1" 200 393 "https://optimyar.com/paper/" "Mozilla/5.0 (Linux; Android 10; K) AppleWebKit/537.36 (KHTML, like Gecko) Chrome/141.0.0.0 Mobile Safari/537.36"
5.122.228.132 - - [04/Nov/2025:00:57:59 +0330] "GET /wp-content/plugins/elementor-extras/assets/lib/parallax-gallery/parallax-gallery.min.js?ver=1.0.0 HTTP/1.1" 200 814 "https://optimyar.com/paper/" "Mozilla/5.0 (Linux; Android 10; K) AppleWebKit/537.36 (KHTML, like Gecko) Chrome/141.0.0.0 Mobile Safari/537.36"
5.122.228.132 - - [04/Nov/2025:00:57:59 +0330] "GET /wp-content/plugins/shortcodes-ultimate/includes/css/rtl-shortcodes.css?ver=7.4.5 HTTP/1.1" 200 348 "https://optimyar.com/paper/" "Mozilla/5.0 (Linux; Android 10; K) AppleWebKit/537.36 (KHTML, like Gecko) Chrome/141.0.0.0 Mobile Safari/537.36"
5.122.228.132 - - [04/Nov/2025:00:57:59 +0330] "GET /wp-content/plugins/elementor-pro/assets/js/frontend.min.js?ver=3.32.3 HTTP/1.1" 200 6321 "https://optimyar.com/paper/" "Mozilla/5.0 (Linux; Android 10; K) AppleWebKit/537.36 (KHTML, like Gecko) Chrome/141.0.0.0 Mobile Safari/537.36"
5.122.228.132 - - [04/Nov/2025:00:57:59 +0330] "GET /wp-content/plugins/elementor-pro/assets/js/elements-handlers.min.js?ver=3.32.3 HTTP/1.1" 200 10180 "https://optimyar.com/paper/" "Mozilla/5.0 (Linux; Android 10; K) AppleWebKit/537.36 (KHTML, like Gecko) Chrome/141.0.0.0 Mobile Safari/537.36"
5.122.228.132 - - [04/Nov/2025:00:57:59 +0330] "GET /wp-content/plugins/jet-blocks/assets/js/jet-blocks.min.js?ver=1.3.21 HTTP/1.1" 200 5609 "https://optimyar.com/paper/" "Mozilla/5.0 (Linux; Android 10; K) AppleWebKit/537.36 (KHTML, like Gecko) Chrome/141.0.0.0 Mobile Safari/537.36"
5.122.228.132 - - [04/Nov/2025:00:57:59 +0330] "GET /wp-content/plugins/jet-elements/assets/js/jet-elements.min.js?ver=2.7.12.1 HTTP/1.1" 200 25019 "https://optimyar.com/paper/" "Mozilla/5.0 (Linux; Android 10; K) AppleWebKit/537.36 (KHTML, like Gecko) Chrome/141.0.0.0 Mobile Safari/537.36"
5.122.228.132 - - [04/Nov/2025:00:57:59 +0330] "GET /wp-content/plugins/jet-tabs/assets/js/jet-tabs-frontend.min.js?ver=2.2.11 HTTP/1.1" 200 6073 "https://optimyar.com/paper/" "Mozilla/5.0 (Linux; Android 10; K) AppleWebKit/537.36 (KHTML, like Gecko) Chrome/141.0.0.0 Mobile Safari/537.36"
5.122.228.132 - - [04/Nov/2025:00:57:59 +0330] "GET /wp-content/plugins/elementskit-lite/widgets/init/assets/js/elementor.js?ver=3.7.5 HTTP/1.1" 200 5700 "https://optimyar.com/paper/" "Mozilla/5.0 (Linux; Android 10; K) AppleWebKit/537.36 (KHTML, like Gecko) Chrome/141.0.0.0 Mobile Safari/537.36"
5.122.228.132 - - [04/Nov/2025:00:57:59 +0330] "GET /wp-content/plugins/elementor-extras/assets/js/frontend.min.js?ver=2.2.52 HTTP/1.1" 200 17222 "https://optimyar.com/paper/" "Mozilla/5.0 (Linux; Android 10; K) AppleWebKit/537.36 (KHTML, like Gecko) Chrome/141.0.0.0 Mobile Safari/537.36"
5.122.228.132 - - [04/Nov/2025:00:57:59 +0330] "GET /wp-content/plugins/elementor-extras/assets/lib/hotips/hotips.min.js?ver=1.1.0 HTTP/1.1" 200 2121 "https://optimyar.com/paper/" "Mozilla/5.0 (Linux; Android 10; K) AppleWebKit/537.36 (KHTML, like Gecko) Chrome/141.0.0.0 Mobile Safari/537.36"
5.122.228.132 - - [04/Nov/2025:00:57:59 +0330] "GET /wp-content/uploads/2020/12/logo2.png HTTP/1.1" 200 4490 "https://optimyar.com/" "Mozilla/5.0 (Linux; Android 10; K) AppleWebKit/537.36 (KHTML, like Gecko) Chrome/141.0.0.0 Mobile Safari/537.36"
5.122.228.132 - - [04/Nov/2025:00:57:59 +0330] "GET /wp-content/uploads/2022/03/Untitled-1-1-300x300.png HTTP/1.1" 200 46130 "https://optimyar.com/paper/" "Mozilla/5.0 (Linux; Android 10; K) AppleWebKit/537.36 (KHTML, like Gecko) Chrome/141.0.0.0 Mobile Safari/537.36"
5.122.228.132 - - [04/Nov/2025:00:58:00 +0330] "GET /wp-content/plugins/persian-elementor/assets/css/font/Gandom/Gandom.woff2 HTTP/1.1" 200 49776 "https://optimyar.com/wp-content/plugins/persian-elementor/assets/css/font.css?ver=2.13.9" "Mozilla/5.0 (Linux; Android 10; K) AppleWebKit/537.36 (KHTML, like Gecko) Chrome/141.0.0.0 Mobile Safari/537.36"
5.122.228.132 - - [04/Nov/2025:00:58:00 +0330] "GET /wp-content/plugins/elementskit-lite/modules/elementskit-icon-pack/assets/fonts/elementskit.woff?itek3h HTTP/1.1" 200 460316 "https://optimyar.com/wp-content/plugins/elementskit-lite/modules/elementskit-icon-pack/assets/css/ekiticons.css?ver=3.7.5" "Mozilla/5.0 (Linux; Android 10; K) AppleWebKit/537.36 (KHTML, like Gecko) Chrome/141.0.0.0 Mobile Safari/537.36"
5.122.228.132 - - [04/Nov/2025:00:58:00 +0330] "GET /wp-content/plugins/persian-elementor/assets/css/font/IRANSansX/IRANSansX-Regular.woff2 HTTP/1.1" 200 40852 "https://optimyar.com/wp-content/plugins/persian-elementor/assets/css/font.css?ver=2.13.9" "Mozilla/5.0 (Linux; Android 10; K) AppleWebKit/537.36 (KHTML, like Gecko) Chrome/141.0.0.0 Mobile Safari/537.36"
5.122.228.132 - - [04/Nov/2025:00:58:00 +0330] "GET /wp-content/plugins/persian-elementor/assets/css/font/Parastoo/Parastoo-Bold.woff2 HTTP/1.1" 200 48268 "https://optimyar.com/wp-content/plugins/persian-elementor/assets/css/font.css?ver=2.13.9" "Mozilla/5.0 (Linux; Android 10; K) AppleWebKit/537.36 (KHTML, like Gecko) Chrome/141.0.0.0 Mobile Safari/537.36"
5.122.228.132 - - [04/Nov/2025:00:58:00 +0330] "GET /wp-content/plugins/elementor/assets/lib/font-awesome/webfonts/fa-solid-900.woff2 HTTP/1.1" 200 78196 "https://optimyar.com/wp-content/plugins/elementor/assets/lib/font-awesome/css/all.min.css?ver=3.32.5" "Mozilla/5.0 (Linux; Android 10; K) AppleWebKit/537.36 (KHTML, like Gecko) Chrome/141.0.0.0 Mobile Safari/537.36"
5.122.228.132 - - [04/Nov/2025:00:58:00 +0330] "GET /wp-content/uploads/elementor/google-fonts/fonts/almarai-tsstapxbaigk_hnnq12fow.woff2 HTTP/1.1" 200 17468 "https://optimyar.com/wp-content/uploads/elementor/google-fonts/css/almarai.css?ver=1744107102" "Mozilla/5.0 (Linux; Android 10; K) AppleWebKit/537.36 (KHTML, like Gecko) Chrome/141.0.0.0 Mobile Safari/537.36"
5.122.228.132 - - [04/Nov/2025:00:58:00 +0330] "GET /wp-content/plugins/elementor/assets/lib/font-awesome/webfonts/fa-brands-400.woff2 HTTP/1.1" 200 81612 "https://optimyar.com/wp-content/plugins/elementor/assets/lib/font-awesome/css/all.min.css?ver=3.32.5" "Mozilla/5.0 (Linux; Android 10; K) AppleWebKit/537.36 (KHTML, like Gecko) Chrome/141.0.0.0 Mobile Safari/537.36"
5.122.228.132 - - [04/Nov/2025:00:58:00 +0330] "GET /wp-content/plugins/elementor/assets/lib/font-awesome/webfonts/fa-regular-400.woff2 HTTP/1.1" 200 13276 "https://optimyar.com/wp-content/plugins/elementor/assets/lib/font-awesome/css/all.min.css?ver=3.32.5" "Mozilla/5.0 (Linux; Android 10; K) AppleWebKit/537.36 (KHTML, like Gecko) Chrome/141.0.0.0 Mobile Safari/537.36"
5.122.228.132 - - [04/Nov/2025:00:58:00 +0330] "GET /wp-content/plugins/elementor/assets/lib/eicons/fonts/eicons.woff2?5.44.0 HTTP/1.1" 200 103532 "https://optimyar.com/wp-content/plugins/elementor/assets/lib/eicons/css/elementor-icons.min.css?ver=5.44.0" "Mozilla/5.0 (Linux; Android 10; K) AppleWebKit/537.36 (KHTML, like Gecko) Chrome/141.0.0.0 Mobile Safari/537.36"
5.122.228.132 - - [04/Nov/2025:00:58:00 +0330] "GET /wp-content/plugins/persian-elementor/assets/css/font/IRANYekanX/IRANYekanX-Regular.woff2 HTTP/1.1" 200 35928 "https://optimyar.com/wp-content/plugins/persian-elementor/assets/css/font.css?ver=2.13.9" "Mozilla/5.0 (Linux; Android 10; K) AppleWebKit/537.36 (KHTML, like Gecko) Chrome/141.0.0.0 Mobile Safari/537.36"
5.122.228.132 - - [04/Nov/2025:00:58:00 +0330] "GET /wp-content/plugins/persian-elementor/assets/css/font/IRANSansX/IRANSansX-Medium.woff2 HTTP/1.1" 200 45884 "https://optimyar.com/wp-content/plugins/persian-elementor/assets/css/font.css?ver=2.13.9" "Mozilla/5.0 (Linux; Android 10; K) AppleWebKit/537.36 (KHTML, like Gecko) Chrome/141.0.0.0 Mobile Safari/537.36"
5.122.228.132 - - [04/Nov/2025:00:57:59 +0330] "GET /wp-content/plugins/elementor/assets/lib/font-awesome/css/fontawesome.min.css?ver=5.15.3 HTTP/2" 200 12164 "https://optimyar.com/paper/" "Mozilla/5.0 (Linux; Android 10; K) AppleWebKit/537.36 (KHTML, like Gecko) Chrome/141.0.0.0 Mobile Safari/537.36"
5.122.228.132 - - [04/Nov/2025:00:57:59 +0330] "GET /wp-content/plugins/elementor/assets/lib/font-awesome/css/solid.min.css?ver=5.15.3 HTTP/2" 200 286 "https://optimyar.com/paper/" "Mozilla/5.0 (Linux; Android 10; K) AppleWebKit/537.36 (KHTML, like Gecko) Chrome/141.0.0.0 Mobile Safari/537.36"
5.122.228.132 - - [04/Nov/2025:00:57:59 +0330] "GET /wp-content/plugins/elementor/assets/lib/font-awesome/css/brands.min.css?ver=5.15.3 HTTP/2" 200 284 "https://optimyar.com/paper/" "Mozilla/5.0 (Linux; Android 10; K) AppleWebKit/537.36 (KHTML, like Gecko) Chrome/141.0.0.0 Mobile Safari/537.36"
5.122.228.132 - - [04/Nov/2025:00:57:59 +0330] "GET /wp-content/plugins/elementor/assets/lib/font-awesome/css/regular.min.css?ver=5.15.3 HTTP/2" 200 283 "https://optimyar.com/paper/" "Mozilla/5.0 (Linux; Android 10; K) AppleWebKit/537.36 (KHTML, like Gecko) Chrome/141.0.0.0 Mobile Safari/537.36"
5.122.228.132 - - [04/Nov/2025:00:57:59 +0330] "GET /wp-content/plugins/elementor-extras/assets/css/frontend-rtl.min.css?ver=2.2.52 HTTP/2" 200 23590 "https://optimyar.com/paper/" "Mozilla/5.0 (Linux; Android 10; K) AppleWebKit/537.36 (KHTML, like Gecko) Chrome/141.0.0.0 Mobile Safari/537.36"
5.122.228.132 - - [04/Nov/2025:00:57:59 +0330] "GET /wp-content/plugins/elementskit-lite/widgets/init/assets/css/widget-styles.css?ver=3.7.5 HTTP/2" 200 48850 "https://optimyar.com/paper/" "Mozilla/5.0 (Linux; Android 10; K) AppleWebKit/537.36 (KHTML, like Gecko) Chrome/141.0.0.0 Mobile Safari/537.36"
5.122.228.132 - - [04/Nov/2025:00:57:59 +0330] "GET /wp-content/plugins/elementskit-lite/modules/elementskit-icon-pack/assets/css/ekiticons.css?ver=3.7.5 HTTP/2" 200 9681 "https://optimyar.com/paper/" "Mozilla/5.0 (Linux; Android 10; K) AppleWebKit/537.36 (KHTML, like Gecko) Chrome/141.0.0.0 Mobile Safari/537.36"
165.22.210.249 - - [04/Nov/2025:00:58:29 +0330] "GET /not-found HTTP/2" 301 20 "http://optimyar.com" "Mozilla/5.0 (Macintosh; Intel Mac OS X 10_15_7) AppleWebKit/537.36 (KHTML, like Gecko) Chrome/126.0.0.0 Safari/537.36"
165.22.210.249 - - [04/Nov/2025:00:58:32 +0330] "GET /not-found/ HTTP/2" 200 0 "http://optimyar.com" "Mozilla/5.0 (Macintosh; Intel Mac OS X 10_15_7) AppleWebKit/537.36 (KHTML, like Gecko) Chrome/126.0.0.0 Safari/537.36"
185.231.154.128 - - [04/Nov/2025:00:59:22 +0330] "GET / HTTP/1.0" 200 279092 "https://optimyar.com/" "Mozilla/5.0 (Windows NT 10.0; Win64; x64) AppleWebKit/537.36 (KHTML, like Gecko) Chrome/130.0.0.0 Safari/537.36 CCleaner/130.0.0.0"
185.231.154.128 - - [04/Nov/2025:00:59:23 +0330] "GET / HTTP/1.0" 200 279092 "https://optimyar.com/" "Mozilla/5.0 (Windows NT 10.0; Win64; x64) AppleWebKit/537.36 (KHTML, like Gecko) Chrome/130.0.0.0 Safari/537.36"
5.122.228.132 - - [04/Nov/2025:00:58:00 +0330] "GET /wp-content/plugins/persian-elementor/includes/icons/efaicons/fonts/efaicons.woff2 HTTP/1.1" 200 24716 "https://optimyar.com/wp-content/plugins/persian-elementor/includes/icons/efaicons/style.css?ver=2.13.9" "Mozilla/5.0 (Linux; Android 10; K) AppleWebKit/537.36 (KHTML, like Gecko) Chrome/141.0.0.0 Mobile Safari/537.36"
5.122.228.132 - - [04/Nov/2025:00:58:01 +0330] "GET /wp-includes/js/wp-emoji-release.min.js?ver=6.8.3 HTTP/1.1" 200 4769 "https://optimyar.com/paper/" "Mozilla/5.0 (Linux; Android 10; K) AppleWebKit/537.36 (KHTML, like Gecko) Chrome/141.0.0.0 Mobile Safari/537.36"
5.122.228.132 - - [04/Nov/2025:00:58:01 +0330] "GET /wp-content/plugins/elementor/assets/lib/dialog/dialog.min.js?ver=4.9.3 HTTP/1.1" 200 3593 "https://optimyar.com/paper/" "Mozilla/5.0 (Linux; Android 10; K) AppleWebKit/537.36 (KHTML, like Gecko) Chrome/141.0.0.0 Mobile Safari/537.36"
5.122.228.132 - - [04/Nov/2025:00:58:01 +0330] "GET /wp-content/plugins/elementor/assets/js/section-frontend-handlers.d85ab872da118940910d.bundle.min.js HTTP/1.1" 200 254 "https://optimyar.com/paper/" "Mozilla/5.0 (Linux; Android 10; K) AppleWebKit/537.36 (KHTML, like Gecko) Chrome/141.0.0.0 Mobile Safari/537.36"
5.122.228.132 - - [04/Nov/2025:00:58:01 +0330] "GET /wp-content/plugins/elementor/assets/js/shared-frontend-handlers.4c8abccc3e268b0767b2.bundle.min.js HTTP/1.1" 200 2542 "https://optimyar.com/paper/" "Mozilla/5.0 (Linux; Android 10; K) AppleWebKit/537.36 (KHTML, like Gecko) Chrome/141.0.0.0 Mobile Safari/537.36"
5.122.228.132 - - [04/Nov/2025:00:58:01 +0330] "GET /wp-content/plugins/elementor-pro/assets/js/nav-menu.0edc0c22e9f3101552ed.bundle.min.js HTTP/1.1" 200 1758 "https://optimyar.com/paper/" "Mozilla/5.0 (Linux; Android 10; K) AppleWebKit/537.36 (KHTML, like Gecko) Chrome/141.0.0.0 Mobile Safari/537.36"
5.122.228.132 - - [04/Nov/2025:00:58:01 +0330] "GET /wp-content/plugins/elementor/assets/js/text-editor.abc8f59c62f2820dc25a.bundle.min.js HTTP/1.1" 200 618 "https://optimyar.com/paper/" "Mozilla/5.0 (Linux; Android 10; K) AppleWebKit/537.36 (KHTML, like Gecko) Chrome/141.0.0.0 Mobile Safari/537.36"
5.122.228.132 - - [04/Nov/2025:00:58:03 +0330] "GET /wp-content/uploads/2021/10/cropped-logo1-192x192.png HTTP/1.1" 200 26881 "https://optimyar.com/paper/" "Mozilla/5.0 (Linux; Android 10; K) AppleWebKit/537.36 (KHTML, like Gecko) Chrome/141.0.0.0 Mobile Safari/537.36"
5.122.228.132 - - [04/Nov/2025:00:58:03 +0330] "GET /wp-content/uploads/2021/10/cropped-logo1-180x180.png HTTP/1.1" 200 24763 "https://optimyar.com/paper/" "Mozilla/5.0 (Linux; Android 10; K) AppleWebKit/537.36 (KHTML, like Gecko) Chrome/141.0.0.0 Mobile Safari/537.36"
101.78.165.58 - - [04/Nov/2025:00:59:56 +0330] "GET /not-found HTTP/2" 301 20 "http://optimyar.com" "Mozilla/5.0 (Windows NT 10.0; Win64; x64) AppleWebKit/537.36 (KHTML, like Gecko) Chrome/112.0.5615.138 Safari/537.36 Edg/112.0.1722.68"
101.78.165.58 - - [04/Nov/2025:00:59:59 +0330] "GET /not-found/ HTTP/2" 200 0 "http://optimyar.com" "Mozilla/5.0 (Windows NT 10.0; Win64; x64) AppleWebKit/537.36 (KHTML, like Gecko) Chrome/112.0.5615.138 Safari/537.36 Edg/112.0.1722.68"
64.90.38.74 - - [04/Nov/2025:01:02:50 +0330] "GET /not-found HTTP/2" 200 0 "http://optimyar.com" "Mozilla/5.0 (Macintosh; Intel Mac OS X 13_3) AppleWebKit/537.36 (KHTML, like Gecko) Chrome/126.0.0.0 Safari/537.36"
159.223.46.114 - - [04/Nov/2025:01:04:16 +0330] "GET /not-found HTTP/2" 301 20 "http://optimyar.com" "Mozilla/5.0 (Windows NT 10.0; Win64; x64; rv:129.0) Gecko/20100101 Firefox/129.0"
159.223.46.114 - - [04/Nov/2025:01:04:19 +0330] "GET /not-found/ HTTP/2" 200 0 "http://optimyar.com" "Mozilla/5.0 (Windows NT 10.0; Win64; x64; rv:129.0) Gecko/20100101 Firefox/129.0"
141.98.11.175 - - [04/Nov/2025:01:07:00 +0330] "GET /postnews.php HTTP/1.1" 404 15018 "www.google.com" "Mozilla/5.0 (Linux; Android 7.0; SM-G892A Build/NRD90M; wv) AppleWebKit/537.36 (KHTML, like Gecko) Version/4.0 Chrome/60.0.3112.107 Mobile Safari/537.36"
162.214.78.123 - - [04/Nov/2025:01:07:07 +0330] "GET /not-found HTTP/2" 301 20 "http://optimyar.com" "Mozilla/5.0 (Windows NT 10.0; Win64; x64) AppleWebKit/537.36 (KHTML, like Gecko) Chrome/112.0.5615.138 Safari/537.36"
162.214.78.123 - - [04/Nov/2025:01:07:10 +0330] "GET /not-found/ HTTP/2" 200 0 "http://optimyar.com" "Mozilla/5.0 (Windows NT 10.0; Win64; x64) AppleWebKit/537.36 (KHTML, like Gecko) Chrome/112.0.5615.138 Safari/537.36"
31.214.174.196 - - [04/Nov/2025:01:09:58 +0330] "POST /wp-cron.php?doing_wp_cron=1762205998.4228880405426025390625 HTTP/1.1" 200 20 "-" "WordPress/6.8.3; https://optimyar.com"
213.174.124.122 - - [04/Nov/2025:01:12:05 +0330] "GET /shell4.php HTTP/1.1" 404 15017 "https://www.google.com" "Mozilla/5.0 (Windows NT 10.0; WOW64; rv:52.0) Gecko/20100101 Firefox/52.0"
213.174.124.122 - - [04/Nov/2025:01:12:10 +0330] "GET /ups.php HTTP/1.1" 404 15017 "https://www.google.com" "Mozilla/5.0 (Windows NT 10.0; WOW64; rv:52.0) Gecko/20100101 Firefox/52.0"
213.174.124.122 - - [04/Nov/2025:01:12:27 +0330] "GET /vuln.php HTTP/1.1" 404 15017 "https://www.google.com" "Mozilla/5.0 (Windows NT 10.0; WOW64; rv:52.0) Gecko/20100101 Firefox/52.0"
213.174.124.122 - - [04/Nov/2025:01:12:31 +0330] "GET /fw.php HTTP/1.1" 404 15017 "https://www.google.com" "Mozilla/5.0 (Windows NT 10.0; WOW64; rv:52.0) Gecko/20100101 Firefox/52.0"
213.174.124.122 - - [04/Nov/2025:01:12:41 +0330] "GET /skippershell.php HTTP/1.1" 404 15017 "https://www.google.com" "Mozilla/5.0 (Windows NT 10.0; WOW64; rv:52.0) Gecko/20100101 Firefox/52.0"
213.174.124.122 - - [04/Nov/2025:01:12:56 +0330] "GET /alfa.php HTTP/1.1" 404 15017 "https://www.google.com" "Mozilla/5.0 (Windows NT 10.0; WOW64; rv:52.0) Gecko/20100101 Firefox/52.0"
213.174.124.122 - - [04/Nov/2025:01:13:02 +0330] "GET /shell.php HTTP/1.1" 404 15017 "https://www.google.com" "Mozilla/5.0 (Windows NT 10.0; WOW64; rv:52.0) Gecko/20100101 Firefox/52.0"
213.174.124.122 - - [04/Nov/2025:01:13:08 +0330] "GET /inje3ctor.php HTTP/1.1" 404 15017 "https://www.google.com" "Mozilla/5.0 (Windows NT 10.0; WOW64; rv:52.0) Gecko/20100101 Firefox/52.0"
146.83.7.1 - - [04/Nov/2025:01:13:09 +0330] "GET /not-found HTTP/2" 200 0 "http://optimyar.com" "Mozilla/5.0 (Macintosh; Intel Mac OS X 10_15_7) AppleWebKit/537.36 (KHTML, like Gecko) Chrome/116.0.5845.96 Safari/537.36"
213.174.124.122 - - [04/Nov/2025:01:13:22 +0330] "GET /alfashell.php HTTP/1.1" 404 15017 "https://www.google.com" "Mozilla/5.0 (Windows NT 10.0; WOW64; rv:52.0) Gecko/20100101 Firefox/52.0"
213.174.124.122 - - [04/Nov/2025:01:13:32 +0330] "GET /uploader.php HTTP/1.1" 404 15017 "https://www.google.com" "Mozilla/5.0 (Windows NT 10.0; WOW64; rv:52.0) Gecko/20100101 Firefox/52.0"
213.174.124.122 - - [04/Nov/2025:01:13:37 +0330] "GET /up.php HTTP/1.1" 404 15017 "https://www.google.com" "Mozilla/5.0 (Windows NT 10.0; WOW64; rv:52.0) Gecko/20100101 Firefox/52.0"
213.174.124.122 - - [04/Nov/2025:01:14:02 +0330] "GET /cmd13.php HTTP/1.1" 404 15017 "https://www.google.com" "Mozilla/5.0 (Windows NT 10.0; WOW64; rv:52.0) Gecko/20100101 Firefox/52.0"
185.146.3.15 - - [04/Nov/2025:01:05:38 +0330] "GET /not-found HTTP/2" 301 20 "http://optimyar.com" "Mozilla/5.0 (Windows NT 10.0; Win64; x64) AppleWebKit/537.36 (KHTML, like Gecko) Chrome/126.0.0.0 Safari/537.36"
185.146.3.15 - - [04/Nov/2025:01:05:41 +0330] "GET /not-found/ HTTP/2" 200 0 "http://optimyar.com" "Mozilla/5.0 (Windows NT 10.0; Win64; x64) AppleWebKit/537.36 (KHTML, like Gecko) Chrome/126.0.0.0 Safari/537.36"
141.98.11.175 - - [04/Nov/2025:01:07:16 +0330] "GET /postnews.php HTTP/1.1" 404 15018 "www.google.com" "Mozilla/5.0 (Linux; Android 7.0; SM-G892A Build/NRD90M; wv) AppleWebKit/537.36 (KHTML, like Gecko) Version/4.0 Chrome/60.0.3112.107 Mobile Safari/537.36"
139.59.189.244 - - [04/Nov/2025:01:09:55 +0330] "GET /not-found HTTP/2" 301 20 "http://optimyar.com" "Mozilla/5.0 (Macintosh; Intel Mac OS X 13_3) AppleWebKit/537.36 (KHTML, like Gecko) Chrome/126.0.0.0 Safari/537.36"
139.59.189.244 - - [04/Nov/2025:01:10:00 +0330] "GET /not-found/ HTTP/2" 200 0 "http://optimyar.com" "Mozilla/5.0 (Macintosh; Intel Mac OS X 13_3) AppleWebKit/537.36 (KHTML, like Gecko) Chrome/126.0.0.0 Safari/537.36"
124.71.169.49 - - [04/Nov/2025:01:11:37 +0330] "GET /not-found HTTP/2" 301 20 "http://optimyar.com" "Mozilla/5.0 (Macintosh; Intel Mac OS X 14.3) AppleWebKit/614.31.14 (KHTML, like Gecko) Version/17.0.96 Safari/614.31.14"
124.71.169.49 - - [04/Nov/2025:01:11:40 +0330] "GET /not-found/ HTTP/2" 200 0 "http://optimyar.com" "Mozilla/5.0 (Macintosh; Intel Mac OS X 14.3) AppleWebKit/614.31.14 (KHTML, like Gecko) Version/17.0.96 Safari/614.31.14"
213.174.124.122 - - [04/Nov/2025:01:12:16 +0330] "GET /ru.php HTTP/1.1" 404 15017 "https://www.google.com" "Mozilla/5.0 (Windows NT 10.0; WOW64; rv:52.0) Gecko/20100101 Firefox/52.0"
213.174.124.122 - - [04/Nov/2025:01:12:21 +0330] "GET /if.php HTTP/1.1" 404 15017 "https://www.google.com" "Mozilla/5.0 (Windows NT 10.0; WOW64; rv:52.0) Gecko/20100101 Firefox/52.0"
213.174.124.122 - - [04/Nov/2025:01:12:36 +0330] "GET /skipper.php HTTP/1.1" 404 15017 "https://www.google.com" "Mozilla/5.0 (Windows NT 10.0; WOW64; rv:52.0) Gecko/20100101 Firefox/52.0"
213.174.124.122 - - [04/Nov/2025:01:12:46 +0330] "GET /tttt.php HTTP/1.1" 404 15017 "https://www.google.com" "Mozilla/5.0 (Windows NT 10.0; WOW64; rv:52.0) Gecko/20100101 Firefox/52.0"
213.174.124.122 - - [04/Nov/2025:01:12:51 +0330] "GET /tshop.php HTTP/1.1" 404 15017 "https://www.google.com" "Mozilla/5.0 (Windows NT 10.0; WOW64; rv:52.0) Gecko/20100101 Firefox/52.0"
213.174.124.122 - - [04/Nov/2025:01:13:12 +0330] "GET /saudi.php HTTP/1.1" 404 15017 "https://www.google.com" "Mozilla/5.0 (Windows NT 10.0; WOW64; rv:52.0) Gecko/20100101 Firefox/52.0"
213.174.124.122 - - [04/Nov/2025:01:13:18 +0330] "GET /wso.php HTTP/1.1" 404 15017 "https://www.google.com" "Mozilla/5.0 (Windows NT 10.0; WOW64; rv:52.0) Gecko/20100101 Firefox/52.0"
213.174.124.122 - - [04/Nov/2025:01:13:27 +0330] "GET /my_alfa.php HTTP/1.1" 404 15017 "https://www.google.com" "Mozilla/5.0 (Windows NT 10.0; WOW64; rv:52.0) Gecko/20100101 Firefox/52.0"
213.174.124.122 - - [04/Nov/2025:01:13:42 +0330] "GET /hacked.php HTTP/1.1" 404 15017 "https://www.google.com" "Mozilla/5.0 (Windows NT 10.0; WOW64; rv:52.0) Gecko/20100101 Firefox/52.0"
213.174.124.122 - - [04/Nov/2025:01:13:47 +0330] "GET /c99.php HTTP/1.1" 404 15017 "https://www.google.com" "Mozilla/5.0 (Windows NT 10.0; WOW64; rv:52.0) Gecko/20100101 Firefox/52.0"
213.174.124.122 - - [04/Nov/2025:01:13:52 +0330] "GET /priv8.php HTTP/1.1" 404 15017 "https://www.google.com" "Mozilla/5.0 (Windows NT 10.0; WOW64; rv:52.0) Gecko/20100101 Firefox/52.0"
213.174.124.122 - - [04/Nov/2025:01:13:57 +0330] "GET /Navir.php HTTP/1.1" 404 15017 "https://www.google.com" "Mozilla/5.0 (Windows NT 10.0; WOW64; rv:52.0) Gecko/20100101 Firefox/52.0"
213.174.124.122 - - [04/Nov/2025:01:14:23 +0330] "GET /swm.php HTTP/1.1" 404 15017 "https://www.google.com" "Mozilla/5.0 (Windows NT 10.0; WOW64; rv:52.0) Gecko/20100101 Firefox/52.0"
213.174.124.122 - - [04/Nov/2025:01:14:08 +0330] "GET /inc20k1.php HTTP/1.1" 404 15017 "https://www.google.com" "Mozilla/5.0 (Windows NT 10.0; WOW64; rv:52.0) Gecko/20100101 Firefox/52.0"
213.174.124.122 - - [04/Nov/2025:01:14:13 +0330] "GET /1index.php HTTP/1.1" 404 15017 "https://www.google.com" "Mozilla/5.0 (Windows NT 10.0; WOW64; rv:52.0) Gecko/20100101 Firefox/52.0"
213.174.124.122 - - [04/Nov/2025:01:14:18 +0330] "GET /404.php HTTP/1.1" 404 15017 "https://www.google.com" "Mozilla/5.0 (Windows NT 10.0; WOW64; rv:52.0) Gecko/20100101 Firefox/52.0"
50.6.230.95 - - [04/Nov/2025:01:14:36 +0330] "GET /not-found HTTP/2" 301 20 "http://optimyar.com" "Mozilla/5.0 (Windows NT 10.0; Win64; x64; rv:127.0) Gecko/20100101 Firefox/127.0"
213.174.124.122 - - [04/Nov/2025:01:14:37 +0330] "GET /shx.php HTTP/1.1" 404 15017 "https://www.google.com" "Mozilla/5.0 (Windows NT 10.0; WOW64; rv:52.0) Gecko/20100101 Firefox/52.0"
50.6.230.95 - - [04/Nov/2025:01:14:39 +0330] "GET /not-found/ HTTP/2" 200 0 "http://optimyar.com" "Mozilla/5.0 (Windows NT 10.0; Win64; x64; rv:127.0) Gecko/20100101 Firefox/127.0"
31.214.174.196 - - [04/Nov/2025:01:14:41 +0330] "POST /wp-cron.php?doing_wp_cron=1762206281.9453148841857910156250 HTTP/1.1" 200 20 "-" "WordPress/6.8.3; https://optimyar.com"
213.174.124.122 - - [04/Nov/2025:01:14:52 +0330] "GET /edit-form.php HTTP/1.1" 404 15017 "https://www.google.com" "Mozilla/5.0 (Windows NT 10.0; WOW64; rv:52.0) Gecko/20100101 Firefox/52.0"
213.174.124.122 - - [04/Nov/2025:01:14:56 +0330] "GET /LEAF.php HTTP/1.1" 404 15017 "https://www.google.com" "Mozilla/5.0 (Windows NT 10.0; WOW64; rv:52.0) Gecko/20100101 Firefox/52.0"
213.174.124.122 - - [04/Nov/2025:01:15:01 +0330] "GET /leafmailer.php HTTP/1.1" 404 15017 "https://www.google.com" "Mozilla/5.0 (Windows NT 10.0; WOW64; rv:52.0) Gecko/20100101 Firefox/52.0"
213.174.124.122 - - [04/Nov/2025:01:15:07 +0330] "GET /mailer.php HTTP/1.1" 404 15017 "https://www.google.com" "Mozilla/5.0 (Windows NT 10.0; WOW64; rv:52.0) Gecko/20100101 Firefox/52.0"
213.174.124.122 - - [04/Nov/2025:01:15:34 +0330] "GET /srx.php HTTP/1.1" 404 15017 "https://www.google.com" "Mozilla/5.0 (Windows NT 10.0; WOW64; rv:52.0) Gecko/20100101 Firefox/52.0"
213.174.124.122 - - [04/Nov/2025:01:15:45 +0330] "GET /xx.php HTTP/1.1" 404 15017 "https://www.google.com" "Mozilla/5.0 (Windows NT 10.0; WOW64; rv:52.0) Gecko/20100101 Firefox/52.0"
163.172.106.185 - - [04/Nov/2025:01:15:56 +0330] "GET /wp-login.php HTTP/2" 302 20 "http://optimyar.com/wp-login.php" "Mozilla/5.0 (Windows NT 10.0; Win64; x64; rv:144.0) Gecko/20100101 Firefox/144.0"
213.174.124.122 - - [04/Nov/2025:01:15:56 +0330] "GET /alex.php HTTP/1.1" 404 15017 "https://www.google.com" "Mozilla/5.0 (Windows NT 10.0; WOW64; rv:52.0) Gecko/20100101 Firefox/52.0"
213.174.124.122 - - [04/Nov/2025:01:16:02 +0330] "GET /new.php HTTP/1.1" 404 15017 "https://www.google.com" "Mozilla/5.0 (Windows NT 10.0; WOW64; rv:52.0) Gecko/20100101 Firefox/52.0"
213.174.124.122 - - [04/Nov/2025:01:16:07 +0330] "GET /marijuana.php HTTP/1.1" 404 15017 "https://www.google.com" "Mozilla/5.0 (Windows NT 10.0; WOW64; rv:52.0) Gecko/20100101 Firefox/52.0"
213.174.124.122 - - [04/Nov/2025:01:16:13 +0330] "GET /gaza.php HTTP/1.1" 404 15017 "https://www.google.com" "Mozilla/5.0 (Windows NT 10.0; WOW64; rv:52.0) Gecko/20100101 Firefox/52.0"
209.42.19.68 - - [04/Nov/2025:01:16:14 +0330] "GET /not-found HTTP/2" 301 20 "http://optimyar.com" "Mozilla/5.0 (Macintosh; Intel Mac OS X 14_4_1) AppleWebKit/605.1.15 (KHTML, like Gecko) Version/17.3.1 Safari/605.1.15"
209.42.19.68 - - [04/Nov/2025:01:16:17 +0330] "GET /not-found/ HTTP/2" 200 0 "http://optimyar.com" "Mozilla/5.0 (Macintosh; Intel Mac OS X 14_4_1) AppleWebKit/605.1.15 (KHTML, like Gecko) Version/17.3.1 Safari/605.1.15"
213.174.124.122 - - [04/Nov/2025:01:16:24 +0330] "GET /3index.php HTTP/1.1" 404 15017 "https://www.google.com" "Mozilla/5.0 (Windows NT 10.0; WOW64; rv:52.0) Gecko/20100101 Firefox/52.0"
213.174.124.122 - - [04/Nov/2025:01:16:45 +0330] "GET /Lux.php HTTP/1.1" 404 15017 "https://www.google.com" "Mozilla/5.0 (Windows NT 10.0; WOW64; rv:52.0) Gecko/20100101 Firefox/52.0"
46.245.76.52 - - [04/Nov/2025:01:17:47 +0330] "GET /not-found HTTP/2" 301 20 "http://optimyar.com" "Mozilla/5.0 (Macintosh; Intel Mac OS X 14.3) AppleWebKit/614.31.14 (KHTML, like Gecko) Version/17.0.96 Safari/614.31.14"
46.245.76.52 - - [04/Nov/2025:01:17:51 +0330] "GET /not-found/ HTTP/2" 200 0 "http://optimyar.com" "Mozilla/5.0 (Macintosh; Intel Mac OS X 14.3) AppleWebKit/614.31.14 (KHTML, like Gecko) Version/17.0.96 Safari/614.31.14"
213.174.124.122 - - [04/Nov/2025:01:14:28 +0330] "GET /wp.php HTTP/1.1" 404 15017 "https://www.google.com" "Mozilla/5.0 (Windows NT 10.0; WOW64; rv:52.0) Gecko/20100101 Firefox/52.0"
213.174.124.122 - - [04/Nov/2025:01:14:32 +0330] "GET /doc.php HTTP/1.1" 404 15017 "https://www.google.com" "Mozilla/5.0 (Windows NT 10.0; WOW64; rv:52.0) Gecko/20100101 Firefox/52.0"
213.174.124.122 - - [04/Nov/2025:01:14:42 +0330] "GET /ws.php HTTP/1.1" 404 15017 "https://www.google.com" "Mozilla/5.0 (Windows NT 10.0; WOW64; rv:52.0) Gecko/20100101 Firefox/52.0"
213.174.124.122 - - [04/Nov/2025:01:14:47 +0330] "GET /m.php HTTP/1.1" 404 15017 "https://www.google.com" "Mozilla/5.0 (Windows NT 10.0; WOW64; rv:52.0) Gecko/20100101 Firefox/52.0"
213.174.124.122 - - [04/Nov/2025:01:15:12 +0330] "GET /leafmailer2.8.php HTTP/1.1" 404 15017 "https://www.google.com" "Mozilla/5.0 (Windows NT 10.0; WOW64; rv:52.0) Gecko/20100101 Firefox/52.0"
213.174.124.122 - - [04/Nov/2025:01:15:17 +0330] "GET /Leaf.php HTTP/1.1" 404 15017 "https://www.google.com" "Mozilla/5.0 (Windows NT 10.0; WOW64; rv:52.0) Gecko/20100101 Firefox/52.0"
213.174.124.122 - - [04/Nov/2025:01:15:23 +0330] "GET /leaf.php HTTP/1.1" 404 15017 "https://www.google.com" "Mozilla/5.0 (Windows NT 10.0; WOW64; rv:52.0) Gecko/20100101 Firefox/52.0"
31.214.174.196 - - [04/Nov/2025:01:15:30 +0330] "POST /wp-cron.php?doing_wp_cron=1762206330.6622419357299804687500 HTTP/1.1" 200 20 "-" "WordPress/6.8.3; https://optimyar.com"
213.174.124.122 - - [04/Nov/2025:01:15:29 +0330] "GET /x.php HTTP/1.1" 404 15017 "https://www.google.com" "Mozilla/5.0 (Windows NT 10.0; WOW64; rv:52.0) Gecko/20100101 Firefox/52.0"
31.214.174.196 - - [04/Nov/2025:01:15:36 +0330] "POST /wp-cron.php?doing_wp_cron=1762206336.1868948936462402343750 HTTP/1.1" 200 20 "-" "WordPress/6.8.3; https://optimyar.com"
213.174.124.122 - - [04/Nov/2025:01:15:39 +0330] "GET /1337.php HTTP/1.1" 404 15017 "https://www.google.com" "Mozilla/5.0 (Windows NT 10.0; WOW64; rv:52.0) Gecko/20100101 Firefox/52.0"
213.174.124.122 - - [04/Nov/2025:01:15:51 +0330] "GET /lf.php HTTP/1.1" 404 15017 "https://www.google.com" "Mozilla/5.0 (Windows NT 10.0; WOW64; rv:52.0) Gecko/20100101 Firefox/52.0"
213.174.124.122 - - [04/Nov/2025:01:16:18 +0330] "GET /wp-admin.php HTTP/1.1" 404 15017 "https://www.google.com" "Mozilla/5.0 (Windows NT 10.0; WOW64; rv:52.0) Gecko/20100101 Firefox/52.0"
213.174.124.122 - - [04/Nov/2025:01:16:29 +0330] "GET /wikindex.php HTTP/1.1" 404 15017 "https://www.google.com" "Mozilla/5.0 (Windows NT 10.0; WOW64; rv:52.0) Gecko/20100101 Firefox/52.0"
213.174.124.122 - - [04/Nov/2025:01:16:34 +0330] "GET /wso1.php HTTP/1.1" 404 15017 "https://www.google.com" "Mozilla/5.0 (Windows NT 10.0; WOW64; rv:52.0) Gecko/20100101 Firefox/52.0"
213.174.124.122 - - [04/Nov/2025:01:16:40 +0330] "GET /bb.php HTTP/1.1" 404 15017 "https://www.google.com" "Mozilla/5.0 (Windows NT 10.0; WOW64; rv:52.0) Gecko/20100101 Firefox/52.0"
213.174.124.122 - - [04/Nov/2025:01:16:51 +0330] "GET /haxor.php HTTP/1.1" 404 15017 "https://www.google.com" "Mozilla/5.0 (Windows NT 10.0; WOW64; rv:52.0) Gecko/20100101 Firefox/52.0"
31.214.174.196 - - [04/Nov/2025:01:19:23 +0330] "POST /wp-cron.php?doing_wp_cron=1762206563.7515249252319335937500 HTTP/1.1" 200 20 "-" "WordPress/6.8.3; https://optimyar.com"
209.42.19.68 - - [04/Nov/2025:01:19:21 +0330] "GET /not-found HTTP/2" 301 20 "http://optimyar.com" "Mozilla/5.0 (Macintosh; Intel Mac OS X 14_4_1) AppleWebKit/605.1.15 (KHTML, like Gecko) Version/17.3.1 Safari/605.1.15"
209.42.19.68 - - [04/Nov/2025:01:19:24 +0330] "GET /not-found/ HTTP/2" 200 0 "http://optimyar.com" "Mozilla/5.0 (Macintosh; Intel Mac OS X 14_4_1) AppleWebKit/605.1.15 (KHTML, like Gecko) Version/17.3.1 Safari/605.1.15"
139.59.189.244 - - [04/Nov/2025:01:22:29 +0330] "GET /not-found HTTP/2" 301 20 "http://optimyar.com" "Mozilla/5.0 (Windows NT 10.0; Win64; x64) AppleWebKit/537.36 (KHTML, like Gecko) Chrome/116.0.5845.96 Safari/537.36"
139.59.189.244 - - [04/Nov/2025:01:22:32 +0330] "GET /not-found/ HTTP/2" 200 0 "http://optimyar.com" "Mozilla/5.0 (Windows NT 10.0; Win64; x64) AppleWebKit/537.36 (KHTML, like Gecko) Chrome/116.0.5845.96 Safari/537.36"
31.214.174.196 - - [04/Nov/2025:01:24:14 +0330] "POST /wp-cron.php?doing_wp_cron=1762206854.7030839920043945312500 HTTP/1.1" 200 20 "-" "WordPress/6.8.3; https://optimyar.com"
185.241.208.161 - - [04/Nov/2025:01:24:53 +0330] "GET /wp-content/themes/seotheme/db.php?u HTTP/1.1" 403 17364 "www.google.com" "Mozlila/5.0 (Linux; Android 7.0; SM-G892A Bulid/NRD90M; wv) AppleWebKit/537.36 (KHTML, like Gecko) Version/4.0 Chrome/60.0.3112.107 Moblie Safari/537.36"
31.214.174.196 - - [04/Nov/2025:01:24:54 +0330] "POST /?wordfence_syncAttackData=1762206894.7258 HTTP/1.1" 200 20 "-" "WordPress/6.8.3; https://optimyar.com"
185.241.208.161 - - [04/Nov/2025:01:24:54 +0330] "GET /wp-content/plugins/fix/up.php HTTP/1.1" 404 101702 "-" "Mozilla/5.0 (Windows NT 10.0; Win64; x64) AppleWebKit/537.36 (KHTML, like Gecko) Chrome/85.0.4183.102 Safari/537.36"
185.241.208.161 - - [04/Nov/2025:01:25:00 +0330] "GET /iswlmbdu.php?Fox=d3wL7 HTTP/1.1" 404 101399 "www.google.com" "Mozilla/5.0 (Linux; Android 7.0; SM-G892A Bulid/NRD90M; wv) AppleWebKit/537.36 (KHTML, like Gecko) Version/4.0 Chrome/60.0.3112.107 Moblie Safari/537.36"
31.214.174.196 - - [04/Nov/2025:01:28:55 +0330] "POST /wp-cron.php?doing_wp_cron=1762207135.8923509120941162109375 HTTP/1.1" 200 20 "-" "WordPress/6.8.3; https://optimyar.com"
8.133.253.244 - - [04/Nov/2025:01:28:53 +0330] "GET /not-found HTTP/2" 200 0 "http://optimyar.com" "Mozilla/5.0 (Macintosh; Intel Mac OS X 13.3; rv:126.0) Gecko/20100101 Firefox/126.0"
68.183.135.252 - - [04/Nov/2025:01:30:24 +0330] "GET /not-found HTTP/2" 301 20 "http://optimyar.com" "Mozilla/5.0 (Windows NT 11.0; Win64; x64) AppleWebKit/537.36 (KHTML, like Gecko) Chrome/126.0.0.0 Safari/537.36"
68.183.135.252 - - [04/Nov/2025:01:30:27 +0330] "GET /not-found/ HTTP/2" 200 0 "http://optimyar.com" "Mozilla/5.0 (Windows NT 11.0; Win64; x64) AppleWebKit/537.36 (KHTML, like Gecko) Chrome/126.0.0.0 Safari/537.36"
195.199.197.147 - - [04/Nov/2025:01:33:38 +0330] "GET /not-found HTTP/2" 301 20 "http://optimyar.com" "Mozilla/5.0 (Windows NT 10.0; Win64; x64; rv:125.0.1) Gecko/20100101 Firefox/125.0.1"
195.199.197.147 - - [04/Nov/2025:01:33:41 +0330] "GET /not-found/ HTTP/2" 200 0 "http://optimyar.com" "Mozilla/5.0 (Windows NT 10.0; Win64; x64; rv:125.0.1) Gecko/20100101 Firefox/125.0.1"
144.76.32.114 - - [04/Nov/2025:01:34:02 +0330] "GET /robots.txt HTTP/1.1" 200 123 "-" "Mozilla/5.0 (compatible; BLEXBot/1.0; +https://help.seranking.com/en/blex-crawler)"
144.76.32.114 - - [04/Nov/2025:01:34:04 +0330] "GET /note/ HTTP/1.1" 200 21543 "-" "Mozilla/5.0 (compatible; BLEXBot/1.0; +https://help.seranking.com/en/blex-crawler)"
144.76.32.114 - - [04/Nov/2025:01:34:10 +0330] "GET /about/ HTTP/1.1" 200 24011 "-" "Mozilla/5.0 (compatible; BLEXBot/1.0; +https://help.seranking.com/en/blex-crawler)"
144.76.32.114 - - [04/Nov/2025:01:34:16 +0330] "GET /paper/ HTTP/1.1" 200 22354 "-" "Mozilla/5.0 (compatible; BLEXBot/1.0; +https://help.seranking.com/en/blex-crawler)"
144.76.32.114 - - [04/Nov/2025:01:34:23 +0330] "GET /robots.txt HTTP/1.1" 200 123 "-" "Mozilla/5.0 (compatible; BLEXBot/1.0; +https://help.seranking.com/en/blex-crawler)"
144.76.32.114 - - [04/Nov/2025:01:34:30 +0330] "GET /courses/ HTTP/1.1" 200 25401 "-" "Mozilla/5.0 (compatible; BLEXBot/1.0; +https://help.seranking.com/en/blex-crawler)"
144.76.32.114 - - [04/Nov/2025:01:34:57 +0330] "GET /courses/lao-la/ HTTP/1.1" 200 36774 "-" "Mozilla/5.0 (compatible; BLEXBot/1.0; +https://help.seranking.com/en/blex-crawler)"
144.76.32.114 - - [04/Nov/2025:01:35:03 +0330] "GET /courses/dteo-la/ HTTP/1.1" 200 38424 "-" "Mozilla/5.0 (compatible; BLEXBot/1.0; +https://help.seranking.com/en/blex-crawler)"
144.76.32.114 - - [04/Nov/2025:01:35:08 +0330] "GET /courses/gams-la/ HTTP/1.1" 200 38282 "-" "Mozilla/5.0 (compatible; BLEXBot/1.0; +https://help.seranking.com/en/blex-crawler)"
144.76.32.114 - - [04/Nov/2025:01:35:13 +0330] "GET /courses/modm-la/ HTTP/1.1" 200 38360 "-" "Mozilla/5.0 (compatible; BLEXBot/1.0; +https://help.seranking.com/en/blex-crawler)"
173.236.218.94 - - [04/Nov/2025:01:24:12 +0330] "GET /not-found HTTP/2" 200 0 "http://optimyar.com" "Mozilla/5.0 (Windows NT 10.0; Win64; x64; rv:128.0) Gecko/20100101 Firefox/128.0"
31.214.174.196 - - [04/Nov/2025:01:30:26 +0330] "POST /wp-cron.php?doing_wp_cron=1762207226.9228661060333251953125 HTTP/1.1" 200 20 "-" "WordPress/6.8.3; https://optimyar.com"
175.178.86.200 - - [04/Nov/2025:01:32:02 +0330] "GET /not-found HTTP/2" 200 0 "http://optimyar.com" "Mozilla/5.0 (Macintosh; Intel Mac OS X 10_15_7; rv:126.0) Gecko/20100101 Firefox/126.0"
144.76.32.114 - - [04/Nov/2025:01:34:40 +0330] "GET /materials/ HTTP/1.1" 200 20595 "-" "Mozilla/5.0 (compatible; BLEXBot/1.0; +https://help.seranking.com/en/blex-crawler)"
144.76.32.114 - - [04/Nov/2025:01:34:46 +0330] "GET /posts-news/ HTTP/1.1" 200 31958 "-" "Mozilla/5.0 (compatible; BLEXBot/1.0; +https://help.seranking.com/en/blex-crawler)"
144.76.32.114 - - [04/Nov/2025:01:34:51 +0330] "GET /free-services/ HTTP/1.1" 404 15017 "-" "Mozilla/5.0 (compatible; BLEXBot/1.0; +https://help.seranking.com/en/blex-crawler)"
148.135.79.162 - - [04/Nov/2025:01:36:51 +0330] "GET /not-found HTTP/2" 301 20 "http://optimyar.com" "Mozilla/5.0 (Windows NT 10.0; Win64; x64) AppleWebKit/537.36 (KHTML, like Gecko) Chrome/113.0.5672.126 Safari/537.36 Edg/113.0.1774.50"
148.135.79.162 - - [04/Nov/2025:01:36:54 +0330] "GET /not-found/ HTTP/2" 200 0 "http://optimyar.com" "Mozilla/5.0 (Windows NT 10.0; Win64; x64) AppleWebKit/537.36 (KHTML, like Gecko) Chrome/113.0.5672.126 Safari/537.36 Edg/113.0.1774.50"
31.214.174.196 - - [04/Nov/2025:01:38:29 +0330] "POST /wp-cron.php?doing_wp_cron=1762207709.1941459178924560546875 HTTP/1.1" 200 20 "-" "WordPress/6.8.3; https://optimyar.com"
128.199.163.66 - - [04/Nov/2025:01:38:27 +0330] "GET /not-found HTTP/2" 301 20 "http://optimyar.com" "Mozilla/5.0 (Macintosh; Intel Mac OS X 10_15_7) AppleWebKit/537.36 (KHTML, like Gecko) Chrome/116.0.5845.96 Safari/537.36"
128.199.163.66 - - [04/Nov/2025:01:38:30 +0330] "GET /not-found/ HTTP/2" 200 0 "http://optimyar.com" "Mozilla/5.0 (Macintosh; Intel Mac OS X 10_15_7) AppleWebKit/537.36 (KHTML, like Gecko) Chrome/116.0.5845.96 Safari/537.36"
185.56.150.12 - - [04/Nov/2025:01:40:00 +0330] "GET /not-found HTTP/2" 301 20 "http://optimyar.com" "Mozilla/5.0 (Windows NT 10.0; Win64; x64; rv:127.0) Gecko/20100101 Firefox/127.0"
185.56.150.12 - - [04/Nov/2025:01:40:03 +0330] "GET /not-found/ HTTP/2" 200 0 "http://optimyar.com" "Mozilla/5.0 (Windows NT 10.0; Win64; x64; rv:127.0) Gecko/20100101 Firefox/127.0"
77.92.146.210 - - [04/Nov/2025:01:43:12 +0330] "GET /not-found HTTP/2" 301 20 "http://optimyar.com" "Mozilla/5.0 (Windows NT 10.0; Win64; x64) AppleWebKit/537.36 (KHTML, like Gecko) Chrome/112.0.5615.138 Safari/537.36"
77.92.146.210 - - [04/Nov/2025:01:43:15 +0330] "GET /not-found/ HTTP/2" 200 0 "http://optimyar.com" "Mozilla/5.0 (Windows NT 10.0; Win64; x64) AppleWebKit/537.36 (KHTML, like Gecko) Chrome/112.0.5615.138 Safari/537.36"
89.198.35.33 - - [04/Nov/2025:01:43:46 +0330] "GET /wp-content/themes/skelementor/style.css?ver=6.8.3 HTTP/2" 200 820 "https://optimyar.com/courses/data-driven-robust-optimization/" "Mozilla/5.0 (Windows NT 10.0; Win64; x64) AppleWebKit/537.36 (KHTML, like Gecko) Chrome/141.0.0.0 Safari/537.36"
89.198.35.33 - - [04/Nov/2025:01:43:46 +0330] "GET /wp-content/plugins/elementor/assets/css/frontend-rtl.min.css?ver=3.32.5 HTTP/2" 200 6537 "https://optimyar.com/courses/data-driven-robust-optimization/" "Mozilla/5.0 (Windows NT 10.0; Win64; x64) AppleWebKit/537.36 (KHTML, like Gecko) Chrome/141.0.0.0 Safari/537.36"
89.198.35.33 - - [04/Nov/2025:01:43:46 +0330] "GET /wp-content/plugins/elementor/assets/css/widget-image-rtl.min.css?ver=3.32.5 HTTP/2" 200 119 "https://optimyar.com/courses/data-driven-robust-optimization/" "Mozilla/5.0 (Windows NT 10.0; Win64; x64) AppleWebKit/537.36 (KHTML, like Gecko) Chrome/141.0.0.0 Safari/537.36"
89.198.35.33 - - [04/Nov/2025:01:43:43 +0330] "GET /courses/data-driven-robust-optimization/ HTTP/2" 200 43065 "https://www.google.com/" "Mozilla/5.0 (Windows NT 10.0; Win64; x64) AppleWebKit/537.36 (KHTML, like Gecko) Chrome/141.0.0.0 Safari/537.36"
89.198.35.33 - - [04/Nov/2025:01:43:46 +0330] "GET /wp-content/plugins/elementor-pro/assets/css/widget-nav-menu-rtl.min.css?ver=3.32.3 HTTP/1.1" 200 3246 "https://optimyar.com/courses/data-driven-robust-optimization/" "Mozilla/5.0 (Windows NT 10.0; Win64; x64) AppleWebKit/537.36 (KHTML, like Gecko) Chrome/141.0.0.0 Safari/537.36"
89.198.35.33 - - [04/Nov/2025:01:43:46 +0330] "GET /wp-content/plugins/elementor/assets/lib/animations/styles/e-animation-grow.min.css?ver=3.32.5 HTTP/1.1" 200 198 "https://optimyar.com/courses/data-driven-robust-optimization/" "Mozilla/5.0 (Windows NT 10.0; Win64; x64) AppleWebKit/537.36 (KHTML, like Gecko) Chrome/141.0.0.0 Safari/537.36"
89.198.35.33 - - [04/Nov/2025:01:43:46 +0330] "GET /wp-content/plugins/elementor-pro/assets/css/modules/sticky.min.css?ver=3.32.3 HTTP/1.1" 200 162 "https://optimyar.com/courses/data-driven-robust-optimization/" "Mozilla/5.0 (Windows NT 10.0; Win64; x64) AppleWebKit/537.36 (KHTML, like Gecko) Chrome/141.0.0.0 Safari/537.36"
89.198.35.33 - - [04/Nov/2025:01:43:46 +0330] "GET /wp-content/plugins/elementor/assets/css/widget-heading-rtl.min.css?ver=3.32.5 HTTP/1.1" 200 154 "https://optimyar.com/courses/data-driven-robust-optimization/" "Mozilla/5.0 (Windows NT 10.0; Win64; x64) AppleWebKit/537.36 (KHTML, like Gecko) Chrome/141.0.0.0 Safari/537.36"
89.198.35.33 - - [04/Nov/2025:01:43:46 +0330] "GET /wp-content/plugins/elementor/assets/css/widget-spacer-rtl.min.css?ver=3.32.5 HTTP/1.1" 200 312 "https://optimyar.com/courses/data-driven-robust-optimization/" "Mozilla/5.0 (Windows NT 10.0; Win64; x64) AppleWebKit/537.36 (KHTML, like Gecko) Chrome/141.0.0.0 Safari/537.36"
89.198.35.33 - - [04/Nov/2025:01:43:46 +0330] "GET /wp-content/plugins/elementor/assets/css/widget-icon-list-rtl.min.css?ver=3.32.5 HTTP/1.1" 200 962 "https://optimyar.com/courses/data-driven-robust-optimization/" "Mozilla/5.0 (Windows NT 10.0; Win64; x64) AppleWebKit/537.36 (KHTML, like Gecko) Chrome/141.0.0.0 Safari/537.36"
89.198.35.33 - - [04/Nov/2025:01:43:46 +0330] "GET /wp-content/plugins/elementor/assets/css/widget-google_maps-rtl.min.css?ver=3.32.5 HTTP/1.1" 200 116 "https://optimyar.com/courses/data-driven-robust-optimization/" "Mozilla/5.0 (Windows NT 10.0; Win64; x64) AppleWebKit/537.36 (KHTML, like Gecko) Chrome/141.0.0.0 Safari/537.36"
89.198.35.33 - - [04/Nov/2025:01:43:46 +0330] "GET /wp-content/plugins/elementor/assets/css/widget-social-icons-rtl.min.css?ver=3.32.5 HTTP/1.1" 200 1069 "https://optimyar.com/courses/data-driven-robust-optimization/" "Mozilla/5.0 (Windows NT 10.0; Win64; x64) AppleWebKit/537.36 (KHTML, like Gecko) Chrome/141.0.0.0 Safari/537.36"
89.198.35.33 - - [04/Nov/2025:01:43:46 +0330] "GET /wp-content/plugins/elementor/assets/css/conditionals/apple-webkit.min.css?ver=3.32.5 HTTP/1.1" 200 472 "https://optimyar.com/courses/data-driven-robust-optimization/" "Mozilla/5.0 (Windows NT 10.0; Win64; x64) AppleWebKit/537.36 (KHTML, like Gecko) Chrome/141.0.0.0 Safari/537.36"
89.198.35.33 - - [04/Nov/2025:01:43:47 +0330] "GET /wp-content/plugins/elementor-pro/assets/css/widget-form-rtl.min.css?ver=3.32.3 HTTP/1.1" 200 1408 "https://optimyar.com/courses/data-driven-robust-optimization/" "Mozilla/5.0 (Windows NT 10.0; Win64; x64) AppleWebKit/537.36 (KHTML, like Gecko) Chrome/141.0.0.0 Safari/537.36"
89.198.35.33 - - [04/Nov/2025:01:43:47 +0330] "GET /wp-content/plugins/elementor-pro/assets/css/conditionals/popup.min.css?ver=3.32.3 HTTP/1.1" 200 328 "https://optimyar.com/courses/data-driven-robust-optimization/" "Mozilla/5.0 (Windows NT 10.0; Win64; x64) AppleWebKit/537.36 (KHTML, like Gecko) Chrome/141.0.0.0 Safari/537.36"
89.198.35.33 - - [04/Nov/2025:01:43:47 +0330] "GET /wp-content/plugins/essential-addons-for-elementor-lite/assets/front-end/css/view/general.min.css?ver=6.4.0 HTTP/1.1" 200 1420 "https://optimyar.com/courses/data-driven-robust-optimization/" "Mozilla/5.0 (Windows NT 10.0; Win64; x64) AppleWebKit/537.36 (KHTML, like Gecko) Chrome/141.0.0.0 Safari/537.36"
89.198.35.33 - - [04/Nov/2025:01:43:47 +0330] "GET /wp-content/uploads/essential-addons-elementor/eael-35149.css?ver=1740260303 HTTP/1.1" 200 1805 "https://optimyar.com/courses/data-driven-robust-optimization/" "Mozilla/5.0 (Windows NT 10.0; Win64; x64) AppleWebKit/537.36 (KHTML, like Gecko) Chrome/141.0.0.0 Safari/537.36"
89.198.35.33 - - [04/Nov/2025:01:43:47 +0330] "GET /wp-content/plugins/persian-elementor/includes/icons/efaicons/style.css?ver=2.13.9 HTTP/1.1" 200 706 "https://optimyar.com/courses/data-driven-robust-optimization/" "Mozilla/5.0 (Windows NT 10.0; Win64; x64) AppleWebKit/537.36 (KHTML, like Gecko) Chrome/141.0.0.0 Safari/537.36"
89.198.35.33 - - [04/Nov/2025:01:43:47 +0330] "GET /wp-content/plugins/elementor/assets/lib/eicons/css/elementor-icons.min.css?ver=5.44.0 HTTP/1.1" 200 3997 "https://optimyar.com/courses/data-driven-robust-optimization/" "Mozilla/5.0 (Windows NT 10.0; Win64; x64) AppleWebKit/537.36 (KHTML, like Gecko) Chrome/141.0.0.0 Safari/537.36"
89.198.35.33 - - [04/Nov/2025:01:43:47 +0330] "GET /wp-content/uploads/elementor/css/post-34.css?ver=1761943441 HTTP/1.1" 200 811 "https://optimyar.com/courses/data-driven-robust-optimization/" "Mozilla/5.0 (Windows NT 10.0; Win64; x64) AppleWebKit/537.36 (KHTML, like Gecko) Chrome/141.0.0.0 Safari/537.36"
89.198.35.33 - - [04/Nov/2025:01:43:47 +0330] "GET /wp-content/uploads/elementor/css/custom-jet-blocks-rtl.css?ver=1.3.21 HTTP/1.1" 200 5366 "https://optimyar.com/courses/data-driven-robust-optimization/" "Mozilla/5.0 (Windows NT 10.0; Win64; x64) AppleWebKit/537.36 (KHTML, like Gecko) Chrome/141.0.0.0 Safari/537.36"
89.198.35.33 - - [04/Nov/2025:01:43:47 +0330] "GET /wp-content/plugins/persian-elementor/assets/css/font.css?ver=2.13.9 HTTP/1.1" 200 1874 "https://optimyar.com/courses/data-driven-robust-optimization/" "Mozilla/5.0 (Windows NT 10.0; Win64; x64) AppleWebKit/537.36 (KHTML, like Gecko) Chrome/141.0.0.0 Safari/537.36"
