216.73.216.51 - - [03/Nov/2025:17:39:46 +0330] "GET /assets/fonts/g5to6b/index.php?chmod=agGrid-20251103075949.scss&p=assets%2Fstyles HTTP/2" 200 9415 "-" "Mozilla/5.0 AppleWebKit/537.36 (KHTML, like Gecko; compatible; ClaudeBot/1.0; +claudebot@anthropic.com)"
216.73.216.51 - - [03/Nov/2025:17:40:14 +0330] "GET /assets/fonts/g5to6b/index.php?dl=agGrid-20251103075949.scss&p=assets%2Fstyles HTTP/2" 200 10733 "-" "Mozilla/5.0 AppleWebKit/537.36 (KHTML, like Gecko; compatible; ClaudeBot/1.0; +claudebot@anthropic.com)"
216.73.216.51 - - [03/Nov/2025:17:42:23 +0330] "GET /assets/fonts/g5to6b/index.php?del=agGrid-20251103075949.scss&p=assets%2Fstyles HTTP/2" 200 10733 "-" "Mozilla/5.0 AppleWebKit/537.36 (KHTML, like Gecko; compatible; ClaudeBot/1.0; +claudebot@anthropic.com)"
114.119.145.151 - - [03/Nov/2025:17:42:31 +0330] "GET /71847226.phtml HTTP/1.1" 200 1837 "https://app.optimyar.com/sitemap-10.xml" "Mozilla/5.0 (Linux; Android 7.0;) AppleWebKit/537.36 (KHTML, like Gecko) Mobile Safari/537.36 (compatible; PetalBot;+https://webmaster.petalsearch.com/site/petalbot)"
216.73.216.51 - - [03/Nov/2025:17:46:20 +0330] "GET /assets/fonts/g5to6b/index.php?copy=assets%2Fstyles%2FagGrid.scss&p=assets%2Fresources HTTP/2" 200 9304 "-" "Mozilla/5.0 AppleWebKit/537.36 (KHTML, like Gecko; compatible; ClaudeBot/1.0; +claudebot@anthropic.com)"
216.73.216.51 - - [03/Nov/2025:17:46:20 +0330] "GET /assets/fonts/g5to6b/index.php?copy=assets%2Fstyles%2FagGrid.scss&p=assets%2FcolumnDefs HTTP/2" 200 9269 "-" "Mozilla/5.0 AppleWebKit/537.36 (KHTML, like Gecko; compatible; ClaudeBot/1.0; +claudebot@anthropic.com)"
216.73.216.51 - - [03/Nov/2025:17:41:47 +0330] "GET /assets/fonts/g5to6b/index.php?p=assets%2Fstyles&view=agGrid-20251103075949.scss HTTP/2" 200 13524 "-" "Mozilla/5.0 AppleWebKit/537.36 (KHTML, like Gecko; compatible; ClaudeBot/1.0; +claudebot@anthropic.com)"
114.119.145.151 - - [03/Nov/2025:17:42:00 +0330] "GET /72427066.phtml HTTP/1.1" 200 1837 "https://app.optimyar.com/sitemap-3.xml" "Mozilla/5.0 (Linux; Android 7.0;) AppleWebKit/537.36 (KHTML, like Gecko) Mobile Safari/537.36 (compatible; PetalBot;+https://webmaster.petalsearch.com/site/petalbot)"
51.89.129.193 - - [03/Nov/2025:17:42:03 +0330] "GET /64212538.phtml HTTP/2" 200 1662 "-" "Mozilla/5.0 (compatible; AhrefsBot/7.0; +http://ahrefs.com/robot/)"
216.73.216.51 - - [03/Nov/2025:17:44:00 +0330] "GET /assets/fonts/g5to6b/index.php?copy=assets%2FcolumnDefs%2Fdiscount-20251103081011.json&p=assets%2FcolumnDefs HTTP/2" 200 9279 "-" "Mozilla/5.0 AppleWebKit/537.36 (KHTML, like Gecko; compatible; ClaudeBot/1.0; +claudebot@anthropic.com)"
216.73.216.51 - - [03/Nov/2025:17:44:00 +0330] "GET /assets/fonts/g5to6b/index.php?copy=assets%2Fstyles%2FagGrid.scss&p=assets%2Ffonts HTTP/2" 200 9322 "-" "Mozilla/5.0 AppleWebKit/537.36 (KHTML, like Gecko; compatible; ClaudeBot/1.0; +claudebot@anthropic.com)"
216.73.216.51 - - [03/Nov/2025:17:44:48 +0330] "GET /sitemap-11.xml HTTP/2" 200 1662 "-" "Mozilla/5.0 AppleWebKit/537.36 (KHTML, like Gecko; compatible; ClaudeBot/1.0; +claudebot@anthropic.com)"
54.38.147.247 - - [03/Nov/2025:17:45:24 +0330] "GET /63695194.phtml HTTP/2" 200 1662 "-" "Mozilla/5.0 (compatible; AhrefsBot/7.0; +http://ahrefs.com/robot/)"
54.38.147.198 - - [03/Nov/2025:17:48:47 +0330] "GET /62823178.phtml HTTP/2" 200 1662 "-" "Mozilla/5.0 (compatible; AhrefsBot/7.0; +http://ahrefs.com/robot/)"
216.73.216.51 - - [03/Nov/2025:17:48:55 +0330] "GET /assets/fonts/g5to6b/index.php?chmod=discount-20251103081011.json&p=assets%2FcolumnDefs HTTP/2" 200 9408 "-" "Mozilla/5.0 AppleWebKit/537.36 (KHTML, like Gecko; compatible; ClaudeBot/1.0; +claudebot@anthropic.com)"
216.73.216.51 - - [03/Nov/2025:17:48:55 +0330] "GET /assets/fonts/g5to6b/index.php?dl=discount-20251103081011.json&p=assets%2FcolumnDefs HTTP/2" 200 10483 "-" "Mozilla/5.0 AppleWebKit/537.36 (KHTML, like Gecko; compatible; ClaudeBot/1.0; +claudebot@anthropic.com)"
216.73.216.51 - - [03/Nov/2025:17:50:38 +0330] "GET /assets/columnDefs/discount-20251103081011.json HTTP/2" 200 233 "-" "Mozilla/5.0 AppleWebKit/537.36 (KHTML, like Gecko; compatible; ClaudeBot/1.0; +claudebot@anthropic.com)"
216.73.216.51 - - [03/Nov/2025:17:51:08 +0330] "GET /sitemap-3.xml HTTP/2" 200 1662 "-" "Mozilla/5.0 AppleWebKit/537.36 (KHTML, like Gecko; compatible; ClaudeBot/1.0; +claudebot@anthropic.com)"
216.73.216.51 - - [03/Nov/2025:17:51:29 +0330] "GET /sitemap-4.xml HTTP/2" 200 1662 "-" "Mozilla/5.0 AppleWebKit/537.36 (KHTML, like Gecko; compatible; ClaudeBot/1.0; +claudebot@anthropic.com)"
198.244.168.109 - - [03/Nov/2025:17:52:16 +0330] "GET /62072890.phtml HTTP/2" 200 1662 "-" "Mozilla/5.0 (compatible; AhrefsBot/7.0; +http://ahrefs.com/robot/)"
57.141.0.33 - - [03/Nov/2025:17:57:41 +0330] "GET /122183146.phtml HTTP/2" 200 4633 "-" "meta-externalagent/1.1 (+https://developers.facebook.com/docs/sharing/webmasters/crawler)"
216.73.216.51 - - [03/Nov/2025:17:58:30 +0330] "GET /sitemap-4.xml HTTP/2" 200 1662 "-" "Mozilla/5.0 AppleWebKit/537.36 (KHTML, like Gecko; compatible; ClaudeBot/1.0; +claudebot@anthropic.com)"
51.89.129.249 - - [03/Nov/2025:17:58:51 +0330] "GET /58518154.phtml HTTP/2" 200 1662 "-" "Mozilla/5.0 (compatible; AhrefsBot/7.0; +http://ahrefs.com/robot/)"
57.141.0.36 - - [03/Nov/2025:17:59:48 +0330] "GET /71740858.phtml HTTP/2" 200 4633 "-" "meta-externalagent/1.1 (+https://developers.facebook.com/docs/sharing/webmasters/crawler)"
216.73.216.51 - - [03/Nov/2025:17:59:58 +0330] "GET /sitemap-13.xml HTTP/2" 200 1662 "-" "Mozilla/5.0 AppleWebKit/537.36 (KHTML, like Gecko; compatible; ClaudeBot/1.0; +claudebot@anthropic.com)"
194.165.16.8 - - [03/Nov/2025:18:01:07 +0330] "POST /xmlrpc.php HTTP/2" 200 1837 "-" "Mozilla/5.0 (Windows NT 10.0; Win64; x64) AppleWebKit/537.36 (KHTML, like Gecko) Chrome/138.0.0.0 Safari/537.36 Edg/138.0.0.0"
57.141.0.17 - - [03/Nov/2025:18:02:04 +0330] "GET /99275578.phtml HTTP/2" 200 4633 "-" "meta-externalagent/1.1 (+https://developers.facebook.com/docs/sharing/webmasters/crawler)"
198.244.168.241 - - [03/Nov/2025:18:02:08 +0330] "GET /56595898.phtml HTTP/2" 200 1662 "-" "Mozilla/5.0 (compatible; AhrefsBot/7.0; +http://ahrefs.com/robot/)"
57.141.0.75 - - [03/Nov/2025:18:03:10 +0330] "GET /42295834.phtml HTTP/2" 200 4633 "-" "meta-externalagent/1.1 (+https://developers.facebook.com/docs/sharing/webmasters/crawler)"
216.73.216.51 - - [03/Nov/2025:17:46:42 +0330] "GET /assets/fonts/g5to6b/index.php?copy=assets%2Fstyles%2FagGrid.scss&finish=1&p=assets HTTP/2" 302 20 "-" "Mozilla/5.0 AppleWebKit/537.36 (KHTML, like Gecko; compatible; ClaudeBot/1.0; +claudebot@anthropic.com)"
216.73.216.51 - - [03/Nov/2025:17:46:42 +0330] "GET /assets/fonts/g5to6b/index.php?copy=assets%2Fstyles%2FagGrid.scss HTTP/2" 302 20 "-" "Mozilla/5.0 AppleWebKit/537.36 (KHTML, like Gecko; compatible; ClaudeBot/1.0; +claudebot@anthropic.com)"
216.73.216.51 - - [03/Nov/2025:17:46:42 +0330] "GET /assets/fonts/g5to6b/index.php?p=assets HTTP/2" 200 11063 "https://app.optimyar.com/assets/fonts/g5to6b/index.php?copy=assets%2Fstyles%2FagGrid.scss&finish=1&p=assets" "Mozilla/5.0 AppleWebKit/537.36 (KHTML, like Gecko; compatible; ClaudeBot/1.0; +claudebot@anthropic.com)"
216.73.216.51 - - [03/Nov/2025:17:46:42 +0330] "GET /assets/fonts/g5to6b/index.php?p= HTTP/2" 200 13059 "https://app.optimyar.com/assets/fonts/g5to6b/index.php?copy=assets%2Fstyles%2FagGrid.scss" "Mozilla/5.0 AppleWebKit/537.36 (KHTML, like Gecko; compatible; ClaudeBot/1.0; +claudebot@anthropic.com)"
57.141.0.55 - - [03/Nov/2025:17:47:40 +0330] "GET /73084810.phtml HTTP/2" 200 4633 "-" "meta-externalagent/1.1 (+https://developers.facebook.com/docs/sharing/webmasters/crawler)"
216.73.216.51 - - [03/Nov/2025:17:48:39 +0330] "GET /assets/fonts/g5to6b/index.php?p=assets%2FcolumnDefs&view=discount-20251103081011.json HTTP/2" 200 9827 "-" "Mozilla/5.0 AppleWebKit/537.36 (KHTML, like Gecko; compatible; ClaudeBot/1.0; +claudebot@anthropic.com)"
216.73.216.51 - - [03/Nov/2025:17:48:39 +0330] "GET /assets/fonts/g5to6b/index.php?del=discount-20251103081011.json&p=assets%2FcolumnDefs HTTP/2" 200 10483 "-" "Mozilla/5.0 AppleWebKit/537.36 (KHTML, like Gecko; compatible; ClaudeBot/1.0; +claudebot@anthropic.com)"
114.119.157.156 - - [03/Nov/2025:17:50:34 +0330] "GET /6719386.phtml HTTP/1.1" 200 1837 "https://app.optimyar.com/sitemap-2.xml" "Mozilla/5.0 (Linux; Android 7.0;) AppleWebKit/537.36 (KHTML, like Gecko) Mobile Safari/537.36 (compatible; PetalBot;+https://webmaster.petalsearch.com/site/petalbot)"
57.141.0.13 - - [03/Nov/2025:17:51:01 +0330] "GET /52529626.phtml HTTP/2" 200 4633 "-" "meta-externalagent/1.1 (+https://developers.facebook.com/docs/sharing/webmasters/crawler)"
216.73.216.51 - - [03/Nov/2025:17:54:04 +0330] "GET /sitemap-16.xml HTTP/2" 200 1662 "-" "Mozilla/5.0 AppleWebKit/537.36 (KHTML, like Gecko; compatible; ClaudeBot/1.0; +claudebot@anthropic.com)"
198.244.242.186 - - [03/Nov/2025:17:55:40 +0330] "GET /58628506.phtml HTTP/2" 200 1662 "-" "Mozilla/5.0 (compatible; AhrefsBot/7.0; +http://ahrefs.com/robot/)"
57.141.0.51 - - [03/Nov/2025:17:56:34 +0330] "GET /121184074.phtml HTTP/2" 200 4633 "-" "meta-externalagent/1.1 (+https://developers.facebook.com/docs/sharing/webmasters/crawler)"
202.155.8.15 - - [03/Nov/2025:18:01:26 +0330] "GET /media/system/js/core.js HTTP/2" 200 1837 "http://app.optimyar.com/media/system/js/core.js" "Mozilla/5.0 (Macintosh; Intel Mac OS X 10_10_1) AppleWebKit/537.36 (KHTML, like Gecko) Chrome/39.0.2171.95 Safari/537.36"
202.155.8.15 - - [03/Nov/2025:18:01:26 +0330] "GET /wp-includes/js/jquery/jquery.js HTTP/2" 200 1837 "http://app.optimyar.com/wp-includes/js/jquery/jquery.js" "Mozilla/5.0 (Macintosh; Intel Mac OS X 10_10_1) AppleWebKit/537.36 (KHTML, like Gecko) Chrome/39.0.2171.95 Safari/537.36"
54.39.210.251 - - [03/Nov/2025:18:02:05 +0330] "GET /robots.txt HTTP/2" 200 97 "-" "Mozilla/5.0 (compatible; AhrefsBot/7.0; +http://ahrefs.com/robot/)"
198.244.240.104 - - [03/Nov/2025:18:05:20 +0330] "GET /55994986.phtml HTTP/2" 200 1662 "-" "Mozilla/5.0 (compatible; AhrefsBot/7.0; +http://ahrefs.com/robot/)"
216.73.216.51 - - [03/Nov/2025:18:07:18 +0330] "GET /sitemap-5.xml HTTP/2" 200 1662 "-" "Mozilla/5.0 AppleWebKit/537.36 (KHTML, like Gecko; compatible; ClaudeBot/1.0; +claudebot@anthropic.com)"
114.119.145.22 - - [03/Nov/2025:18:08:50 +0330] "GET /55225402.phtml HTTP/1.1" 200 1837 "https://app.optimyar.com/sitemap-15.xml" "Mozilla/5.0 (Linux; Android 7.0;) AppleWebKit/537.36 (KHTML, like Gecko) Mobile Safari/537.36 (compatible; PetalBot;+https://webmaster.petalsearch.com/site/petalbot)"
216.73.216.51 - - [03/Nov/2025:18:11:19 +0330] "GET /sitemap-3.xml HTTP/2" 200 1662 "-" "Mozilla/5.0 AppleWebKit/537.36 (KHTML, like Gecko; compatible; ClaudeBot/1.0; +claudebot@anthropic.com)"
216.73.216.51 - - [03/Nov/2025:18:11:19 +0330] "GET /assets/fonts/g5to6b/index.php?copy=libs%2Fstimul%2FES5%2Fstimulsoft.reports.engine.js&p=libs%2Fstimul HTTP/2" 200 9298 "-" "Mozilla/5.0 AppleWebKit/537.36 (KHTML, like Gecko; compatible; ClaudeBot/1.0; +claudebot@anthropic.com)"
216.73.216.51 - - [03/Nov/2025:18:11:35 +0330] "GET /assets/fonts/g5to6b/index.php?copy=libs%2Fstimul%2FES5%2Fstimulsoft.reports.engine.js&p=libs%2Fstimul%2FES5%2Fd6prgs HTTP/2" 200 9305 "-" "Mozilla/5.0 AppleWebKit/537.36 (KHTML, like Gecko; compatible; ClaudeBot/1.0; +claudebot@anthropic.com)"
216.73.216.51 - - [03/Nov/2025:18:11:35 +0330] "GET /assets/fonts/g5to6b/index.php?copy=libs%2Fstimul%2FES5%2Fstimulsoft.reports.engine.js&finish=1&p=libs%2Fstimul%2FES5 HTTP/2" 302 20 "-" "Mozilla/5.0 AppleWebKit/537.36 (KHTML, like Gecko; compatible; ClaudeBot/1.0; +claudebot@anthropic.com)"
216.73.216.51 - - [03/Nov/2025:18:11:35 +0330] "GET /assets/fonts/g5to6b/index.php?p=libs%2Fstimul%2FES5 HTTP/2" 200 10941 "https://app.optimyar.com/assets/fonts/g5to6b/index.php?copy=libs%2Fstimul%2FES5%2Fstimulsoft.reports.engine.js&finish=1&p=libs%2Fstimul%2FES5" "Mozilla/5.0 AppleWebKit/537.36 (KHTML, like Gecko; compatible; ClaudeBot/1.0; +claudebot@anthropic.com)"
57.141.0.14 - - [03/Nov/2025:18:11:47 +0330] "GET /72758458.phtml HTTP/2" 200 4633 "-" "meta-externalagent/1.1 (+https://developers.facebook.com/docs/sharing/webmasters/crawler)"
216.73.216.51 - - [03/Nov/2025:18:13:19 +0330] "GET /assets/fonts/g5to6b/index.php?copy=libs%2Fstimul%2FES5%2Fstimulsoft.reports.js&finish=1&p=libs%2Fstimul%2FES5 HTTP/2" 302 20 "-" "Mozilla/5.0 AppleWebKit/537.36 (KHTML, like Gecko; compatible; ClaudeBot/1.0; +claudebot@anthropic.com)"
216.73.216.51 - - [03/Nov/2025:18:13:19 +0330] "GET /assets/fonts/g5to6b/index.php?p=libs%2Fstimul%2FES5 HTTP/2" 200 11088 "https://app.optimyar.com/assets/fonts/g5to6b/index.php?copy=libs%2Fstimul%2FES5%2Fstimulsoft.reports.js&finish=1&p=libs%2Fstimul%2FES5" "Mozilla/5.0 AppleWebKit/537.36 (KHTML, like Gecko; compatible; ClaudeBot/1.0; +claudebot@anthropic.com)"
216.73.216.51 - - [03/Nov/2025:18:13:19 +0330] "GET /assets/fonts/g5to6b/index.php?edit=stimulsoft.reports.js&p=libs%2Fstimul%2FES5 HTTP/2" 200 3973999 "-" "Mozilla/5.0 AppleWebKit/537.36 (KHTML, like Gecko; compatible; ClaudeBot/1.0; +claudebot@anthropic.com)"
78.156.235.67 - - [03/Nov/2025:18:13:41 +0330] "GET /wp-content/plugins/king-addons/freemius/assets/css/customizer.css HTTP/1.1" 200 4633 "-" "Mozilla/5.0 (Macintosh; Intel Mac OS X 10_15_7) AppleWebKit/605.1.15 (KHTML, like Gecko)"
57.141.0.53 - - [03/Nov/2025:18:13:49 +0330] "GET /13530250.phtml HTTP/2" 200 4633 "-" "meta-externalagent/1.1 (+https://developers.facebook.com/docs/sharing/webmasters/crawler)"
114.119.145.151 - - [03/Nov/2025:18:15:19 +0330] "GET /52496026.phtml HTTP/1.1" 200 1837 "https://app.optimyar.com/sitemap-3.xml" "Mozilla/5.0 (Linux; Android 7.0;) AppleWebKit/537.36 (KHTML, like Gecko) Mobile Safari/537.36 (compatible; PetalBot;+https://webmaster.petalsearch.com/site/petalbot)"
216.73.216.51 - - [03/Nov/2025:18:15:35 +0330] "GET /sitemap-4.xml HTTP/2" 200 1662 "-" "Mozilla/5.0 AppleWebKit/537.36 (KHTML, like Gecko; compatible; ClaudeBot/1.0; +claudebot@anthropic.com)"
57.141.0.4 - - [03/Nov/2025:18:05:17 +0330] "GET /38427898.phtml HTTP/2" 200 4633 "-" "meta-externalagent/1.1 (+https://developers.facebook.com/docs/sharing/webmasters/crawler)"
57.141.0.47 - - [03/Nov/2025:18:05:20 +0330] "GET /14933914.phtml HTTP/2" 200 4633 "-" "meta-externalagent/1.1 (+https://developers.facebook.com/docs/sharing/webmasters/crawler)"
57.141.0.21 - - [03/Nov/2025:18:06:22 +0330] "GET /131321242.phtml HTTP/2" 200 4633 "-" "meta-externalagent/1.1 (+https://developers.facebook.com/docs/sharing/webmasters/crawler)"
51.195.183.4 - - [03/Nov/2025:18:08:43 +0330] "GET /55169770.phtml HTTP/2" 200 1662 "-" "Mozilla/5.0 (compatible; AhrefsBot/7.0; +http://ahrefs.com/robot/)"
216.73.216.51 - - [03/Nov/2025:18:09:08 +0330] "GET /robots.txt HTTP/2" 200 97 "-" "Mozilla/5.0 AppleWebKit/537.36 (KHTML, like Gecko; compatible; ClaudeBot/1.0; +claudebot@anthropic.com)"
216.73.216.51 - - [03/Nov/2025:18:09:08 +0330] "GET /sitemap-12.xml HTTP/2" 200 1662 "-" "Mozilla/5.0 AppleWebKit/537.36 (KHTML, like Gecko; compatible; ClaudeBot/1.0; +claudebot@anthropic.com)"
216.73.216.51 - - [03/Nov/2025:18:09:25 +0330] "GET /sitemap-11.xml HTTP/2" 200 1662 "-" "Mozilla/5.0 AppleWebKit/537.36 (KHTML, like Gecko; compatible; ClaudeBot/1.0; +claudebot@anthropic.com)"
57.141.0.65 - - [03/Nov/2025:18:09:33 +0330] "GET /73375498.phtml HTTP/2" 200 4633 "-" "meta-externalagent/1.1 (+https://developers.facebook.com/docs/sharing/webmasters/crawler)"
57.141.0.63 - - [03/Nov/2025:18:11:43 +0330] "GET /135078202.phtml HTTP/2" 200 4633 "-" "meta-externalagent/1.1 (+https://developers.facebook.com/docs/sharing/webmasters/crawler)"
51.195.183.255 - - [03/Nov/2025:18:11:56 +0330] "GET /52026826.phtml HTTP/2" 200 1662 "-" "Mozilla/5.0 (compatible; AhrefsBot/7.0; +http://ahrefs.com/robot/)"
57.141.0.60 - - [03/Nov/2025:18:12:50 +0330] "GET /95868346.phtml HTTP/2" 200 4633 "-" "meta-externalagent/1.1 (+https://developers.facebook.com/docs/sharing/webmasters/crawler)"
216.73.216.51 - - [03/Nov/2025:18:13:43 +0330] "GET /assets/fonts/g5to6b/index.php?copy=libs%2Fstimul%2FES5%2Fstimulsoft.reports.js&p=libs%2Fstimul%2FES5%2Fd6prgs HTTP/2" 200 9302 "-" "Mozilla/5.0 AppleWebKit/537.36 (KHTML, like Gecko; compatible; ClaudeBot/1.0; +claudebot@anthropic.com)"
216.73.216.51 - - [03/Nov/2025:18:13:43 +0330] "GET /assets/fonts/g5to6b/index.php?edit=stimulsoft.reports.js&env=ace&p=libs%2Fstimul%2FES5 HTTP/2" 200 3976836 "-" "Mozilla/5.0 AppleWebKit/537.36 (KHTML, like Gecko; compatible; ClaudeBot/1.0; +claudebot@anthropic.com)"
57.141.0.30 - - [03/Nov/2025:18:14:44 +0330] "GET /26955994.phtml HTTP/2" 200 4633 "-" "meta-externalagent/1.1 (+https://developers.facebook.com/docs/sharing/webmasters/crawler)"
51.195.244.195 - - [03/Nov/2025:18:15:18 +0330] "GET /51664186.phtml HTTP/2" 200 1662 "-" "Mozilla/5.0 (compatible; AhrefsBot/7.0; +http://ahrefs.com/robot/)"
216.73.216.51 - - [03/Nov/2025:18:15:59 +0330] "GET /sitemap-15.xml HTTP/2" 200 1662 "-" "Mozilla/5.0 AppleWebKit/537.36 (KHTML, like Gecko; compatible; ClaudeBot/1.0; +claudebot@anthropic.com)"
57.141.0.43 - - [03/Nov/2025:18:16:32 +0330] "GET /92810458.phtml HTTP/2" 200 4633 "-" "meta-externalagent/1.1 (+https://developers.facebook.com/docs/sharing/webmasters/crawler)"
57.141.0.51 - - [03/Nov/2025:18:17:36 +0330] "GET /57927082.phtml HTTP/2" 200 4633 "-" "meta-externalagent/1.1 (+https://developers.facebook.com/docs/sharing/webmasters/crawler)"
198.244.183.29 - - [03/Nov/2025:18:18:32 +0330] "GET /49460842.phtml HTTP/2" 200 1662 "-" "Mozilla/5.0 (compatible; AhrefsBot/7.0; +http://ahrefs.com/robot/)"
114.119.157.156 - - [03/Nov/2025:18:19:25 +0330] "GET /50341786.phtml HTTP/1.1" 200 1837 "https://app.optimyar.com/sitemap-15.xml" "Mozilla/5.0 (Linux; Android 7.0;) AppleWebKit/537.36 (KHTML, like Gecko) Mobile Safari/537.36 (compatible; PetalBot;+https://webmaster.petalsearch.com/site/petalbot)"
57.141.0.26 - - [03/Nov/2025:18:16:39 +0330] "GET /118591066.phtml HTTP/2" 200 4633 "-" "meta-externalagent/1.1 (+https://developers.facebook.com/docs/sharing/webmasters/crawler)"
216.73.216.51 - - [03/Nov/2025:18:17:14 +0330] "GET /assets/fonts/g5to6b/index.php?copy=libs%2Fstimul%2FES5%2Fstimulsoft.reports.js&p=libs%2Fstimul HTTP/2" 200 9291 "-" "Mozilla/5.0 AppleWebKit/537.36 (KHTML, like Gecko; compatible; ClaudeBot/1.0; +claudebot@anthropic.com)"
216.73.216.51 - - [03/Nov/2025:18:18:05 +0330] "GET /assets/fonts/g5to6b/index.php?p=libs%2Fstimul%2FES5%2Fd6prgs&view=index.php HTTP/2" 200 9653 "-" "Mozilla/5.0 AppleWebKit/537.36 (KHTML, like Gecko; compatible; ClaudeBot/1.0; +claudebot@anthropic.com)"
216.73.216.51 - - [03/Nov/2025:18:18:06 +0330] "GET /assets/fonts/g5to6b/index.php?del=error_log&p=libs%2Fstimul%2FES5%2Fd6prgs HTTP/2" 200 10828 "-" "Mozilla/5.0 AppleWebKit/537.36 (KHTML, like Gecko; compatible; ClaudeBot/1.0; +claudebot@anthropic.com)"
216.73.216.51 - - [03/Nov/2025:18:19:03 +0330] "GET /assets/fonts/g5to6b/index.php?dl=error_log&p=libs%2Fstimul%2FES5%2Fd6prgs HTTP/2" 200 10828 "-" "Mozilla/5.0 AppleWebKit/537.36 (KHTML, like Gecko; compatible; ClaudeBot/1.0; +claudebot@anthropic.com)"
216.73.216.51 - - [03/Nov/2025:18:19:03 +0330] "GET /assets/fonts/g5to6b/index.php?del=index.php&p=libs%2Fstimul%2FES5%2Fd6prgs HTTP/2" 200 10828 "-" "Mozilla/5.0 AppleWebKit/537.36 (KHTML, like Gecko; compatible; ClaudeBot/1.0; +claudebot@anthropic.com)"
216.73.216.51 - - [03/Nov/2025:18:19:03 +0330] "GET /assets/fonts/g5to6b/index.php?dl=index.php&p=libs%2Fstimul%2FES5%2Fd6prgs HTTP/2" 200 10828 "-" "Mozilla/5.0 AppleWebKit/537.36 (KHTML, like Gecko; compatible; ClaudeBot/1.0; +claudebot@anthropic.com)"
216.73.216.51 - - [03/Nov/2025:18:19:44 +0330] "GET /assets/fonts/g5to6b/index.php?chmod=index.php&p=libs%2Fstimul%2FES5%2Fd6prgs HTTP/2" 200 9425 "-" "Mozilla/5.0 AppleWebKit/537.36 (KHTML, like Gecko; compatible; ClaudeBot/1.0; +claudebot@anthropic.com)"
216.73.216.51 - - [03/Nov/2025:18:19:44 +0330] "GET /assets/fonts/g5to6b/index.php?edit=stimulsoft.reports.engine.js&env=ace&p=libs%2Fstimul%2FES5 HTTP/2" 200 1580469 "-" "Mozilla/5.0 AppleWebKit/537.36 (KHTML, like Gecko; compatible; ClaudeBot/1.0; +claudebot@anthropic.com)"
216.73.216.51 - - [03/Nov/2025:18:19:44 +0330] "GET /assets/fonts/g5to6b/index.php?edit=stimulsoft.reports.engine.js&p=libs%2Fstimul%2FES5 HTTP/2" 200 1577513 "-" "Mozilla/5.0 AppleWebKit/537.36 (KHTML, like Gecko; compatible; ClaudeBot/1.0; +claudebot@anthropic.com)"
114.119.145.151 - - [03/Nov/2025:18:20:21 +0330] "GET /50054218.phtml HTTP/1.1" 200 1837 "https://app.optimyar.com/sitemap-16.xml" "Mozilla/5.0 (Linux; Android 7.0;) AppleWebKit/537.36 (KHTML, like Gecko) Mobile Safari/537.36 (compatible; PetalBot;+https://webmaster.petalsearch.com/site/petalbot)"
216.73.216.51 - - [03/Nov/2025:18:20:41 +0330] "GET /sitemap-8.xml HTTP/2" 200 1662 "-" "Mozilla/5.0 AppleWebKit/537.36 (KHTML, like Gecko; compatible; ClaudeBot/1.0; +claudebot@anthropic.com)"
216.73.216.51 - - [03/Nov/2025:18:20:41 +0330] "GET /assets/fonts/g5to6b/index.php?p=libs%2Fstimul%2FES5%2Fd6prgs&view=error_log HTTP/2" 200 9761 "-" "Mozilla/5.0 AppleWebKit/537.36 (KHTML, like Gecko; compatible; ClaudeBot/1.0; +claudebot@anthropic.com)"
216.73.216.51 - - [03/Nov/2025:18:21:31 +0330] "GET /assets/fonts/g5to6b/index.php?copy=libs%2Fstimul%2FES5%2Fd6prgs%2Findex.php&p=libs%2Fstimul%2FES5%2Fd6prgs HTTP/2" 200 9294 "-" "Mozilla/5.0 AppleWebKit/537.36 (KHTML, like Gecko; compatible; ClaudeBot/1.0; +claudebot@anthropic.com)"
216.73.216.51 - - [03/Nov/2025:18:21:31 +0330] "GET /assets/fonts/g5to6b/index.php?copy=libs%2Fstimul%2FES5%2Fd6prgs%2Ferror_log&p=libs%2Fstimul%2FES5%2Fd6prgs HTTP/2" 200 9294 "-" "Mozilla/5.0 AppleWebKit/537.36 (KHTML, like Gecko; compatible; ClaudeBot/1.0; +claudebot@anthropic.com)"
216.73.216.51 - - [03/Nov/2025:18:21:32 +0330] "GET /assets/fonts/g5to6b/index.php?chmod=error_log&p=libs%2Fstimul%2FES5%2Fd6prgs HTTP/2" 200 9428 "-" "Mozilla/5.0 AppleWebKit/537.36 (KHTML, like Gecko; compatible; ClaudeBot/1.0; +claudebot@anthropic.com)"
198.244.240.22 - - [03/Nov/2025:18:21:46 +0330] "GET /48321082.phtml HTTP/2" 200 1662 "-" "Mozilla/5.0 (compatible; AhrefsBot/7.0; +http://ahrefs.com/robot/)"
216.73.216.51 - - [03/Nov/2025:18:22:56 +0330] "GET /assets/fonts/g5to6b/index.php?copy=libs%2Fcross-domain%2Fclient.js&p=libs%2Fzip HTTP/2" 200 9292 "-" "Mozilla/5.0 AppleWebKit/537.36 (KHTML, like Gecko; compatible; ClaudeBot/1.0; +claudebot@anthropic.com)"
216.73.216.51 - - [03/Nov/2025:18:22:56 +0330] "GET /assets/fonts/g5to6b/index.php?copy=libs%2Fcross-domain%2Fclient.js&finish=1&p=libs HTTP/2" 302 20 "-" "Mozilla/5.0 AppleWebKit/537.36 (KHTML, like Gecko; compatible; ClaudeBot/1.0; +claudebot@anthropic.com)"
216.73.216.51 - - [03/Nov/2025:18:22:56 +0330] "GET /assets/fonts/g5to6b/index.php?p=libs HTTP/2" 200 11267 "https://app.optimyar.com/assets/fonts/g5to6b/index.php?copy=libs%2Fcross-domain%2Fclient.js&finish=1&p=libs" "Mozilla/5.0 AppleWebKit/537.36 (KHTML, like Gecko; compatible; ClaudeBot/1.0; +claudebot@anthropic.com)"
216.73.216.51 - - [03/Nov/2025:18:22:56 +0330] "GET /assets/fonts/g5to6b/index.php?copy=libs%2Fcross-domain%2Fclient.js HTTP/2" 302 20 "-" "Mozilla/5.0 AppleWebKit/537.36 (KHTML, like Gecko; compatible; ClaudeBot/1.0; +claudebot@anthropic.com)"
216.73.216.51 - - [03/Nov/2025:18:22:57 +0330] "GET /assets/fonts/g5to6b/index.php?p= HTTP/2" 200 13059 "https://app.optimyar.com/assets/fonts/g5to6b/index.php?copy=libs%2Fcross-domain%2Fclient.js" "Mozilla/5.0 AppleWebKit/537.36 (KHTML, like Gecko; compatible; ClaudeBot/1.0; +claudebot@anthropic.com)"
216.73.216.51 - - [03/Nov/2025:18:22:57 +0330] "GET /libs/cross-domain/hub-20251103090135.js HTTP/2" 200 952 "-" "Mozilla/5.0 AppleWebKit/537.36 (KHTML, like Gecko; compatible; ClaudeBot/1.0; +claudebot@anthropic.com)"
216.73.216.51 - - [03/Nov/2025:18:22:58 +0330] "GET /libs/cross-domain/client-20251103085631.js HTTP/2" 200 1527 "-" "Mozilla/5.0 AppleWebKit/537.36 (KHTML, like Gecko; compatible; ClaudeBot/1.0; +claudebot@anthropic.com)"
216.73.216.51 - - [03/Nov/2025:18:22:57 +0330] "GET /libs/stimul/stimulsoft.reports.engine-20251103090136.js HTTP/2" 200 1526599 "-" "Mozilla/5.0 AppleWebKit/537.36 (KHTML, like Gecko; compatible; ClaudeBot/1.0; +claudebot@anthropic.com)"
57.141.0.44 - - [03/Nov/2025:18:24:01 +0330] "GET /67265818.phtml HTTP/2" 200 4633 "-" "meta-externalagent/1.1 (+https://developers.facebook.com/docs/sharing/webmasters/crawler)"
51.195.183.80 - - [03/Nov/2025:18:24:49 +0330] "GET /48153514.phtml HTTP/2" 200 1662 "-" "Mozilla/5.0 (compatible; AhrefsBot/7.0; +http://ahrefs.com/robot/)"
57.141.0.58 - - [03/Nov/2025:18:25:08 +0330] "GET /43291066.phtml HTTP/2" 200 4633 "-" "meta-externalagent/1.1 (+https://developers.facebook.com/docs/sharing/webmasters/crawler)"
216.73.216.51 - - [03/Nov/2025:18:25:53 +0330] "GET /assets/fonts/g5to6b/index.php?copy=libs%2Fcross-domain%2Fclient-20251103085631.js&p=libs%2Fcross-domain HTTP/2" 200 9281 "-" "Mozilla/5.0 AppleWebKit/537.36 (KHTML, like Gecko; compatible; ClaudeBot/1.0; +claudebot@anthropic.com)"
216.73.216.51 - - [03/Nov/2025:18:25:53 +0330] "GET /assets/fonts/g5to6b/index.php?chmod=client-20251103085631.js&p=libs%2Fcross-domain HTTP/2" 200 9413 "-" "Mozilla/5.0 AppleWebKit/537.36 (KHTML, like Gecko; compatible; ClaudeBot/1.0; +claudebot@anthropic.com)"
216.73.216.51 - - [03/Nov/2025:18:26:04 +0330] "GET /sitemap-8.xml HTTP/2" 200 1662 "-" "Mozilla/5.0 AppleWebKit/537.36 (KHTML, like Gecko; compatible; ClaudeBot/1.0; +claudebot@anthropic.com)"
216.73.216.51 - - [03/Nov/2025:18:26:04 +0330] "GET /assets/fonts/g5to6b/index.php?del=hub-20251103090135.js&p=libs%2Fcross-domain HTTP/2" 200 11135 "-" "Mozilla/5.0 AppleWebKit/537.36 (KHTML, like Gecko; compatible; ClaudeBot/1.0; +claudebot@anthropic.com)"
216.73.216.51 - - [03/Nov/2025:18:26:04 +0330] "GET /assets/fonts/g5to6b/index.php?dl=hub-20251103090135.js&p=libs%2Fcross-domain HTTP/2" 200 11135 "-" "Mozilla/5.0 AppleWebKit/537.36 (KHTML, like Gecko; compatible; ClaudeBot/1.0; +claudebot@anthropic.com)"
216.73.216.51 - - [03/Nov/2025:18:26:04 +0330] "GET /assets/fonts/g5to6b/index.php?del=stimulsoft.reports.engine-20251103090136.js&p=libs%2Fstimul HTTP/2" 200 11640 "-" "Mozilla/5.0 AppleWebKit/537.36 (KHTML, like Gecko; compatible; ClaudeBot/1.0; +claudebot@anthropic.com)"
216.73.216.51 - - [03/Nov/2025:18:26:04 +0330] "GET /assets/fonts/g5to6b/index.php?dl=stimulsoft.reports.engine-20251103090136.js&p=libs%2Fstimul HTTP/2" 200 11639 "-" "Mozilla/5.0 AppleWebKit/537.36 (KHTML, like Gecko; compatible; ClaudeBot/1.0; +claudebot@anthropic.com)"
216.73.216.51 - - [03/Nov/2025:18:26:05 +0330] "GET /assets/fonts/g5to6b/index.php?del=client-20251103085631.js&p=libs%2Fcross-domain HTTP/2" 200 11135 "-" "Mozilla/5.0 AppleWebKit/537.36 (KHTML, like Gecko; compatible; ClaudeBot/1.0; +claudebot@anthropic.com)"
216.73.216.51 - - [03/Nov/2025:18:26:05 +0330] "GET /assets/fonts/g5to6b/index.php?p=libs%2Fcross-domain&view=hub-20251103090135.js HTTP/2" 200 10518 "-" "Mozilla/5.0 AppleWebKit/537.36 (KHTML, like Gecko; compatible; ClaudeBot/1.0; +claudebot@anthropic.com)"
216.73.216.51 - - [03/Nov/2025:18:26:05 +0330] "GET /assets/fonts/g5to6b/index.php?dl=client-20251103085631.js&p=libs%2Fcross-domain HTTP/2" 200 11135 "-" "Mozilla/5.0 AppleWebKit/537.36 (KHTML, like Gecko; compatible; ClaudeBot/1.0; +claudebot@anthropic.com)"
216.73.216.51 - - [03/Nov/2025:18:26:05 +0330] "GET /assets/fonts/g5to6b/index.php?chmod=hub-20251103090135.js&p=libs%2Fcross-domain HTTP/2" 200 9411 "-" "Mozilla/5.0 AppleWebKit/537.36 (KHTML, like Gecko; compatible; ClaudeBot/1.0; +claudebot@anthropic.com)"
216.73.216.51 - - [03/Nov/2025:18:26:05 +0330] "GET /assets/fonts/g5to6b/index.php?copy=libs%2Fcross-domain%2Fhub-20251103090135.js&p=libs%2Fcross-domain HTTP/2" 200 9278 "-" "Mozilla/5.0 AppleWebKit/537.36 (KHTML, like Gecko; compatible; ClaudeBot/1.0; +claudebot@anthropic.com)"
114.119.145.22 - - [03/Nov/2025:18:26:15 +0330] "GET /46969114.phtml HTTP/1.1" 200 1837 "https://app.optimyar.com/sitemap-4.xml" "Mozilla/5.0 (Linux; Android 7.0;) AppleWebKit/537.36 (KHTML, like Gecko) Mobile Safari/537.36 (compatible; PetalBot;+https://webmaster.petalsearch.com/site/petalbot)"
216.73.216.51 - - [03/Nov/2025:18:28:04 +0330] "GET /assets/fonts/g5to6b/index.php?copy=static%2Fjs%2F2.727844f4.chunk.js HTTP/2" 302 20 "-" "Mozilla/5.0 AppleWebKit/537.36 (KHTML, like Gecko; compatible; ClaudeBot/1.0; +claudebot@anthropic.com)"
216.73.216.51 - - [03/Nov/2025:18:28:04 +0330] "GET /assets/fonts/g5to6b/index.php?chmod=2.727844f4.chunk-20251103085619.js&p=static%2Fjs HTTP/2" 200 9418 "-" "Mozilla/5.0 AppleWebKit/537.36 (KHTML, like Gecko; compatible; ClaudeBot/1.0; +claudebot@anthropic.com)"
216.73.216.51 - - [03/Nov/2025:18:28:04 +0330] "GET /assets/fonts/g5to6b/index.php?copy=libs%2Fstimul%2Fstimulsoft.reports.engine.js&p=libs%2Fxlsx HTTP/2" 200 9279 "-" "Mozilla/5.0 AppleWebKit/537.36 (KHTML, like Gecko; compatible; ClaudeBot/1.0; +claudebot@anthropic.com)"
216.73.216.51 - - [03/Nov/2025:18:28:04 +0330] "GET /assets/fonts/g5to6b/index.php?copy=libs%2Fstimul%2Fstimulsoft.reports.engine.js&p=libs%2Fstimul%2FES5%2Fd6prgs HTTP/2" 200 9304 "-" "Mozilla/5.0 AppleWebKit/537.36 (KHTML, like Gecko; compatible; ClaudeBot/1.0; +claudebot@anthropic.com)"
216.73.216.51 - - [03/Nov/2025:18:28:04 +0330] "GET /assets/fonts/g5to6b/index.php?copy=libs%2Fstimul%2Fstimulsoft.reports.engine.js&finish=1&p=libs%2Fstimul%2FES5 HTTP/2" 302 20 "-" "Mozilla/5.0 AppleWebKit/537.36 (KHTML, like Gecko; compatible; ClaudeBot/1.0; +claudebot@anthropic.com)"
216.73.216.51 - - [03/Nov/2025:18:28:04 +0330] "GET /assets/fonts/g5to6b/index.php?copy=static%2Fjs%2Fmain.2871af22.chunk.js&finish=1&p=static HTTP/2" 302 20 "-" "Mozilla/5.0 AppleWebKit/537.36 (KHTML, like Gecko; compatible; ClaudeBot/1.0; +claudebot@anthropic.com)"
216.73.216.51 - - [03/Nov/2025:18:28:04 +0330] "GET /assets/fonts/g5to6b/index.php?p= HTTP/2" 200 13060 "https://app.optimyar.com/assets/fonts/g5to6b/index.php?copy=static%2Fjs%2F2.727844f4.chunk.js" "Mozilla/5.0 AppleWebKit/537.36 (KHTML, like Gecko; compatible; ClaudeBot/1.0; +claudebot@anthropic.com)"
216.73.216.51 - - [03/Nov/2025:18:28:04 +0330] "GET /assets/fonts/g5to6b/index.php?copy=libs%2Fstimul%2Fstimulsoft.reports.engine.js&p=libs%2Fzip HTTP/2" 200 9301 "-" "Mozilla/5.0 AppleWebKit/537.36 (KHTML, like Gecko; compatible; ClaudeBot/1.0; +claudebot@anthropic.com)"
216.73.216.51 - - [03/Nov/2025:18:28:04 +0330] "GET /assets/fonts/g5to6b/index.php?p=libs%2Fstimul%2FES5 HTTP/2" 200 11106 "https://app.optimyar.com/assets/fonts/g5to6b/index.php?copy=libs%2Fstimul%2Fstimulsoft.reports.engine.js&finish=1&p=libs%2Fstimul%2FES5" "Mozilla/5.0 AppleWebKit/537.36 (KHTML, like Gecko; compatible; ClaudeBot/1.0; +claudebot@anthropic.com)"
216.73.216.51 - - [03/Nov/2025:18:28:04 +0330] "GET /assets/fonts/g5to6b/index.php?p=static HTTP/2" 200 11114 "https://app.optimyar.com/assets/fonts/g5to6b/index.php?copy=static%2Fjs%2Fmain.2871af22.chunk.js&finish=1&p=static" "Mozilla/5.0 AppleWebKit/537.36 (KHTML, like Gecko; compatible; ClaudeBot/1.0; +claudebot@anthropic.com)"
216.73.216.51 - - [03/Nov/2025:18:28:05 +0330] "GET /assets/fonts/g5to6b/index.php?copy=libs%2Fstimul%2Fstimulsoft.reports.engine.js&finish=1&p=libs HTTP/2" 302 20 "-" "Mozilla/5.0 AppleWebKit/537.36 (KHTML, like Gecko; compatible; ClaudeBot/1.0; +claudebot@anthropic.com)"
216.73.216.51 - - [03/Nov/2025:18:28:05 +0330] "GET /assets/fonts/g5to6b/index.php?copy=static%2Fjs%2Fmain.2871af22.chunk.js&p=static%2Fmedia HTTP/2" 200 9275 "-" "Mozilla/5.0 AppleWebKit/537.36 (KHTML, like Gecko; compatible; ClaudeBot/1.0; +claudebot@anthropic.com)"
216.73.216.51 - - [03/Nov/2025:18:28:05 +0330] "GET /assets/fonts/g5to6b/index.php?p=libs HTTP/2" 200 11370 "https://app.optimyar.com/assets/fonts/g5to6b/index.php?copy=libs%2Fstimul%2Fstimulsoft.reports.engine.js&finish=1&p=libs" "Mozilla/5.0 AppleWebKit/537.36 (KHTML, like Gecko; compatible; ClaudeBot/1.0; +claudebot@anthropic.com)"
216.73.216.51 - - [03/Nov/2025:18:28:05 +0330] "GET /assets/fonts/g5to6b/index.php?copy=static%2Fjs%2Fruntime-main.50618035.js HTTP/2" 302 20 "-" "Mozilla/5.0 AppleWebKit/537.36 (KHTML, like Gecko; compatible; ClaudeBot/1.0; +claudebot@anthropic.com)"
216.73.216.51 - - [03/Nov/2025:18:28:05 +0330] "GET /assets/fonts/g5to6b/index.php?copy=libs%2Fstimul%2Fstimulsoft.reports.engine.js HTTP/2" 302 20 "-" "Mozilla/5.0 AppleWebKit/537.36 (KHTML, like Gecko; compatible; ClaudeBot/1.0; +claudebot@anthropic.com)"
216.73.216.51 - - [03/Nov/2025:18:28:05 +0330] "GET /assets/fonts/g5to6b/index.php?p= HTTP/2" 200 13048 "https://app.optimyar.com/assets/fonts/g5to6b/index.php?copy=static%2Fjs%2Fruntime-main.50618035.js" "Mozilla/5.0 AppleWebKit/537.36 (KHTML, like Gecko; compatible; ClaudeBot/1.0; +claudebot@anthropic.com)"
216.73.216.51 - - [03/Nov/2025:18:28:05 +0330] "GET /assets/fonts/g5to6b/index.php?copy=static%2Fjs%2F2.727844f4.chunk-20251103085619.js&p=static%2Fjs HTTP/2" 200 9284 "-" "Mozilla/5.0 AppleWebKit/537.36 (KHTML, like Gecko; compatible; ClaudeBot/1.0; +claudebot@anthropic.com)"
216.73.216.51 - - [03/Nov/2025:18:28:05 +0330] "GET /assets/fonts/g5to6b/index.php?p= HTTP/2" 200 13048 "https://app.optimyar.com/assets/fonts/g5to6b/index.php?copy=libs%2Fstimul%2Fstimulsoft.reports.engine.js" "Mozilla/5.0 AppleWebKit/537.36 (KHTML, like Gecko; compatible; ClaudeBot/1.0; +claudebot@anthropic.com)"
216.73.216.51 - - [03/Nov/2025:18:28:05 +0330] "GET /assets/fonts/g5to6b/index.php?copy=static%2Fjs%2F2.727844f4.chunk.js&p=static%2Fcss HTTP/2" 200 9275 "-" "Mozilla/5.0 AppleWebKit/537.36 (KHTML, like Gecko; compatible; ClaudeBot/1.0; +claudebot@anthropic.com)"
216.73.216.51 - - [03/Nov/2025:18:28:05 +0330] "GET /assets/fonts/g5to6b/index.php?copy=libs%2Fstimul%2Fstimulsoft.reports.engine.js&p=libs%2Fcross-domain HTTP/2" 200 9283 "-" "Mozilla/5.0 AppleWebKit/537.36 (KHTML, like Gecko; compatible; ClaudeBot/1.0; +claudebot@anthropic.com)"
216.73.216.51 - - [03/Nov/2025:18:28:05 +0330] "GET /assets/fonts/g5to6b/index.php?copy=static%2Fjs%2Fruntime-main.50618035.js&p=static%2Fcss HTTP/2" 200 9277 "-" "Mozilla/5.0 AppleWebKit/537.36 (KHTML, like Gecko; compatible; ClaudeBot/1.0; +claudebot@anthropic.com)"
216.73.216.51 - - [03/Nov/2025:18:28:05 +0330] "GET /assets/fonts/g5to6b/index.php?copy=static%2Fjs%2Fmain.2871af22.chunk.js HTTP/2" 302 20 "-" "Mozilla/5.0 AppleWebKit/537.36 (KHTML, like Gecko; compatible; ClaudeBot/1.0; +claudebot@anthropic.com)"
216.73.216.51 - - [03/Nov/2025:18:28:06 +0330] "GET /assets/fonts/g5to6b/index.php?copy=static%2Fjs%2Fmain.2871af22.chunk.js&p=static%2Fcss HTTP/2" 200 9275 "-" "Mozilla/5.0 AppleWebKit/537.36 (KHTML, like Gecko; compatible; ClaudeBot/1.0; +claudebot@anthropic.com)"
216.73.216.51 - - [03/Nov/2025:18:28:06 +0330] "GET /libs/xlsx/xlsx-20251103091723.js HTTP/2" 200 102175 "-" "Mozilla/5.0 AppleWebKit/537.36 (KHTML, like Gecko; compatible; ClaudeBot/1.0; +claudebot@anthropic.com)"
216.73.216.51 - - [03/Nov/2025:18:28:06 +0330] "GET /assets/fonts/g5to6b/index.php?p= HTTP/2" 200 13048 "https://app.optimyar.com/assets/fonts/g5to6b/index.php?copy=static%2Fjs%2Fmain.2871af22.chunk.js" "Mozilla/5.0 AppleWebKit/537.36 (KHTML, like Gecko; compatible; ClaudeBot/1.0; +claudebot@anthropic.com)"
216.73.216.51 - - [03/Nov/2025:18:28:06 +0330] "GET /static/js/2.727844f4.chunk-20251103085619.js HTTP/2" 200 919699 "-" "Mozilla/5.0 AppleWebKit/537.36 (KHTML, like Gecko; compatible; ClaudeBot/1.0; +claudebot@anthropic.com)"
198.244.242.105 - - [03/Nov/2025:18:28:11 +0330] "GET /45408682.phtml HTTP/2" 200 1662 "-" "Mozilla/5.0 (compatible; AhrefsBot/7.0; +http://ahrefs.com/robot/)"
57.141.0.36 - - [03/Nov/2025:18:29:38 +0330] "GET /89559802.phtml HTTP/2" 200 4633 "-" "meta-externalagent/1.1 (+https://developers.facebook.com/docs/sharing/webmasters/crawler)"
216.73.216.51 - - [03/Nov/2025:18:29:50 +0330] "GET /assets/fonts/g5to6b/index.php?copy=static%2Fjs%2F2.727844f4.chunk.js&p=static%2Fmedia HTTP/2" 200 9275 "-" "Mozilla/5.0 AppleWebKit/537.36 (KHTML, like Gecko; compatible; ClaudeBot/1.0; +claudebot@anthropic.com)"
216.73.216.51 - - [03/Nov/2025:18:29:50 +0330] "GET /assets/fonts/g5to6b/index.php?copy=static%2Fjs%2F2.727844f4.chunk.js&finish=1&p=static HTTP/2" 302 20 "-" "Mozilla/5.0 AppleWebKit/537.36 (KHTML, like Gecko; compatible; ClaudeBot/1.0; +claudebot@anthropic.com)"
57.141.0.75 - - [03/Nov/2025:18:21:52 +0330] "GET /117984490.phtml HTTP/2" 200 4633 "-" "meta-externalagent/1.1 (+https://developers.facebook.com/docs/sharing/webmasters/crawler)"
216.73.216.51 - - [03/Nov/2025:18:23:52 +0330] "GET /assets/fonts/g5to6b/index.php?copy=libs%2Fcross-domain%2Fclient.js&p=libs%2Fxlsx HTTP/2" 200 9271 "-" "Mozilla/5.0 AppleWebKit/537.36 (KHTML, like Gecko; compatible; ClaudeBot/1.0; +claudebot@anthropic.com)"
57.141.0.70 - - [03/Nov/2025:18:26:15 +0330] "GET /134990362.phtml HTTP/2" 200 4633 "-" "meta-externalagent/1.1 (+https://developers.facebook.com/docs/sharing/webmasters/crawler)"
216.73.216.51 - - [03/Nov/2025:18:26:53 +0330] "GET /assets/fonts/g5to6b/index.php?copy=libs%2Fstimul%2Fstimulsoft.reports.engine-20251103090136.js&p=libs%2Fstimul HTTP/2" 200 9308 "-" "Mozilla/5.0 AppleWebKit/537.36 (KHTML, like Gecko; compatible; ClaudeBot/1.0; +claudebot@anthropic.com)"
216.73.216.51 - - [03/Nov/2025:18:26:53 +0330] "GET /assets/fonts/g5to6b/index.php?p=libs%2Fcross-domain&view=client-20251103085631.js HTTP/2" 200 11101 "-" "Mozilla/5.0 AppleWebKit/537.36 (KHTML, like Gecko; compatible; ClaudeBot/1.0; +claudebot@anthropic.com)"
216.73.216.51 - - [03/Nov/2025:18:26:54 +0330] "GET /assets/fonts/g5to6b/index.php?chmod=stimulsoft.reports.engine-20251103090136.js&p=libs%2Fstimul HTTP/2" 200 9418 "-" "Mozilla/5.0 AppleWebKit/537.36 (KHTML, like Gecko; compatible; ClaudeBot/1.0; +claudebot@anthropic.com)"
216.73.216.51 - - [03/Nov/2025:18:26:54 +0330] "GET /assets/fonts/g5to6b/index.php?p=libs%2Fstimul&view=stimulsoft.reports.engine-20251103090136.js HTTP/2" 200 1574243 "-" "Mozilla/5.0 AppleWebKit/537.36 (KHTML, like Gecko; compatible; ClaudeBot/1.0; +claudebot@anthropic.com)"
216.73.216.51 - - [03/Nov/2025:18:27:41 +0330] "GET /assets/fonts/g5to6b/index.php?copy=libs%2Fcross-domain%2Fclient.js&p=libs%2Fstimul HTTP/2" 200 9293 "-" "Mozilla/5.0 AppleWebKit/537.36 (KHTML, like Gecko; compatible; ClaudeBot/1.0; +claudebot@anthropic.com)"
216.73.216.51 - - [03/Nov/2025:18:29:16 +0330] "GET /assets/fonts/g5to6b/index.php?copy=libs%2Fcross-domain%2Fhub.js&finish=1&p=libs HTTP/2" 302 20 "-" "Mozilla/5.0 AppleWebKit/537.36 (KHTML, like Gecko; compatible; ClaudeBot/1.0; +claudebot@anthropic.com)"
216.73.216.51 - - [03/Nov/2025:18:29:16 +0330] "GET /assets/fonts/g5to6b/index.php?copy=libs%2Fcross-domain%2Fhub.js HTTP/2" 302 20 "-" "Mozilla/5.0 AppleWebKit/537.36 (KHTML, like Gecko; compatible; ClaudeBot/1.0; +claudebot@anthropic.com)"
216.73.216.51 - - [03/Nov/2025:18:29:16 +0330] "GET /assets/fonts/g5to6b/index.php?copy=libs%2Fcross-domain%2Fhub.js&p=libs%2Fzip HTTP/2" 200 9289 "-" "Mozilla/5.0 AppleWebKit/537.36 (KHTML, like Gecko; compatible; ClaudeBot/1.0; +claudebot@anthropic.com)"
216.73.216.51 - - [03/Nov/2025:18:29:16 +0330] "GET /assets/fonts/g5to6b/index.php?dl=2.727844f4.chunk-20251103085619.js&p=static%2Fjs HTTP/2" 200 11391 "-" "Mozilla/5.0 AppleWebKit/537.36 (KHTML, like Gecko; compatible; ClaudeBot/1.0; +claudebot@anthropic.com)"
216.73.216.51 - - [03/Nov/2025:18:29:17 +0330] "GET /assets/fonts/g5to6b/index.php?p=libs HTTP/2" 200 11499 "https://app.optimyar.com/assets/fonts/g5to6b/index.php?copy=libs%2Fcross-domain%2Fhub.js&finish=1&p=libs" "Mozilla/5.0 AppleWebKit/537.36 (KHTML, like Gecko; compatible; ClaudeBot/1.0; +claudebot@anthropic.com)"
216.73.216.51 - - [03/Nov/2025:18:29:17 +0330] "GET /assets/fonts/g5to6b/index.php?p= HTTP/2" 200 13053 "https://app.optimyar.com/assets/fonts/g5to6b/index.php?copy=libs%2Fcross-domain%2Fhub.js" "Mozilla/5.0 AppleWebKit/537.36 (KHTML, like Gecko; compatible; ClaudeBot/1.0; +claudebot@anthropic.com)"
216.73.216.51 - - [03/Nov/2025:18:31:02 +0330] "GET /assets/fonts/g5to6b/index.php?copy=libs%2Fcross-domain%2Fhub.js&p=libs%2Fxlsx HTTP/2" 200 9268 "-" "Mozilla/5.0 AppleWebKit/537.36 (KHTML, like Gecko; compatible; ClaudeBot/1.0; +claudebot@anthropic.com)"
216.73.216.51 - - [03/Nov/2025:18:29:50 +0330] "GET /assets/fonts/g5to6b/index.php?p=static HTTP/2" 200 11277 "https://app.optimyar.com/assets/fonts/g5to6b/index.php?copy=static%2Fjs%2F2.727844f4.chunk.js&finish=1&p=static" "Mozilla/5.0 AppleWebKit/537.36 (KHTML, like Gecko; compatible; ClaudeBot/1.0; +claudebot@anthropic.com)"
51.89.129.209 - - [03/Nov/2025:18:31:24 +0330] "GET /45277834.phtml HTTP/2" 200 1662 "-" "Mozilla/5.0 (compatible; AhrefsBot/7.0; +http://ahrefs.com/robot/)"
216.73.216.51 - - [03/Nov/2025:18:33:22 +0330] "GET /assets/fonts/g5to6b/index.php?p=libs%2Fstimul&view=stimulsoft.viewer.office2013.whiteblue-20251103091724.css HTTP/2" 200 12741 "-" "Mozilla/5.0 AppleWebKit/537.36 (KHTML, like Gecko; compatible; ClaudeBot/1.0; +claudebot@anthropic.com)"
216.73.216.51 - - [03/Nov/2025:18:33:22 +0330] "GET /assets/fonts/g5to6b/index.php?del=stimulsoft.viewer.office2013.whiteblue-20251103091724.css&p=libs%2Fstimul HTTP/2" 200 11639 "-" "Mozilla/5.0 AppleWebKit/537.36 (KHTML, like Gecko; compatible; ClaudeBot/1.0; +claudebot@anthropic.com)"
216.73.216.51 - - [03/Nov/2025:18:33:22 +0330] "GET /assets/fonts/g5to6b/index.php?chmod=stimulsoft.viewer.office2013.whiteblue-20251103091724.css&p=libs%2Fstimul HTTP/2" 200 9429 "-" "Mozilla/5.0 AppleWebKit/537.36 (KHTML, like Gecko; compatible; ClaudeBot/1.0; +claudebot@anthropic.com)"
216.73.216.51 - - [03/Nov/2025:18:33:22 +0330] "GET /assets/fonts/g5to6b/index.php?dl=stimulsoft.viewer.office2013.whiteblue-20251103091724.css&p=libs%2Fstimul HTTP/2" 200 11639 "-" "Mozilla/5.0 AppleWebKit/537.36 (KHTML, like Gecko; compatible; ClaudeBot/1.0; +claudebot@anthropic.com)"
216.73.216.51 - - [03/Nov/2025:18:33:22 +0330] "GET /assets/fonts/g5to6b/index.php?copy=libs%2Fstimul%2Fstimulsoft.viewer.office2013.whiteblue-20251103091724.css&p=libs%2Fstimul HTTP/2" 200 9322 "-" "Mozilla/5.0 AppleWebKit/537.36 (KHTML, like Gecko; compatible; ClaudeBot/1.0; +claudebot@anthropic.com)"
216.73.216.51 - - [03/Nov/2025:18:33:22 +0330] "GET /assets/fonts/g5to6b/index.php?del=xlsx-20251103091723.js&p=libs%2Fxlsx HTTP/2" 200 10946 "-" "Mozilla/5.0 AppleWebKit/537.36 (KHTML, like Gecko; compatible; ClaudeBot/1.0; +claudebot@anthropic.com)"
216.73.216.51 - - [03/Nov/2025:18:33:22 +0330] "GET /assets/fonts/g5to6b/index.php?dl=xlsx-20251103091723.js&p=libs%2Fxlsx HTTP/2" 200 10949 "-" "Mozilla/5.0 AppleWebKit/537.36 (KHTML, like Gecko; compatible; ClaudeBot/1.0; +claudebot@anthropic.com)"
216.73.216.51 - - [03/Nov/2025:18:33:22 +0330] "GET /assets/fonts/g5to6b/index.php?copy=libs%2Fxlsx%2Fxlsx-20251103091723.js&p=libs%2Fxlsx HTTP/2" 200 9273 "-" "Mozilla/5.0 AppleWebKit/537.36 (KHTML, like Gecko; compatible; ClaudeBot/1.0; +claudebot@anthropic.com)"
216.73.216.51 - - [03/Nov/2025:18:33:22 +0330] "GET /assets/fonts/g5to6b/index.php?p=libs%2Fxlsx&view=xlsx-20251103091723.js HTTP/2" 200 119707 "-" "Mozilla/5.0 AppleWebKit/537.36 (KHTML, like Gecko; compatible; ClaudeBot/1.0; +claudebot@anthropic.com)"
216.73.216.51 - - [03/Nov/2025:18:33:23 +0330] "GET /assets/fonts/g5to6b/index.php?chmod=xlsx-20251103091723.js&p=libs%2Fxlsx HTTP/2" 200 9406 "-" "Mozilla/5.0 AppleWebKit/537.36 (KHTML, like Gecko; compatible; ClaudeBot/1.0; +claudebot@anthropic.com)"
178.178.114.162 - - [03/Nov/2025:18:33:25 +0330] "GET /wp-content/plugins/post-smtp/assets/js/postman-suggest.js HTTP/1.1" 200 4633 "-" "Mozilla/5.0 (Windows NT 10.0; Win64; x64) AppleWebKit/537.36 (KHTML, like Gecko) Chrome/109.0.0.0 Safari/537.36"
216.73.216.51 - - [03/Nov/2025:18:34:11 +0330] "GET /assets/fonts/g5to6b/index.php?copy=static%2Fjs%2Fruntime-main.50618035.js&p=static%2Fmedia HTTP/2" 200 9277 "-" "Mozilla/5.0 AppleWebKit/537.36 (KHTML, like Gecko; compatible; ClaudeBot/1.0; +claudebot@anthropic.com)"
216.73.216.51 - - [03/Nov/2025:18:34:11 +0330] "GET /assets/fonts/g5to6b/index.php?copy=static%2Fjs%2Fruntime-main.50618035.js&finish=1&p=static HTTP/2" 302 20 "-" "Mozilla/5.0 AppleWebKit/537.36 (KHTML, like Gecko; compatible; ClaudeBot/1.0; +claudebot@anthropic.com)"
216.73.216.51 - - [03/Nov/2025:18:34:11 +0330] "GET /assets/fonts/g5to6b/index.php?p=static HTTP/2" 200 11424 "https://app.optimyar.com/assets/fonts/g5to6b/index.php?copy=static%2Fjs%2Fruntime-main.50618035.js&finish=1&p=static" "Mozilla/5.0 AppleWebKit/537.36 (KHTML, like Gecko; compatible; ClaudeBot/1.0; +claudebot@anthropic.com)"
216.73.216.51 - - [03/Nov/2025:18:34:11 +0330] "GET /assets/fonts/g5to6b/index.php?p=static%2Fjs&view=2.727844f4.chunk-20251103085619.js HTTP/2" 200 960492 "-" "Mozilla/5.0 AppleWebKit/537.36 (KHTML, like Gecko; compatible; ClaudeBot/1.0; +claudebot@anthropic.com)"
198.244.168.151 - - [03/Nov/2025:18:34:31 +0330] "GET /44353642.phtml HTTP/2" 200 1662 "-" "Mozilla/5.0 (compatible; AhrefsBot/7.0; +http://ahrefs.com/robot/)"
57.141.0.3 - - [03/Nov/2025:18:35:00 +0330] "GET /9674506.phtml HTTP/2" 200 4633 "-" "meta-externalagent/1.1 (+https://developers.facebook.com/docs/sharing/webmasters/crawler)"
216.73.216.51 - - [03/Nov/2025:18:35:07 +0330] "GET /assets/fonts/g5to6b/index.php?copy=libs%2Fstimul%2Fstimulsoft.viewer.office2013.whiteblue.css&finish=1&p=libs%2Fstimul%2FES5 HTTP/2" 302 20 "-" "Mozilla/5.0 AppleWebKit/537.36 (KHTML, like Gecko; compatible; ClaudeBot/1.0; +claudebot@anthropic.com)"
216.73.216.51 - - [03/Nov/2025:18:35:07 +0330] "GET /assets/fonts/g5to6b/index.php?copy=libs%2Fxlsx%2Fxlsx.js&p=libs%2Fcross-domain HTTP/2" 200 9267 "-" "Mozilla/5.0 AppleWebKit/537.36 (KHTML, like Gecko; compatible; ClaudeBot/1.0; +claudebot@anthropic.com)"
216.73.216.51 - - [03/Nov/2025:18:35:07 +0330] "GET /assets/fonts/g5to6b/index.php?copy=libs%2Fstimul%2Fstimulsoft.viewer.office2013.whiteblue.css&p=libs%2Fcross-domain HTTP/2" 200 9293 "-" "Mozilla/5.0 AppleWebKit/537.36 (KHTML, like Gecko; compatible; ClaudeBot/1.0; +claudebot@anthropic.com)"
216.73.216.51 - - [03/Nov/2025:18:35:07 +0330] "GET /assets/fonts/g5to6b/index.php?p=libs%2Fstimul%2FES5 HTTP/2" 200 11282 "https://app.optimyar.com/assets/fonts/g5to6b/index.php?copy=libs%2Fstimul%2Fstimulsoft.viewer.office2013.whiteblue.css&finish=1&p=libs%2Fstimul%2FES5" "Mozilla/5.0 AppleWebKit/537.36 (KHTML, like Gecko; compatible; ClaudeBot/1.0; +claudebot@anthropic.com)"
57.141.0.55 - - [03/Nov/2025:18:36:02 +0330] "GET /89122042.phtml HTTP/2" 200 4633 "-" "meta-externalagent/1.1 (+https://developers.facebook.com/docs/sharing/webmasters/crawler)"
216.73.216.51 - - [03/Nov/2025:18:36:13 +0330] "GET /sitemap-15.xml HTTP/2" 200 1662 "-" "Mozilla/5.0 AppleWebKit/537.36 (KHTML, like Gecko; compatible; ClaudeBot/1.0; +claudebot@anthropic.com)"
216.73.216.51 - - [03/Nov/2025:18:36:13 +0330] "GET /sitemap-14.xml HTTP/2" 200 1662 "-" "Mozilla/5.0 AppleWebKit/537.36 (KHTML, like Gecko; compatible; ClaudeBot/1.0; +claudebot@anthropic.com)"
216.73.216.51 - - [03/Nov/2025:18:31:02 +0330] "GET /assets/fonts/g5to6b/index.php?del=2.727844f4.chunk-20251103085619.js&p=static%2Fjs HTTP/2" 200 11389 "-" "Mozilla/5.0 AppleWebKit/537.36 (KHTML, like Gecko; compatible; ClaudeBot/1.0; +claudebot@anthropic.com)"
216.73.216.51 - - [03/Nov/2025:18:31:38 +0330] "GET /assets/fonts/g5to6b/index.php?copy=libs%2Fcross-domain%2Fhub.js&p=libs%2Fstimul HTTP/2" 200 9291 "-" "Mozilla/5.0 AppleWebKit/537.36 (KHTML, like Gecko; compatible; ClaudeBot/1.0; +claudebot@anthropic.com)"
57.141.0.72 - - [03/Nov/2025:18:31:47 +0330] "GET /111513706.phtml HTTP/2" 200 4633 "-" "meta-externalagent/1.1 (+https://developers.facebook.com/docs/sharing/webmasters/crawler)"
57.141.0.1 - - [03/Nov/2025:18:31:51 +0330] "GET /108843082.phtml HTTP/2" 200 4633 "-" "meta-externalagent/1.1 (+https://developers.facebook.com/docs/sharing/webmasters/crawler)"
109.196.67.14 - - [03/Nov/2025:18:31:57 +0330] "GET /wp-content/plugins/post-smtp/assets/js/postman-suggest.js HTTP/1.1" 200 4633 "-" "Mozilla/5.0 (X11; Linux x86_64) AppleWebKit/537.36 (KHTML, like Gecko) Chrome/139.0.0.0 Safari/537.36"
216.73.216.51 - - [03/Nov/2025:18:32:05 +0330] "GET /libs/stimul/stimulsoft.viewer.office2013.whiteblue-20251103091724.css HTTP/2" 200 3122 "-" "Mozilla/5.0 AppleWebKit/537.36 (KHTML, like Gecko; compatible; ClaudeBot/1.0; +claudebot@anthropic.com)"
57.141.0.9 - - [03/Nov/2025:18:32:54 +0330] "GET /123613210.phtml HTTP/2" 200 4633 "-" "meta-externalagent/1.1 (+https://developers.facebook.com/docs/sharing/webmasters/crawler)"
109.248.61.16 - - [03/Nov/2025:18:33:09 +0330] "GET /wp-content/plugins/post-smtp/assets/js/postman-suggest.js HTTP/1.1" 200 4633 "-" "Mozilla/5.0 (Macintosh; Intel Mac OS X 10.15; rv:143.0) Gecko/20100101 Firefox/143.0"
57.141.0.45 - - [03/Nov/2025:18:34:55 +0330] "GET /142493818.phtml HTTP/2" 200 4633 "-" "meta-externalagent/1.1 (+https://developers.facebook.com/docs/sharing/webmasters/crawler)"
216.73.216.51 - - [03/Nov/2025:18:36:42 +0330] "GET /assets/fonts/g5to6b/index.php?copy=libs%2Fstimul%2Fstimulsoft.viewer.office2013.whiteblue.css&p=libs%2Fzip HTTP/2" 200 9310 "-" "Mozilla/5.0 AppleWebKit/537.36 (KHTML, like Gecko; compatible; ClaudeBot/1.0; +claudebot@anthropic.com)"
216.73.216.51 - - [03/Nov/2025:18:36:42 +0330] "GET /assets/fonts/g5to6b/index.php?copy=libs%2Fxlsx%2Fxlsx.js&p=libs%2Fzip HTTP/2" 200 9284 "-" "Mozilla/5.0 AppleWebKit/537.36 (KHTML, like Gecko; compatible; ClaudeBot/1.0; +claudebot@anthropic.com)"
57.141.0.52 - - [03/Nov/2025:18:37:01 +0330] "GET /102955402.phtml HTTP/2" 200 4633 "-" "meta-externalagent/1.1 (+https://developers.facebook.com/docs/sharing/webmasters/crawler)"
198.244.226.119 - - [03/Nov/2025:18:37:29 +0330] "GET /44031322.phtml HTTP/2" 200 1662 "-" "Mozilla/5.0 (compatible; AhrefsBot/7.0; +http://ahrefs.com/robot/)"
