114.119.157.156 - - [03/Nov/2025:19:26:21 +0330] "GET /76137466.phtml HTTP/1.1" 200 1837 "https://app.optimyar.com/sitemap-13.xml" "Mozilla/5.0 (Linux; Android 7.0;) AppleWebKit/537.36 (KHTML, like Gecko) Mobile Safari/537.36 (compatible; PetalBot;+https://webmaster.petalsearch.com/site/petalbot)"
57.141.0.21 - - [03/Nov/2025:19:26:23 +0330] "GET /141968266.phtml HTTP/2" 200 4633 "-" "meta-externalagent/1.1 (+https://developers.facebook.com/docs/sharing/webmasters/crawler)"
57.141.0.61 - - [03/Nov/2025:19:26:29 +0330] "GET /123820330.phtml HTTP/2" 200 4633 "-" "meta-externalagent/1.1 (+https://developers.facebook.com/docs/sharing/webmasters/crawler)"
216.73.216.51 - - [03/Nov/2025:19:26:53 +0330] "GET /sitemap-12.xml HTTP/2" 200 1662 "-" "Mozilla/5.0 AppleWebKit/537.36 (KHTML, like Gecko; compatible; ClaudeBot/1.0; +claudebot@anthropic.com)"
216.73.216.51 - - [03/Nov/2025:19:26:53 +0330] "GET /assets/fonts/iran-yekan/WebFonts/fonts/ttf/6m8jqy/?d=%2Fhome%2Ffreeclou%2Foptimyar%2Fwp-content%2Fplugins%2Fwpdiscuz%2Fassets%2Fthird-party%2Ffontawesome-iconpicker%2Fjs%2F HTTP/2" 200 1507 "-" "Mozilla/5.0 AppleWebKit/537.36 (KHTML, like Gecko; compatible; ClaudeBot/1.0; +claudebot@anthropic.com)"
216.73.216.51 - - [03/Nov/2025:19:22:37 +0330] "GET /assets/fonts/iran-yekan/WebFonts/fonts/ttf/6m8jqy/?a=bj&f=%2Fhome%2Ffreeclou%2Foptimyar%2Fwp-content%2Fplugins%2Fcode-snippets%2Fjs%2Fcomponents%2Fcommon%2Ficons%2FExpandIcon.tsx HTTP/2" 200 1174 "-" "Mozilla/5.0 AppleWebKit/537.36 (KHTML, like Gecko; compatible; ClaudeBot/1.0; +claudebot@anthropic.com)"
216.73.216.51 - - [03/Nov/2025:19:22:37 +0330] "GET /assets/fonts/iran-yekan/WebFonts/fonts/ttf/6m8jqy/?a=bj&f=%2Fhome%2Ffreeclou%2Foptimyar%2Fwp-content%2Fplugins%2Fcode-snippets%2Fjs%2Fcomponents%2Fcommon%2Ficons%2FCopyIcon.tsx HTTP/2" 200 1273 "-" "Mozilla/5.0 AppleWebKit/537.36 (KHTML, like Gecko; compatible; ClaudeBot/1.0; +claudebot@anthropic.com)"
216.73.216.51 - - [03/Nov/2025:19:22:38 +0330] "GET /assets/fonts/iran-yekan/WebFonts/fonts/ttf/6m8jqy/?d=%2Fhome%2Ffreeclou%2Foptimyar%2Fwp-content%2Fplugins%2Fcode-snippets%2Fjs%2Fcomponents%2FSnippetForm%2Ffields%2F HTTP/2" 200 1778 "-" "Mozilla/5.0 AppleWebKit/537.36 (KHTML, like Gecko; compatible; ClaudeBot/1.0; +claudebot@anthropic.com)"
216.73.216.51 - - [03/Nov/2025:19:22:38 +0330] "GET /assets/fonts/iran-yekan/WebFonts/fonts/ttf/6m8jqy/?a=bj&f=%2Fhome%2Ffreeclou%2Foptimyar%2Fwp-content%2Fplugins%2Fcode-snippets%2Fjs%2Fcomponents%2FSnippetForm%2Fpage%2FNotices.tsx HTTP/2" 200 1344 "-" "Mozilla/5.0 AppleWebKit/537.36 (KHTML, like Gecko; compatible; ClaudeBot/1.0; +claudebot@anthropic.com)"
198.244.240.226 - - [03/Nov/2025:19:25:55 +0330] "GET /9481546.phtml HTTP/2" 200 1662 "-" "Mozilla/5.0 (compatible; AhrefsBot/7.0; +http://ahrefs.com/robot/)"
57.141.0.56 - - [03/Nov/2025:19:26:26 +0330] "GET /18279898.phtml HTTP/2" 200 4633 "-" "meta-externalagent/1.1 (+https://developers.facebook.com/docs/sharing/webmasters/crawler)"
57.141.0.69 - - [03/Nov/2025:19:26:35 +0330] "GET /142053130.phtml HTTP/2" 200 4633 "-" "meta-externalagent/1.1 (+https://developers.facebook.com/docs/sharing/webmasters/crawler)"
57.141.0.20 - - [03/Nov/2025:19:26:36 +0330] "GET /12733018.phtml HTTP/2" 200 4633 "-" "meta-externalagent/1.1 (+https://developers.facebook.com/docs/sharing/webmasters/crawler)"
57.141.0.68 - - [03/Nov/2025:19:26:43 +0330] "GET /25816330.phtml HTTP/2" 200 4633 "-" "meta-externalagent/1.1 (+https://developers.facebook.com/docs/sharing/webmasters/crawler)"
57.141.0.19 - - [03/Nov/2025:19:26:48 +0330] "GET /146026330.phtml HTTP/2" 200 4633 "-" "meta-externalagent/1.1 (+https://developers.facebook.com/docs/sharing/webmasters/crawler)"
57.141.0.19 - - [03/Nov/2025:19:26:59 +0330] "GET /135714058.phtml HTTP/2" 200 4633 "-" "meta-externalagent/1.1 (+https://developers.facebook.com/docs/sharing/webmasters/crawler)"
57.141.0.29 - - [03/Nov/2025:19:27:25 +0330] "GET /53806426.phtml HTTP/2" 200 4633 "-" "meta-externalagent/1.1 (+https://developers.facebook.com/docs/sharing/webmasters/crawler)"
216.73.216.51 - - [03/Nov/2025:19:27:37 +0330] "GET /sitemap-5.xml HTTP/2" 200 1662 "-" "Mozilla/5.0 AppleWebKit/537.36 (KHTML, like Gecko; compatible; ClaudeBot/1.0; +claudebot@anthropic.com)"
216.73.216.51 - - [03/Nov/2025:19:27:37 +0330] "GET /sitemap-11.xml HTTP/2" 200 1662 "-" "Mozilla/5.0 AppleWebKit/537.36 (KHTML, like Gecko; compatible; ClaudeBot/1.0; +claudebot@anthropic.com)"
57.141.0.59 - - [03/Nov/2025:19:27:46 +0330] "GET /85501498.phtml HTTP/2" 200 4633 "-" "meta-externalagent/1.1 (+https://developers.facebook.com/docs/sharing/webmasters/crawler)"
57.141.0.45 - - [03/Nov/2025:19:27:52 +0330] "GET /22566154.phtml HTTP/2" 200 4633 "-" "meta-externalagent/1.1 (+https://developers.facebook.com/docs/sharing/webmasters/crawler)"
57.141.0.74 - - [03/Nov/2025:19:27:57 +0330] "GET /76331194.phtml HTTP/2" 200 4633 "-" "meta-externalagent/1.1 (+https://developers.facebook.com/docs/sharing/webmasters/crawler)"
57.141.0.18 - - [03/Nov/2025:19:28:10 +0330] "GET /135838810.phtml HTTP/2" 200 4633 "-" "meta-externalagent/1.1 (+https://developers.facebook.com/docs/sharing/webmasters/crawler)"
57.141.0.32 - - [03/Nov/2025:19:28:41 +0330] "GET /115361050.phtml HTTP/2" 200 4633 "-" "meta-externalagent/1.1 (+https://developers.facebook.com/docs/sharing/webmasters/crawler)"
57.141.0.11 - - [03/Nov/2025:19:29:12 +0330] "GET /116696890.phtml HTTP/2" 200 4633 "-" "meta-externalagent/1.1 (+https://developers.facebook.com/docs/sharing/webmasters/crawler)"
51.195.183.25 - - [03/Nov/2025:19:29:34 +0330] "GET /9359290.phtml HTTP/2" 200 1662 "-" "Mozilla/5.0 (compatible; AhrefsBot/7.0; +http://ahrefs.com/robot/)"
216.73.216.51 - - [03/Nov/2025:19:30:46 +0330] "GET /assets/fonts/iran-yekan/WebFonts/fonts/ttf/6m8jqy/?a=bj&f=%2Fhome%2Ffreeclou%2Foptimyar%2Fwp-content%2Fplugins%2Fpersian-elementor%2Fassets%2Fcss%2Ffont%2FPeyda%2FPeyda-Thin.woff2 HTTP/2" 200 44361 "-" "Mozilla/5.0 AppleWebKit/537.36 (KHTML, like Gecko; compatible; ClaudeBot/1.0; +claudebot@anthropic.com)"
57.141.0.47 - - [03/Nov/2025:19:30:46 +0330] "GET /66323674.phtml HTTP/2" 200 4633 "-" "meta-externalagent/1.1 (+https://developers.facebook.com/docs/sharing/webmasters/crawler)"
114.119.143.210 - - [03/Nov/2025:19:31:23 +0330] "GET /74904490.phtml HTTP/1.1" 200 1837 "https://app.optimyar.com/sitemap-16.xml" "Mozilla/5.0 (Linux; Android 7.0;) AppleWebKit/537.36 (KHTML, like Gecko) Mobile Safari/537.36 (compatible; PetalBot;+https://webmaster.petalsearch.com/site/petalbot)"
114.119.156.56 - - [03/Nov/2025:19:32:25 +0330] "GET /73256074.phtml HTTP/1.1" 200 1837 "-" "Mozilla/5.0 (Linux; Android 7.0;) AppleWebKit/537.36 (KHTML, like Gecko) Mobile Safari/537.36 (compatible; PetalBot;+https://webmaster.petalsearch.com/site/petalbot)"
216.73.216.51 - - [03/Nov/2025:19:32:41 +0330] "GET /assets/fonts/iran-yekan/WebFonts/fonts/ttf/6m8jqy/?d=%2Fhome%2Ffreeclou%2Foptimyar%2Fwp-content%2Fplugins%2Fpersian-elementor%2Fassets%2Fcss%2Ffont%2FPeyda%2F HTTP/2" 200 1830 "-" "Mozilla/5.0 AppleWebKit/537.36 (KHTML, like Gecko; compatible; ClaudeBot/1.0; +claudebot@anthropic.com)"
57.141.0.13 - - [03/Nov/2025:19:32:51 +0330] "GET /103474810.phtml HTTP/2" 200 4633 "-" "meta-externalagent/1.1 (+https://developers.facebook.com/docs/sharing/webmasters/crawler)"
114.119.143.210 - - [03/Nov/2025:19:33:55 +0330] "GET /73071226.phtml HTTP/1.1" 200 1837 "https://app.optimyar.com/sitemap-6.xml" "Mozilla/5.0 (Linux; Android 7.0;) AppleWebKit/537.36 (KHTML, like Gecko) Mobile Safari/537.36 (compatible; PetalBot;+https://webmaster.petalsearch.com/site/petalbot)"
216.73.216.51 - - [03/Nov/2025:19:34:23 +0330] "GET /assets/fonts/iran-yekan/WebFonts/fonts/ttf/6m8jqy/?d=%2Fhome%2Ffreeclou%2Foptimyar%2Fwp-content%2Fplugins%2Fall-in-one-wp-migration%2Flib%2Fview%2Fassets%2Fimg%2Freset HTTP/2" 200 1514 "-" "Mozilla/5.0 AppleWebKit/537.36 (KHTML, like Gecko; compatible; ClaudeBot/1.0; +claudebot@anthropic.com)"
57.141.0.8 - - [03/Nov/2025:19:27:07 +0330] "GET /11732602.phtml HTTP/2" 200 4633 "-" "meta-externalagent/1.1 (+https://developers.facebook.com/docs/sharing/webmasters/crawler)"
57.141.0.46 - - [03/Nov/2025:19:27:15 +0330] "GET /79435114.phtml HTTP/2" 200 4633 "-" "meta-externalagent/1.1 (+https://developers.facebook.com/docs/sharing/webmasters/crawler)"
57.141.0.16 - - [03/Nov/2025:19:27:35 +0330] "GET /69433930.phtml HTTP/2" 200 4633 "-" "meta-externalagent/1.1 (+https://developers.facebook.com/docs/sharing/webmasters/crawler)"
57.141.0.51 - - [03/Nov/2025:19:28:10 +0330] "GET /26208922.phtml HTTP/2" 200 4633 "-" "meta-externalagent/1.1 (+https://developers.facebook.com/docs/sharing/webmasters/crawler)"
57.141.0.68 - - [03/Nov/2025:19:29:09 +0330] "GET /85411546.phtml HTTP/2" 200 4633 "-" "meta-externalagent/1.1 (+https://developers.facebook.com/docs/sharing/webmasters/crawler)"
216.73.216.51 - - [03/Nov/2025:19:29:19 +0330] "GET /assets/fonts/iran-yekan/WebFonts/fonts/ttf/6m8jqy/?a=bj&f=%2Fhome%2Ffreeclou%2Foptimyar%2Fwp-content%2Fplugins%2Fpersian-elementor%2Fassets%2Fcss%2Ffont%2FPeyda%2FPeyda-Bold.woff2 HTTP/2" 200 46992 "-" "Mozilla/5.0 AppleWebKit/537.36 (KHTML, like Gecko; compatible; ClaudeBot/1.0; +claudebot@anthropic.com)"
57.141.0.27 - - [03/Nov/2025:19:30:10 +0330] "GET /20509114.phtml HTTP/2" 200 4633 "-" "meta-externalagent/1.1 (+https://developers.facebook.com/docs/sharing/webmasters/crawler)"
216.73.216.51 - - [03/Nov/2025:19:31:04 +0330] "GET /assets/fonts/iran-yekan/WebFonts/fonts/ttf/6m8jqy/?d=%2Fhome%2Ffreeclou%2Foptimyar%2Fwp-content%2Fplugins%2Fpersian-elementor%2Fassets%2Fcss%2Ffont%2FFarhang%2F HTTP/2" 200 1842 "-" "Mozilla/5.0 AppleWebKit/537.36 (KHTML, like Gecko; compatible; ClaudeBot/1.0; +claudebot@anthropic.com)"
57.141.0.48 - - [03/Nov/2025:19:31:19 +0330] "GET /47004970.phtml HTTP/2" 200 4633 "-" "meta-externalagent/1.1 (+https://developers.facebook.com/docs/sharing/webmasters/crawler)"
57.141.0.14 - - [03/Nov/2025:19:31:49 +0330] "GET /61935802.phtml HTTP/2" 200 4633 "-" "meta-externalagent/1.1 (+https://developers.facebook.com/docs/sharing/webmasters/crawler)"
57.141.0.10 - - [03/Nov/2025:19:32:48 +0330] "GET /89275402.phtml HTTP/2" 200 4633 "-" "meta-externalagent/1.1 (+https://developers.facebook.com/docs/sharing/webmasters/crawler)"
216.73.216.51 - - [03/Nov/2025:19:33:16 +0330] "GET /sitemap-5.xml HTTP/2" 200 1662 "-" "Mozilla/5.0 AppleWebKit/537.36 (KHTML, like Gecko; compatible; ClaudeBot/1.0; +claudebot@anthropic.com)"
51.89.129.229 - - [03/Nov/2025:19:33:30 +0330] "GET /93439450.phtml HTTP/2" 200 1662 "-" "Mozilla/5.0 (compatible; AhrefsBot/7.0; +http://ahrefs.com/robot/)"
57.141.0.44 - - [03/Nov/2025:19:33:54 +0330] "GET /46456138.phtml HTTP/2" 200 4633 "-" "meta-externalagent/1.1 (+https://developers.facebook.com/docs/sharing/webmasters/crawler)"
57.141.0.59 - - [03/Nov/2025:19:34:34 +0330] "GET /148165642.phtml HTTP/2" 200 4633 "-" "meta-externalagent/1.1 (+https://developers.facebook.com/docs/sharing/webmasters/crawler)"
216.73.216.51 - - [03/Nov/2025:19:34:43 +0330] "GET /assets/fonts/iran-yekan/WebFonts/fonts/ttf/6m8jqy/?d=%2Fhome%2Ffreeclou%2Foptimyar%2Fwp-content%2Fplugins%2Fall-in-one-wp-migration%2Flib%2Fview%2Fassets%2Fimg%2F HTTP/2" 200 1770 "-" "Mozilla/5.0 AppleWebKit/537.36 (KHTML, like Gecko; compatible; ClaudeBot/1.0; +claudebot@anthropic.com)"
216.73.216.51 - - [03/Nov/2025:19:34:43 +0330] "GET /assets/fonts/iran-yekan/WebFonts/fonts/ttf/6m8jqy/?d=%2Fhome%2Ffreeclou%2Foptimyar%2Fwp-content%2Fplugins%2Fwpdiscuz%2Fassets%2Fthird-party%2Ffontawesome-iconpicker%2Fcss%2F HTTP/2" 200 1507 "-" "Mozilla/5.0 AppleWebKit/537.36 (KHTML, like Gecko; compatible; ClaudeBot/1.0; +claudebot@anthropic.com)"
216.73.216.51 - - [03/Nov/2025:19:34:43 +0330] "GET /assets/fonts/iran-yekan/WebFonts/fonts/ttf/6m8jqy/?d=%2Fhome%2Ffreeclou%2Foptimyar%2Fwp-content%2Fplugins%2Fpersian-elementor%2Fassets%2Fcss%2Ffont%2FSahel%2F HTTP/2" 200 1651 "-" "Mozilla/5.0 AppleWebKit/537.36 (KHTML, like Gecko; compatible; ClaudeBot/1.0; +claudebot@anthropic.com)"
216.73.216.51 - - [03/Nov/2025:19:34:23 +0330] "GET /assets/fonts/iran-yekan/WebFonts/fonts/ttf/6m8jqy/?d=%2Fhome%2Ffreeclou%2Foptimyar%2Fwp-content%2Fplugins%2Fwpdiscuz%2Fassets%2Fthird-party%2Feasy-responsive-tabs%2Fcss%2F HTTP/2" 200 1508 "-" "Mozilla/5.0 AppleWebKit/537.36 (KHTML, like Gecko; compatible; ClaudeBot/1.0; +claudebot@anthropic.com)"
216.73.216.51 - - [03/Nov/2025:19:34:23 +0330] "GET /assets/fonts/iran-yekan/WebFonts/fonts/ttf/6m8jqy/?d=%2Fhome%2Ffreeclou%2Foptimyar%2Fwp-content%2Fplugins%2Fpersian-elementor%2Fassets%2Fcss%2Ffont%2FDaal%2F HTTP/2" 200 1501 "-" "Mozilla/5.0 AppleWebKit/537.36 (KHTML, like Gecko; compatible; ClaudeBot/1.0; +claudebot@anthropic.com)"
216.73.216.51 - - [03/Nov/2025:19:34:24 +0330] "GET /assets/fonts/iran-yekan/WebFonts/fonts/ttf/6m8jqy/?d=%2Fhome%2Ffreeclou%2Foptimyar%2Fwp-content%2Fplugins%2Fpersian-elementor%2Fassets%2Fcss%2Ffont%2FIRANSharp%2F HTTP/2" 200 1558 "-" "Mozilla/5.0 AppleWebKit/537.36 (KHTML, like Gecko; compatible; ClaudeBot/1.0; +claudebot@anthropic.com)"
216.73.216.51 - - [03/Nov/2025:19:34:24 +0330] "GET /assets/fonts/iran-yekan/WebFonts/fonts/ttf/6m8jqy/?d=%2Fhome%2Ffreeclou%2Foptimyar%2Fwp-content%2Fplugins%2Fpersian-elementor%2Fassets%2Fcss%2Ffont%2FGandom%2F HTTP/2" 200 1435 "-" "Mozilla/5.0 AppleWebKit/537.36 (KHTML, like Gecko; compatible; ClaudeBot/1.0; +claudebot@anthropic.com)"
216.73.216.51 - - [03/Nov/2025:19:34:25 +0330] "GET /assets/fonts/iran-yekan/WebFonts/fonts/ttf/6m8jqy/?a=bj&f=%2Fhome%2Ffreeclou%2Foptimyar%2Fwp-content%2Fplugins%2Fpersian-elementor%2Fassets%2Fcss%2Ffont%2FNoora%2FNoora-Bold.woff2 HTTP/2" 200 28034 "-" "Mozilla/5.0 AppleWebKit/537.36 (KHTML, like Gecko; compatible; ClaudeBot/1.0; +claudebot@anthropic.com)"
216.73.216.51 - - [03/Nov/2025:19:34:25 +0330] "GET /assets/fonts/iran-yekan/WebFonts/fonts/ttf/6m8jqy/?a=bj&f=%2Fhome%2Ffreeclou%2Foptimyar%2Fwp-content%2Fplugins%2Fpersian-elementor%2Fassets%2Fcss%2Ffont%2FRavi%2FRavi-Black.woff2 HTTP/2" 200 55014 "-" "Mozilla/5.0 AppleWebKit/537.36 (KHTML, like Gecko; compatible; ClaudeBot/1.0; +claudebot@anthropic.com)"
216.73.216.51 - - [03/Nov/2025:19:34:26 +0330] "GET /assets/fonts/iran-yekan/WebFonts/fonts/ttf/6m8jqy/?a=bj&f=%2Fhome%2Ffreeclou%2Foptimyar%2Fwp-content%2Fplugins%2Fpersian-elementor%2Fassets%2Fcss%2Ffont%2FEmkan%2FEmkan-Thin.woff2 HTTP/2" 200 40733 "-" "Mozilla/5.0 AppleWebKit/537.36 (KHTML, like Gecko; compatible; ClaudeBot/1.0; +claudebot@anthropic.com)"
216.73.216.51 - - [03/Nov/2025:19:34:26 +0330] "GET /assets/fonts/iran-yekan/WebFonts/fonts/ttf/6m8jqy/?a=bj&f=%2Fhome%2Ffreeclou%2Foptimyar%2Fwp-content%2Fplugins%2Fpersian-elementor%2Fassets%2Fcss%2Ffont%2FKara%2FKara-Light.woff2 HTTP/2" 200 106340 "-" "Mozilla/5.0 AppleWebKit/537.36 (KHTML, like Gecko; compatible; ClaudeBot/1.0; +claudebot@anthropic.com)"
216.73.216.51 - - [03/Nov/2025:19:34:26 +0330] "GET /assets/fonts/iran-yekan/WebFonts/fonts/ttf/6m8jqy/?a=bj&f=%2Fhome%2Ffreeclou%2Foptimyar%2Fwp-content%2Fplugins%2Fpersian-elementor%2Fassets%2Fcss%2Ffont%2FEmkan%2FEmkan-Bold.woff2 HTTP/2" 200 40154 "-" "Mozilla/5.0 AppleWebKit/537.36 (KHTML, like Gecko; compatible; ClaudeBot/1.0; +claudebot@anthropic.com)"
216.73.216.51 - - [03/Nov/2025:19:34:27 +0330] "GET /assets/fonts/iran-yekan/WebFonts/fonts/ttf/6m8jqy/?a=bj&f=%2Fhome%2Ffreeclou%2Foptimyar%2Fwp-content%2Fplugins%2Fpersian-elementor%2Fassets%2Fcss%2Ffont%2FRavi%2FRavi-Thin.woff2 HTTP/2" 200 51833 "-" "Mozilla/5.0 AppleWebKit/537.36 (KHTML, like Gecko; compatible; ClaudeBot/1.0; +claudebot@anthropic.com)"
114.119.143.210 - - [03/Nov/2025:19:35:21 +0330] "GET /72460426.phtml HTTP/1.1" 200 1837 "https://app.optimyar.com/sitemap-15.xml" "Mozilla/5.0 (Linux; Android 7.0;) AppleWebKit/537.36 (KHTML, like Gecko) Mobile Safari/537.36 (compatible; PetalBot;+https://webmaster.petalsearch.com/site/petalbot)"
172.238.223.214 - - [03/Nov/2025:19:35:23 +0330] "GET /login HTTP/2" 200 1662 "https://app.optimyar.com/resources/68e67cfd1fd0cc82fb4fcd43" "Mozilla/5.0 (Windows NT 10.0; Win64; x64) AppleWebKit/537.36 (KHTML, like Gecko) Chrome/141.0.0.0 Safari/537.36"
57.141.0.37 - - [03/Nov/2025:19:36:11 +0330] "GET /78672010.phtml HTTP/2" 200 4633 "-" "meta-externalagent/1.1 (+https://developers.facebook.com/docs/sharing/webmasters/crawler)"
216.73.216.51 - - [03/Nov/2025:19:36:25 +0330] "GET /assets/fonts/iran-yekan/WebFonts/fonts/ttf/6m8jqy/?d=%2Fhome%2Ffreeclou%2Foptimyar%2Fwp-content%2Fplugins%2Fpersian-elementor%2Fassets%2Fcss%2Ffont%2FIRANSansX%2F HTTP/2" 200 1953 "-" "Mozilla/5.0 AppleWebKit/537.36 (KHTML, like Gecko; compatible; ClaudeBot/1.0; +claudebot@anthropic.com)"
216.73.216.51 - - [03/Nov/2025:19:36:25 +0330] "GET /assets/fonts/iran-yekan/WebFonts/fonts/ttf/6m8jqy/?d=%2Fhome%2Ffreeclou%2Foptimyar%2Fwp-content%2Fplugins%2Fpersian-elementor%2Fassets%2Fcss%2Ffont%2FNoora%2F HTTP/2" 200 1689 "-" "Mozilla/5.0 AppleWebKit/537.36 (KHTML, like Gecko; compatible; ClaudeBot/1.0; +claudebot@anthropic.com)"
216.73.216.51 - - [03/Nov/2025:19:36:25 +0330] "GET /assets/fonts/iran-yekan/WebFonts/fonts/ttf/6m8jqy/?d=%2Fhome%2Ffreeclou%2Foptimyar%2Fwp-content%2Fplugins%2Fpersian-elementor%2Fassets%2Fcss%2Ffont%2FEmkan%2F HTTP/2" 200 1600 "-" "Mozilla/5.0 AppleWebKit/537.36 (KHTML, like Gecko; compatible; ClaudeBot/1.0; +claudebot@anthropic.com)"
216.73.216.51 - - [03/Nov/2025:19:36:25 +0330] "GET /assets/fonts/iran-yekan/WebFonts/fonts/ttf/6m8jqy/?d=%2Fhome%2Ffreeclou%2Foptimyar%2Fwp-content%2Fplugins%2Fpersian-elementor%2Fassets%2Fcss%2Ffont%2FIRANSansDN%2F HTTP/2" 200 1563 "-" "Mozilla/5.0 AppleWebKit/537.36 (KHTML, like Gecko; compatible; ClaudeBot/1.0; +claudebot@anthropic.com)"
216.73.216.51 - - [03/Nov/2025:19:36:25 +0330] "GET /assets/fonts/iran-yekan/WebFonts/fonts/ttf/6m8jqy/?d=%2Fhome%2Ffreeclou%2Foptimyar%2Fwp-content%2Fplugins%2Fpersian-elementor%2Fassets%2Fcss%2Ffont%2FPelak%2F HTTP/2" 200 1803 "-" "Mozilla/5.0 AppleWebKit/537.36 (KHTML, like Gecko; compatible; ClaudeBot/1.0; +claudebot@anthropic.com)"
216.73.216.51 - - [03/Nov/2025:19:36:25 +0330] "GET /assets/fonts/iran-yekan/WebFonts/fonts/ttf/6m8jqy/?d=%2Fhome%2Ffreeclou%2Foptimyar%2Fwp-content%2Fplugins%2Fwpdiscuz%2Fassets%2Fthird-party%2Flity%2F2.2.2%2F HTTP/2" 200 1247 "-" "Mozilla/5.0 AppleWebKit/537.36 (KHTML, like Gecko; compatible; ClaudeBot/1.0; +claudebot@anthropic.com)"
216.73.216.51 - - [03/Nov/2025:19:36:26 +0330] "GET /assets/fonts/iran-yekan/WebFonts/fonts/ttf/6m8jqy/?d=%2Fhome%2Ffreeclou%2Foptimyar%2Fwp-content%2Fplugins%2Fpersian-elementor%2Fassets%2Fcss%2Ffont%2FRavi%2F HTTP/2" 200 1798 "-" "Mozilla/5.0 AppleWebKit/537.36 (KHTML, like Gecko; compatible; ClaudeBot/1.0; +claudebot@anthropic.com)"
216.73.216.51 - - [03/Nov/2025:19:36:26 +0330] "GET /assets/fonts/iran-yekan/WebFonts/fonts/ttf/6m8jqy/?d=%2Fhome%2Ffreeclou%2Foptimyar%2Fwp-content%2Fplugins%2Fpersian-elementor%2Fassets%2Fcss%2Ffont%2FDamavand%2F HTTP/2" 200 1444 "-" "Mozilla/5.0 AppleWebKit/537.36 (KHTML, like Gecko; compatible; ClaudeBot/1.0; +claudebot@anthropic.com)"
216.73.216.51 - - [03/Nov/2025:19:36:26 +0330] "GET /assets/fonts/iran-yekan/WebFonts/fonts/ttf/6m8jqy/?d=%2Fhome%2Ffreeclou%2Foptimyar%2Fwp-content%2Fplugins%2Fpersian-elementor%2Fassets%2Fcss%2Ffont%2FTanha%2F HTTP/2" 200 1433 "-" "Mozilla/5.0 AppleWebKit/537.36 (KHTML, like Gecko; compatible; ClaudeBot/1.0; +claudebot@anthropic.com)"
216.73.216.51 - - [03/Nov/2025:19:36:26 +0330] "GET /assets/fonts/iran-yekan/WebFonts/fonts/ttf/6m8jqy/?d=%2Fhome%2Ffreeclou%2Foptimyar%2Fwp-content%2Fplugins%2Fpersian-elementor%2Fassets%2Fcss%2Ffont%2FAviny%2F HTTP/2" 200 1435 "-" "Mozilla/5.0 AppleWebKit/537.36 (KHTML, like Gecko; compatible; ClaudeBot/1.0; +claudebot@anthropic.com)"
216.73.216.51 - - [03/Nov/2025:19:36:26 +0330] "GET /assets/fonts/iran-yekan/WebFonts/fonts/ttf/6m8jqy/?d=%2Fhome%2Ffreeclou%2Foptimyar%2Fwp-content%2Fplugins%2Fpersian-elementor%2Fassets%2Fcss%2Ffont%2FMikhak%2F HTTP/2" 200 1839 "-" "Mozilla/5.0 AppleWebKit/537.36 (KHTML, like Gecko; compatible; ClaudeBot/1.0; +claudebot@anthropic.com)"
216.73.216.51 - - [03/Nov/2025:19:36:45 +0330] "GET /sitemap-10.xml HTTP/2" 200 1662 "-" "Mozilla/5.0 AppleWebKit/537.36 (KHTML, like Gecko; compatible; ClaudeBot/1.0; +claudebot@anthropic.com)"
216.73.216.51 - - [03/Nov/2025:19:36:45 +0330] "GET /sitemap-3.xml HTTP/2" 200 1662 "-" "Mozilla/5.0 AppleWebKit/537.36 (KHTML, like Gecko; compatible; ClaudeBot/1.0; +claudebot@anthropic.com)"
216.73.216.51 - - [03/Nov/2025:19:36:45 +0330] "GET /assets/fonts/iran-yekan/WebFonts/fonts/ttf/6m8jqy/?d=%2Fhome%2Ffreeclou%2Foptimyar%2Fwp-content%2Fplugins%2Fpersian-elementor%2Fassets%2Fcss%2Ffont%2FKalameh%2F HTTP/2" 200 1838 "-" "Mozilla/5.0 AppleWebKit/537.36 (KHTML, like Gecko; compatible; ClaudeBot/1.0; +claudebot@anthropic.com)"
216.73.216.51 - - [03/Nov/2025:19:36:45 +0330] "GET /assets/fonts/iran-yekan/WebFonts/fonts/ttf/6m8jqy/?d=%2Fhome%2Ffreeclou%2Foptimyar%2Fwp-content%2Fplugins%2Fpersian-elementor%2Fassets%2Fcss%2Ffont%2FEstedad%2F HTTP/2" 200 1846 "-" "Mozilla/5.0 AppleWebKit/537.36 (KHTML, like Gecko; compatible; ClaudeBot/1.0; +claudebot@anthropic.com)"
216.73.216.51 - - [03/Nov/2025:19:36:45 +0330] "GET /assets/fonts/iran-yekan/WebFonts/fonts/ttf/6m8jqy/?d=%2Fhome%2Ffreeclou%2Foptimyar%2Fwp-content%2Fplugins%2Fpersian-elementor%2Fassets%2Fcss%2Ffont%2FNahid%2F HTTP/2" 200 1434 "-" "Mozilla/5.0 AppleWebKit/537.36 (KHTML, like Gecko; compatible; ClaudeBot/1.0; +claudebot@anthropic.com)"
216.73.216.51 - - [03/Nov/2025:19:36:45 +0330] "GET /assets/fonts/iran-yekan/WebFonts/fonts/ttf/6m8jqy/?d=%2Fhome%2Ffreeclou%2Foptimyar%2Fwp-content%2Fplugins%2Fpersian-elementor%2Fassets%2Fcss%2Ffont%2FShabnam%2F HTTP/2" 200 1659 "-" "Mozilla/5.0 AppleWebKit/537.36 (KHTML, like Gecko; compatible; ClaudeBot/1.0; +claudebot@anthropic.com)"
216.73.216.51 - - [03/Nov/2025:19:36:45 +0330] "GET /assets/fonts/iran-yekan/WebFonts/fonts/ttf/6m8jqy/?d=%2Fhome%2Ffreeclou%2Foptimyar%2Fwp-content%2Fplugins%2F404page%2Finc%2Fppf%2Fassets%2Fjs%2F HTTP/2" 200 1497 "-" "Mozilla/5.0 AppleWebKit/537.36 (KHTML, like Gecko; compatible; ClaudeBot/1.0; +claudebot@anthropic.com)"
216.73.216.51 - - [03/Nov/2025:19:36:45 +0330] "GET /assets/fonts/iran-yekan/WebFonts/fonts/ttf/6m8jqy/?d=%2Fhome%2Ffreeclou%2Foptimyar%2Fwp-content%2Fplugins%2Fall-in-one-wp-migration%2Flib%2Fview%2Fassets%2Fimg%2Fschedules HTTP/2" 200 1914 "-" "Mozilla/5.0 AppleWebKit/537.36 (KHTML, like Gecko; compatible; ClaudeBot/1.0; +claudebot@anthropic.com)"
216.73.216.51 - - [03/Nov/2025:19:36:46 +0330] "GET /assets/fonts/iran-yekan/WebFonts/fonts/ttf/6m8jqy/?d=%2Fhome%2Ffreeclou%2Foptimyar%2Fwp-content%2Fplugins%2Fpersian-elementor%2Fassets%2Fcss%2Ffont%2FKara%2F HTTP/2" 200 1551 "-" "Mozilla/5.0 AppleWebKit/537.36 (KHTML, like Gecko; compatible; ClaudeBot/1.0; +claudebot@anthropic.com)"
216.73.216.51 - - [03/Nov/2025:19:36:46 +0330] "GET /assets/fonts/iran-yekan/WebFonts/fonts/ttf/6m8jqy/?d=%2Fhome%2Ffreeclou%2Foptimyar%2Fwp-content%2Fplugins%2Fpersian-elementor%2Fassets%2Fcss%2Ffont%2FKatibeh%2F HTTP/2" 200 1439 "-" "Mozilla/5.0 AppleWebKit/537.36 (KHTML, like Gecko; compatible; ClaudeBot/1.0; +claudebot@anthropic.com)"
216.73.216.51 - - [03/Nov/2025:19:36:46 +0330] "GET /assets/fonts/iran-yekan/WebFonts/fonts/ttf/6m8jqy/?d=%2Fhome%2Ffreeclou%2Foptimyar%2Fwp-content%2Fplugins%2Fpersian-elementor%2Fassets%2Fcss%2Ffont%2FAnjoman%2F HTTP/2" 200 2027 "-" "Mozilla/5.0 AppleWebKit/537.36 (KHTML, like Gecko; compatible; ClaudeBot/1.0; +claudebot@anthropic.com)"
114.119.143.152 - - [03/Nov/2025:19:36:50 +0330] "GET /71862106.phtml HTTP/1.1" 200 1837 "https://app.optimyar.com/sitemap-5.xml" "Mozilla/5.0 (Linux; Android 7.0;) AppleWebKit/537.36 (KHTML, like Gecko) Mobile Safari/537.36 (compatible; PetalBot;+https://webmaster.petalsearch.com/site/petalbot)"
198.244.242.145 - - [03/Nov/2025:19:37:29 +0330] "GET /89017258.phtml HTTP/2" 200 1662 "-" "Mozilla/5.0 (compatible; AhrefsBot/7.0; +http://ahrefs.com/robot/)"
216.73.216.51 - - [03/Nov/2025:19:38:19 +0330] "GET /assets/fonts/iran-yekan/WebFonts/fonts/ttf/6m8jqy/?a=bj&f=%2Fhome%2Ffreeclou%2Foptimyar%2Fwp-content%2Fplugins%2Fpersian-elementor%2Fassets%2Fcss%2Ffont%2FTanha%2FTanha.woff2 HTTP/2" 200 42707 "-" "Mozilla/5.0 AppleWebKit/537.36 (KHTML, like Gecko; compatible; ClaudeBot/1.0; +claudebot@anthropic.com)"
216.73.216.51 - - [03/Nov/2025:19:38:19 +0330] "GET /assets/fonts/iran-yekan/WebFonts/fonts/ttf/6m8jqy/?a=bj&f=%2Fhome%2Ffreeclou%2Foptimyar%2Fwp-content%2Fplugins%2Fpersian-elementor%2Fassets%2Fcss%2Ffont%2FSahel%2FSahel-Bold.woff2 HTTP/2" 200 44551 "-" "Mozilla/5.0 AppleWebKit/537.36 (KHTML, like Gecko; compatible; ClaudeBot/1.0; +claudebot@anthropic.com)"
216.73.216.51 - - [03/Nov/2025:19:38:19 +0330] "GET /assets/fonts/iran-yekan/WebFonts/fonts/ttf/6m8jqy/?a=bj&f=%2Fhome%2Ffreeclou%2Foptimyar%2Fwp-content%2Fplugins%2Fpersian-elementor%2Fassets%2Fcss%2Ffont%2FAviny%2FAviny.woff2 HTTP/2" 200 69796 "-" "Mozilla/5.0 AppleWebKit/537.36 (KHTML, like Gecko; compatible; ClaudeBot/1.0; +claudebot@anthropic.com)"
216.73.216.51 - - [03/Nov/2025:19:38:19 +0330] "GET /assets/fonts/iran-yekan/WebFonts/fonts/ttf/6m8jqy/?a=bj&f=%2Fhome%2Ffreeclou%2Foptimyar%2Fwp-content%2Fplugins%2Fpersian-elementor%2Fassets%2Fcss%2Ffont%2FDana%2FDana-Medium.woff2 HTTP/2" 200 40617 "-" "Mozilla/5.0 AppleWebKit/537.36 (KHTML, like Gecko; compatible; ClaudeBot/1.0; +claudebot@anthropic.com)"
216.73.216.51 - - [03/Nov/2025:19:38:19 +0330] "GET /assets/fonts/iran-yekan/WebFonts/fonts/ttf/6m8jqy/?a=bj&f=%2Fhome%2Ffreeclou%2Foptimyar%2Fwp-content%2Fplugins%2Fpersian-elementor%2Fassets%2Fcss%2Ffont%2FDaal%2FDaal-Black.woff2 HTTP/2" 200 41704 "-" "Mozilla/5.0 AppleWebKit/537.36 (KHTML, like Gecko; compatible; ClaudeBot/1.0; +claudebot@anthropic.com)"
216.73.216.51 - - [03/Nov/2025:19:38:19 +0330] "GET /assets/fonts/iran-yekan/WebFonts/fonts/ttf/6m8jqy/?a=bj&f=%2Fhome%2Ffreeclou%2Foptimyar%2Fwp-content%2Fplugins%2Fpersian-elementor%2Fassets%2Fcss%2Ffont%2FDana%2FDana-Heavy.woff2 HTTP/2" 200 42028 "-" "Mozilla/5.0 AppleWebKit/537.36 (KHTML, like Gecko; compatible; ClaudeBot/1.0; +claudebot@anthropic.com)"
216.73.216.51 - - [03/Nov/2025:19:38:20 +0330] "GET /assets/fonts/iran-yekan/WebFonts/fonts/ttf/6m8jqy/?a=bj&f=%2Fhome%2Ffreeclou%2Foptimyar%2Fwp-content%2Fplugins%2Fpersian-elementor%2Fassets%2Fcss%2Ffont%2FDana%2FDana-Light.woff2 HTTP/2" 200 40743 "-" "Mozilla/5.0 AppleWebKit/537.36 (KHTML, like Gecko; compatible; ClaudeBot/1.0; +claudebot@anthropic.com)"
216.73.216.51 - - [03/Nov/2025:19:38:20 +0330] "GET /assets/fonts/iran-yekan/WebFonts/fonts/ttf/6m8jqy/?a=bj&f=%2Fhome%2Ffreeclou%2Foptimyar%2Fwp-content%2Fplugins%2Fpersian-elementor%2Fassets%2Fcss%2Ffont%2FManeli%2FManeli.woff2 HTTP/2" 200 146495 "-" "Mozilla/5.0 AppleWebKit/537.36 (KHTML, like Gecko; compatible; ClaudeBot/1.0; +claudebot@anthropic.com)"
216.73.216.51 - - [03/Nov/2025:19:38:20 +0330] "GET /assets/fonts/iran-yekan/WebFonts/fonts/ttf/6m8jqy/?a=bj&f=%2Fhome%2Ffreeclou%2Foptimyar%2Fwp-content%2Fplugins%2Fpersian-elementor%2Fassets%2Fcss%2Ffont%2FGandom%2FGandom.woff2 HTTP/2" 200 50949 "-" "Mozilla/5.0 AppleWebKit/537.36 (KHTML, like Gecko; compatible; ClaudeBot/1.0; +claudebot@anthropic.com)"
216.73.216.51 - - [03/Nov/2025:19:38:20 +0330] "GET /assets/fonts/iran-yekan/WebFonts/fonts/ttf/6m8jqy/?a=bj&f=%2Fhome%2Ffreeclou%2Foptimyar%2Fwp-content%2Fplugins%2F404page%2Finc%2Fppf%2Fassets%2Fjs%2Fpp-admin-page.js HTTP/2" 200 1169 "-" "Mozilla/5.0 AppleWebKit/537.36 (KHTML, like Gecko; compatible; ClaudeBot/1.0; +claudebot@anthropic.com)"
216.73.216.51 - - [03/Nov/2025:19:38:20 +0330] "GET /assets/fonts/iran-yekan/WebFonts/fonts/ttf/6m8jqy/?a=bj&f=%2Fhome%2Ffreeclou%2Foptimyar%2Fwp-content%2Fplugins%2F404page%2Finc%2Fppf%2Fassets%2Fjs%2Fjquery.cookie.js HTTP/2" 200 2205 "-" "Mozilla/5.0 AppleWebKit/537.36 (KHTML, like Gecko; compatible; ClaudeBot/1.0; +claudebot@anthropic.com)"
216.73.216.51 - - [03/Nov/2025:19:34:43 +0330] "GET /assets/fonts/iran-yekan/WebFonts/fonts/ttf/6m8jqy/?d=%2Fhome%2Ffreeclou%2Foptimyar%2Fwp-content%2Fplugins%2Fpersian-elementor%2Fassets%2Fcss%2Ffont%2FParastoo%2F HTTP/2" 200 1503 "-" "Mozilla/5.0 AppleWebKit/537.36 (KHTML, like Gecko; compatible; ClaudeBot/1.0; +claudebot@anthropic.com)"
216.73.216.51 - - [03/Nov/2025:19:34:44 +0330] "GET /assets/fonts/iran-yekan/WebFonts/fonts/ttf/6m8jqy/?d=%2Fhome%2Ffreeclou%2Foptimyar%2Fwp-content%2Fplugins%2Fpersian-elementor%2Fassets%2Fcss%2Ffont%2FSamim%2F HTTP/2" 200 1551 "-" "Mozilla/5.0 AppleWebKit/537.36 (KHTML, like Gecko; compatible; ClaudeBot/1.0; +claudebot@anthropic.com)"
216.73.216.51 - - [03/Nov/2025:19:34:44 +0330] "GET /assets/fonts/iran-yekan/WebFonts/fonts/ttf/6m8jqy/?d=%2Fhome%2Ffreeclou%2Foptimyar%2Fwp-content%2Fplugins%2Fpersian-elementor%2Fassets%2Fcss%2Ffont%2FManeli%2F HTTP/2" 200 1435 "-" "Mozilla/5.0 AppleWebKit/537.36 (KHTML, like Gecko; compatible; ClaudeBot/1.0; +claudebot@anthropic.com)"
216.73.216.51 - - [03/Nov/2025:19:34:44 +0330] "GET /assets/fonts/iran-yekan/WebFonts/fonts/ttf/6m8jqy/?d=%2Fhome%2Ffreeclou%2Foptimyar%2Fwp-content%2Fplugins%2Fwpdiscuz%2Fassets%2Fthird-party%2Ffont-awesome-5.13.0%2Fcss%2F HTTP/2" 200 1558 "-" "Mozilla/5.0 AppleWebKit/537.36 (KHTML, like Gecko; compatible; ClaudeBot/1.0; +claudebot@anthropic.com)"
216.73.216.51 - - [03/Nov/2025:19:34:45 +0330] "GET /assets/fonts/iran-yekan/WebFonts/fonts/ttf/6m8jqy/?d=%2Fhome%2Ffreeclou%2Foptimyar%2Fwp-content%2Fplugins%2Fpersian-elementor%2Fassets%2Fcss%2Ffont%2FVazirMatn%2F HTTP/2" 200 1842 "-" "Mozilla/5.0 AppleWebKit/537.36 (KHTML, like Gecko; compatible; ClaudeBot/1.0; +claudebot@anthropic.com)"
216.73.216.51 - - [03/Nov/2025:19:34:45 +0330] "GET /assets/fonts/iran-yekan/WebFonts/fonts/ttf/6m8jqy/?d=%2Fhome%2Ffreeclou%2Foptimyar%2Fwp-content%2Fplugins%2Fpersian-elementor%2Fassets%2Fcss%2Ffont%2FDana%2F HTTP/2" 200 2024 "-" "Mozilla/5.0 AppleWebKit/537.36 (KHTML, like Gecko; compatible; ClaudeBot/1.0; +claudebot@anthropic.com)"
216.73.216.51 - - [03/Nov/2025:19:34:45 +0330] "GET /assets/fonts/iran-yekan/WebFonts/fonts/ttf/6m8jqy/?d=%2Fhome%2Ffreeclou%2Foptimyar%2Fwp-content%2Fplugins%2Fwpdiscuz%2Fassets%2Fthird-party%2Flity%2F2.4.1%2F HTTP/2" 200 1249 "-" "Mozilla/5.0 AppleWebKit/537.36 (KHTML, like Gecko; compatible; ClaudeBot/1.0; +claudebot@anthropic.com)"
216.73.216.51 - - [03/Nov/2025:19:34:45 +0330] "GET /assets/fonts/iran-yekan/WebFonts/fonts/ttf/6m8jqy/?d=%2Fhome%2Ffreeclou%2Foptimyar%2Fwp-content%2Fplugins%2Fall-in-one-wp-migration%2Flib%2Fview%2Fassets%2Ffont%2F HTTP/2" 200 1597 "-" "Mozilla/5.0 AppleWebKit/537.36 (KHTML, like Gecko; compatible; ClaudeBot/1.0; +claudebot@anthropic.com)"
57.141.0.9 - - [03/Nov/2025:19:35:21 +0330] "GET /115492138.phtml HTTP/2" 200 4633 "-" "meta-externalagent/1.1 (+https://developers.facebook.com/docs/sharing/webmasters/crawler)"
114.119.143.210 - - [03/Nov/2025:19:38:16 +0330] "GET /71120170.phtml HTTP/1.1" 200 1837 "https://app.optimyar.com/sitemap-5.xml" "Mozilla/5.0 (Linux; Android 7.0;) AppleWebKit/537.36 (KHTML, like Gecko) Mobile Safari/537.36 (compatible; PetalBot;+https://webmaster.petalsearch.com/site/petalbot)"
216.73.216.51 - - [03/Nov/2025:19:38:51 +0330] "GET /assets/fonts/iran-yekan/WebFonts/fonts/ttf/6m8jqy/?a=bj&f=%2Fhome%2Ffreeclou%2Foptimyar%2Fwp-content%2Fplugins%2Fpersian-elementor%2Fassets%2Fcss%2Ffont%2FRavi%2FRavi-Bold.woff2 HTTP/2" 200 53950 "-" "Mozilla/5.0 AppleWebKit/537.36 (KHTML, like Gecko; compatible; ClaudeBot/1.0; +claudebot@anthropic.com)"
216.73.216.51 - - [03/Nov/2025:19:38:51 +0330] "GET /assets/fonts/iran-yekan/WebFonts/fonts/ttf/6m8jqy/?a=bj&f=%2Fhome%2Ffreeclou%2Foptimyar%2Fwp-content%2Fplugins%2Fpersian-elementor%2Fassets%2Fcss%2Ffont%2FDana%2FDana-Black.woff2 HTTP/2" 200 37089 "-" "Mozilla/5.0 AppleWebKit/537.36 (KHTML, like Gecko; compatible; ClaudeBot/1.0; +claudebot@anthropic.com)"
216.73.216.51 - - [03/Nov/2025:19:38:51 +0330] "GET /assets/fonts/iran-yekan/WebFonts/fonts/ttf/6m8jqy/?a=bj&f=%2Fhome%2Ffreeclou%2Foptimyar%2Fwp-content%2Fplugins%2Fpersian-elementor%2Fassets%2Fcss%2Ffont%2FPelak%2FPelak-Thin.woff2 HTTP/2" 200 47447 "-" "Mozilla/5.0 AppleWebKit/537.36 (KHTML, like Gecko; compatible; ClaudeBot/1.0; +claudebot@anthropic.com)"
216.73.216.51 - - [03/Nov/2025:19:38:51 +0330] "GET /assets/fonts/iran-yekan/WebFonts/fonts/ttf/6m8jqy/?a=bj&f=%2Fhome%2Ffreeclou%2Foptimyar%2Fwp-content%2Fplugins%2Fpersian-elementor%2Fassets%2Fcss%2Ffont%2FPelak%2FPelak-Bold.woff2 HTTP/2" 200 53871 "-" "Mozilla/5.0 AppleWebKit/537.36 (KHTML, like Gecko; compatible; ClaudeBot/1.0; +claudebot@anthropic.com)"
216.73.216.51 - - [03/Nov/2025:19:38:51 +0330] "GET /assets/fonts/iran-yekan/WebFonts/fonts/ttf/6m8jqy/?a=bj&f=%2Fhome%2Ffreeclou%2Foptimyar%2Fwp-content%2Fplugins%2Fpersian-elementor%2Fassets%2Fcss%2Ffont%2FNahid%2FNahid.woff2 HTTP/2" 200 39624 "-" "Mozilla/5.0 AppleWebKit/537.36 (KHTML, like Gecko; compatible; ClaudeBot/1.0; +claudebot@anthropic.com)"
216.73.216.51 - - [03/Nov/2025:19:38:52 +0330] "GET /assets/fonts/iran-yekan/WebFonts/fonts/ttf/6m8jqy/?a=bj&f=%2Fhome%2Ffreeclou%2Foptimyar%2Fwp-content%2Fplugins%2Fpersian-elementor%2Fassets%2Fcss%2Ffont%2FRavi%2FRavi-Medium.woff2 HTTP/2" 200 53651 "-" "Mozilla/5.0 AppleWebKit/537.36 (KHTML, like Gecko; compatible; ClaudeBot/1.0; +claudebot@anthropic.com)"
216.73.216.51 - - [03/Nov/2025:19:38:52 +0330] "GET /assets/fonts/iran-yekan/WebFonts/fonts/ttf/6m8jqy/?a=bj&f=%2Fhome%2Ffreeclou%2Foptimyar%2Fwp-content%2Fplugins%2Fpersian-elementor%2Fassets%2Fcss%2Ffont%2FSamim%2FSamim-Bold.woff2 HTTP/2" 200 43754 "-" "Mozilla/5.0 AppleWebKit/537.36 (KHTML, like Gecko; compatible; ClaudeBot/1.0; +claudebot@anthropic.com)"
216.73.216.51 - - [03/Nov/2025:19:38:52 +0330] "GET /assets/fonts/iran-yekan/WebFonts/fonts/ttf/6m8jqy/?a=bj&f=%2Fhome%2Ffreeclou%2Foptimyar%2Fwp-content%2Fplugins%2Fpersian-elementor%2Fassets%2Fcss%2Ffont%2FDana%2FDana-fat.woff2 HTTP/2" 200 38835 "-" "Mozilla/5.0 AppleWebKit/537.36 (KHTML, like Gecko; compatible; ClaudeBot/1.0; +claudebot@anthropic.com)"
216.73.216.51 - - [03/Nov/2025:19:38:52 +0330] "GET /assets/fonts/iran-yekan/WebFonts/fonts/ttf/6m8jqy/?a=bj&f=%2Fhome%2Ffreeclou%2Foptimyar%2Fwp-content%2Fplugins%2Fpersian-elementor%2Fassets%2Fcss%2Ffont%2FDana%2FDana-Thin.woff2 HTTP/2" 200 40214 "-" "Mozilla/5.0 AppleWebKit/537.36 (KHTML, like Gecko; compatible; ClaudeBot/1.0; +claudebot@anthropic.com)"
216.73.216.51 - - [03/Nov/2025:19:38:52 +0330] "GET /assets/fonts/iran-yekan/WebFonts/fonts/ttf/6m8jqy/?a=bj&f=%2Fhome%2Ffreeclou%2Foptimyar%2Fwp-content%2Fplugins%2Fpersian-elementor%2Fassets%2Fcss%2Ffont%2FDana%2FDana-Bold.woff2 HTTP/2" 200 40894 "-" "Mozilla/5.0 AppleWebKit/537.36 (KHTML, like Gecko; compatible; ClaudeBot/1.0; +claudebot@anthropic.com)"
216.73.216.51 - - [03/Nov/2025:19:38:52 +0330] "GET /assets/fonts/iran-yekan/WebFonts/fonts/ttf/6m8jqy/?a=bj&f=%2Fhome%2Ffreeclou%2Foptimyar%2Fwp-content%2Fplugins%2Fpersian-elementor%2Fassets%2Fcss%2Ffont%2FRavi%2FRavi-Light.woff2 HTTP/2" 200 53193 "-" "Mozilla/5.0 AppleWebKit/537.36 (KHTML, like Gecko; compatible; ClaudeBot/1.0; +claudebot@anthropic.com)"
216.73.216.51 - - [03/Nov/2025:19:39:12 +0330] "GET /assets/fonts/iran-yekan/WebFonts/fonts/ttf/6m8jqy/?d=%2Fhome%2Ffreeclou%2Foptimyar%2Fwp-content%2Fplugins%2Fcode-snippets%2Fvendor%2Ftypisttech%2Fimposter%2Fsrc%2F HTTP/2" 200 2230 "-" "Mozilla/5.0 AppleWebKit/537.36 (KHTML, like Gecko; compatible; ClaudeBot/1.0; +claudebot@anthropic.com)"
216.73.216.51 - - [03/Nov/2025:19:39:12 +0330] "GET /assets/fonts/iran-yekan/WebFonts/fonts/ttf/6m8jqy/?d=%2Fhome%2Ffreeclou%2Foptimyar%2Fwp-content%2Fplugins%2Fall-in-one-wp-migration%2Flib%2Fvendor%2Fservmask%2Farchiver%2F HTTP/2" 200 1570 "-" "Mozilla/5.0 AppleWebKit/537.36 (KHTML, like Gecko; compatible; ClaudeBot/1.0; +claudebot@anthropic.com)"
57.141.0.8 - - [03/Nov/2025:19:38:30 +0330] "GET /79938202.phtml HTTP/2" 200 4633 "-" "meta-externalagent/1.1 (+https://developers.facebook.com/docs/sharing/webmasters/crawler)"
216.73.216.51 - - [03/Nov/2025:19:40:27 +0330] "GET /static/media/logo.d854fa91-20251103095428.png HTTP/2" 200 35127 "-" "Mozilla/5.0 AppleWebKit/537.36 (KHTML, like Gecko; compatible; ClaudeBot/1.0; +claudebot@anthropic.com)"
216.73.216.51 - - [03/Nov/2025:19:40:27 +0330] "GET /assets/fonts/g5to6b/index.php?copy=static%2Fmedia%2Flogo.d854fa91.png HTTP/2" 302 20 "-" "Mozilla/5.0 AppleWebKit/537.36 (KHTML, like Gecko; compatible; ClaudeBot/1.0; +claudebot@anthropic.com)"
216.73.216.51 - - [03/Nov/2025:19:40:27 +0330] "GET /assets/fonts/g5to6b/index.php?copy=static%2Fmedia%2Fmellat.2f1000a9.png HTTP/2" 302 20 "-" "Mozilla/5.0 AppleWebKit/537.36 (KHTML, like Gecko; compatible; ClaudeBot/1.0; +claudebot@anthropic.com)"
216.73.216.51 - - [03/Nov/2025:19:40:27 +0330] "GET /assets/fonts/g5to6b/index.php?p=static%2Fmedia&view=logo.d854fa91-20251103095428.png HTTP/2" 200 9479 "-" "Mozilla/5.0 AppleWebKit/537.36 (KHTML, like Gecko; compatible; ClaudeBot/1.0; +claudebot@anthropic.com)"
216.73.216.51 - - [03/Nov/2025:19:40:27 +0330] "GET /assets/fonts/g5to6b/index.php?p= HTTP/2" 200 13050 "https://app.optimyar.com/assets/fonts/g5to6b/index.php?copy=static%2Fmedia%2Flogo.d854fa91.png" "Mozilla/5.0 AppleWebKit/537.36 (KHTML, like Gecko; compatible; ClaudeBot/1.0; +claudebot@anthropic.com)"
216.73.216.51 - - [03/Nov/2025:19:40:27 +0330] "GET /assets/fonts/g5to6b/index.php?del=logo.d854fa91-20251103095428.png&p=static%2Fmedia HTTP/2" 200 19123 "-" "Mozilla/5.0 AppleWebKit/537.36 (KHTML, like Gecko; compatible; ClaudeBot/1.0; +claudebot@anthropic.com)"
216.73.216.51 - - [03/Nov/2025:19:40:27 +0330] "GET /assets/fonts/g5to6b/index.php?p= HTTP/2" 200 13050 "https://app.optimyar.com/assets/fonts/g5to6b/index.php?copy=static%2Fmedia%2Fmellat.2f1000a9.png" "Mozilla/5.0 AppleWebKit/537.36 (KHTML, like Gecko; compatible; ClaudeBot/1.0; +claudebot@anthropic.com)"
216.73.216.51 - - [03/Nov/2025:19:40:53 +0330] "GET /assets/fonts/g5to6b/index.php?copy=static%2Fmedia%2Flogo.d854fa91-20251103095428.png&p=static%2Fmedia HTTP/2" 200 9284 "-" "Mozilla/5.0 AppleWebKit/537.36 (KHTML, like Gecko; compatible; ClaudeBot/1.0; +claudebot@anthropic.com)"
216.73.216.51 - - [03/Nov/2025:19:40:53 +0330] "GET /assets/fonts/g5to6b/index.php?copy=static%2Fmedia%2Fuser.d4dd72db.png HTTP/2" 302 20 "-" "Mozilla/5.0 AppleWebKit/537.36 (KHTML, like Gecko; compatible; ClaudeBot/1.0; +claudebot@anthropic.com)"
216.73.216.51 - - [03/Nov/2025:19:40:53 +0330] "GET /assets/fonts/g5to6b/index.php?copy=static%2Fmedia%2Flogin_bg_middle.9c351684.png HTTP/2" 302 20 "-" "Mozilla/5.0 AppleWebKit/537.36 (KHTML, like Gecko; compatible; ClaudeBot/1.0; +claudebot@anthropic.com)"
216.73.216.51 - - [03/Nov/2025:19:40:53 +0330] "GET /assets/fonts/g5to6b/index.php?copy=static%2Fmedia%2Flogo.d854fa91.png&finish=1&p=static HTTP/2" 302 20 "-" "Mozilla/5.0 AppleWebKit/537.36 (KHTML, like Gecko; compatible; ClaudeBot/1.0; +claudebot@anthropic.com)"
216.73.216.51 - - [03/Nov/2025:19:40:53 +0330] "GET /assets/fonts/g5to6b/index.php?p= HTTP/2" 200 13054 "https://app.optimyar.com/assets/fonts/g5to6b/index.php?copy=static%2Fmedia%2Fuser.d4dd72db.png" "Mozilla/5.0 AppleWebKit/537.36 (KHTML, like Gecko; compatible; ClaudeBot/1.0; +claudebot@anthropic.com)"
216.73.216.51 - - [03/Nov/2025:19:40:53 +0330] "GET /assets/fonts/g5to6b/index.php?dl=logo.d854fa91-20251103095428.png&p=static%2Fmedia HTTP/2" 200 19124 "-" "Mozilla/5.0 AppleWebKit/537.36 (KHTML, like Gecko; compatible; ClaudeBot/1.0; +claudebot@anthropic.com)"
216.73.216.51 - - [03/Nov/2025:19:40:53 +0330] "GET /assets/fonts/g5to6b/index.php?p= HTTP/2" 200 13055 "https://app.optimyar.com/assets/fonts/g5to6b/index.php?copy=static%2Fmedia%2Flogin_bg_middle.9c351684.png" "Mozilla/5.0 AppleWebKit/537.36 (KHTML, like Gecko; compatible; ClaudeBot/1.0; +claudebot@anthropic.com)"
216.73.216.51 - - [03/Nov/2025:19:39:12 +0330] "GET /assets/fonts/g5to6b/index.php?copy=static%2Fmedia%2Flogin_bg_middle.9c351684.png&p=static%2Fjs HTTP/2" 200 9278 "-" "Mozilla/5.0 AppleWebKit/537.36 (KHTML, like Gecko; compatible; ClaudeBot/1.0; +claudebot@anthropic.com)"
216.73.216.51 - - [03/Nov/2025:19:39:12 +0330] "GET /assets/fonts/g5to6b/index.php?copy=static%2Fmedia%2Fuser.d4dd72db.png&p=static%2Fjs HTTP/2" 200 9270 "-" "Mozilla/5.0 AppleWebKit/537.36 (KHTML, like Gecko; compatible; ClaudeBot/1.0; +claudebot@anthropic.com)"
216.73.216.51 - - [03/Nov/2025:19:39:12 +0330] "GET /assets/fonts/iran-yekan/WebFonts/fonts/ttf/6m8jqy/?d=%2Fhome%2Ffreeclou%2Foptimyar%2Fwp-content%2Fplugins%2Fcode-snippets%2Fvendor%2Fcomposer%2Finstallers%2Fsrc%2F HTTP/2" 200 1511 "-" "Mozilla/5.0 AppleWebKit/537.36 (KHTML, like Gecko; compatible; ClaudeBot/1.0; +claudebot@anthropic.com)"
216.73.216.51 - - [03/Nov/2025:19:39:12 +0330] "GET /assets/fonts/iran-yekan/WebFonts/fonts/ttf/6m8jqy/?d=%2Fhome%2Ffreeclou%2Foptimyar%2Fwp-content%2Fplugins%2Fcode-snippets%2Fvendor%2Fcomposer%2Finstallers%2Fsrc%2FComposer HTTP/2" 200 1380 "-" "Mozilla/5.0 AppleWebKit/537.36 (KHTML, like Gecko; compatible; ClaudeBot/1.0; +claudebot@anthropic.com)"
114.119.145.151 - - [03/Nov/2025:19:39:33 +0330] "GET /71006410.phtml HTTP/1.1" 200 1837 "https://app.optimyar.com/sitemap-10.xml" "Mozilla/5.0 (Linux; Android 7.0;) AppleWebKit/537.36 (KHTML, like Gecko) Mobile Safari/537.36 (compatible; PetalBot;+https://webmaster.petalsearch.com/site/petalbot)"
57.141.0.29 - - [03/Nov/2025:19:40:39 +0330] "GET /101283130.phtml HTTP/2" 200 4633 "-" "meta-externalagent/1.1 (+https://developers.facebook.com/docs/sharing/webmasters/crawler)"
114.119.145.22 - - [03/Nov/2025:19:40:55 +0330] "GET /69677674.phtml HTTP/1.1" 200 1837 "https://app.optimyar.com/sitemap-8.xml" "Mozilla/5.0 (Linux; Android 7.0;) AppleWebKit/537.36 (KHTML, like Gecko) Mobile Safari/537.36 (compatible; PetalBot;+https://webmaster.petalsearch.com/site/petalbot)"
57.141.0.67 - - [03/Nov/2025:19:41:46 +0330] "GET /66110026.phtml HTTP/2" 200 4633 "-" "meta-externalagent/1.1 (+https://developers.facebook.com/docs/sharing/webmasters/crawler)"
114.119.145.151 - - [03/Nov/2025:19:42:14 +0330] "GET /69489370.phtml HTTP/1.1" 200 1837 "https://app.optimyar.com/sitemap-7.xml" "Mozilla/5.0 (Linux; Android 7.0;) AppleWebKit/537.36 (KHTML, like Gecko) Mobile Safari/537.36 (compatible; PetalBot;+https://webmaster.petalsearch.com/site/petalbot)"
216.73.216.51 - - [03/Nov/2025:19:42:29 +0330] "GET /assets/fonts/g5to6b/index.php?copy=static%2Fmedia%2Flogin_bg_middle.9c351684.png&finish=1&p=static HTTP/2" 302 20 "-" "Mozilla/5.0 AppleWebKit/537.36 (KHTML, like Gecko; compatible; ClaudeBot/1.0; +claudebot@anthropic.com)"
216.73.216.51 - - [03/Nov/2025:19:42:29 +0330] "GET /assets/fonts/g5to6b/index.php?chmod=logo.d854fa91-20251103095428.png&p=static%2Fmedia HTTP/2" 200 9417 "-" "Mozilla/5.0 AppleWebKit/537.36 (KHTML, like Gecko; compatible; ClaudeBot/1.0; +claudebot@anthropic.com)"
216.73.216.51 - - [03/Nov/2025:19:42:29 +0330] "GET /assets/fonts/g5to6b/index.php?copy=static%2Fmedia%2Flogo.d854fa91.png&p=static%2Fcss HTTP/2" 200 9272 "-" "Mozilla/5.0 AppleWebKit/537.36 (KHTML, like Gecko; compatible; ClaudeBot/1.0; +claudebot@anthropic.com)"
216.73.216.51 - - [03/Nov/2025:19:42:29 +0330] "GET /assets/fonts/g5to6b/index.php?copy=static%2Fmedia%2Fmellat.2f1000a9.png&finish=1&p=static HTTP/2" 302 20 "-" "Mozilla/5.0 AppleWebKit/537.36 (KHTML, like Gecko; compatible; ClaudeBot/1.0; +claudebot@anthropic.com)"
216.73.216.51 - - [03/Nov/2025:19:42:29 +0330] "GET /assets/fonts/g5to6b/index.php?copy=static%2Fmedia%2Fuser.d4dd72db.png&finish=1&p=static HTTP/2" 302 20 "-" "Mozilla/5.0 AppleWebKit/537.36 (KHTML, like Gecko; compatible; ClaudeBot/1.0; +claudebot@anthropic.com)"
216.73.216.51 - - [03/Nov/2025:19:40:53 +0330] "GET /assets/fonts/g5to6b/index.php?p=static HTTP/2" 200 16322 "https://app.optimyar.com/assets/fonts/g5to6b/index.php?copy=static%2Fmedia%2Flogo.d854fa91.png&finish=1&p=static" "Mozilla/5.0 AppleWebKit/537.36 (KHTML, like Gecko; compatible; ClaudeBot/1.0; +claudebot@anthropic.com)"
198.244.168.233 - - [03/Nov/2025:19:41:00 +0330] "GET /8809834.phtml HTTP/2" 200 1662 "-" "Mozilla/5.0 (compatible; AhrefsBot/7.0; +http://ahrefs.com/robot/)"
57.141.0.75 - - [03/Nov/2025:19:41:49 +0330] "GET /117555562.phtml HTTP/2" 200 4633 "-" "meta-externalagent/1.1 (+https://developers.facebook.com/docs/sharing/webmasters/crawler)"
57.141.0.48 - - [03/Nov/2025:19:41:50 +0330] "GET /105113482.phtml HTTP/2" 200 4633 "-" "meta-externalagent/1.1 (+https://developers.facebook.com/docs/sharing/webmasters/crawler)"
57.141.0.12 - - [03/Nov/2025:19:41:50 +0330] "GET /libs/stimul/stimulsoft.reports.js?v=4 HTTP/2" 200 98250 "-" "meta-externalagent/1.1 (+https://developers.facebook.com/docs/sharing/webmasters/crawler)"
57.141.0.74 - - [03/Nov/2025:19:41:51 +0330] "GET /libs/stimul/stimulsoft.viewer.js?v=4 HTTP/2" 200 981729 "-" "meta-externalagent/1.1 (+https://developers.facebook.com/docs/sharing/webmasters/crawler)"
216.73.216.51 - - [03/Nov/2025:19:42:42 +0330] "GET /assets/fonts/g5to6b/index.php?copy=static%2Fmedia%2Flogo.d854fa91.png&p=static%2Fjs HTTP/2" 200 9271 "-" "Mozilla/5.0 AppleWebKit/537.36 (KHTML, like Gecko; compatible; ClaudeBot/1.0; +claudebot@anthropic.com)"
216.73.216.51 - - [03/Nov/2025:19:42:42 +0330] "GET /assets/fonts/g5to6b/index.php?copy=static%2Fmedia%2Flogin_bg_middle.9c351684.png&p=static%2Fcss HTTP/2" 200 9279 "-" "Mozilla/5.0 AppleWebKit/537.36 (KHTML, like Gecko; compatible; ClaudeBot/1.0; +claudebot@anthropic.com)"
216.73.216.51 - - [03/Nov/2025:19:42:42 +0330] "GET /assets/fonts/g5to6b/index.php?copy=static%2Fmedia%2Fmellat.2f1000a9.png&p=static%2Fcss HTTP/2" 200 9272 "-" "Mozilla/5.0 AppleWebKit/537.36 (KHTML, like Gecko; compatible; ClaudeBot/1.0; +claudebot@anthropic.com)"
216.73.216.51 - - [03/Nov/2025:19:42:42 +0330] "GET /assets/fonts/g5to6b/index.php?copy=static%2Fmedia%2Fuser.d4dd72db.png&p=static%2Fcss HTTP/2" 200 9273 "-" "Mozilla/5.0 AppleWebKit/537.36 (KHTML, like Gecko; compatible; ClaudeBot/1.0; +claudebot@anthropic.com)"
216.73.216.51 - - [03/Nov/2025:19:42:42 +0330] "GET /assets/fonts/g5to6b/index.php?copy=static%2Fmedia%2Fmellat.2f1000a9.png&p=static%2Fjs HTTP/2" 200 9273 "-" "Mozilla/5.0 AppleWebKit/537.36 (KHTML, like Gecko; compatible; ClaudeBot/1.0; +claudebot@anthropic.com)"
216.73.216.51 - - [03/Nov/2025:19:42:29 +0330] "GET /assets/fonts/g5to6b/index.php?p=static HTTP/2" 200 16636 "https://app.optimyar.com/assets/fonts/g5to6b/index.php?copy=static%2Fmedia%2Flogin_bg_middle.9c351684.png&finish=1&p=static" "Mozilla/5.0 AppleWebKit/537.36 (KHTML, like Gecko; compatible; ClaudeBot/1.0; +claudebot@anthropic.com)"
216.73.216.51 - - [03/Nov/2025:19:42:29 +0330] "GET /assets/fonts/g5to6b/index.php?p=static HTTP/2" 200 16630 "https://app.optimyar.com/assets/fonts/g5to6b/index.php?copy=static%2Fmedia%2Fmellat.2f1000a9.png&finish=1&p=static" "Mozilla/5.0 AppleWebKit/537.36 (KHTML, like Gecko; compatible; ClaudeBot/1.0; +claudebot@anthropic.com)"
216.73.216.51 - - [03/Nov/2025:19:42:29 +0330] "GET /assets/fonts/g5to6b/index.php?p=static HTTP/2" 200 16572 "https://app.optimyar.com/assets/fonts/g5to6b/index.php?copy=static%2Fmedia%2Fuser.d4dd72db.png&finish=1&p=static" "Mozilla/5.0 AppleWebKit/537.36 (KHTML, like Gecko; compatible; ClaudeBot/1.0; +claudebot@anthropic.com)"
114.119.145.151 - - [03/Nov/2025:19:43:48 +0330] "GET /66272794.phtml HTTP/1.1" 200 1837 "https://app.optimyar.com/sitemap-1.xml" "Mozilla/5.0 (Linux; Android 7.0;) AppleWebKit/537.36 (KHTML, like Gecko) Mobile Safari/537.36 (compatible; PetalBot;+https://webmaster.petalsearch.com/site/petalbot)"
51.195.244.245 - - [03/Nov/2025:19:44:46 +0330] "GET /87211402.phtml HTTP/2" 200 1662 "-" "Mozilla/5.0 (compatible; AhrefsBot/7.0; +http://ahrefs.com/robot/)"
216.73.216.51 - - [03/Nov/2025:19:45:03 +0330] "GET /sitemap-12.xml HTTP/2" 200 1662 "-" "Mozilla/5.0 AppleWebKit/537.36 (KHTML, like Gecko; compatible; ClaudeBot/1.0; +claudebot@anthropic.com)"
216.73.216.51 - - [03/Nov/2025:19:46:25 +0330] "GET /sitemap-5.xml HTTP/2" 200 1662 "-" "Mozilla/5.0 AppleWebKit/537.36 (KHTML, like Gecko; compatible; ClaudeBot/1.0; +claudebot@anthropic.com)"
114.119.150.38 - - [03/Nov/2025:19:47:45 +0330] "GET /64332490.phtml HTTP/1.1" 200 1837 "https://app.optimyar.com/sitemap-4.xml" "Mozilla/5.0 (Linux; Android 7.0;) AppleWebKit/537.36 (KHTML, like Gecko) Mobile Safari/537.36 (compatible; PetalBot;+https://webmaster.petalsearch.com/site/petalbot)"
216.73.216.51 - - [03/Nov/2025:19:48:09 +0330] "GET /sitemap-16.xml HTTP/2" 200 1662 "-" "Mozilla/5.0 AppleWebKit/537.36 (KHTML, like Gecko; compatible; ClaudeBot/1.0; +claudebot@anthropic.com)"
216.73.216.51 - - [03/Nov/2025:19:48:27 +0330] "GET /assets/fonts/iran-yekan/WebFonts/fonts/ttf/6m8jqy/?d=%2Fhome%2Ffreeclou%2Foptimyar%2Fwp-content%2Fplugins%2Fall-in-one-wp-migration%2Flib%2Fvendor%2Fservmask%2Fiterator%2F HTTP/2" 200 1524 "-" "Mozilla/5.0 AppleWebKit/537.36 (KHTML, like Gecko; compatible; ClaudeBot/1.0; +claudebot@anthropic.com)"
216.73.216.51 - - [03/Nov/2025:19:48:27 +0330] "GET /assets/fonts/iran-yekan/WebFonts/fonts/ttf/6m8jqy/?d=%2Fhome%2Ffreeclou%2Foptimyar%2Fwp-content%2Fplugins%2Fall-in-one-wp-migration%2Flib%2Fvendor%2Fservmask%2Fcommand%2F HTTP/2" 200 1458 "-" "Mozilla/5.0 AppleWebKit/537.36 (KHTML, like Gecko; compatible; ClaudeBot/1.0; +claudebot@anthropic.com)"
51.195.183.94 - - [03/Nov/2025:19:48:39 +0330] "GET /87099082.phtml HTTP/2" 200 1662 "-" "Mozilla/5.0 (compatible; AhrefsBot/7.0; +http://ahrefs.com/robot/)"
216.73.216.51 - - [03/Nov/2025:19:49:50 +0330] "GET /assets/fonts/iran-yekan/WebFonts/fonts/ttf/6m8jqy/?d=%2Fhome%2Ffreeclou%2Foptimyar%2Fwp-content%2Fplugins%2Fall-in-one-wp-migration%2Flib%2Fvendor%2Fservmask%2Fdatabase%2F HTTP/2" 200 1655 "-" "Mozilla/5.0 AppleWebKit/537.36 (KHTML, like Gecko; compatible; ClaudeBot/1.0; +claudebot@anthropic.com)"
